{"id":80,"date":"2020-02-11T23:20:21","date_gmt":"2020-02-11T21:20:21","guid":{"rendered":"https:\/\/blogit.gradia.fi\/hengitysvaikeus\/?page_id=80"},"modified":"2020-02-17T11:39:51","modified_gmt":"2020-02-17T09:39:51","slug":"potilaan-saapuminen","status":"publish","type":"page","link":"https:\/\/blogit.gradia.fi\/hengitysvaikeus\/potilascase-2\/potilaan-saapuminen\/","title":{"rendered":"Potilaan saapuminen"},"content":{"rendered":"\n<p> 8-vuotias tytt\u00f6 tulee kotoa p\u00e4ivystykseen \u00e4itins\u00e4 ja t\u00e4m\u00e4n kahden siskon kanssa autolla. Ulkona ollut leikkim\u00e4ss\u00e4, jonka yhteydess\u00e4 alkanut liev\u00e4 hengitysvaikeus, kuiva yskiminen ja uloshengityksen vinkuminen. Ei aiemmin todettuja perussairauksia. Yskimist\u00e4 ollut jo noin viikon ajan, painottuen aamuy\u00f6lle.<\/p>\n","protected":false},"excerpt":{"rendered":"<p>8-vuotias tytt\u00f6 tulee kotoa p\u00e4ivystykseen \u00e4itins\u00e4 ja t\u00e4m\u00e4n kahden siskon kanssa autolla. Ulkona ollut leikkim\u00e4ss\u00e4, jonka yhteydess\u00e4 alkanut liev\u00e4 hengitysvaikeus, kuiva yskiminen ja uloshengityksen vinkuminen. Ei aiemmin todettuja perussairauksia. Yskimist\u00e4 ollut jo noin viikon ajan, painottuen aamuy\u00f6lle.<\/p>\n","protected":false},"author":677,"featured_media":0,"parent":78,"menu_order":0,"comment_status":"closed","ping_status":"closed","template":"","meta":{"_uag_custom_page_level_css":"","footnotes":""},"class_list":["post-80","page","type-page","status-publish","hentry"],"yoast_head":"<!-- This site is optimized with the Yoast SEO plugin v27.4 - https:\/\/yoast.com\/product\/yoast-seo-wordpress\/ -->\n<title>Potilaan saapuminen - Hengitysvaikeus<\/title>\n<meta name=\"robots\" content=\"index, follow, max-snippet:-1, max-image-preview:large, max-video-preview:-1\" \/>\n<link rel=\"canonical\" href=\"https:\/\/blogit.gradia.fi\/hengitysvaikeus\/potilascase-2\/potilaan-saapuminen\/\" \/>\n<meta property=\"og:locale\" content=\"fi_FI\" \/>\n<meta property=\"og:type\" content=\"article\" \/>\n<meta property=\"og:title\" content=\"Potilaan saapuminen - Hengitysvaikeus\" \/>\n<meta property=\"og:description\" content=\"8-vuotias tytt\u00f6 tulee kotoa p\u00e4ivystykseen \u00e4itins\u00e4 ja t\u00e4m\u00e4n kahden siskon kanssa autolla. Ulkona ollut leikkim\u00e4ss\u00e4, jonka yhteydess\u00e4 alkanut liev\u00e4 hengitysvaikeus, kuiva yskiminen ja uloshengityksen vinkuminen. Ei aiemmin todettuja perussairauksia. Yskimist\u00e4 ollut jo noin viikon ajan, painottuen aamuy\u00f6lle.\" \/>\n<meta property=\"og:url\" content=\"https:\/\/blogit.gradia.fi\/hengitysvaikeus\/potilascase-2\/potilaan-saapuminen\/\" \/>\n<meta property=\"og:site_name\" content=\"Hengitysvaikeus\" \/>\n<meta property=\"article:modified_time\" content=\"2020-02-17T09:39:51+00:00\" \/>\n<meta name=\"twitter:card\" content=\"summary_large_image\" \/>\n<script type=\"application\/ld+json\" class=\"yoast-schema-graph\">{\"@context\":\"https:\\\/\\\/schema.org\",\"@graph\":[{\"@type\":\"WebPage\",\"@id\":\"https:\\\/\\\/blogit.gradia.fi\\\/hengitysvaikeus\\\/potilascase-2\\\/potilaan-saapuminen\\\/\",\"url\":\"https:\\\/\\\/blogit.gradia.fi\\\/hengitysvaikeus\\\/potilascase-2\\\/potilaan-saapuminen\\\/\",\"name\":\"Potilaan saapuminen - Hengitysvaikeus\",\"isPartOf\":{\"@id\":\"https:\\\/\\\/blogit.gradia.fi\\\/hengitysvaikeus\\\/#website\"},\"datePublished\":\"2020-02-11T21:20:21+00:00\",\"dateModified\":\"2020-02-17T09:39:51+00:00\",\"breadcrumb\":{\"@id\":\"https:\\\/\\\/blogit.gradia.fi\\\/hengitysvaikeus\\\/potilascase-2\\\/potilaan-saapuminen\\\/#breadcrumb\"},\"inLanguage\":\"fi\",\"potentialAction\":[{\"@type\":\"ReadAction\",\"target\":[\"https:\\\/\\\/blogit.gradia.fi\\\/hengitysvaikeus\\\/potilascase-2\\\/potilaan-saapuminen\\\/\"]}]},{\"@type\":\"BreadcrumbList\",\"@id\":\"https:\\\/\\\/blogit.gradia.fi\\\/hengitysvaikeus\\\/potilascase-2\\\/potilaan-saapuminen\\\/#breadcrumb\",\"itemListElement\":[{\"@type\":\"ListItem\",\"position\":1,\"name\":\"Home\",\"item\":\"https:\\\/\\\/blogit.gradia.fi\\\/hengitysvaikeus\\\/\"},{\"@type\":\"ListItem\",\"position\":2,\"name\":\"Potilascase\",\"item\":\"https:\\\/\\\/blogit.gradia.fi\\\/hengitysvaikeus\\\/\"},{\"@type\":\"ListItem\",\"position\":3,\"name\":\"Potilaan saapuminen\"}]},{\"@type\":\"WebSite\",\"@id\":\"https:\\\/\\\/blogit.gradia.fi\\\/hengitysvaikeus\\\/#website\",\"url\":\"https:\\\/\\\/blogit.gradia.fi\\\/hengitysvaikeus\\\/\",\"name\":\"Hengitysvaikeus\",\"description\":\"\",\"potentialAction\":[{\"@type\":\"SearchAction\",\"target\":{\"@type\":\"EntryPoint\",\"urlTemplate\":\"https:\\\/\\\/blogit.gradia.fi\\\/hengitysvaikeus\\\/?s={search_term_string}\"},\"query-input\":{\"@type\":\"PropertyValueSpecification\",\"valueRequired\":true,\"valueName\":\"search_term_string\"}}],\"inLanguage\":\"fi\"}]}<\/script>\n<!-- \/ Yoast SEO plugin. -->","yoast_head_json":{"title":"Potilaan saapuminen - Hengitysvaikeus","robots":{"index":"index","follow":"follow","max-snippet":"max-snippet:-1","max-image-preview":"max-image-preview:large","max-video-preview":"max-video-preview:-1"},"canonical":"https:\/\/blogit.gradia.fi\/hengitysvaikeus\/potilascase-2\/potilaan-saapuminen\/","og_locale":"fi_FI","og_type":"article","og_title":"Potilaan saapuminen - Hengitysvaikeus","og_description":"8-vuotias tytt\u00f6 tulee kotoa p\u00e4ivystykseen \u00e4itins\u00e4 ja t\u00e4m\u00e4n kahden siskon kanssa autolla. Ulkona ollut leikkim\u00e4ss\u00e4, jonka yhteydess\u00e4 alkanut liev\u00e4 hengitysvaikeus, kuiva yskiminen ja uloshengityksen vinkuminen. Ei aiemmin todettuja perussairauksia. Yskimist\u00e4 ollut jo noin viikon ajan, painottuen aamuy\u00f6lle.","og_url":"https:\/\/blogit.gradia.fi\/hengitysvaikeus\/potilascase-2\/potilaan-saapuminen\/","og_site_name":"Hengitysvaikeus","article_modified_time":"2020-02-17T09:39:51+00:00","twitter_card":"summary_large_image","schema":{"@context":"https:\/\/schema.org","@graph":[{"@type":"WebPage","@id":"https:\/\/blogit.gradia.fi\/hengitysvaikeus\/potilascase-2\/potilaan-saapuminen\/","url":"https:\/\/blogit.gradia.fi\/hengitysvaikeus\/potilascase-2\/potilaan-saapuminen\/","name":"Potilaan saapuminen - Hengitysvaikeus","isPartOf":{"@id":"https:\/\/blogit.gradia.fi\/hengitysvaikeus\/#website"},"datePublished":"2020-02-11T21:20:21+00:00","dateModified":"2020-02-17T09:39:51+00:00","breadcrumb":{"@id":"https:\/\/blogit.gradia.fi\/hengitysvaikeus\/potilascase-2\/potilaan-saapuminen\/#breadcrumb"},"inLanguage":"fi","potentialAction":[{"@type":"ReadAction","target":["https:\/\/blogit.gradia.fi\/hengitysvaikeus\/potilascase-2\/potilaan-saapuminen\/"]}]},{"@type":"BreadcrumbList","@id":"https:\/\/blogit.gradia.fi\/hengitysvaikeus\/potilascase-2\/potilaan-saapuminen\/#breadcrumb","itemListElement":[{"@type":"ListItem","position":1,"name":"Home","item":"https:\/\/blogit.gradia.fi\/hengitysvaikeus\/"},{"@type":"ListItem","position":2,"name":"Potilascase","item":"https:\/\/blogit.gradia.fi\/hengitysvaikeus\/"},{"@type":"ListItem","position":3,"name":"Potilaan saapuminen"}]},{"@type":"WebSite","@id":"https:\/\/blogit.gradia.fi\/hengitysvaikeus\/#website","url":"https:\/\/blogit.gradia.fi\/hengitysvaikeus\/","name":"Hengitysvaikeus","description":"","potentialAction":[{"@type":"SearchAction","target":{"@type":"EntryPoint","urlTemplate":"https:\/\/blogit.gradia.fi\/hengitysvaikeus\/?s={search_term_string}"},"query-input":{"@type":"PropertyValueSpecification","valueRequired":true,"valueName":"search_term_string"}}],"inLanguage":"fi"}]}},"uagb_featured_image_src":{"full":false,"thumbnail":false,"medium":false,"medium_large":false,"large":false,"1536x1536":false,"2048x2048":false,"post-thumbnail":false},"uagb_author_info":{"display_name":"Martti Ruokonen","author_link":"https:\/\/blogit.gradia.fi\/hengitysvaikeus\/author\/gr191912\/"},"uagb_comment_info":0,"uagb_excerpt":"8-vuotias tytt\u00f6 tulee kotoa p\u00e4ivystykseen \u00e4itins\u00e4 ja t\u00e4m\u00e4n kahden siskon kanssa autolla. Ulkona ollut leikkim\u00e4ss\u00e4, jonka yhteydess\u00e4 alkanut liev\u00e4 hengitysvaikeus, kuiva yskiminen ja uloshengityksen vinkuminen. Ei aiemmin todettuja perussairauksia. Yskimist\u00e4 ollut jo noin viikon ajan, painottuen aamuy\u00f6lle.","_links":{"self":[{"href":"https:\/\/blogit.gradia.fi\/hengitysvaikeus\/wp-json\/wp\/v2\/pages\/80","targetHints":{"allow":["GET"]}}],"collection":[{"href":"https:\/\/blogit.gradia.fi\/hengitysvaikeus\/wp-json\/wp\/v2\/pages"}],"about":[{"href":"https:\/\/blogit.gradia.fi\/hengitysvaikeus\/wp-json\/wp\/v2\/types\/page"}],"author":[{"embeddable":true,"href":"https:\/\/blogit.gradia.fi\/hengitysvaikeus\/wp-json\/wp\/v2\/users\/677"}],"replies":[{"embeddable":true,"href":"https:\/\/blogit.gradia.fi\/hengitysvaikeus\/wp-json\/wp\/v2\/comments?post=80"}],"version-history":[{"count":3,"href":"https:\/\/blogit.gradia.fi\/hengitysvaikeus\/wp-json\/wp\/v2\/pages\/80\/revisions"}],"predecessor-version":[{"id":197,"href":"https:\/\/blogit.gradia.fi\/hengitysvaikeus\/wp-json\/wp\/v2\/pages\/80\/revisions\/197"}],"up":[{"embeddable":true,"href":"https:\/\/blogit.gradia.fi\/hengitysvaikeus\/wp-json\/wp\/v2\/pages\/78"}],"wp:attachment":[{"href":"https:\/\/blogit.gradia.fi\/hengitysvaikeus\/wp-json\/wp\/v2\/media?parent=80"}],"curies":[{"name":"wp","href":"https:\/\/api.w.org\/{rel}","templated":true}]}}

<p> 8-vuotias tyttö tulee kotoa päivystykseen äitinsä ja tämän kahden siskon kanssa autolla. Ulkona ollut leikkimässä, jonka yhteydessä alkanut lievä hengitysvaikeus, kuiva yskiminen ja uloshengityksen vinkuminen. Ei aiemmin todettuja perussairauksia. Yskimistä ollut jo noin viikon ajan, painottuen aamuyölle.</p>

<p>8-vuotias tyttö tulee kotoa päivystykseen äitinsä ja tämän kahden siskon kanssa autolla. Ulkona ollut leikkimässä, jonka yhteydessä alkanut lievä hengitysvaikeus, kuiva yskiminen ja uloshengityksen vinkuminen. Ei aiemmin todettuja perussairauksia. Yskimistä ollut jo noin viikon ajan, painottuen aamuyölle.</p>

<!-- This site is optimized with the Yoast SEO plugin v27.4 - https://yoast.com/product/yoast-seo-wordpress/ -->
<title>Potilaan saapuminen - Hengitysvaikeus</title>
<meta name="robots" content="index, follow, max-snippet:-1, max-image-preview:large, max-video-preview:-1" />
<link rel="canonical" href="https://blogit.gradia.fi/hengitysvaikeus/potilascase-2/potilaan-saapuminen/" />
<meta property="og:locale" content="fi_FI" />
<meta property="og:type" content="article" />
<meta property="og:title" content="Potilaan saapuminen - Hengitysvaikeus" />
<meta property="og:description" content="8-vuotias tyttö tulee kotoa päivystykseen äitinsä ja tämän kahden siskon kanssa autolla. Ulkona ollut leikkimässä, jonka yhteydessä alkanut lievä hengitysvaikeus, kuiva yskiminen ja uloshengityksen vinkuminen. Ei aiemmin todettuja perussairauksia. Yskimistä ollut jo noin viikon ajan, painottuen aamuyölle." />
<meta property="og:url" content="https://blogit.gradia.fi/hengitysvaikeus/potilascase-2/potilaan-saapuminen/" />
<meta property="og:site_name" content="Hengitysvaikeus" />
<meta property="article:modified_time" content="2020-02-17T09:39:51+00:00" />
<meta name="twitter:card" content="summary_large_image" />
<script type="application/ld+json" class="yoast-schema-graph">{"@context":"https:\/\/schema.org","@graph":[{"@type":"WebPage","@id":"https:\/\/blogit.gradia.fi\/hengitysvaikeus\/potilascase-2\/potilaan-saapuminen\/","url":"https:\/\/blogit.gradia.fi\/hengitysvaikeus\/potilascase-2\/potilaan-saapuminen\/","name":"Potilaan saapuminen - Hengitysvaikeus","isPartOf":{"@id":"https:\/\/blogit.gradia.fi\/hengitysvaikeus\/#website"},"datePublished":"2020-02-11T21:20:21+00:00","dateModified":"2020-02-17T09:39:51+00:00","breadcrumb":{"@id":"https:\/\/blogit.gradia.fi\/hengitysvaikeus\/potilascase-2\/potilaan-saapuminen\/#breadcrumb"},"inLanguage":"fi","potentialAction":[{"@type":"ReadAction","target":["https:\/\/blogit.gradia.fi\/hengitysvaikeus\/potilascase-2\/potilaan-saapuminen\/"]}]},{"@type":"BreadcrumbList","@id":"https:\/\/blogit.gradia.fi\/hengitysvaikeus\/potilascase-2\/potilaan-saapuminen\/#breadcrumb","itemListElement":[{"@type":"ListItem","position":1,"name":"Home","item":"https:\/\/blogit.gradia.fi\/hengitysvaikeus\/"},{"@type":"ListItem","position":2,"name":"Potilascase","item":"https:\/\/blogit.gradia.fi\/hengitysvaikeus\/"},{"@type":"ListItem","position":3,"name":"Potilaan saapuminen"}]},{"@type":"WebSite","@id":"https:\/\/blogit.gradia.fi\/hengitysvaikeus\/#website","url":"https:\/\/blogit.gradia.fi\/hengitysvaikeus\/","name":"Hengitysvaikeus","description":"","potentialAction":[{"@type":"SearchAction","target":{"@type":"EntryPoint","urlTemplate":"https:\/\/blogit.gradia.fi\/hengitysvaikeus\/?s={search_term_string}"},"query-input":{"@type":"PropertyValueSpecification","valueRequired":true,"valueName":"search_term_string"}}],"inLanguage":"fi"}]}</script>
<!-- / Yoast SEO plugin. -->

8-vuotias tyttö tulee kotoa päivystykseen äitinsä ja tämän kahden siskon kanssa autolla. Ulkona ollut leikkimässä, jonka yhteydessä alkanut lievä hengitysvaikeus, kuiva yskiminen ja uloshengityksen vinkuminen. Ei aiemmin todettuja perussairauksia. Yskimistä ollut jo noin viikon ajan, painottuen aamuyölle.
