{"id":233,"date":"2020-02-18T21:07:17","date_gmt":"2020-02-18T19:07:17","guid":{"rendered":"https:\/\/blogit.gradia.fi\/hengitysvaikeus\/?page_id=233"},"modified":"2020-02-19T22:45:53","modified_gmt":"2020-02-19T20:45:53","slug":"ahtauttavat-keuhkosairaudet","status":"publish","type":"page","link":"https:\/\/blogit.gradia.fi\/hengitysvaikeus\/aiheuttajia\/ahtauttavat-keuhkosairaudet\/","title":{"rendered":"Ahtauttavat keuhkosairaudet"},"content":{"rendered":"\n<h3 class=\"wp-block-heading\">Astma<\/h3>\n\n\n\n<p> Astma on keuhkoputkien limakalvojen tulehduksellinen sairaus, jossa limanmuodostus on lis\u00e4\u00e4ntynyt, limakalvo on turvonnut ja v\u00e4rekarvatoiminta on heikentynyt. T\u00e4h\u00e4n liittyy keuhkoputkien supistelutaipumus. <\/p>\n\n\n\n<h4 class=\"wp-block-heading\" id=\"s8\">Yleisyys<\/h4>\n\n\n\n<p>Vuonna 2011 erityiskorvattaviin astmal\u00e4\u00e4kkeisiin oikeutettuja oli 238 716, ja astma oli toiseksi yleisin erityiskorvauksen piiriss\u00e4 oleva sairaus verenpainetaudin j\u00e4lkeen. Vaikean keuhkoahtaumataudin perusteella my\u00f6nnetyt erityiskorvausoikeudet sis\u00e4ltyv\u00e4t n\u00e4ihin lukuihin.<\/p>\n\n\n\n<p>Astmaatikkojen ja astman kaltaisista oireista k\u00e4rsivien m\u00e4\u00e4r\u00e4 on kasvanut etenkin nuorissa ik\u00e4ryhmiss\u00e4. Lapsilla astman aiheuttama sairaalahoito on v\u00e4hentynyt.<\/p>\n\n\n\n<p>Suomessa astmaan kuoli vuosina 2000\u20132009 vuosittain keskim\u00e4\u00e4rin 83 henke\u00e4. Heist\u00e4 valtaosa oli yli 65-vuotiaita.<\/p>\n\n\n\n<p><a href=\"https:\/\/www.kaypahoito.fi\/khp00003\">https:\/\/www.kaypahoito.fi\/khp00003<\/a><\/p>\n\n\n\n<h3 class=\"wp-block-heading\">Keuhkoahtaumatauti eli COPD<\/h3>\n\n\n\n<p>Tyypillisi\u00e4 keuhkoahtaumataudin oireita ovat hengenahdistus, pitkittynyt ysk\u00e4 ja liman erittyminen hengitysteist\u00e4. Alkuun potilas ei v\u00e4ltt\u00e4m\u00e4tt\u00e4 edes huomaa oireita tai tottuu niihin, mutta ajan my\u00f6t\u00e4 oireet yleens\u00e4 pahenevat \u2013 etenkin, jos potilas tupakoi.<\/p>\n\n\n\n<p>Pitk\u00e4lle edenneen taudin oireita ovat hengenahdistus jo v\u00e4h\u00e4isess\u00e4kin rasituksessa tai jopa levossa, huono suorituskyky, laihtuminen, v\u00e4symys ja sairauden toistuvat, sairaalahoitoa vaativat pahenemisvaiheet.<\/p>\n\n\n\n<h4 class=\"wp-block-heading\" id=\"s14\">Keuhkoahtaumatauti lukujen valossa<\/h4>\n\n\n\n<p>Keuhkoahtaumatautia sairastaa arviolta 200 000 suomalaista.<\/p>\n\n\n\n<p>Terveys 2000 -tutkimuksen (tutkimuksen perustulokset Internetiss\u00e4&nbsp;<a href=\"http:\/\/www.julkari.fi\/bitstream\/handle\/10024\/78355\/b3.pdf?sequence=1&amp;isAllowed=y\">1<\/a>) mukaan keuhkoahtaumataudin esiintyvyys oli Suomessa vuosina 2000\u20132001 miehill\u00e4 4,3 ja naisilla 3,1 prosenttia. Keuhkoahtaumatautia oli eniten 65\u201374-vuotiailla miehill\u00e4 (13 %).<\/p>\n\n\n\n<p>Suomessa kuoli vuonna 2017 keuhkoahtaumatautiin 1 148 henke\u00e4, joista yli kolmannes oli naisia.<\/p>\n\n\n\n<p>FinTerveys 2017 -kyselytutkimuksen&nbsp;<a href=\"https:\/\/thl.fi\/fi\/tutkimus-ja-kehittaminen\/tutkimukset-ja-hankkeet\/kansallinen-finterveys-tutkimus\">2<\/a>&nbsp;mukaan keuhkoahtaumatauti on melko harvinainen ty\u00f6ik\u00e4isill\u00e4. Keuhkoahtaumatautien m\u00e4\u00e4r\u00e4 n\u00e4kyy v\u00e4est\u00f6ss\u00e4 noin parinkymmenen vuoden viiveell\u00e4.<\/p>\n\n\n\n<p><a href=\"https:\/\/www.kaypahoito.fi\/khp00012\">https:\/\/www.kaypahoito.fi\/khp00012<\/a><\/p>\n","protected":false},"excerpt":{"rendered":"<p>Astma Astma on keuhkoputkien limakalvojen tulehduksellinen sairaus, jossa limanmuodostus on lis\u00e4\u00e4ntynyt, limakalvo on turvonnut ja v\u00e4rekarvatoiminta on heikentynyt. T\u00e4h\u00e4n liittyy keuhkoputkien supistelutaipumus. Yleisyys Vuonna 2011 erityiskorvattaviin astmal\u00e4\u00e4kkeisiin oikeutettuja oli 238 716, ja astma oli toiseksi yleisin erityiskorvauksen piiriss\u00e4 oleva sairaus verenpainetaudin j\u00e4lkeen. Vaikean keuhkoahtaumataudin perusteella my\u00f6nnetyt erityiskorvausoikeudet sis\u00e4ltyv\u00e4t n\u00e4ihin lukuihin. Astmaatikkojen ja astman kaltaisista oireista [&hellip;]<\/p>\n","protected":false},"author":677,"featured_media":0,"parent":221,"menu_order":0,"comment_status":"closed","ping_status":"closed","template":"","meta":{"_uag_custom_page_level_css":"","footnotes":""},"class_list":["post-233","page","type-page","status-publish","hentry"],"yoast_head":"<!-- This site is optimized with the Yoast SEO plugin v27.4 - https:\/\/yoast.com\/product\/yoast-seo-wordpress\/ -->\n<title>Ahtauttavat keuhkosairaudet - Hengitysvaikeus<\/title>\n<meta name=\"robots\" content=\"index, follow, max-snippet:-1, max-image-preview:large, max-video-preview:-1\" \/>\n<link rel=\"canonical\" href=\"https:\/\/blogit.gradia.fi\/hengitysvaikeus\/aiheuttajia\/ahtauttavat-keuhkosairaudet\/\" \/>\n<meta property=\"og:locale\" content=\"fi_FI\" \/>\n<meta property=\"og:type\" content=\"article\" \/>\n<meta property=\"og:title\" content=\"Ahtauttavat keuhkosairaudet - Hengitysvaikeus\" \/>\n<meta property=\"og:description\" content=\"Astma Astma on keuhkoputkien limakalvojen tulehduksellinen sairaus, jossa limanmuodostus on lis\u00e4\u00e4ntynyt, limakalvo on turvonnut ja v\u00e4rekarvatoiminta on heikentynyt. T\u00e4h\u00e4n liittyy keuhkoputkien supistelutaipumus. Yleisyys Vuonna 2011 erityiskorvattaviin astmal\u00e4\u00e4kkeisiin oikeutettuja oli 238 716, ja astma oli toiseksi yleisin erityiskorvauksen piiriss\u00e4 oleva sairaus verenpainetaudin j\u00e4lkeen. Vaikean keuhkoahtaumataudin perusteella my\u00f6nnetyt erityiskorvausoikeudet sis\u00e4ltyv\u00e4t n\u00e4ihin lukuihin. Astmaatikkojen ja astman kaltaisista oireista [&hellip;]\" \/>\n<meta property=\"og:url\" content=\"https:\/\/blogit.gradia.fi\/hengitysvaikeus\/aiheuttajia\/ahtauttavat-keuhkosairaudet\/\" \/>\n<meta property=\"og:site_name\" content=\"Hengitysvaikeus\" \/>\n<meta property=\"article:modified_time\" content=\"2020-02-19T20:45:53+00:00\" \/>\n<meta name=\"twitter:card\" content=\"summary_large_image\" \/>\n<meta name=\"twitter:label1\" content=\"Arvioitu lukuaika\" \/>\n\t<meta name=\"twitter:data1\" content=\"1 minuutti\" \/>\n<script type=\"application\/ld+json\" class=\"yoast-schema-graph\">{\"@context\":\"https:\\\/\\\/schema.org\",\"@graph\":[{\"@type\":\"WebPage\",\"@id\":\"https:\\\/\\\/blogit.gradia.fi\\\/hengitysvaikeus\\\/aiheuttajia\\\/ahtauttavat-keuhkosairaudet\\\/\",\"url\":\"https:\\\/\\\/blogit.gradia.fi\\\/hengitysvaikeus\\\/aiheuttajia\\\/ahtauttavat-keuhkosairaudet\\\/\",\"name\":\"Ahtauttavat keuhkosairaudet - Hengitysvaikeus\",\"isPartOf\":{\"@id\":\"https:\\\/\\\/blogit.gradia.fi\\\/hengitysvaikeus\\\/#website\"},\"datePublished\":\"2020-02-18T19:07:17+00:00\",\"dateModified\":\"2020-02-19T20:45:53+00:00\",\"breadcrumb\":{\"@id\":\"https:\\\/\\\/blogit.gradia.fi\\\/hengitysvaikeus\\\/aiheuttajia\\\/ahtauttavat-keuhkosairaudet\\\/#breadcrumb\"},\"inLanguage\":\"fi\",\"potentialAction\":[{\"@type\":\"ReadAction\",\"target\":[\"https:\\\/\\\/blogit.gradia.fi\\\/hengitysvaikeus\\\/aiheuttajia\\\/ahtauttavat-keuhkosairaudet\\\/\"]}]},{\"@type\":\"BreadcrumbList\",\"@id\":\"https:\\\/\\\/blogit.gradia.fi\\\/hengitysvaikeus\\\/aiheuttajia\\\/ahtauttavat-keuhkosairaudet\\\/#breadcrumb\",\"itemListElement\":[{\"@type\":\"ListItem\",\"position\":1,\"name\":\"Home\",\"item\":\"https:\\\/\\\/blogit.gradia.fi\\\/hengitysvaikeus\\\/\"},{\"@type\":\"ListItem\",\"position\":2,\"name\":\"Aiheuttajia\",\"item\":\"https:\\\/\\\/blogit.gradia.fi\\\/hengitysvaikeus\\\/aiheuttajia\\\/\"},{\"@type\":\"ListItem\",\"position\":3,\"name\":\"Ahtauttavat keuhkosairaudet\"}]},{\"@type\":\"WebSite\",\"@id\":\"https:\\\/\\\/blogit.gradia.fi\\\/hengitysvaikeus\\\/#website\",\"url\":\"https:\\\/\\\/blogit.gradia.fi\\\/hengitysvaikeus\\\/\",\"name\":\"Hengitysvaikeus\",\"description\":\"\",\"potentialAction\":[{\"@type\":\"SearchAction\",\"target\":{\"@type\":\"EntryPoint\",\"urlTemplate\":\"https:\\\/\\\/blogit.gradia.fi\\\/hengitysvaikeus\\\/?s={search_term_string}\"},\"query-input\":{\"@type\":\"PropertyValueSpecification\",\"valueRequired\":true,\"valueName\":\"search_term_string\"}}],\"inLanguage\":\"fi\"}]}<\/script>\n<!-- \/ Yoast SEO plugin. -->","yoast_head_json":{"title":"Ahtauttavat keuhkosairaudet - Hengitysvaikeus","robots":{"index":"index","follow":"follow","max-snippet":"max-snippet:-1","max-image-preview":"max-image-preview:large","max-video-preview":"max-video-preview:-1"},"canonical":"https:\/\/blogit.gradia.fi\/hengitysvaikeus\/aiheuttajia\/ahtauttavat-keuhkosairaudet\/","og_locale":"fi_FI","og_type":"article","og_title":"Ahtauttavat keuhkosairaudet - Hengitysvaikeus","og_description":"Astma Astma on keuhkoputkien limakalvojen tulehduksellinen sairaus, jossa limanmuodostus on lis\u00e4\u00e4ntynyt, limakalvo on turvonnut ja v\u00e4rekarvatoiminta on heikentynyt. T\u00e4h\u00e4n liittyy keuhkoputkien supistelutaipumus. Yleisyys Vuonna 2011 erityiskorvattaviin astmal\u00e4\u00e4kkeisiin oikeutettuja oli 238 716, ja astma oli toiseksi yleisin erityiskorvauksen piiriss\u00e4 oleva sairaus verenpainetaudin j\u00e4lkeen. Vaikean keuhkoahtaumataudin perusteella my\u00f6nnetyt erityiskorvausoikeudet sis\u00e4ltyv\u00e4t n\u00e4ihin lukuihin. Astmaatikkojen ja astman kaltaisista oireista [&hellip;]","og_url":"https:\/\/blogit.gradia.fi\/hengitysvaikeus\/aiheuttajia\/ahtauttavat-keuhkosairaudet\/","og_site_name":"Hengitysvaikeus","article_modified_time":"2020-02-19T20:45:53+00:00","twitter_card":"summary_large_image","twitter_misc":{"Arvioitu lukuaika":"1 minuutti"},"schema":{"@context":"https:\/\/schema.org","@graph":[{"@type":"WebPage","@id":"https:\/\/blogit.gradia.fi\/hengitysvaikeus\/aiheuttajia\/ahtauttavat-keuhkosairaudet\/","url":"https:\/\/blogit.gradia.fi\/hengitysvaikeus\/aiheuttajia\/ahtauttavat-keuhkosairaudet\/","name":"Ahtauttavat keuhkosairaudet - Hengitysvaikeus","isPartOf":{"@id":"https:\/\/blogit.gradia.fi\/hengitysvaikeus\/#website"},"datePublished":"2020-02-18T19:07:17+00:00","dateModified":"2020-02-19T20:45:53+00:00","breadcrumb":{"@id":"https:\/\/blogit.gradia.fi\/hengitysvaikeus\/aiheuttajia\/ahtauttavat-keuhkosairaudet\/#breadcrumb"},"inLanguage":"fi","potentialAction":[{"@type":"ReadAction","target":["https:\/\/blogit.gradia.fi\/hengitysvaikeus\/aiheuttajia\/ahtauttavat-keuhkosairaudet\/"]}]},{"@type":"BreadcrumbList","@id":"https:\/\/blogit.gradia.fi\/hengitysvaikeus\/aiheuttajia\/ahtauttavat-keuhkosairaudet\/#breadcrumb","itemListElement":[{"@type":"ListItem","position":1,"name":"Home","item":"https:\/\/blogit.gradia.fi\/hengitysvaikeus\/"},{"@type":"ListItem","position":2,"name":"Aiheuttajia","item":"https:\/\/blogit.gradia.fi\/hengitysvaikeus\/aiheuttajia\/"},{"@type":"ListItem","position":3,"name":"Ahtauttavat keuhkosairaudet"}]},{"@type":"WebSite","@id":"https:\/\/blogit.gradia.fi\/hengitysvaikeus\/#website","url":"https:\/\/blogit.gradia.fi\/hengitysvaikeus\/","name":"Hengitysvaikeus","description":"","potentialAction":[{"@type":"SearchAction","target":{"@type":"EntryPoint","urlTemplate":"https:\/\/blogit.gradia.fi\/hengitysvaikeus\/?s={search_term_string}"},"query-input":{"@type":"PropertyValueSpecification","valueRequired":true,"valueName":"search_term_string"}}],"inLanguage":"fi"}]}},"uagb_featured_image_src":{"full":false,"thumbnail":false,"medium":false,"medium_large":false,"large":false,"1536x1536":false,"2048x2048":false,"post-thumbnail":false},"uagb_author_info":{"display_name":"Martti Ruokonen","author_link":"https:\/\/blogit.gradia.fi\/hengitysvaikeus\/author\/gr191912\/"},"uagb_comment_info":0,"uagb_excerpt":"Astma Astma on keuhkoputkien limakalvojen tulehduksellinen sairaus, jossa limanmuodostus on lis\u00e4\u00e4ntynyt, limakalvo on turvonnut ja v\u00e4rekarvatoiminta on heikentynyt. T\u00e4h\u00e4n liittyy keuhkoputkien supistelutaipumus. Yleisyys Vuonna 2011 erityiskorvattaviin astmal\u00e4\u00e4kkeisiin oikeutettuja oli 238 716, ja astma oli toiseksi yleisin erityiskorvauksen piiriss\u00e4 oleva sairaus verenpainetaudin j\u00e4lkeen. Vaikean keuhkoahtaumataudin perusteella my\u00f6nnetyt erityiskorvausoikeudet sis\u00e4ltyv\u00e4t n\u00e4ihin lukuihin. Astmaatikkojen ja astman kaltaisista oireista&hellip;","_links":{"self":[{"href":"https:\/\/blogit.gradia.fi\/hengitysvaikeus\/wp-json\/wp\/v2\/pages\/233","targetHints":{"allow":["GET"]}}],"collection":[{"href":"https:\/\/blogit.gradia.fi\/hengitysvaikeus\/wp-json\/wp\/v2\/pages"}],"about":[{"href":"https:\/\/blogit.gradia.fi\/hengitysvaikeus\/wp-json\/wp\/v2\/types\/page"}],"author":[{"embeddable":true,"href":"https:\/\/blogit.gradia.fi\/hengitysvaikeus\/wp-json\/wp\/v2\/users\/677"}],"replies":[{"embeddable":true,"href":"https:\/\/blogit.gradia.fi\/hengitysvaikeus\/wp-json\/wp\/v2\/comments?post=233"}],"version-history":[{"count":2,"href":"https:\/\/blogit.gradia.fi\/hengitysvaikeus\/wp-json\/wp\/v2\/pages\/233\/revisions"}],"predecessor-version":[{"id":252,"href":"https:\/\/blogit.gradia.fi\/hengitysvaikeus\/wp-json\/wp\/v2\/pages\/233\/revisions\/252"}],"up":[{"embeddable":true,"href":"https:\/\/blogit.gradia.fi\/hengitysvaikeus\/wp-json\/wp\/v2\/pages\/221"}],"wp:attachment":[{"href":"https:\/\/blogit.gradia.fi\/hengitysvaikeus\/wp-json\/wp\/v2\/media?parent=233"}],"curies":[{"name":"wp","href":"https:\/\/api.w.org\/{rel}","templated":true}]}}