{"id":227,"date":"2020-02-18T20:56:02","date_gmt":"2020-02-18T18:56:02","guid":{"rendered":"https:\/\/blogit.gradia.fi\/hengitysvaikeus\/?page_id=227"},"modified":"2020-02-19T23:30:16","modified_gmt":"2020-02-19T21:30:16","slug":"hengitystieinfektio","status":"publish","type":"page","link":"https:\/\/blogit.gradia.fi\/hengitysvaikeus\/aiheuttajia\/hengitystieinfektio\/","title":{"rendered":"Hengitystieinfektio"},"content":{"rendered":"\n<h3 class=\"wp-block-heading\">Lasten yleisi\u00e4 hengitystieinfektioita<\/h3>\n\n\n\n<ul class=\"wp-block-list\"><li>Ilmatiehyttulehdus eli bronkioliitti<\/li><li>Ahtauttava keuhkoputkitulehdus eli obstruktiivinen bronkiittoi<\/li><li>Kurkunp\u00e4\u00e4ntulehdus eli laryngiitti<\/li><li>Keuhkokuume eli pneumonia<\/li><li>Flunssa<\/li><li>Influenssa<\/li><li>Hinkuysk\u00e4<\/li><\/ul>\n\n\n\n<p> Hengitystieinfektiot ovat yleisi\u00e4 ja paranevat yleens\u00e4 itsest\u00e4\u00e4n. Virus on tavallisin aiheuttaja. Taustalla voi olla bakteeriper\u00e4inen nielutulehdus, keskikorvantulehdus, sivuontelotulehdus, keuhkoputkentulehdus, keuhkokuume tai allergiset oireet. Tavallisimpia oireita ovat nen\u00e4n tukkoisuus ja vuoto, kurkkukipu sek\u00e4 ysk\u00e4. <\/p>\n","protected":false},"excerpt":{"rendered":"<p>Lasten yleisi\u00e4 hengitystieinfektioita Ilmatiehyttulehdus eli bronkioliitti Ahtauttava keuhkoputkitulehdus eli obstruktiivinen bronkiittoi Kurkunp\u00e4\u00e4ntulehdus eli laryngiitti Keuhkokuume eli pneumonia Flunssa Influenssa Hinkuysk\u00e4 Hengitystieinfektiot ovat yleisi\u00e4 ja paranevat yleens\u00e4 itsest\u00e4\u00e4n. Virus on tavallisin aiheuttaja. Taustalla voi olla bakteeriper\u00e4inen nielutulehdus, keskikorvantulehdus, sivuontelotulehdus, keuhkoputkentulehdus, keuhkokuume tai allergiset oireet. Tavallisimpia oireita ovat nen\u00e4n tukkoisuus ja vuoto, kurkkukipu sek\u00e4 ysk\u00e4.<\/p>\n","protected":false},"author":677,"featured_media":0,"parent":221,"menu_order":0,"comment_status":"closed","ping_status":"closed","template":"","meta":{"_uag_custom_page_level_css":"","footnotes":""},"class_list":["post-227","page","type-page","status-publish","hentry"],"yoast_head":"<!-- This site is optimized with the Yoast SEO plugin v27.4 - https:\/\/yoast.com\/product\/yoast-seo-wordpress\/ -->\n<title>Hengitystieinfektio - Hengitysvaikeus<\/title>\n<meta name=\"robots\" content=\"index, follow, max-snippet:-1, max-image-preview:large, max-video-preview:-1\" \/>\n<link rel=\"canonical\" href=\"https:\/\/blogit.gradia.fi\/hengitysvaikeus\/aiheuttajia\/hengitystieinfektio\/\" \/>\n<meta property=\"og:locale\" content=\"fi_FI\" \/>\n<meta property=\"og:type\" content=\"article\" \/>\n<meta property=\"og:title\" content=\"Hengitystieinfektio - Hengitysvaikeus\" \/>\n<meta property=\"og:description\" content=\"Lasten yleisi\u00e4 hengitystieinfektioita Ilmatiehyttulehdus eli bronkioliitti Ahtauttava keuhkoputkitulehdus eli obstruktiivinen bronkiittoi Kurkunp\u00e4\u00e4ntulehdus eli laryngiitti Keuhkokuume eli pneumonia Flunssa Influenssa Hinkuysk\u00e4 Hengitystieinfektiot ovat yleisi\u00e4 ja paranevat yleens\u00e4 itsest\u00e4\u00e4n. Virus on tavallisin aiheuttaja. Taustalla voi olla bakteeriper\u00e4inen nielutulehdus, keskikorvantulehdus, sivuontelotulehdus, keuhkoputkentulehdus, keuhkokuume tai allergiset oireet. Tavallisimpia oireita ovat nen\u00e4n tukkoisuus ja vuoto, kurkkukipu sek\u00e4 ysk\u00e4.\" \/>\n<meta property=\"og:url\" content=\"https:\/\/blogit.gradia.fi\/hengitysvaikeus\/aiheuttajia\/hengitystieinfektio\/\" \/>\n<meta property=\"og:site_name\" content=\"Hengitysvaikeus\" \/>\n<meta property=\"article:modified_time\" content=\"2020-02-19T21:30:16+00:00\" \/>\n<meta name=\"twitter:card\" content=\"summary_large_image\" \/>\n<script type=\"application\/ld+json\" class=\"yoast-schema-graph\">{\"@context\":\"https:\\\/\\\/schema.org\",\"@graph\":[{\"@type\":\"WebPage\",\"@id\":\"https:\\\/\\\/blogit.gradia.fi\\\/hengitysvaikeus\\\/aiheuttajia\\\/hengitystieinfektio\\\/\",\"url\":\"https:\\\/\\\/blogit.gradia.fi\\\/hengitysvaikeus\\\/aiheuttajia\\\/hengitystieinfektio\\\/\",\"name\":\"Hengitystieinfektio - Hengitysvaikeus\",\"isPartOf\":{\"@id\":\"https:\\\/\\\/blogit.gradia.fi\\\/hengitysvaikeus\\\/#website\"},\"datePublished\":\"2020-02-18T18:56:02+00:00\",\"dateModified\":\"2020-02-19T21:30:16+00:00\",\"breadcrumb\":{\"@id\":\"https:\\\/\\\/blogit.gradia.fi\\\/hengitysvaikeus\\\/aiheuttajia\\\/hengitystieinfektio\\\/#breadcrumb\"},\"inLanguage\":\"fi\",\"potentialAction\":[{\"@type\":\"ReadAction\",\"target\":[\"https:\\\/\\\/blogit.gradia.fi\\\/hengitysvaikeus\\\/aiheuttajia\\\/hengitystieinfektio\\\/\"]}]},{\"@type\":\"BreadcrumbList\",\"@id\":\"https:\\\/\\\/blogit.gradia.fi\\\/hengitysvaikeus\\\/aiheuttajia\\\/hengitystieinfektio\\\/#breadcrumb\",\"itemListElement\":[{\"@type\":\"ListItem\",\"position\":1,\"name\":\"Home\",\"item\":\"https:\\\/\\\/blogit.gradia.fi\\\/hengitysvaikeus\\\/\"},{\"@type\":\"ListItem\",\"position\":2,\"name\":\"Aiheuttajia\",\"item\":\"https:\\\/\\\/blogit.gradia.fi\\\/hengitysvaikeus\\\/aiheuttajia\\\/\"},{\"@type\":\"ListItem\",\"position\":3,\"name\":\"Hengitystieinfektio\"}]},{\"@type\":\"WebSite\",\"@id\":\"https:\\\/\\\/blogit.gradia.fi\\\/hengitysvaikeus\\\/#website\",\"url\":\"https:\\\/\\\/blogit.gradia.fi\\\/hengitysvaikeus\\\/\",\"name\":\"Hengitysvaikeus\",\"description\":\"\",\"potentialAction\":[{\"@type\":\"SearchAction\",\"target\":{\"@type\":\"EntryPoint\",\"urlTemplate\":\"https:\\\/\\\/blogit.gradia.fi\\\/hengitysvaikeus\\\/?s={search_term_string}\"},\"query-input\":{\"@type\":\"PropertyValueSpecification\",\"valueRequired\":true,\"valueName\":\"search_term_string\"}}],\"inLanguage\":\"fi\"}]}<\/script>\n<!-- \/ Yoast SEO plugin. -->","yoast_head_json":{"title":"Hengitystieinfektio - Hengitysvaikeus","robots":{"index":"index","follow":"follow","max-snippet":"max-snippet:-1","max-image-preview":"max-image-preview:large","max-video-preview":"max-video-preview:-1"},"canonical":"https:\/\/blogit.gradia.fi\/hengitysvaikeus\/aiheuttajia\/hengitystieinfektio\/","og_locale":"fi_FI","og_type":"article","og_title":"Hengitystieinfektio - Hengitysvaikeus","og_description":"Lasten yleisi\u00e4 hengitystieinfektioita Ilmatiehyttulehdus eli bronkioliitti Ahtauttava keuhkoputkitulehdus eli obstruktiivinen bronkiittoi Kurkunp\u00e4\u00e4ntulehdus eli laryngiitti Keuhkokuume eli pneumonia Flunssa Influenssa Hinkuysk\u00e4 Hengitystieinfektiot ovat yleisi\u00e4 ja paranevat yleens\u00e4 itsest\u00e4\u00e4n. Virus on tavallisin aiheuttaja. Taustalla voi olla bakteeriper\u00e4inen nielutulehdus, keskikorvantulehdus, sivuontelotulehdus, keuhkoputkentulehdus, keuhkokuume tai allergiset oireet. Tavallisimpia oireita ovat nen\u00e4n tukkoisuus ja vuoto, kurkkukipu sek\u00e4 ysk\u00e4.","og_url":"https:\/\/blogit.gradia.fi\/hengitysvaikeus\/aiheuttajia\/hengitystieinfektio\/","og_site_name":"Hengitysvaikeus","article_modified_time":"2020-02-19T21:30:16+00:00","twitter_card":"summary_large_image","schema":{"@context":"https:\/\/schema.org","@graph":[{"@type":"WebPage","@id":"https:\/\/blogit.gradia.fi\/hengitysvaikeus\/aiheuttajia\/hengitystieinfektio\/","url":"https:\/\/blogit.gradia.fi\/hengitysvaikeus\/aiheuttajia\/hengitystieinfektio\/","name":"Hengitystieinfektio - Hengitysvaikeus","isPartOf":{"@id":"https:\/\/blogit.gradia.fi\/hengitysvaikeus\/#website"},"datePublished":"2020-02-18T18:56:02+00:00","dateModified":"2020-02-19T21:30:16+00:00","breadcrumb":{"@id":"https:\/\/blogit.gradia.fi\/hengitysvaikeus\/aiheuttajia\/hengitystieinfektio\/#breadcrumb"},"inLanguage":"fi","potentialAction":[{"@type":"ReadAction","target":["https:\/\/blogit.gradia.fi\/hengitysvaikeus\/aiheuttajia\/hengitystieinfektio\/"]}]},{"@type":"BreadcrumbList","@id":"https:\/\/blogit.gradia.fi\/hengitysvaikeus\/aiheuttajia\/hengitystieinfektio\/#breadcrumb","itemListElement":[{"@type":"ListItem","position":1,"name":"Home","item":"https:\/\/blogit.gradia.fi\/hengitysvaikeus\/"},{"@type":"ListItem","position":2,"name":"Aiheuttajia","item":"https:\/\/blogit.gradia.fi\/hengitysvaikeus\/aiheuttajia\/"},{"@type":"ListItem","position":3,"name":"Hengitystieinfektio"}]},{"@type":"WebSite","@id":"https:\/\/blogit.gradia.fi\/hengitysvaikeus\/#website","url":"https:\/\/blogit.gradia.fi\/hengitysvaikeus\/","name":"Hengitysvaikeus","description":"","potentialAction":[{"@type":"SearchAction","target":{"@type":"EntryPoint","urlTemplate":"https:\/\/blogit.gradia.fi\/hengitysvaikeus\/?s={search_term_string}"},"query-input":{"@type":"PropertyValueSpecification","valueRequired":true,"valueName":"search_term_string"}}],"inLanguage":"fi"}]}},"uagb_featured_image_src":{"full":false,"thumbnail":false,"medium":false,"medium_large":false,"large":false,"1536x1536":false,"2048x2048":false,"post-thumbnail":false},"uagb_author_info":{"display_name":"Martti Ruokonen","author_link":"https:\/\/blogit.gradia.fi\/hengitysvaikeus\/author\/gr191912\/"},"uagb_comment_info":0,"uagb_excerpt":"Lasten yleisi\u00e4 hengitystieinfektioita Ilmatiehyttulehdus eli bronkioliitti Ahtauttava keuhkoputkitulehdus eli obstruktiivinen bronkiittoi Kurkunp\u00e4\u00e4ntulehdus eli laryngiitti Keuhkokuume eli pneumonia Flunssa Influenssa Hinkuysk\u00e4 Hengitystieinfektiot ovat yleisi\u00e4 ja paranevat yleens\u00e4 itsest\u00e4\u00e4n. Virus on tavallisin aiheuttaja. Taustalla voi olla bakteeriper\u00e4inen nielutulehdus, keskikorvantulehdus, sivuontelotulehdus, keuhkoputkentulehdus, keuhkokuume tai allergiset oireet. Tavallisimpia oireita ovat nen\u00e4n tukkoisuus ja vuoto, kurkkukipu sek\u00e4 ysk\u00e4.","_links":{"self":[{"href":"https:\/\/blogit.gradia.fi\/hengitysvaikeus\/wp-json\/wp\/v2\/pages\/227","targetHints":{"allow":["GET"]}}],"collection":[{"href":"https:\/\/blogit.gradia.fi\/hengitysvaikeus\/wp-json\/wp\/v2\/pages"}],"about":[{"href":"https:\/\/blogit.gradia.fi\/hengitysvaikeus\/wp-json\/wp\/v2\/types\/page"}],"author":[{"embeddable":true,"href":"https:\/\/blogit.gradia.fi\/hengitysvaikeus\/wp-json\/wp\/v2\/users\/677"}],"replies":[{"embeddable":true,"href":"https:\/\/blogit.gradia.fi\/hengitysvaikeus\/wp-json\/wp\/v2\/comments?post=227"}],"version-history":[{"count":3,"href":"https:\/\/blogit.gradia.fi\/hengitysvaikeus\/wp-json\/wp\/v2\/pages\/227\/revisions"}],"predecessor-version":[{"id":258,"href":"https:\/\/blogit.gradia.fi\/hengitysvaikeus\/wp-json\/wp\/v2\/pages\/227\/revisions\/258"}],"up":[{"embeddable":true,"href":"https:\/\/blogit.gradia.fi\/hengitysvaikeus\/wp-json\/wp\/v2\/pages\/221"}],"wp:attachment":[{"href":"https:\/\/blogit.gradia.fi\/hengitysvaikeus\/wp-json\/wp\/v2\/media?parent=227"}],"curies":[{"name":"wp","href":"https:\/\/api.w.org\/{rel}","templated":true}]}}