{"id":121,"date":"2020-02-12T17:34:19","date_gmt":"2020-02-12T15:34:19","guid":{"rendered":"https:\/\/blogit.gradia.fi\/hengitysvaikeus\/?page_id=121"},"modified":"2020-02-12T17:40:14","modified_gmt":"2020-02-12T15:40:14","slug":"triage","status":"publish","type":"page","link":"https:\/\/blogit.gradia.fi\/hengitysvaikeus\/triage\/","title":{"rendered":"TRIAGE"},"content":{"rendered":"\n<h2 class=\"wp-block-heading\">Hoidon tarpeen kiireellisyyden arviointi \/ TRIAGE<\/h2>\n\n\n\n<p>Perusteht\u00e4v\u00e4n\u00e4 p\u00e4ivystyspoliklinikalla on sellaisen vaaran torjuminen, joka uhkaa henke\u00e4 ja terveytt\u00e4 \u00e4killisesti. Kaikkien p\u00e4ivystyspoliklinikalle saapuneiden potilaiden joukosta on eroteltava kiireellist\u00e4 hoitoa tarvitsevat potilaat ja tehd\u00e4 heille sellaisia hoidon kannalta kiireellisi\u00e4 l\u00e4\u00e4ketieteellisi\u00e4 tutkimuksia ja hoitotoimenpiteit\u00e4, joita ei voida siirt\u00e4\u00e4.<\/p>\n\n\n\n<p>Odotusaika ja hoitoon p\u00e4\u00e4sy p\u00e4ivystyksess\u00e4 m\u00e4\u00e4r\u00e4ytyv\u00e4t TRIAGE-luokan mukaan. Ilmoittautumisen yhteydess\u00e4 hoitaja tekee arvion hoidon tarpeen kiireellisyydest\u00e4, jotta kiireellist\u00e4 hoitoa tarvitsevat potilaat saavat avun nopeammin.<\/p>\n\n\n\n<p>TRIAGE-LUOKKA A: V\u00e4lit\u00f6n hoidon aloitus (0 min). V\u00e4litt\u00f6m\u00e4sti henke\u00e4 uhkaava vamma, oire tai h\u00e4iri\u00f6 peruselintoiminnoissa. Esim. voimakas hengenahdistus (SpO2 alle 85% hi), syd\u00e4noireinen; rintakipu ja hengityksen\/verenkierron romahtaminen, elvytys\/elvytetty) potilas, hemodynamiikkaan vaikuttavat rytmih\u00e4iri\u00f6t, vaikea infektio (esim. sepsis tai meningiitti ep\u00e4ily), neurologisesti oireileva, traumapotilas<\/p>\n\n\n\n<p>TRIAGE-LUOKKA B: L\u00e4hes v\u00e4lit\u00f6n hoidon aloitus (10-30min). Akuutti potilaan yleistilaa uhkaava vamma, oire tai h\u00e4iri\u00f6 peruselintoiminnoissa. Esim. hengitysvaikeus (SpO2 yli 90% hi), syd\u00e4noireinen (akuutti kova rintakipu, tai jos uusi oire; liev\u00e4), rytmih\u00e4iri\u00f6t (Takykardisesti oireilevat, SVT, alle 48h kest\u00e4nyt FA), neurologisesti oireileva (yli 3h sitten alkaneet halvausoireet, kouristus), traumat ja vakavat vammat (j\u00e4nteen tai verisuonen poikkileikkaantuminen) <\/p>\n\n\n\n<p>TRIAGE-LUOKKA C: P\u00e4ivystyksellist\u00e4 hoitoa ja tutkimusta vaativat sairaudet ja vammat, hoidon aloitus noin 60 min. Esim. liev\u00e4 hengenahdistus (esim. astman paheneminen, puhuminen ok), liev\u00e4 rintatuntemus ilman EKG-muutoksia, hyv\u00e4kuntoisen potilaan rytmih\u00e4iri\u00f6, infektiopotilas, \u00e4killinen p\u00e4\u00e4ns\u00e4rky\/niskas\u00e4rky ilman muita oireita, aivot\u00e4r\u00e4hdys ilman tajunnan menetyst\u00e4&#8230;<\/p>\n\n\n\n<p>TRIAGE-LUOKKA D: Kiireett\u00f6m\u00e4t, p\u00e4ivystyksellist\u00e4 hoitoa vaativat sairaudet ja vammat, hoidon aloitukseen ei ohjeellista aloitusaikaa (2h). Esim. liev\u00e4 hengenahdistus (SpO2 ok), pitk\u00e4\u00e4n jatkunut tai ohimennyt rintakipu ilman EKG muutoksia, liev\u00e4t rytmih\u00e4iri\u00f6tuntemukset, infektiopotilas jonka yleistila hyv\u00e4&#8230;<\/p>\n","protected":false},"excerpt":{"rendered":"<p>Hoidon tarpeen kiireellisyyden arviointi \/ TRIAGE Perusteht\u00e4v\u00e4n\u00e4 p\u00e4ivystyspoliklinikalla on sellaisen vaaran torjuminen, joka uhkaa henke\u00e4 ja terveytt\u00e4 \u00e4killisesti. Kaikkien p\u00e4ivystyspoliklinikalle saapuneiden potilaiden joukosta on eroteltava kiireellist\u00e4 hoitoa tarvitsevat potilaat ja tehd\u00e4 heille sellaisia hoidon kannalta kiireellisi\u00e4 l\u00e4\u00e4ketieteellisi\u00e4 tutkimuksia ja hoitotoimenpiteit\u00e4, joita ei voida siirt\u00e4\u00e4. Odotusaika ja hoitoon p\u00e4\u00e4sy p\u00e4ivystyksess\u00e4 m\u00e4\u00e4r\u00e4ytyv\u00e4t TRIAGE-luokan mukaan. Ilmoittautumisen yhteydess\u00e4 hoitaja [&hellip;]<\/p>\n","protected":false},"author":672,"featured_media":0,"parent":0,"menu_order":0,"comment_status":"closed","ping_status":"closed","template":"","meta":{"_uag_custom_page_level_css":"","footnotes":""},"class_list":["post-121","page","type-page","status-publish","hentry"],"yoast_head":"<!-- This site is optimized with the Yoast SEO plugin v27.4 - https:\/\/yoast.com\/product\/yoast-seo-wordpress\/ -->\n<title>TRIAGE - Hengitysvaikeus<\/title>\n<meta name=\"robots\" content=\"index, follow, max-snippet:-1, max-image-preview:large, max-video-preview:-1\" \/>\n<link rel=\"canonical\" href=\"https:\/\/blogit.gradia.fi\/hengitysvaikeus\/triage\/\" \/>\n<meta property=\"og:locale\" content=\"fi_FI\" \/>\n<meta property=\"og:type\" content=\"article\" \/>\n<meta property=\"og:title\" content=\"TRIAGE - Hengitysvaikeus\" \/>\n<meta property=\"og:description\" content=\"Hoidon tarpeen kiireellisyyden arviointi \/ TRIAGE Perusteht\u00e4v\u00e4n\u00e4 p\u00e4ivystyspoliklinikalla on sellaisen vaaran torjuminen, joka uhkaa henke\u00e4 ja terveytt\u00e4 \u00e4killisesti. Kaikkien p\u00e4ivystyspoliklinikalle saapuneiden potilaiden joukosta on eroteltava kiireellist\u00e4 hoitoa tarvitsevat potilaat ja tehd\u00e4 heille sellaisia hoidon kannalta kiireellisi\u00e4 l\u00e4\u00e4ketieteellisi\u00e4 tutkimuksia ja hoitotoimenpiteit\u00e4, joita ei voida siirt\u00e4\u00e4. Odotusaika ja hoitoon p\u00e4\u00e4sy p\u00e4ivystyksess\u00e4 m\u00e4\u00e4r\u00e4ytyv\u00e4t TRIAGE-luokan mukaan. Ilmoittautumisen yhteydess\u00e4 hoitaja [&hellip;]\" \/>\n<meta property=\"og:url\" content=\"https:\/\/blogit.gradia.fi\/hengitysvaikeus\/triage\/\" \/>\n<meta property=\"og:site_name\" content=\"Hengitysvaikeus\" \/>\n<meta property=\"article:modified_time\" content=\"2020-02-12T15:40:14+00:00\" \/>\n<meta name=\"twitter:card\" content=\"summary_large_image\" \/>\n<meta name=\"twitter:label1\" content=\"Arvioitu lukuaika\" \/>\n\t<meta name=\"twitter:data1\" content=\"1 minuutti\" \/>\n<script type=\"application\/ld+json\" class=\"yoast-schema-graph\">{\"@context\":\"https:\\\/\\\/schema.org\",\"@graph\":[{\"@type\":\"WebPage\",\"@id\":\"https:\\\/\\\/blogit.gradia.fi\\\/hengitysvaikeus\\\/triage\\\/\",\"url\":\"https:\\\/\\\/blogit.gradia.fi\\\/hengitysvaikeus\\\/triage\\\/\",\"name\":\"TRIAGE - Hengitysvaikeus\",\"isPartOf\":{\"@id\":\"https:\\\/\\\/blogit.gradia.fi\\\/hengitysvaikeus\\\/#website\"},\"datePublished\":\"2020-02-12T15:34:19+00:00\",\"dateModified\":\"2020-02-12T15:40:14+00:00\",\"breadcrumb\":{\"@id\":\"https:\\\/\\\/blogit.gradia.fi\\\/hengitysvaikeus\\\/triage\\\/#breadcrumb\"},\"inLanguage\":\"fi\",\"potentialAction\":[{\"@type\":\"ReadAction\",\"target\":[\"https:\\\/\\\/blogit.gradia.fi\\\/hengitysvaikeus\\\/triage\\\/\"]}]},{\"@type\":\"BreadcrumbList\",\"@id\":\"https:\\\/\\\/blogit.gradia.fi\\\/hengitysvaikeus\\\/triage\\\/#breadcrumb\",\"itemListElement\":[{\"@type\":\"ListItem\",\"position\":1,\"name\":\"Home\",\"item\":\"https:\\\/\\\/blogit.gradia.fi\\\/hengitysvaikeus\\\/\"},{\"@type\":\"ListItem\",\"position\":2,\"name\":\"TRIAGE\"}]},{\"@type\":\"WebSite\",\"@id\":\"https:\\\/\\\/blogit.gradia.fi\\\/hengitysvaikeus\\\/#website\",\"url\":\"https:\\\/\\\/blogit.gradia.fi\\\/hengitysvaikeus\\\/\",\"name\":\"Hengitysvaikeus\",\"description\":\"\",\"potentialAction\":[{\"@type\":\"SearchAction\",\"target\":{\"@type\":\"EntryPoint\",\"urlTemplate\":\"https:\\\/\\\/blogit.gradia.fi\\\/hengitysvaikeus\\\/?s={search_term_string}\"},\"query-input\":{\"@type\":\"PropertyValueSpecification\",\"valueRequired\":true,\"valueName\":\"search_term_string\"}}],\"inLanguage\":\"fi\"}]}<\/script>\n<!-- \/ Yoast SEO plugin. -->","yoast_head_json":{"title":"TRIAGE - Hengitysvaikeus","robots":{"index":"index","follow":"follow","max-snippet":"max-snippet:-1","max-image-preview":"max-image-preview:large","max-video-preview":"max-video-preview:-1"},"canonical":"https:\/\/blogit.gradia.fi\/hengitysvaikeus\/triage\/","og_locale":"fi_FI","og_type":"article","og_title":"TRIAGE - Hengitysvaikeus","og_description":"Hoidon tarpeen kiireellisyyden arviointi \/ TRIAGE Perusteht\u00e4v\u00e4n\u00e4 p\u00e4ivystyspoliklinikalla on sellaisen vaaran torjuminen, joka uhkaa henke\u00e4 ja terveytt\u00e4 \u00e4killisesti. Kaikkien p\u00e4ivystyspoliklinikalle saapuneiden potilaiden joukosta on eroteltava kiireellist\u00e4 hoitoa tarvitsevat potilaat ja tehd\u00e4 heille sellaisia hoidon kannalta kiireellisi\u00e4 l\u00e4\u00e4ketieteellisi\u00e4 tutkimuksia ja hoitotoimenpiteit\u00e4, joita ei voida siirt\u00e4\u00e4. Odotusaika ja hoitoon p\u00e4\u00e4sy p\u00e4ivystyksess\u00e4 m\u00e4\u00e4r\u00e4ytyv\u00e4t TRIAGE-luokan mukaan. Ilmoittautumisen yhteydess\u00e4 hoitaja [&hellip;]","og_url":"https:\/\/blogit.gradia.fi\/hengitysvaikeus\/triage\/","og_site_name":"Hengitysvaikeus","article_modified_time":"2020-02-12T15:40:14+00:00","twitter_card":"summary_large_image","twitter_misc":{"Arvioitu lukuaika":"1 minuutti"},"schema":{"@context":"https:\/\/schema.org","@graph":[{"@type":"WebPage","@id":"https:\/\/blogit.gradia.fi\/hengitysvaikeus\/triage\/","url":"https:\/\/blogit.gradia.fi\/hengitysvaikeus\/triage\/","name":"TRIAGE - Hengitysvaikeus","isPartOf":{"@id":"https:\/\/blogit.gradia.fi\/hengitysvaikeus\/#website"},"datePublished":"2020-02-12T15:34:19+00:00","dateModified":"2020-02-12T15:40:14+00:00","breadcrumb":{"@id":"https:\/\/blogit.gradia.fi\/hengitysvaikeus\/triage\/#breadcrumb"},"inLanguage":"fi","potentialAction":[{"@type":"ReadAction","target":["https:\/\/blogit.gradia.fi\/hengitysvaikeus\/triage\/"]}]},{"@type":"BreadcrumbList","@id":"https:\/\/blogit.gradia.fi\/hengitysvaikeus\/triage\/#breadcrumb","itemListElement":[{"@type":"ListItem","position":1,"name":"Home","item":"https:\/\/blogit.gradia.fi\/hengitysvaikeus\/"},{"@type":"ListItem","position":2,"name":"TRIAGE"}]},{"@type":"WebSite","@id":"https:\/\/blogit.gradia.fi\/hengitysvaikeus\/#website","url":"https:\/\/blogit.gradia.fi\/hengitysvaikeus\/","name":"Hengitysvaikeus","description":"","potentialAction":[{"@type":"SearchAction","target":{"@type":"EntryPoint","urlTemplate":"https:\/\/blogit.gradia.fi\/hengitysvaikeus\/?s={search_term_string}"},"query-input":{"@type":"PropertyValueSpecification","valueRequired":true,"valueName":"search_term_string"}}],"inLanguage":"fi"}]}},"uagb_featured_image_src":{"full":false,"thumbnail":false,"medium":false,"medium_large":false,"large":false,"1536x1536":false,"2048x2048":false,"post-thumbnail":false},"uagb_author_info":{"display_name":"Samuli \u00d6ljym\u00e4ki","author_link":"https:\/\/blogit.gradia.fi\/hengitysvaikeus\/author\/gr188119\/"},"uagb_comment_info":0,"uagb_excerpt":"Hoidon tarpeen kiireellisyyden arviointi \/ TRIAGE Perusteht\u00e4v\u00e4n\u00e4 p\u00e4ivystyspoliklinikalla on sellaisen vaaran torjuminen, joka uhkaa henke\u00e4 ja terveytt\u00e4 \u00e4killisesti. Kaikkien p\u00e4ivystyspoliklinikalle saapuneiden potilaiden joukosta on eroteltava kiireellist\u00e4 hoitoa tarvitsevat potilaat ja tehd\u00e4 heille sellaisia hoidon kannalta kiireellisi\u00e4 l\u00e4\u00e4ketieteellisi\u00e4 tutkimuksia ja hoitotoimenpiteit\u00e4, joita ei voida siirt\u00e4\u00e4. Odotusaika ja hoitoon p\u00e4\u00e4sy p\u00e4ivystyksess\u00e4 m\u00e4\u00e4r\u00e4ytyv\u00e4t TRIAGE-luokan mukaan. Ilmoittautumisen yhteydess\u00e4 hoitaja&hellip;","_links":{"self":[{"href":"https:\/\/blogit.gradia.fi\/hengitysvaikeus\/wp-json\/wp\/v2\/pages\/121","targetHints":{"allow":["GET"]}}],"collection":[{"href":"https:\/\/blogit.gradia.fi\/hengitysvaikeus\/wp-json\/wp\/v2\/pages"}],"about":[{"href":"https:\/\/blogit.gradia.fi\/hengitysvaikeus\/wp-json\/wp\/v2\/types\/page"}],"author":[{"embeddable":true,"href":"https:\/\/blogit.gradia.fi\/hengitysvaikeus\/wp-json\/wp\/v2\/users\/672"}],"replies":[{"embeddable":true,"href":"https:\/\/blogit.gradia.fi\/hengitysvaikeus\/wp-json\/wp\/v2\/comments?post=121"}],"version-history":[{"count":7,"href":"https:\/\/blogit.gradia.fi\/hengitysvaikeus\/wp-json\/wp\/v2\/pages\/121\/revisions"}],"predecessor-version":[{"id":128,"href":"https:\/\/blogit.gradia.fi\/hengitysvaikeus\/wp-json\/wp\/v2\/pages\/121\/revisions\/128"}],"wp:attachment":[{"href":"https:\/\/blogit.gradia.fi\/hengitysvaikeus\/wp-json\/wp\/v2\/media?parent=121"}],"curies":[{"name":"wp","href":"https:\/\/api.w.org\/{rel}","templated":true}]}}