{"id":107,"date":"2020-02-12T17:18:20","date_gmt":"2020-02-12T15:18:20","guid":{"rendered":"https:\/\/blogit.gradia.fi\/hengitysvaikeus\/?page_id=107"},"modified":"2020-02-12T17:50:24","modified_gmt":"2020-02-12T15:50:24","slug":"omavalvonta","status":"publish","type":"page","link":"https:\/\/blogit.gradia.fi\/hengitysvaikeus\/omavalvonta\/","title":{"rendered":"Omavalvonta"},"content":{"rendered":"\n<p>Omavalvonnan avulla voidaan parantaa hoidon laatua sek\u00e4 turvata potilaalle laadukas ja turvallinen terveydenhuolto. Omavalvontasuunnitelma on asiakirja, johon on kirjattu kaikki toimenpitet joiden avulla sosiaali- ja terveydenhuollon palvelujen tuottaja valvovat itse toimintayksikk\u00f6\u00e4\u00e4n, henkil\u00f6kunnan toimintaa, sek\u00e4 palvelujen laatua.&nbsp;<\/p>\n\n\n\n<p>Omavalvontasuunnitelma on ty\u00f6v\u00e4line palvelujen laatuun ja kehitt\u00e4miseen. Palvelujen tuottajalta edellytet\u00e4\u00e4n ammattitaitoa, tietoa ja kokemusta arvioida, mink\u00e4laisella omalla ohjauksella ja valvonnalla toiminnan laatu ja lainmukaisuus varmistetaan.<\/p>\n\n\n\n<p>Omavalvonnan asiakirjoja muodostuu toiminta- ja menettelyohjeista, joita laaditaan k\u00e4yt\u00e4nt\u00f6jen toteuttamiseksi palveluketjun kaikissa vaiheissa. Omavalvontasuunnitelmaan kirjataan menettelytavat havaittujen riskien, vaaratilanteiden ja laadullisten puutteiden ennaltaehk\u00e4isemiseksi ja korjaamiseksi palvelutoiminnassa, sek\u00e4 terveydenhuollon ammattihenkil\u00f6iden ammatillisen osaamisen varmistamiseksi. Sit\u00e4 laajempi ja yksityiskohtaisempi suunnitelma, mit\u00e4 monimuotoisempaa ja riskialttiimpaa palvelujen tuottajan toiminta on.&nbsp; <\/p>\n\n\n\n<p>Valvira on antanut m\u00e4\u00e4r\u00e4yksen omavalvontasuunnitelman laatimisesta ja sen sis\u00e4ll\u00f6st\u00e4.\u00a0<\/p>\n\n\n\n<p><a href=\"https:\/\/www.valvira.fi\/documents\/14444\/37132\/Maarays_2_2012_yksityisen_terveydenhuollon_omavalvontasuunnitelma.pdf\">Omavalvontasuunnitelma &#8211; Valvira<\/a><\/p>\n","protected":false},"excerpt":{"rendered":"<p>Omavalvonnan avulla voidaan parantaa hoidon laatua sek\u00e4 turvata potilaalle laadukas ja turvallinen terveydenhuolto. Omavalvontasuunnitelma on asiakirja, johon on kirjattu kaikki toimenpitet joiden avulla sosiaali- ja terveydenhuollon palvelujen tuottaja valvovat itse toimintayksikk\u00f6\u00e4\u00e4n, henkil\u00f6kunnan toimintaa, sek\u00e4 palvelujen laatua.&nbsp; Omavalvontasuunnitelma on ty\u00f6v\u00e4line palvelujen laatuun ja kehitt\u00e4miseen. Palvelujen tuottajalta edellytet\u00e4\u00e4n ammattitaitoa, tietoa ja kokemusta arvioida, mink\u00e4laisella omalla ohjauksella ja [&hellip;]<\/p>\n","protected":false},"author":672,"featured_media":0,"parent":0,"menu_order":0,"comment_status":"closed","ping_status":"closed","template":"","meta":{"_uag_custom_page_level_css":"","footnotes":""},"class_list":["post-107","page","type-page","status-publish","hentry"],"yoast_head":"<!-- This site is optimized with the Yoast SEO plugin v27.4 - https:\/\/yoast.com\/product\/yoast-seo-wordpress\/ -->\n<title>Omavalvonta - Hengitysvaikeus<\/title>\n<meta name=\"robots\" content=\"index, follow, max-snippet:-1, max-image-preview:large, max-video-preview:-1\" \/>\n<link rel=\"canonical\" href=\"https:\/\/blogit.gradia.fi\/hengitysvaikeus\/omavalvonta\/\" \/>\n<meta property=\"og:locale\" content=\"fi_FI\" \/>\n<meta property=\"og:type\" content=\"article\" \/>\n<meta property=\"og:title\" content=\"Omavalvonta - Hengitysvaikeus\" \/>\n<meta property=\"og:description\" content=\"Omavalvonnan avulla voidaan parantaa hoidon laatua sek\u00e4 turvata potilaalle laadukas ja turvallinen terveydenhuolto. Omavalvontasuunnitelma on asiakirja, johon on kirjattu kaikki toimenpitet joiden avulla sosiaali- ja terveydenhuollon palvelujen tuottaja valvovat itse toimintayksikk\u00f6\u00e4\u00e4n, henkil\u00f6kunnan toimintaa, sek\u00e4 palvelujen laatua.&nbsp; Omavalvontasuunnitelma on ty\u00f6v\u00e4line palvelujen laatuun ja kehitt\u00e4miseen. Palvelujen tuottajalta edellytet\u00e4\u00e4n ammattitaitoa, tietoa ja kokemusta arvioida, mink\u00e4laisella omalla ohjauksella ja [&hellip;]\" \/>\n<meta property=\"og:url\" content=\"https:\/\/blogit.gradia.fi\/hengitysvaikeus\/omavalvonta\/\" \/>\n<meta property=\"og:site_name\" content=\"Hengitysvaikeus\" \/>\n<meta property=\"article:modified_time\" content=\"2020-02-12T15:50:24+00:00\" \/>\n<meta name=\"twitter:card\" content=\"summary_large_image\" \/>\n<meta name=\"twitter:label1\" content=\"Arvioitu lukuaika\" \/>\n\t<meta name=\"twitter:data1\" content=\"1 minuutti\" \/>\n<script type=\"application\/ld+json\" class=\"yoast-schema-graph\">{\"@context\":\"https:\\\/\\\/schema.org\",\"@graph\":[{\"@type\":\"WebPage\",\"@id\":\"https:\\\/\\\/blogit.gradia.fi\\\/hengitysvaikeus\\\/omavalvonta\\\/\",\"url\":\"https:\\\/\\\/blogit.gradia.fi\\\/hengitysvaikeus\\\/omavalvonta\\\/\",\"name\":\"Omavalvonta - Hengitysvaikeus\",\"isPartOf\":{\"@id\":\"https:\\\/\\\/blogit.gradia.fi\\\/hengitysvaikeus\\\/#website\"},\"datePublished\":\"2020-02-12T15:18:20+00:00\",\"dateModified\":\"2020-02-12T15:50:24+00:00\",\"breadcrumb\":{\"@id\":\"https:\\\/\\\/blogit.gradia.fi\\\/hengitysvaikeus\\\/omavalvonta\\\/#breadcrumb\"},\"inLanguage\":\"fi\",\"potentialAction\":[{\"@type\":\"ReadAction\",\"target\":[\"https:\\\/\\\/blogit.gradia.fi\\\/hengitysvaikeus\\\/omavalvonta\\\/\"]}]},{\"@type\":\"BreadcrumbList\",\"@id\":\"https:\\\/\\\/blogit.gradia.fi\\\/hengitysvaikeus\\\/omavalvonta\\\/#breadcrumb\",\"itemListElement\":[{\"@type\":\"ListItem\",\"position\":1,\"name\":\"Home\",\"item\":\"https:\\\/\\\/blogit.gradia.fi\\\/hengitysvaikeus\\\/\"},{\"@type\":\"ListItem\",\"position\":2,\"name\":\"Omavalvonta\"}]},{\"@type\":\"WebSite\",\"@id\":\"https:\\\/\\\/blogit.gradia.fi\\\/hengitysvaikeus\\\/#website\",\"url\":\"https:\\\/\\\/blogit.gradia.fi\\\/hengitysvaikeus\\\/\",\"name\":\"Hengitysvaikeus\",\"description\":\"\",\"potentialAction\":[{\"@type\":\"SearchAction\",\"target\":{\"@type\":\"EntryPoint\",\"urlTemplate\":\"https:\\\/\\\/blogit.gradia.fi\\\/hengitysvaikeus\\\/?s={search_term_string}\"},\"query-input\":{\"@type\":\"PropertyValueSpecification\",\"valueRequired\":true,\"valueName\":\"search_term_string\"}}],\"inLanguage\":\"fi\"}]}<\/script>\n<!-- \/ Yoast SEO plugin. -->","yoast_head_json":{"title":"Omavalvonta - Hengitysvaikeus","robots":{"index":"index","follow":"follow","max-snippet":"max-snippet:-1","max-image-preview":"max-image-preview:large","max-video-preview":"max-video-preview:-1"},"canonical":"https:\/\/blogit.gradia.fi\/hengitysvaikeus\/omavalvonta\/","og_locale":"fi_FI","og_type":"article","og_title":"Omavalvonta - Hengitysvaikeus","og_description":"Omavalvonnan avulla voidaan parantaa hoidon laatua sek\u00e4 turvata potilaalle laadukas ja turvallinen terveydenhuolto. Omavalvontasuunnitelma on asiakirja, johon on kirjattu kaikki toimenpitet joiden avulla sosiaali- ja terveydenhuollon palvelujen tuottaja valvovat itse toimintayksikk\u00f6\u00e4\u00e4n, henkil\u00f6kunnan toimintaa, sek\u00e4 palvelujen laatua.&nbsp; Omavalvontasuunnitelma on ty\u00f6v\u00e4line palvelujen laatuun ja kehitt\u00e4miseen. Palvelujen tuottajalta edellytet\u00e4\u00e4n ammattitaitoa, tietoa ja kokemusta arvioida, mink\u00e4laisella omalla ohjauksella ja [&hellip;]","og_url":"https:\/\/blogit.gradia.fi\/hengitysvaikeus\/omavalvonta\/","og_site_name":"Hengitysvaikeus","article_modified_time":"2020-02-12T15:50:24+00:00","twitter_card":"summary_large_image","twitter_misc":{"Arvioitu lukuaika":"1 minuutti"},"schema":{"@context":"https:\/\/schema.org","@graph":[{"@type":"WebPage","@id":"https:\/\/blogit.gradia.fi\/hengitysvaikeus\/omavalvonta\/","url":"https:\/\/blogit.gradia.fi\/hengitysvaikeus\/omavalvonta\/","name":"Omavalvonta - Hengitysvaikeus","isPartOf":{"@id":"https:\/\/blogit.gradia.fi\/hengitysvaikeus\/#website"},"datePublished":"2020-02-12T15:18:20+00:00","dateModified":"2020-02-12T15:50:24+00:00","breadcrumb":{"@id":"https:\/\/blogit.gradia.fi\/hengitysvaikeus\/omavalvonta\/#breadcrumb"},"inLanguage":"fi","potentialAction":[{"@type":"ReadAction","target":["https:\/\/blogit.gradia.fi\/hengitysvaikeus\/omavalvonta\/"]}]},{"@type":"BreadcrumbList","@id":"https:\/\/blogit.gradia.fi\/hengitysvaikeus\/omavalvonta\/#breadcrumb","itemListElement":[{"@type":"ListItem","position":1,"name":"Home","item":"https:\/\/blogit.gradia.fi\/hengitysvaikeus\/"},{"@type":"ListItem","position":2,"name":"Omavalvonta"}]},{"@type":"WebSite","@id":"https:\/\/blogit.gradia.fi\/hengitysvaikeus\/#website","url":"https:\/\/blogit.gradia.fi\/hengitysvaikeus\/","name":"Hengitysvaikeus","description":"","potentialAction":[{"@type":"SearchAction","target":{"@type":"EntryPoint","urlTemplate":"https:\/\/blogit.gradia.fi\/hengitysvaikeus\/?s={search_term_string}"},"query-input":{"@type":"PropertyValueSpecification","valueRequired":true,"valueName":"search_term_string"}}],"inLanguage":"fi"}]}},"uagb_featured_image_src":{"full":false,"thumbnail":false,"medium":false,"medium_large":false,"large":false,"1536x1536":false,"2048x2048":false,"post-thumbnail":false},"uagb_author_info":{"display_name":"Samuli \u00d6ljym\u00e4ki","author_link":"https:\/\/blogit.gradia.fi\/hengitysvaikeus\/author\/gr188119\/"},"uagb_comment_info":0,"uagb_excerpt":"Omavalvonnan avulla voidaan parantaa hoidon laatua sek\u00e4 turvata potilaalle laadukas ja turvallinen terveydenhuolto. Omavalvontasuunnitelma on asiakirja, johon on kirjattu kaikki toimenpitet joiden avulla sosiaali- ja terveydenhuollon palvelujen tuottaja valvovat itse toimintayksikk\u00f6\u00e4\u00e4n, henkil\u00f6kunnan toimintaa, sek\u00e4 palvelujen laatua.&nbsp; Omavalvontasuunnitelma on ty\u00f6v\u00e4line palvelujen laatuun ja kehitt\u00e4miseen. Palvelujen tuottajalta edellytet\u00e4\u00e4n ammattitaitoa, tietoa ja kokemusta arvioida, mink\u00e4laisella omalla ohjauksella ja&hellip;","_links":{"self":[{"href":"https:\/\/blogit.gradia.fi\/hengitysvaikeus\/wp-json\/wp\/v2\/pages\/107","targetHints":{"allow":["GET"]}}],"collection":[{"href":"https:\/\/blogit.gradia.fi\/hengitysvaikeus\/wp-json\/wp\/v2\/pages"}],"about":[{"href":"https:\/\/blogit.gradia.fi\/hengitysvaikeus\/wp-json\/wp\/v2\/types\/page"}],"author":[{"embeddable":true,"href":"https:\/\/blogit.gradia.fi\/hengitysvaikeus\/wp-json\/wp\/v2\/users\/672"}],"replies":[{"embeddable":true,"href":"https:\/\/blogit.gradia.fi\/hengitysvaikeus\/wp-json\/wp\/v2\/comments?post=107"}],"version-history":[{"count":6,"href":"https:\/\/blogit.gradia.fi\/hengitysvaikeus\/wp-json\/wp\/v2\/pages\/107\/revisions"}],"predecessor-version":[{"id":136,"href":"https:\/\/blogit.gradia.fi\/hengitysvaikeus\/wp-json\/wp\/v2\/pages\/107\/revisions\/136"}],"wp:attachment":[{"href":"https:\/\/blogit.gradia.fi\/hengitysvaikeus\/wp-json\/wp\/v2\/media?parent=107"}],"curies":[{"name":"wp","href":"https:\/\/api.w.org\/{rel}","templated":true}]}}

<p>Omavalvonnan avulla voidaan parantaa hoidon laatua sekä turvata potilaalle laadukas ja turvallinen terveydenhuolto. Omavalvontasuunnitelma on asiakirja, johon on kirjattu kaikki toimenpitet joiden avulla sosiaali- ja terveydenhuollon palvelujen tuottaja valvovat itse toimintayksikköään, henkilökunnan toimintaa, sekä palvelujen laatua.&nbsp;</p>



<p>Omavalvontasuunnitelma on työväline palvelujen laatuun ja kehittämiseen. Palvelujen tuottajalta edellytetään ammattitaitoa, tietoa ja kokemusta arvioida, minkälaisella omalla ohjauksella ja valvonnalla toiminnan laatu ja lainmukaisuus varmistetaan.</p>



<p>Omavalvonnan asiakirjoja muodostuu toiminta- ja menettelyohjeista, joita laaditaan käytäntöjen toteuttamiseksi palveluketjun kaikissa vaiheissa. Omavalvontasuunnitelmaan kirjataan menettelytavat havaittujen riskien, vaaratilanteiden ja laadullisten puutteiden ennaltaehkäisemiseksi ja korjaamiseksi palvelutoiminnassa, sekä terveydenhuollon ammattihenkilöiden ammatillisen osaamisen varmistamiseksi. Sitä laajempi ja yksityiskohtaisempi suunnitelma, mitä monimuotoisempaa ja riskialttiimpaa palvelujen tuottajan toiminta on.&nbsp; </p>



<p>Valvira on antanut määräyksen omavalvontasuunnitelman laatimisesta ja sen sisällöstä. </p>



<p><a href="https://www.valvira.fi/documents/14444/37132/Maarays_2_2012_yksityisen_terveydenhuollon_omavalvontasuunnitelma.pdf">Omavalvontasuunnitelma &#8211; Valvira</a></p>

<p>Omavalvonnan avulla voidaan parantaa hoidon laatua sekä turvata potilaalle laadukas ja turvallinen terveydenhuolto. Omavalvontasuunnitelma on asiakirja, johon on kirjattu kaikki toimenpitet joiden avulla sosiaali- ja terveydenhuollon palvelujen tuottaja valvovat itse toimintayksikköään, henkilökunnan toimintaa, sekä palvelujen laatua.&nbsp; Omavalvontasuunnitelma on työväline palvelujen laatuun ja kehittämiseen. Palvelujen tuottajalta edellytetään ammattitaitoa, tietoa ja kokemusta arvioida, minkälaisella omalla ohjauksella ja [&hellip;]</p>

<!-- This site is optimized with the Yoast SEO plugin v27.4 - https://yoast.com/product/yoast-seo-wordpress/ -->
<title>Omavalvonta - Hengitysvaikeus</title>
<meta name="robots" content="index, follow, max-snippet:-1, max-image-preview:large, max-video-preview:-1" />
<link rel="canonical" href="https://blogit.gradia.fi/hengitysvaikeus/omavalvonta/" />
<meta property="og:locale" content="fi_FI" />
<meta property="og:type" content="article" />
<meta property="og:title" content="Omavalvonta - Hengitysvaikeus" />
<meta property="og:description" content="Omavalvonnan avulla voidaan parantaa hoidon laatua sekä turvata potilaalle laadukas ja turvallinen terveydenhuolto. Omavalvontasuunnitelma on asiakirja, johon on kirjattu kaikki toimenpitet joiden avulla sosiaali- ja terveydenhuollon palvelujen tuottaja valvovat itse toimintayksikköään, henkilökunnan toimintaa, sekä palvelujen laatua.&nbsp; Omavalvontasuunnitelma on työväline palvelujen laatuun ja kehittämiseen. Palvelujen tuottajalta edellytetään ammattitaitoa, tietoa ja kokemusta arvioida, minkälaisella omalla ohjauksella ja [&hellip;]" />
<meta property="og:url" content="https://blogit.gradia.fi/hengitysvaikeus/omavalvonta/" />
<meta property="og:site_name" content="Hengitysvaikeus" />
<meta property="article:modified_time" content="2020-02-12T15:50:24+00:00" />
<meta name="twitter:card" content="summary_large_image" />
<meta name="twitter:label1" content="Arvioitu lukuaika" />
	<meta name="twitter:data1" content="1 minuutti" />
<script type="application/ld+json" class="yoast-schema-graph">{"@context":"https:\/\/schema.org","@graph":[{"@type":"WebPage","@id":"https:\/\/blogit.gradia.fi\/hengitysvaikeus\/omavalvonta\/","url":"https:\/\/blogit.gradia.fi\/hengitysvaikeus\/omavalvonta\/","name":"Omavalvonta - Hengitysvaikeus","isPartOf":{"@id":"https:\/\/blogit.gradia.fi\/hengitysvaikeus\/#website"},"datePublished":"2020-02-12T15:18:20+00:00","dateModified":"2020-02-12T15:50:24+00:00","breadcrumb":{"@id":"https:\/\/blogit.gradia.fi\/hengitysvaikeus\/omavalvonta\/#breadcrumb"},"inLanguage":"fi","potentialAction":[{"@type":"ReadAction","target":["https:\/\/blogit.gradia.fi\/hengitysvaikeus\/omavalvonta\/"]}]},{"@type":"BreadcrumbList","@id":"https:\/\/blogit.gradia.fi\/hengitysvaikeus\/omavalvonta\/#breadcrumb","itemListElement":[{"@type":"ListItem","position":1,"name":"Home","item":"https:\/\/blogit.gradia.fi\/hengitysvaikeus\/"},{"@type":"ListItem","position":2,"name":"Omavalvonta"}]},{"@type":"WebSite","@id":"https:\/\/blogit.gradia.fi\/hengitysvaikeus\/#website","url":"https:\/\/blogit.gradia.fi\/hengitysvaikeus\/","name":"Hengitysvaikeus","description":"","potentialAction":[{"@type":"SearchAction","target":{"@type":"EntryPoint","urlTemplate":"https:\/\/blogit.gradia.fi\/hengitysvaikeus\/?s={search_term_string}"},"query-input":{"@type":"PropertyValueSpecification","valueRequired":true,"valueName":"search_term_string"}}],"inLanguage":"fi"}]}</script>
<!-- / Yoast SEO plugin. -->

Omavalvonnan avulla voidaan parantaa hoidon laatua sekä turvata potilaalle laadukas ja turvallinen terveydenhuolto. Omavalvontasuunnitelma on asiakirja, johon on kirjattu kaikki toimenpitet joiden avulla sosiaali- ja terveydenhuollon palvelujen tuottaja valvovat itse toimintayksikköään, henkilökunnan toimintaa, sekä palvelujen laatua.&nbsp; Omavalvontasuunnitelma on työväline palvelujen laatuun ja kehittämiseen. Palvelujen tuottajalta edellytetään ammattitaitoa, tietoa ja kokemusta arvioida, minkälaisella omalla ohjauksella ja [&hellip;]

Samuli Öljymäki

Omavalvonnan avulla voidaan parantaa hoidon laatua sekä turvata potilaalle laadukas ja turvallinen terveydenhuolto. Omavalvontasuunnitelma on asiakirja, johon on kirjattu kaikki toimenpitet joiden avulla sosiaali- ja terveydenhuollon palvelujen tuottaja valvovat itse toimintayksikköään, henkilökunnan toimintaa, sekä palvelujen laatua.&nbsp; Omavalvontasuunnitelma on työväline palvelujen laatuun ja kehittämiseen. Palvelujen tuottajalta edellytetään ammattitaitoa, tietoa ja kokemusta arvioida, minkälaisella omalla ohjauksella ja&hellip;
