{"id":156,"date":"2019-01-16T12:27:51","date_gmt":"2019-01-16T10:27:51","guid":{"rendered":"https:\/\/blogit.gradia.fi\/esimerkki\/?page_id=156"},"modified":"2019-01-22T13:04:42","modified_gmt":"2019-01-22T11:04:42","slug":"artikkelin-ja-sivun-erot","status":"publish","type":"page","link":"https:\/\/blogit.gradia.fi\/esimerkki\/artikkelin-ja-sivun-erot\/","title":{"rendered":"Artikkelin ja sivun erot"},"content":{"rendered":"\n<p>Blogiin voi tuoda sis\u00e4lt\u00f6\u00e4 sek\u00e4 artikkelin ett\u00e4 sivun muodossa ja ne n\u00e4ytt\u00e4v\u00e4t h\u00e4m\u00e4\u00e4v\u00e4n samanlaisilta.  Mit\u00e4 eroa on artikkelilla ja sivulla? <\/p>\n\n\n\n<h6 class=\"wp-block-heading\">Artikkeli<\/h6>\n\n\n\n<p>Artikkeli on ajankohtainen kirjoitus, blogipostaus. Artikkelit n\u00e4kyv\u00e4t blogissa aikaj\u00e4rjestyksess\u00e4 siten, ett\u00e4 uusin kirjoitus n\u00e4kyy sy\u00f6tteess\u00e4 ensimm\u00e4isen\u00e4 ja vanhin viimeisen\u00e4. Artikkelien j\u00e4rjestyst\u00e4 sy\u00f6tteess\u00e4 ei voi muuttaa. Artikkelit sopivat ajankohtaisten asioiden ja uutisten jakamiseen, bloggaamiseen.<\/p>\n\n\n\n<p>Artikkelien lopussa on usein kommentointimahdollisuus ajatusten vaihtoa varten. Artikkeleita halutaan usein jakaa sosiaalisessa mediassa, joten artikkelin ohessa on yleens\u00e4 sosiaalisen median (Facebook, Twitter&#8230;) jakonapit. Artikkelille voi my\u00f6s asettaa kategorioita ja avainsanoja, jotka helpottavat artikkeleiden hakua.<\/p>\n\n\n\n<p>Artikkelit ovat kaikki kesken\u00e4\u00e4n samanarvoisia. Ei voi olla ala- tai yl\u00e4artikkeleita. <\/p>\n\n\n\n<h6 class=\"wp-block-heading\">Sivu<\/h6>\n\n\n\n<p>Sis\u00e4lt\u00f6sivu luodaan pidempiaikaista, yleens\u00e4 pysyv\u00e4\u00e4 sis\u00e4lt\u00f6\u00e4 varten. Esimerkiksi t\u00e4m\u00e4 sivu kertoo artikkelin ja sivun eroista. Sivujen julkaisuajankohdalla ei ole vaikutusta siihen, miss\u00e4 kohdassa ne n\u00e4kyv\u00e4t. Sen sijaan sivut ovat hierarkisia, yhdelle sivulle voi tehd\u00e4 useita alasivuja ja sivujen v\u00e4liin voi tehd\u00e4 uusia sivuja. Sivujen j\u00e4rjestyst\u00e4 voi muuttaa mielin m\u00e4\u00e4rin tarpeen mukaan. <\/p>\n\n\n\n<p>Sivuille ei voi m\u00e4\u00e4ritt\u00e4\u00e4 avainsanoja tai kategorioita. Sivujen yhteydess\u00e4 ei v\u00e4ltt\u00e4m\u00e4tt\u00e4 ole tarpeellista olla jakonappejakaan &#8211; riippuu sivun sis\u00e4ll\u00f6st\u00e4, onko sit\u00e4 j\u00e4rkev\u00e4\u00e4 jakaa sosiaalisessa mediassa vai ei. <\/p>\n\n\n\n<p><strong>Huom! <\/strong>Sek\u00e4 sivujen ett\u00e4 artikkeleiden sis\u00e4lt\u00f6 on my\u00f6hemmin muokattavissa. T\u00e4rkeint\u00e4 onkin suunnitella ennen sis\u00e4ll\u00f6n tuottamista blogiin, onko kyse ajankohtaisesta blogipostauksesta vai pysyv\u00e4mm\u00e4st\u00e4 sis\u00e4ll\u00f6st\u00e4, ja p\u00e4\u00e4tt\u00e4\u00e4 sen perusteella, luoko uuden artikkelin (blogipostaukselle) vai sivun tai sivuja (pysyv\u00e4mm\u00e4lle sis\u00e4ll\u00f6lle). <\/p>\n\n\n\n<p>Sis\u00e4ll\u00f6n kirjoittaminen ja tuominen artikkeleihin ja sivuihin tapahtuu samalla tavalla, tekstieditori Gutenbergin avulla, ja sit\u00e4 k\u00e4sitell\u00e4\u00e4n seuraavilla sivuilla.<\/p>\n","protected":false},"excerpt":{"rendered":"<p>Blogiin voi tuoda sis\u00e4lt\u00f6\u00e4 sek\u00e4 artikkelin ett\u00e4 sivun muodossa ja ne n\u00e4ytt\u00e4v\u00e4t h\u00e4m\u00e4\u00e4v\u00e4n samanlaisilta. Mit\u00e4 eroa on artikkelilla ja sivulla? Artikkeli Artikkeli on ajankohtainen kirjoitus, blogipostaus. Artikkelit n\u00e4kyv\u00e4t blogissa aikaj\u00e4rjestyksess\u00e4 siten, ett\u00e4 uusin kirjoitus n\u00e4kyy sy\u00f6tteess\u00e4 ensimm\u00e4isen\u00e4 ja vanhin viimeisen\u00e4. Artikkelien j\u00e4rjestyst\u00e4 sy\u00f6tteess\u00e4 ei voi muuttaa. Artikkelit sopivat ajankohtaisten asioiden ja uutisten jakamiseen, bloggaamiseen. Artikkelien &hellip; <a href=\"https:\/\/blogit.gradia.fi\/esimerkki\/artikkelin-ja-sivun-erot\/\" class=\"more-link\">Jatka lukemista <span class=\"screen-reader-text\">Artikkelin ja sivun erot<\/span> <span class=\"meta-nav\">&rarr;<\/span><\/a><\/p>\n","protected":false},"author":9,"featured_media":0,"parent":0,"menu_order":0,"comment_status":"closed","ping_status":"closed","template":"","meta":{"_uag_custom_page_level_css":"","footnotes":""},"class_list":["post-156","page","type-page","status-publish","hentry"],"yoast_head":"<!-- This site is optimized with the Yoast SEO plugin v27.2 - https:\/\/yoast.com\/product\/yoast-seo-wordpress\/ -->\n<title>Artikkelin ja sivun erot - Esimerkki<\/title>\n<meta name=\"robots\" content=\"index, follow, max-snippet:-1, max-image-preview:large, max-video-preview:-1\" \/>\n<link rel=\"canonical\" href=\"https:\/\/blogit.gradia.fi\/esimerkki\/artikkelin-ja-sivun-erot\/\" \/>\n<meta property=\"og:locale\" content=\"fi_FI\" \/>\n<meta property=\"og:type\" content=\"article\" \/>\n<meta property=\"og:title\" content=\"Artikkelin ja sivun erot - Esimerkki\" \/>\n<meta property=\"og:description\" content=\"Blogiin voi tuoda sis\u00e4lt\u00f6\u00e4 sek\u00e4 artikkelin ett\u00e4 sivun muodossa ja ne n\u00e4ytt\u00e4v\u00e4t h\u00e4m\u00e4\u00e4v\u00e4n samanlaisilta. Mit\u00e4 eroa on artikkelilla ja sivulla? Artikkeli Artikkeli on ajankohtainen kirjoitus, blogipostaus. Artikkelit n\u00e4kyv\u00e4t blogissa aikaj\u00e4rjestyksess\u00e4 siten, ett\u00e4 uusin kirjoitus n\u00e4kyy sy\u00f6tteess\u00e4 ensimm\u00e4isen\u00e4 ja vanhin viimeisen\u00e4. Artikkelien j\u00e4rjestyst\u00e4 sy\u00f6tteess\u00e4 ei voi muuttaa. Artikkelit sopivat ajankohtaisten asioiden ja uutisten jakamiseen, bloggaamiseen. Artikkelien &hellip; Jatka lukemista Artikkelin ja sivun erot &rarr;\" \/>\n<meta property=\"og:url\" content=\"https:\/\/blogit.gradia.fi\/esimerkki\/artikkelin-ja-sivun-erot\/\" \/>\n<meta property=\"og:site_name\" content=\"Esimerkki\" \/>\n<meta property=\"article:modified_time\" content=\"2019-01-22T11:04:42+00:00\" \/>\n<meta name=\"twitter:card\" content=\"summary_large_image\" \/>\n<meta name=\"twitter:label1\" content=\"Arvioitu lukuaika\" \/>\n\t<meta name=\"twitter:data1\" content=\"1 minuutti\" \/>\n<script type=\"application\/ld+json\" class=\"yoast-schema-graph\">{\"@context\":\"https:\/\/schema.org\",\"@graph\":[{\"@type\":\"WebPage\",\"@id\":\"https:\/\/blogit.gradia.fi\/esimerkki\/artikkelin-ja-sivun-erot\/\",\"url\":\"https:\/\/blogit.gradia.fi\/esimerkki\/artikkelin-ja-sivun-erot\/\",\"name\":\"Artikkelin ja sivun erot - Esimerkki\",\"isPartOf\":{\"@id\":\"https:\/\/blogit.gradia.fi\/esimerkki\/#website\"},\"datePublished\":\"2019-01-16T10:27:51+00:00\",\"dateModified\":\"2019-01-22T11:04:42+00:00\",\"breadcrumb\":{\"@id\":\"https:\/\/blogit.gradia.fi\/esimerkki\/artikkelin-ja-sivun-erot\/#breadcrumb\"},\"inLanguage\":\"fi\",\"potentialAction\":[{\"@type\":\"ReadAction\",\"target\":[\"https:\/\/blogit.gradia.fi\/esimerkki\/artikkelin-ja-sivun-erot\/\"]}]},{\"@type\":\"BreadcrumbList\",\"@id\":\"https:\/\/blogit.gradia.fi\/esimerkki\/artikkelin-ja-sivun-erot\/#breadcrumb\",\"itemListElement\":[{\"@type\":\"ListItem\",\"position\":1,\"name\":\"Home\",\"item\":\"https:\/\/blogit.gradia.fi\/esimerkki\/\"},{\"@type\":\"ListItem\",\"position\":2,\"name\":\"Artikkelin ja sivun erot\"}]},{\"@type\":\"WebSite\",\"@id\":\"https:\/\/blogit.gradia.fi\/esimerkki\/#website\",\"url\":\"https:\/\/blogit.gradia.fi\/esimerkki\/\",\"name\":\"Esimerkki\",\"description\":\"Gradian blogiohjesivusto\",\"potentialAction\":[{\"@type\":\"SearchAction\",\"target\":{\"@type\":\"EntryPoint\",\"urlTemplate\":\"https:\/\/blogit.gradia.fi\/esimerkki\/?s={search_term_string}\"},\"query-input\":{\"@type\":\"PropertyValueSpecification\",\"valueRequired\":true,\"valueName\":\"search_term_string\"}}],\"inLanguage\":\"fi\"}]}<\/script>\n<!-- \/ Yoast SEO plugin. -->","yoast_head_json":{"title":"Artikkelin ja sivun erot - Esimerkki","robots":{"index":"index","follow":"follow","max-snippet":"max-snippet:-1","max-image-preview":"max-image-preview:large","max-video-preview":"max-video-preview:-1"},"canonical":"https:\/\/blogit.gradia.fi\/esimerkki\/artikkelin-ja-sivun-erot\/","og_locale":"fi_FI","og_type":"article","og_title":"Artikkelin ja sivun erot - Esimerkki","og_description":"Blogiin voi tuoda sis\u00e4lt\u00f6\u00e4 sek\u00e4 artikkelin ett\u00e4 sivun muodossa ja ne n\u00e4ytt\u00e4v\u00e4t h\u00e4m\u00e4\u00e4v\u00e4n samanlaisilta. Mit\u00e4 eroa on artikkelilla ja sivulla? Artikkeli Artikkeli on ajankohtainen kirjoitus, blogipostaus. Artikkelit n\u00e4kyv\u00e4t blogissa aikaj\u00e4rjestyksess\u00e4 siten, ett\u00e4 uusin kirjoitus n\u00e4kyy sy\u00f6tteess\u00e4 ensimm\u00e4isen\u00e4 ja vanhin viimeisen\u00e4. Artikkelien j\u00e4rjestyst\u00e4 sy\u00f6tteess\u00e4 ei voi muuttaa. Artikkelit sopivat ajankohtaisten asioiden ja uutisten jakamiseen, bloggaamiseen. Artikkelien &hellip; Jatka lukemista Artikkelin ja sivun erot &rarr;","og_url":"https:\/\/blogit.gradia.fi\/esimerkki\/artikkelin-ja-sivun-erot\/","og_site_name":"Esimerkki","article_modified_time":"2019-01-22T11:04:42+00:00","twitter_card":"summary_large_image","twitter_misc":{"Arvioitu lukuaika":"1 minuutti"},"schema":{"@context":"https:\/\/schema.org","@graph":[{"@type":"WebPage","@id":"https:\/\/blogit.gradia.fi\/esimerkki\/artikkelin-ja-sivun-erot\/","url":"https:\/\/blogit.gradia.fi\/esimerkki\/artikkelin-ja-sivun-erot\/","name":"Artikkelin ja sivun erot - Esimerkki","isPartOf":{"@id":"https:\/\/blogit.gradia.fi\/esimerkki\/#website"},"datePublished":"2019-01-16T10:27:51+00:00","dateModified":"2019-01-22T11:04:42+00:00","breadcrumb":{"@id":"https:\/\/blogit.gradia.fi\/esimerkki\/artikkelin-ja-sivun-erot\/#breadcrumb"},"inLanguage":"fi","potentialAction":[{"@type":"ReadAction","target":["https:\/\/blogit.gradia.fi\/esimerkki\/artikkelin-ja-sivun-erot\/"]}]},{"@type":"BreadcrumbList","@id":"https:\/\/blogit.gradia.fi\/esimerkki\/artikkelin-ja-sivun-erot\/#breadcrumb","itemListElement":[{"@type":"ListItem","position":1,"name":"Home","item":"https:\/\/blogit.gradia.fi\/esimerkki\/"},{"@type":"ListItem","position":2,"name":"Artikkelin ja sivun erot"}]},{"@type":"WebSite","@id":"https:\/\/blogit.gradia.fi\/esimerkki\/#website","url":"https:\/\/blogit.gradia.fi\/esimerkki\/","name":"Esimerkki","description":"Gradian blogiohjesivusto","potentialAction":[{"@type":"SearchAction","target":{"@type":"EntryPoint","urlTemplate":"https:\/\/blogit.gradia.fi\/esimerkki\/?s={search_term_string}"},"query-input":{"@type":"PropertyValueSpecification","valueRequired":true,"valueName":"search_term_string"}}],"inLanguage":"fi"}]}},"uagb_featured_image_src":{"full":false,"thumbnail":false,"medium":false,"medium_large":false,"large":false,"1536x1536":false,"2048x2048":false,"post-thumbnail":false},"uagb_author_info":{"display_name":"pirita","author_link":"https:\/\/blogit.gradia.fi\/esimerkki\/author\/pirita\/"},"uagb_comment_info":0,"uagb_excerpt":"Blogiin voi tuoda sis\u00e4lt\u00f6\u00e4 sek\u00e4 artikkelin ett\u00e4 sivun muodossa ja ne n\u00e4ytt\u00e4v\u00e4t h\u00e4m\u00e4\u00e4v\u00e4n samanlaisilta. Mit\u00e4 eroa on artikkelilla ja sivulla? Artikkeli Artikkeli on ajankohtainen kirjoitus, blogipostaus. Artikkelit n\u00e4kyv\u00e4t blogissa aikaj\u00e4rjestyksess\u00e4 siten, ett\u00e4 uusin kirjoitus n\u00e4kyy sy\u00f6tteess\u00e4 ensimm\u00e4isen\u00e4 ja vanhin viimeisen\u00e4. Artikkelien j\u00e4rjestyst\u00e4 sy\u00f6tteess\u00e4 ei voi muuttaa. Artikkelit sopivat ajankohtaisten asioiden ja uutisten jakamiseen, bloggaamiseen. Artikkelien&hellip;","_links":{"self":[{"href":"https:\/\/blogit.gradia.fi\/esimerkki\/wp-json\/wp\/v2\/pages\/156","targetHints":{"allow":["GET"]}}],"collection":[{"href":"https:\/\/blogit.gradia.fi\/esimerkki\/wp-json\/wp\/v2\/pages"}],"about":[{"href":"https:\/\/blogit.gradia.fi\/esimerkki\/wp-json\/wp\/v2\/types\/page"}],"author":[{"embeddable":true,"href":"https:\/\/blogit.gradia.fi\/esimerkki\/wp-json\/wp\/v2\/users\/9"}],"replies":[{"embeddable":true,"href":"https:\/\/blogit.gradia.fi\/esimerkki\/wp-json\/wp\/v2\/comments?post=156"}],"version-history":[{"count":7,"href":"https:\/\/blogit.gradia.fi\/esimerkki\/wp-json\/wp\/v2\/pages\/156\/revisions"}],"predecessor-version":[{"id":367,"href":"https:\/\/blogit.gradia.fi\/esimerkki\/wp-json\/wp\/v2\/pages\/156\/revisions\/367"}],"wp:attachment":[{"href":"https:\/\/blogit.gradia.fi\/esimerkki\/wp-json\/wp\/v2\/media?parent=156"}],"curies":[{"name":"wp","href":"https:\/\/api.w.org\/{rel}","templated":true}]}}