{"id":124,"date":"2019-01-16T11:12:39","date_gmt":"2019-01-16T09:12:39","guid":{"rendered":"https:\/\/blogit.gradia.fi\/esimerkki\/?page_id=124"},"modified":"2019-01-22T11:24:25","modified_gmt":"2019-01-22T09:24:25","slug":"blogiohjeiden-lukemisesta","status":"publish","type":"page","link":"https:\/\/blogit.gradia.fi\/esimerkki\/blogiohjeiden-lukemisesta\/","title":{"rendered":"Blogiohjeiden lukemisesta"},"content":{"rendered":"\n<p>Tervetuloa lukemaan Esimerkki-blogia. T\u00e4m\u00e4n blogin tarkoitus on havainnollisesti antaa ohjeita Gradian blogien k\u00e4ytt\u00f6\u00f6n. <\/p>\n\n\n\n<p>Blogi on laadittu niin, ett\u00e4  ensin neuvotaan ulkoasun muokkaus, sitten sivujen ja artikkelien (postausten) tekeminen ja seuraavaksi on joitakin sis\u00e4ll\u00f6ntuotantoon liittyvi\u00e4 ohjeita. Lopuksi linkkej\u00e4 ja lis\u00e4tietoja, joiden kautta l\u00f6yd\u00e4t lis\u00e4\u00e4 tietoa bloggaamisesta ja WordPressist\u00e4. T\u00e4ss\u00e4 blogissa annetuilla ohjeilla p\u00e4\u00e4set alkuun, ja kun alat kaivata vastauksia hankalampiin kysymyksiin, voit etsi\u00e4 vastausta lis\u00e4tiedoista linkkien kautta.<\/p>\n\n\n\n<p>Lue ohjeita j\u00e4rjestyksess\u00e4 tai valitse sivuvalikosta tarvitsemasi kohta.<br><\/p>\n\n\n\n<p><br><\/p>\n","protected":false},"excerpt":{"rendered":"<p>Tervetuloa lukemaan Esimerkki-blogia. T\u00e4m\u00e4n blogin tarkoitus on havainnollisesti antaa ohjeita Gradian blogien k\u00e4ytt\u00f6\u00f6n. Blogi on laadittu niin, ett\u00e4 ensin neuvotaan ulkoasun muokkaus, sitten sivujen ja artikkelien (postausten) tekeminen ja seuraavaksi on joitakin sis\u00e4ll\u00f6ntuotantoon liittyvi\u00e4 ohjeita. Lopuksi linkkej\u00e4 ja lis\u00e4tietoja, joiden kautta l\u00f6yd\u00e4t lis\u00e4\u00e4 tietoa bloggaamisesta ja WordPressist\u00e4. T\u00e4ss\u00e4 blogissa annetuilla ohjeilla p\u00e4\u00e4set alkuun, ja kun &hellip; <a href=\"https:\/\/blogit.gradia.fi\/esimerkki\/blogiohjeiden-lukemisesta\/\" class=\"more-link\">Jatka lukemista <span class=\"screen-reader-text\">Blogiohjeiden lukemisesta<\/span> <span class=\"meta-nav\">&rarr;<\/span><\/a><\/p>\n","protected":false},"author":9,"featured_media":0,"parent":0,"menu_order":0,"comment_status":"closed","ping_status":"closed","template":"","meta":{"_uag_custom_page_level_css":"","footnotes":""},"class_list":["post-124","page","type-page","status-publish","hentry"],"yoast_head":"<!-- This site is optimized with the Yoast SEO plugin v27.2 - https:\/\/yoast.com\/product\/yoast-seo-wordpress\/ -->\n<title>Blogiohjeiden lukemisesta - Esimerkki<\/title>\n<meta name=\"robots\" content=\"index, follow, max-snippet:-1, max-image-preview:large, max-video-preview:-1\" \/>\n<link rel=\"canonical\" href=\"https:\/\/blogit.gradia.fi\/esimerkki\/blogiohjeiden-lukemisesta\/\" \/>\n<meta property=\"og:locale\" content=\"fi_FI\" \/>\n<meta property=\"og:type\" content=\"article\" \/>\n<meta property=\"og:title\" content=\"Blogiohjeiden lukemisesta - Esimerkki\" \/>\n<meta property=\"og:description\" content=\"Tervetuloa lukemaan Esimerkki-blogia. T\u00e4m\u00e4n blogin tarkoitus on havainnollisesti antaa ohjeita Gradian blogien k\u00e4ytt\u00f6\u00f6n. Blogi on laadittu niin, ett\u00e4 ensin neuvotaan ulkoasun muokkaus, sitten sivujen ja artikkelien (postausten) tekeminen ja seuraavaksi on joitakin sis\u00e4ll\u00f6ntuotantoon liittyvi\u00e4 ohjeita. Lopuksi linkkej\u00e4 ja lis\u00e4tietoja, joiden kautta l\u00f6yd\u00e4t lis\u00e4\u00e4 tietoa bloggaamisesta ja WordPressist\u00e4. T\u00e4ss\u00e4 blogissa annetuilla ohjeilla p\u00e4\u00e4set alkuun, ja kun &hellip; Jatka lukemista Blogiohjeiden lukemisesta &rarr;\" \/>\n<meta property=\"og:url\" content=\"https:\/\/blogit.gradia.fi\/esimerkki\/blogiohjeiden-lukemisesta\/\" \/>\n<meta property=\"og:site_name\" content=\"Esimerkki\" \/>\n<meta property=\"article:modified_time\" content=\"2019-01-22T09:24:25+00:00\" \/>\n<meta name=\"twitter:card\" content=\"summary_large_image\" \/>\n<script type=\"application\/ld+json\" class=\"yoast-schema-graph\">{\"@context\":\"https:\/\/schema.org\",\"@graph\":[{\"@type\":\"WebPage\",\"@id\":\"https:\/\/blogit.gradia.fi\/esimerkki\/blogiohjeiden-lukemisesta\/\",\"url\":\"https:\/\/blogit.gradia.fi\/esimerkki\/blogiohjeiden-lukemisesta\/\",\"name\":\"Blogiohjeiden lukemisesta - Esimerkki\",\"isPartOf\":{\"@id\":\"https:\/\/blogit.gradia.fi\/esimerkki\/#website\"},\"datePublished\":\"2019-01-16T09:12:39+00:00\",\"dateModified\":\"2019-01-22T09:24:25+00:00\",\"breadcrumb\":{\"@id\":\"https:\/\/blogit.gradia.fi\/esimerkki\/blogiohjeiden-lukemisesta\/#breadcrumb\"},\"inLanguage\":\"fi\",\"potentialAction\":[{\"@type\":\"ReadAction\",\"target\":[\"https:\/\/blogit.gradia.fi\/esimerkki\/blogiohjeiden-lukemisesta\/\"]}]},{\"@type\":\"BreadcrumbList\",\"@id\":\"https:\/\/blogit.gradia.fi\/esimerkki\/blogiohjeiden-lukemisesta\/#breadcrumb\",\"itemListElement\":[{\"@type\":\"ListItem\",\"position\":1,\"name\":\"Home\",\"item\":\"https:\/\/blogit.gradia.fi\/esimerkki\/\"},{\"@type\":\"ListItem\",\"position\":2,\"name\":\"Blogiohjeiden lukemisesta\"}]},{\"@type\":\"WebSite\",\"@id\":\"https:\/\/blogit.gradia.fi\/esimerkki\/#website\",\"url\":\"https:\/\/blogit.gradia.fi\/esimerkki\/\",\"name\":\"Esimerkki\",\"description\":\"Gradian blogiohjesivusto\",\"potentialAction\":[{\"@type\":\"SearchAction\",\"target\":{\"@type\":\"EntryPoint\",\"urlTemplate\":\"https:\/\/blogit.gradia.fi\/esimerkki\/?s={search_term_string}\"},\"query-input\":{\"@type\":\"PropertyValueSpecification\",\"valueRequired\":true,\"valueName\":\"search_term_string\"}}],\"inLanguage\":\"fi\"}]}<\/script>\n<!-- \/ Yoast SEO plugin. -->","yoast_head_json":{"title":"Blogiohjeiden lukemisesta - Esimerkki","robots":{"index":"index","follow":"follow","max-snippet":"max-snippet:-1","max-image-preview":"max-image-preview:large","max-video-preview":"max-video-preview:-1"},"canonical":"https:\/\/blogit.gradia.fi\/esimerkki\/blogiohjeiden-lukemisesta\/","og_locale":"fi_FI","og_type":"article","og_title":"Blogiohjeiden lukemisesta - Esimerkki","og_description":"Tervetuloa lukemaan Esimerkki-blogia. T\u00e4m\u00e4n blogin tarkoitus on havainnollisesti antaa ohjeita Gradian blogien k\u00e4ytt\u00f6\u00f6n. Blogi on laadittu niin, ett\u00e4 ensin neuvotaan ulkoasun muokkaus, sitten sivujen ja artikkelien (postausten) tekeminen ja seuraavaksi on joitakin sis\u00e4ll\u00f6ntuotantoon liittyvi\u00e4 ohjeita. Lopuksi linkkej\u00e4 ja lis\u00e4tietoja, joiden kautta l\u00f6yd\u00e4t lis\u00e4\u00e4 tietoa bloggaamisesta ja WordPressist\u00e4. T\u00e4ss\u00e4 blogissa annetuilla ohjeilla p\u00e4\u00e4set alkuun, ja kun &hellip; Jatka lukemista Blogiohjeiden lukemisesta &rarr;","og_url":"https:\/\/blogit.gradia.fi\/esimerkki\/blogiohjeiden-lukemisesta\/","og_site_name":"Esimerkki","article_modified_time":"2019-01-22T09:24:25+00:00","twitter_card":"summary_large_image","schema":{"@context":"https:\/\/schema.org","@graph":[{"@type":"WebPage","@id":"https:\/\/blogit.gradia.fi\/esimerkki\/blogiohjeiden-lukemisesta\/","url":"https:\/\/blogit.gradia.fi\/esimerkki\/blogiohjeiden-lukemisesta\/","name":"Blogiohjeiden lukemisesta - Esimerkki","isPartOf":{"@id":"https:\/\/blogit.gradia.fi\/esimerkki\/#website"},"datePublished":"2019-01-16T09:12:39+00:00","dateModified":"2019-01-22T09:24:25+00:00","breadcrumb":{"@id":"https:\/\/blogit.gradia.fi\/esimerkki\/blogiohjeiden-lukemisesta\/#breadcrumb"},"inLanguage":"fi","potentialAction":[{"@type":"ReadAction","target":["https:\/\/blogit.gradia.fi\/esimerkki\/blogiohjeiden-lukemisesta\/"]}]},{"@type":"BreadcrumbList","@id":"https:\/\/blogit.gradia.fi\/esimerkki\/blogiohjeiden-lukemisesta\/#breadcrumb","itemListElement":[{"@type":"ListItem","position":1,"name":"Home","item":"https:\/\/blogit.gradia.fi\/esimerkki\/"},{"@type":"ListItem","position":2,"name":"Blogiohjeiden lukemisesta"}]},{"@type":"WebSite","@id":"https:\/\/blogit.gradia.fi\/esimerkki\/#website","url":"https:\/\/blogit.gradia.fi\/esimerkki\/","name":"Esimerkki","description":"Gradian blogiohjesivusto","potentialAction":[{"@type":"SearchAction","target":{"@type":"EntryPoint","urlTemplate":"https:\/\/blogit.gradia.fi\/esimerkki\/?s={search_term_string}"},"query-input":{"@type":"PropertyValueSpecification","valueRequired":true,"valueName":"search_term_string"}}],"inLanguage":"fi"}]}},"uagb_featured_image_src":{"full":false,"thumbnail":false,"medium":false,"medium_large":false,"large":false,"1536x1536":false,"2048x2048":false,"post-thumbnail":false},"uagb_author_info":{"display_name":"pirita","author_link":"https:\/\/blogit.gradia.fi\/esimerkki\/author\/pirita\/"},"uagb_comment_info":0,"uagb_excerpt":"Tervetuloa lukemaan Esimerkki-blogia. T\u00e4m\u00e4n blogin tarkoitus on havainnollisesti antaa ohjeita Gradian blogien k\u00e4ytt\u00f6\u00f6n. Blogi on laadittu niin, ett\u00e4 ensin neuvotaan ulkoasun muokkaus, sitten sivujen ja artikkelien (postausten) tekeminen ja seuraavaksi on joitakin sis\u00e4ll\u00f6ntuotantoon liittyvi\u00e4 ohjeita. Lopuksi linkkej\u00e4 ja lis\u00e4tietoja, joiden kautta l\u00f6yd\u00e4t lis\u00e4\u00e4 tietoa bloggaamisesta ja WordPressist\u00e4. T\u00e4ss\u00e4 blogissa annetuilla ohjeilla p\u00e4\u00e4set alkuun, ja kun&hellip;","_links":{"self":[{"href":"https:\/\/blogit.gradia.fi\/esimerkki\/wp-json\/wp\/v2\/pages\/124","targetHints":{"allow":["GET"]}}],"collection":[{"href":"https:\/\/blogit.gradia.fi\/esimerkki\/wp-json\/wp\/v2\/pages"}],"about":[{"href":"https:\/\/blogit.gradia.fi\/esimerkki\/wp-json\/wp\/v2\/types\/page"}],"author":[{"embeddable":true,"href":"https:\/\/blogit.gradia.fi\/esimerkki\/wp-json\/wp\/v2\/users\/9"}],"replies":[{"embeddable":true,"href":"https:\/\/blogit.gradia.fi\/esimerkki\/wp-json\/wp\/v2\/comments?post=124"}],"version-history":[{"count":3,"href":"https:\/\/blogit.gradia.fi\/esimerkki\/wp-json\/wp\/v2\/pages\/124\/revisions"}],"predecessor-version":[{"id":349,"href":"https:\/\/blogit.gradia.fi\/esimerkki\/wp-json\/wp\/v2\/pages\/124\/revisions\/349"}],"wp:attachment":[{"href":"https:\/\/blogit.gradia.fi\/esimerkki\/wp-json\/wp\/v2\/media?parent=124"}],"curies":[{"name":"wp","href":"https:\/\/api.w.org\/{rel}","templated":true}]}}