{"id":2,"date":"2015-09-04T13:13:08","date_gmt":"2015-09-04T10:13:08","guid":{"rendered":"https:\/\/blogit.gradia.fi\/eoppimiskulttuuri\/?page_id=2"},"modified":"2016-11-24T15:14:48","modified_gmt":"2016-11-24T13:14:48","slug":"connect","status":"publish","type":"page","link":"https:\/\/blogit.gradia.fi\/eoppimiskulttuuri\/connect\/","title":{"rendered":"Ongelmia Connectin \u00e4\u00e4niss\u00e4?"},"content":{"rendered":"<p>&nbsp;<\/p>\n<h4>En kuule esiintyji\u00e4<\/h4>\n<p>\u2022Tarkista, ett\u00e4 kuulokkeet on kiinnitetty oikein ja ovat toimivat.<br \/>\n\u2022Tarkista, ett\u00e4 Connectin yl\u00e4laidassa oleva kaiuttimen kuva on vihre\u00e4.<br \/>\n\u2022Tarkista, ett\u00e4 tietokoneen \u00e4\u00e4nenvoimakkuus on riitt\u00e4v\u00e4n voimakas eli \u00e4\u00e4nt\u00e4 ei ole mykistetty.<br \/>\n\u2022Tarkista, ett\u00e4 kuulokkeittesi \u00e4\u00e4nenvoimakkuus on riitt\u00e4v\u00e4n voimakas eli \u00e4\u00e4nt\u00e4 ei ole mykistetty. (Kaikissa kuulokkeissa ei t\u00e4t\u00e4 vaihtoehtoa ole.)<br \/>\n\u2022Testaa \u00e4\u00e4net Connectissa. Valitse yl\u00e4valikosta Meetings &#8211; Audio setup Wizard. Jos kuulet musiikin \u00e4\u00e4nt\u00e4 Audio Setup Wizardissa, muiden osallistujien \u00e4\u00e4nien pit\u00e4isi kuulua.<br \/>\n\u2022Varmista, ett\u00e4 puhujalla on \u00e4\u00e4nioikeus, ett\u00e4 h\u00e4n on avannut Connectissa \u00e4\u00e4niyhteyden painamalla yl\u00e4valikossa olevaa mikrofonin kuvaa, ja ett\u00e4 h\u00e4n on testannut \u00e4\u00e4net.<br \/>\n\u2022Varmista, ett\u00e4 kuulokkeet on liitetty tietokoneeseen ennen Connectiin kirjautumista!!<br \/>\n\u2022Kokeile toisella selaimella.<br \/>\n\u2022Poistu Connectista ja kirjaudu uudelleen. Jos t\u00e4m\u00e4 ei auta, sammuta tietokone ja kokeile uudelleen.<\/p>\n<h4>\u00c4\u00e4ni p\u00e4tkii<\/h4>\n<p>\u00c4\u00e4nen p\u00e4tkiminen johtuu yleens\u00e4 siit\u00e4, ett\u00e4 tietokoneen tehot eiv\u00e4t riit\u00e4. Kokeile seuraavia toimia:<\/p>\n<p>\u2022Sulje tietokoneeltasi kaikki muut ohjelmat, joita et tarvitse Connect-istunnon aikana (esim. pikaviestimet, www-selaimet).<br \/>\n\u2022Istunnon vet\u00e4j\u00e4 (Host) voi vaihtaa yhteysnopeuden pienemp\u00e4\u00e4n (yl\u00e4valikosta Meeting -&gt; Preferences-&gt;Room Bandwith-&gt; Modem).<\/p>\n","protected":false},"excerpt":{"rendered":"<p>&nbsp; En kuule esiintyji\u00e4 \u2022Tarkista, ett\u00e4 kuulokkeet on kiinnitetty oikein ja ovat toimivat. \u2022Tarkista, ett\u00e4 Connectin yl\u00e4laidassa oleva kaiuttimen kuva on vihre\u00e4. \u2022Tarkista, ett\u00e4 tietokoneen \u00e4\u00e4nenvoimakkuus on riitt\u00e4v\u00e4n voimakas eli \u00e4\u00e4nt\u00e4 ei ole mykistetty. \u2022Tarkista, ett\u00e4 kuulokkeittesi \u00e4\u00e4nenvoimakkuus on riitt\u00e4v\u00e4n voimakas eli \u00e4\u00e4nt\u00e4 ei ole mykistetty. (Kaikissa kuulokkeissa ei t\u00e4t\u00e4 vaihtoehtoa ole.) \u2022Testaa \u00e4\u00e4net Connectissa. &hellip; <a href=\"https:\/\/blogit.gradia.fi\/eoppimiskulttuuri\/connect\/\" class=\"more-link\">Jatka lukemista <span class=\"screen-reader-text\">Ongelmia Connectin \u00e4\u00e4niss\u00e4?<\/span> <span class=\"meta-nav\">&rarr;<\/span><\/a><\/p>\n","protected":false},"author":161,"featured_media":0,"parent":0,"menu_order":0,"comment_status":"open","ping_status":"open","template":"","meta":{"_uag_custom_page_level_css":"","footnotes":""},"class_list":["post-2","page","type-page","status-publish","hentry"],"yoast_head":"<!-- This site is optimized with the Yoast SEO plugin v27.3 - https:\/\/yoast.com\/product\/yoast-seo-wordpress\/ -->\n<title>Ongelmia Connectin \u00e4\u00e4niss\u00e4? - eOppimiskulttuuria kaikille<\/title>\n<meta name=\"robots\" content=\"index, follow, max-snippet:-1, max-image-preview:large, max-video-preview:-1\" \/>\n<link rel=\"canonical\" href=\"https:\/\/blogit.gradia.fi\/eoppimiskulttuuri\/connect\/\" \/>\n<meta property=\"og:locale\" content=\"fi_FI\" \/>\n<meta property=\"og:type\" content=\"article\" \/>\n<meta property=\"og:title\" content=\"Ongelmia Connectin \u00e4\u00e4niss\u00e4? - eOppimiskulttuuria kaikille\" \/>\n<meta property=\"og:description\" content=\"&nbsp; En kuule esiintyji\u00e4 \u2022Tarkista, ett\u00e4 kuulokkeet on kiinnitetty oikein ja ovat toimivat. \u2022Tarkista, ett\u00e4 Connectin yl\u00e4laidassa oleva kaiuttimen kuva on vihre\u00e4. \u2022Tarkista, ett\u00e4 tietokoneen \u00e4\u00e4nenvoimakkuus on riitt\u00e4v\u00e4n voimakas eli \u00e4\u00e4nt\u00e4 ei ole mykistetty. \u2022Tarkista, ett\u00e4 kuulokkeittesi \u00e4\u00e4nenvoimakkuus on riitt\u00e4v\u00e4n voimakas eli \u00e4\u00e4nt\u00e4 ei ole mykistetty. (Kaikissa kuulokkeissa ei t\u00e4t\u00e4 vaihtoehtoa ole.) \u2022Testaa \u00e4\u00e4net Connectissa. &hellip; Jatka lukemista Ongelmia Connectin \u00e4\u00e4niss\u00e4? &rarr;\" \/>\n<meta property=\"og:url\" content=\"https:\/\/blogit.gradia.fi\/eoppimiskulttuuri\/connect\/\" \/>\n<meta property=\"og:site_name\" content=\"eOppimiskulttuuria kaikille\" \/>\n<meta property=\"article:modified_time\" content=\"2016-11-24T13:14:48+00:00\" \/>\n<meta name=\"twitter:card\" content=\"summary_large_image\" \/>\n<meta name=\"twitter:label1\" content=\"Arvioitu lukuaika\" \/>\n\t<meta name=\"twitter:data1\" content=\"1 minuutti\" \/>\n<script type=\"application\/ld+json\" class=\"yoast-schema-graph\">{\"@context\":\"https:\\\/\\\/schema.org\",\"@graph\":[{\"@type\":\"WebPage\",\"@id\":\"https:\\\/\\\/blogit.gradia.fi\\\/eoppimiskulttuuri\\\/connect\\\/\",\"url\":\"https:\\\/\\\/blogit.gradia.fi\\\/eoppimiskulttuuri\\\/connect\\\/\",\"name\":\"Ongelmia Connectin \u00e4\u00e4niss\u00e4? - eOppimiskulttuuria kaikille\",\"isPartOf\":{\"@id\":\"https:\\\/\\\/blogit.gradia.fi\\\/eoppimiskulttuuri\\\/#website\"},\"datePublished\":\"2015-09-04T10:13:08+00:00\",\"dateModified\":\"2016-11-24T13:14:48+00:00\",\"inLanguage\":\"fi\",\"potentialAction\":[{\"@type\":\"ReadAction\",\"target\":[\"https:\\\/\\\/blogit.gradia.fi\\\/eoppimiskulttuuri\\\/connect\\\/\"]}]},{\"@type\":\"WebSite\",\"@id\":\"https:\\\/\\\/blogit.gradia.fi\\\/eoppimiskulttuuri\\\/#website\",\"url\":\"https:\\\/\\\/blogit.gradia.fi\\\/eoppimiskulttuuri\\\/\",\"name\":\"eOppimiskulttuuria kaikille\",\"description\":\"Office365 -ymp\u00e4rist\u00f6n pedagoginen k\u00e4ytt\u00f6\u00f6notto ammatillisilla aloilla.\",\"potentialAction\":[{\"@type\":\"SearchAction\",\"target\":{\"@type\":\"EntryPoint\",\"urlTemplate\":\"https:\\\/\\\/blogit.gradia.fi\\\/eoppimiskulttuuri\\\/?s={search_term_string}\"},\"query-input\":{\"@type\":\"PropertyValueSpecification\",\"valueRequired\":true,\"valueName\":\"search_term_string\"}}],\"inLanguage\":\"fi\"}]}<\/script>\n<!-- \/ Yoast SEO plugin. -->","yoast_head_json":{"title":"Ongelmia Connectin \u00e4\u00e4niss\u00e4? - eOppimiskulttuuria kaikille","robots":{"index":"index","follow":"follow","max-snippet":"max-snippet:-1","max-image-preview":"max-image-preview:large","max-video-preview":"max-video-preview:-1"},"canonical":"https:\/\/blogit.gradia.fi\/eoppimiskulttuuri\/connect\/","og_locale":"fi_FI","og_type":"article","og_title":"Ongelmia Connectin \u00e4\u00e4niss\u00e4? - eOppimiskulttuuria kaikille","og_description":"&nbsp; En kuule esiintyji\u00e4 \u2022Tarkista, ett\u00e4 kuulokkeet on kiinnitetty oikein ja ovat toimivat. \u2022Tarkista, ett\u00e4 Connectin yl\u00e4laidassa oleva kaiuttimen kuva on vihre\u00e4. \u2022Tarkista, ett\u00e4 tietokoneen \u00e4\u00e4nenvoimakkuus on riitt\u00e4v\u00e4n voimakas eli \u00e4\u00e4nt\u00e4 ei ole mykistetty. \u2022Tarkista, ett\u00e4 kuulokkeittesi \u00e4\u00e4nenvoimakkuus on riitt\u00e4v\u00e4n voimakas eli \u00e4\u00e4nt\u00e4 ei ole mykistetty. (Kaikissa kuulokkeissa ei t\u00e4t\u00e4 vaihtoehtoa ole.) \u2022Testaa \u00e4\u00e4net Connectissa. &hellip; Jatka lukemista Ongelmia Connectin \u00e4\u00e4niss\u00e4? &rarr;","og_url":"https:\/\/blogit.gradia.fi\/eoppimiskulttuuri\/connect\/","og_site_name":"eOppimiskulttuuria kaikille","article_modified_time":"2016-11-24T13:14:48+00:00","twitter_card":"summary_large_image","twitter_misc":{"Arvioitu lukuaika":"1 minuutti"},"schema":{"@context":"https:\/\/schema.org","@graph":[{"@type":"WebPage","@id":"https:\/\/blogit.gradia.fi\/eoppimiskulttuuri\/connect\/","url":"https:\/\/blogit.gradia.fi\/eoppimiskulttuuri\/connect\/","name":"Ongelmia Connectin \u00e4\u00e4niss\u00e4? - eOppimiskulttuuria kaikille","isPartOf":{"@id":"https:\/\/blogit.gradia.fi\/eoppimiskulttuuri\/#website"},"datePublished":"2015-09-04T10:13:08+00:00","dateModified":"2016-11-24T13:14:48+00:00","inLanguage":"fi","potentialAction":[{"@type":"ReadAction","target":["https:\/\/blogit.gradia.fi\/eoppimiskulttuuri\/connect\/"]}]},{"@type":"WebSite","@id":"https:\/\/blogit.gradia.fi\/eoppimiskulttuuri\/#website","url":"https:\/\/blogit.gradia.fi\/eoppimiskulttuuri\/","name":"eOppimiskulttuuria kaikille","description":"Office365 -ymp\u00e4rist\u00f6n pedagoginen k\u00e4ytt\u00f6\u00f6notto ammatillisilla aloilla.","potentialAction":[{"@type":"SearchAction","target":{"@type":"EntryPoint","urlTemplate":"https:\/\/blogit.gradia.fi\/eoppimiskulttuuri\/?s={search_term_string}"},"query-input":{"@type":"PropertyValueSpecification","valueRequired":true,"valueName":"search_term_string"}}],"inLanguage":"fi"}]}},"uagb_featured_image_src":{"full":false,"thumbnail":false,"medium":false,"medium_large":false,"large":false,"1536x1536":false,"2048x2048":false,"post-thumbnail":false,"twentyfourteen-full-width":false},"uagb_author_info":{"display_name":"Hanna Frilander","author_link":"https:\/\/blogit.gradia.fi\/eoppimiskulttuuri\/author\/frilahan\/"},"uagb_comment_info":7,"uagb_excerpt":"&nbsp; En kuule esiintyji\u00e4 \u2022Tarkista, ett\u00e4 kuulokkeet on kiinnitetty oikein ja ovat toimivat. \u2022Tarkista, ett\u00e4 Connectin yl\u00e4laidassa oleva kaiuttimen kuva on vihre\u00e4. \u2022Tarkista, ett\u00e4 tietokoneen \u00e4\u00e4nenvoimakkuus on riitt\u00e4v\u00e4n voimakas eli \u00e4\u00e4nt\u00e4 ei ole mykistetty. \u2022Tarkista, ett\u00e4 kuulokkeittesi \u00e4\u00e4nenvoimakkuus on riitt\u00e4v\u00e4n voimakas eli \u00e4\u00e4nt\u00e4 ei ole mykistetty. (Kaikissa kuulokkeissa ei t\u00e4t\u00e4 vaihtoehtoa ole.) \u2022Testaa \u00e4\u00e4net Connectissa.&hellip;","_links":{"self":[{"href":"https:\/\/blogit.gradia.fi\/eoppimiskulttuuri\/wp-json\/wp\/v2\/pages\/2","targetHints":{"allow":["GET"]}}],"collection":[{"href":"https:\/\/blogit.gradia.fi\/eoppimiskulttuuri\/wp-json\/wp\/v2\/pages"}],"about":[{"href":"https:\/\/blogit.gradia.fi\/eoppimiskulttuuri\/wp-json\/wp\/v2\/types\/page"}],"author":[{"embeddable":true,"href":"https:\/\/blogit.gradia.fi\/eoppimiskulttuuri\/wp-json\/wp\/v2\/users\/161"}],"replies":[{"embeddable":true,"href":"https:\/\/blogit.gradia.fi\/eoppimiskulttuuri\/wp-json\/wp\/v2\/comments?post=2"}],"version-history":[{"count":0,"href":"https:\/\/blogit.gradia.fi\/eoppimiskulttuuri\/wp-json\/wp\/v2\/pages\/2\/revisions"}],"wp:attachment":[{"href":"https:\/\/blogit.gradia.fi\/eoppimiskulttuuri\/wp-json\/wp\/v2\/media?parent=2"}],"curies":[{"name":"wp","href":"https:\/\/api.w.org\/{rel}","templated":true}]}}