{"id":90,"date":"2020-02-18T16:11:54","date_gmt":"2020-02-18T14:11:54","guid":{"rendered":"https:\/\/blogit.gradia.fi\/dmhaava\/?page_id=90"},"modified":"2020-02-18T16:16:31","modified_gmt":"2020-02-18T14:16:31","slug":"90-2","status":"publish","type":"page","link":"https:\/\/blogit.gradia.fi\/dmhaava\/diabetes-ja-sen-erimuodot\/90-2\/","title":{"rendered":"Diabeetikon jalkaongelmat"},"content":{"rendered":"<p><br>\n<!--StartFragment--><\/p>\n\n\n<p>Diabeetikoilla on suurentunut riski altistua kroonistuneille jalka-\/s\u00e4\u00e4rihaavoille. Jalan haavaumia edes auttavata diabettikolla yleens\u00e4 \u00e4\u00e4reishermoston sairaudet kuten neuropatiaa. &#8221; Neuropatian oireita ovat polttava tai pist\u00e4v\u00e4 kipu erityisesti \u00f6isin sek\u00e4 kuuma- ja          kylm\u00e4tuntemukset. Iho voi my\u00f6s kuivua ja halkeilla, lihasten toiminta heiket\u00e4 ja jalkater\u00e4\u00e4n tulla asentomuutoksia.&#8221; -K\u00e4yp\u00e4hoito. <\/p>\n\n\n\n<p> Diabeteksen seurauksena syntynyt haava on tyypillisesti p\u00e4ki\u00e4ss\u00e4 tai kantap\u00e4\u00e4ss\u00e4, joskus varpaissa. Diabeettisen haavan taustalla on \u00e4\u00e4reishermojen h\u00e4iri\u00f6 eli neuropatia,  valtimoverenkierron heikentyminen ja kudosten ja nivelten j\u00e4ykistyminen.  Haavauma alkaa yleens\u00e4 viattoman n\u00e4k\u00f6isest\u00e4 hiertym\u00e4st\u00e4 tai pienest\u00e4  vammasta, joka herk\u00e4sti tulehtuu. Haavaumien ehk\u00e4isyyn pit\u00e4\u00e4 kiinnitt\u00e4\u00e4  huomiota ja niiden  hoito on t\u00e4rke\u00e4\u00e4. Jos haava tulehtuu tai pitkittyy,  on syyt\u00e4 hakeutua l\u00e4\u00e4k\u00e4riin. Syntyneit\u00e4 haavaumia hoidetaan mm.  k\u00e4velykipsill\u00e4, joka poistaa haava-alueelle kohdistuvan paineen.  <\/p>\n\n\n\n<figure class=\"wp-block-image size-large is-resized\"><img loading=\"lazy\" decoding=\"async\" src=\"https:\/\/blogit.gradia.fi\/dmhaava\/wp-content\/uploads\/sites\/160\/2020\/02\/ldk00377.jpg\" alt=\"\" class=\"wp-image-6\" width=\"381\" height=\"255\" srcset=\"https:\/\/blogit.gradia.fi\/dmhaava\/wp-content\/uploads\/sites\/160\/2020\/02\/ldk00377.jpg 500w, https:\/\/blogit.gradia.fi\/dmhaava\/wp-content\/uploads\/sites\/160\/2020\/02\/ldk00377-300x201.jpg 300w\" sizes=\"auto, (max-width: 381px) 100vw, 381px\" \/><figcaption>    <\/figcaption><\/figure>\n\n\n\n<figure class=\"wp-block-image size-large is-resized\"><img loading=\"lazy\" decoding=\"async\" src=\"https:\/\/blogit.gradia.fi\/dmhaava\/wp-content\/uploads\/sites\/160\/2020\/02\/ldk00376.jpg\" alt=\"\" class=\"wp-image-7\" width=\"385\" height=\"232\" srcset=\"https:\/\/blogit.gradia.fi\/dmhaava\/wp-content\/uploads\/sites\/160\/2020\/02\/ldk00376.jpg 500w, https:\/\/blogit.gradia.fi\/dmhaava\/wp-content\/uploads\/sites\/160\/2020\/02\/ldk00376-300x181.jpg 300w\" sizes=\"auto, (max-width: 385px) 100vw, 385px\" \/><figcaption><br><br><\/figcaption><\/figure>\n\n\n\n<h2 class=\"wp-block-heading\" id=\"s5\">Jalkahaavaumien hoito<\/h2>\n\n\n\n<p>Hoidosta p\u00e4\u00e4tt\u00e4\u00e4 diabeteksen jalkaongelmiin perehtynyt l\u00e4\u00e4k\u00e4ri tai \nkoulutettu jalkahoitaja. Jos jalan haavauma on pinnallinen, riitt\u00e4\u00e4 \nhoidoksi usein keng\u00e4n kevennyspohjallinen, jossa haavan kohdalla on \nohennettu kohta. Niit\u00e4 valmistavat jalkojenhoitajat ja jalkaterapeutit. \nKevent\u00e4v\u00e4 pohjallinen v\u00e4hent\u00e4\u00e4 haavaumaan kohdistuvaa painoa.<\/p>\n\n\n\n<p>Syvemm\u00e4t haavat hoidetaan asettamalla jalkaan kipsi, johon on tehty \nreik\u00e4 haavauman kohdalle. Kipsill\u00e4 saadaan paine kokonaan poistettua \nhaavan kohdalta, ja aukosta voidaan hoitaa haavaumaa. Hoitoon kuuluu \nhaavaumaan liittyv\u00e4n kuolleen kudoksen poistaminen. Kipsi\u00e4 pidet\u00e4\u00e4n 6\u20138 \nviikkoa. Kipsin lis\u00e4ksi annetaan antibioottia tulehduksen \nrauhoittamiseksi.<\/p>\n\n\n\n<p>Jos haavan syyn\u00e4 on p\u00e4\u00e4asiassa valtimoiden ahtauma, verenkiertoa  parannetaan mahdollisuuksien mukaan l\u00e4\u00e4kkeill\u00e4, pallolaajennuksella tai  verisuonileikkauksella. &#8211; K\u00e4yp\u00e4hoito<\/p>\n\n\n\n<figure class=\"wp-block-embed-youtube wp-block-embed is-type-video is-provider-youtube wp-embed-aspect-16-9 wp-has-aspect-ratio\"><div class=\"wp-block-embed__wrapper\">\n<iframe loading=\"lazy\" title=\"Haavan mekaaninen puhdistaminen\" width=\"580\" height=\"326\" src=\"https:\/\/www.youtube.com\/embed\/tIaOhlbZxEE?feature=oembed\" frameborder=\"0\" allow=\"accelerometer; autoplay; clipboard-write; encrypted-media; gyroscope; picture-in-picture; web-share\" referrerpolicy=\"strict-origin-when-cross-origin\" allowfullscreen><\/iframe>\n<\/div><\/figure>\n\n\n\n<h2 class=\"wp-block-heading\" id=\"s6\">Jalkahaavaumien ehk\u00e4isy<\/h2>\n\n\n\n<p> Jalkahaavaumien syntyminen voidaan tehokkaasti est\u00e4\u00e4 seuraavilla  toimenpiteill\u00e4. Ne ovat erityisen t\u00e4rkeit\u00e4 viimeist\u00e4\u00e4n silloin, kun  havaitaan ensimm\u00e4iset \u00e4\u00e4reishermojen h\u00e4iri\u00f6iden eli neuropatian merkit. <\/p>\n\n\n\n<ul class=\"wp-block-list\"><li>Jalkaongelmia ehk\u00e4isevist\u00e4 toimenpiteist\u00e4 t\u00e4rkein on sopivien  kenkien valinta. Kenkien, my\u00f6s juhlakenkien, pit\u00e4\u00e4 olla tarpeeksi  v\u00e4lj\u00e4t. Keng\u00e4n pituus on sopiva, jos sis\u00e4tila on 1\u20131\u00bd cm pitempi kuin  jalkater\u00e4. Hyv\u00e4ss\u00e4 keng\u00e4ss\u00e4 pohja on noin 2 cm paksu mutta kuitenkin  joustava, ja korkoa on korkeintaan 1\u20132 cm.<\/li><li>Sukkien pit\u00e4\u00e4 olla istuvat, mutta ne eiv\u00e4t saa kirist\u00e4\u00e4 eik\u00e4 nilkan kohdalla oleva resori saa olla liian tiukka.<\/li><li>Jalkojen kunto tarkastetaan joka ilta, kun sukat riisutaan.  Erityisesti varmistetaan, ettei ole haavaa, rakkulaa tai tulehdusta  kynsivalleissa. Jos jalkapohjiin ei muuten n\u00e4e, k\u00e4ytet\u00e4\u00e4n peili\u00e4.<\/li><li>Jalat pest\u00e4\u00e4n iltaisin haalealla vedell\u00e4 ilman saippuaa tai miedolla  saippualla. Jalat kuivataan huolellisesti, my\u00f6s varpaanv\u00e4lit. Jos iho  tuntuu kuivalta, jalat rasvataan sopivalla perusvoiteella <\/li><li>Varpaiden kynnet leikataan noin kahden viikon v\u00e4lein. Kynsi\u00e4 ei saa  leikata liian lyhyiksi, vaan kynnen valkoista osaa j\u00e4tet\u00e4\u00e4n j\u00e4ljelle  noin 1 mm. Kulmat leikataan my\u00f6t\u00e4ilem\u00e4\u00e4n varpaan muotoa.<\/li><li>Ei k\u00e4vell\u00e4 avojaloin ulkona.<\/li><li>Kovettumia ja k\u00e4nsi\u00e4 ei saa ohentaa ter\u00e4aseilla eik\u00e4 hiekkapaperilla.<\/li><li>Jalkoja ei l\u00e4mmitet\u00e4 avotulella ja pakkasessa k\u00e4ytet\u00e4\u00e4n tilavia kenki\u00e4 ja l\u00e4mpimi\u00e4 sukkia.<\/li><\/ul>\n\n\n\n<h2 class=\"wp-block-heading\">S\u00e4\u00e4rihaava<\/h2>\n\n\n\n<h3 class=\"wp-block-heading\">Laskimoper\u00e4inen<\/h3>\n\n\n\n<p> Suurin osa kroonisista alaraajahaavoista on laskimovajaatoiminnan  aiheuttamia. Suonikohjut ja laskimol\u00e4ppien vaurioituminen aiheuttavat  s\u00e4\u00e4reen turvotusta ja lis\u00e4\u00e4v\u00e4t laskimopainetta, mik\u00e4 edesauttaa haavan  syntymist\u00e4. My\u00f6s aiemmin sairastettu syv\u00e4 laskimotukos tai ruusu  altistavat s\u00e4\u00e4rihaavalle. Laskimoper\u00e4inen haavauma sijaitsee  tavallisesti s\u00e4\u00e4ren sis\u00e4sivulla nilkan kehr\u00e4sluun yl\u00e4puolella , ja ymp\u00e4r\u00f6iv\u00e4 ihoalue on punertava tai pigmentoitunut. Se on yleens\u00e4 kivuton, kostea ja kellert\u00e4v\u00e4katteinen.   <\/p>\n\n\n\n<figure class=\"wp-block-image\"><img decoding=\"async\" src=\"https:\/\/www.terveyskirjasto.fi\/xmedia\/ldk\/ldk00499.jpg\" alt=\"\" \/><\/figure>\n\n\n\n<p> Laskimohaava paranee useimmissa tapauksissa melko  nopeasti, kun  paikallishoidon lis\u00e4ksi laskimopainetta pienennet\u00e4\u00e4n tukisidosten tai  hoitosukkien avulla. Haavan paikallishoito valitaan tapauskohtaisesti,   ja joskus haava suljetaan ihosiirteell\u00e4.  Laskimovajaatoiminta hoidetaan  tarpeen mukaan kirurgisesti. <\/p>\n\n\n\n<h2 class=\"wp-block-heading\">Valtimoper\u00e4inen<\/h2>\n\n\n\n<p> Valtimoper\u00e4inen haava on yleens\u00e4 s\u00e4\u00e4ress\u00e4 tai jalkater\u00e4ss\u00e4. Siihen liittyy usein diabetes. Muita riskitekij\u00f6it\u00e4 ovat ik\u00e4\u00e4ntyminen ja tupakointi. Haavassa on  mustaa, kuollutta kudosta, ja sit\u00e4 s\u00e4rkee voimakkaasti.  Valtimopulssit tuntuvat huonosti,  ja raaja on viile\u00e4. Verenkierron   tilaa selvitet\u00e4\u00e4n ultra\u00e4\u00e4nilaitteella ja varjoainekuvauksen avulla, ja  tukoksia ja ahtaumia avataan mahdollisuuksien mukaan pallolaajennuksella  tai verisuonikirurgisilla leikkauksilla. Mik\u00e4li valtimoverenkiertoa  onnistutaan oleellisesti parantamaan, kipu h\u00e4vi\u00e4\u00e4 ja haava paranee. <\/p>\n\n\n\n<figure class=\"wp-block-image\"><img decoding=\"async\" src=\"https:\/\/www.terveyskirjasto.fi\/xmedia\/ldk\/ldk00077.jpg\" alt=\"\" \/><\/figure>\n\n\n<p><!--EndFragment--><br \/><br \/><\/p>","protected":false},"excerpt":{"rendered":"<p>Diabeetikoilla on suurentunut riski altistua kroonistuneille jalka-\/s\u00e4\u00e4rihaavoille. Jalan haavaumia edes auttavata diabettikolla yleens\u00e4 \u00e4\u00e4reishermoston sairaudet kuten neuropatiaa. &#8221; Neuropatian oireita ovat polttava tai pist\u00e4v\u00e4 kipu erityisesti \u00f6isin sek\u00e4 kuuma- ja kylm\u00e4tuntemukset. Iho voi my\u00f6s kuivua ja halkeilla, lihasten toiminta heiket\u00e4 ja jalkater\u00e4\u00e4n tulla asentomuutoksia.&#8221; -K\u00e4yp\u00e4hoito. Diabeteksen seurauksena syntynyt haava on tyypillisesti p\u00e4ki\u00e4ss\u00e4 tai kantap\u00e4\u00e4ss\u00e4, joskus [&hellip;]<\/p>\n","protected":false},"author":668,"featured_media":0,"parent":12,"menu_order":1,"comment_status":"closed","ping_status":"closed","template":"","meta":{"_uag_custom_page_level_css":"","footnotes":""},"class_list":["post-90","page","type-page","status-publish","hentry"],"yoast_head":"<!-- This site is optimized with the Yoast SEO plugin v27.4 - https:\/\/yoast.com\/product\/yoast-seo-wordpress\/ -->\n<title>Diabeetikon jalkaongelmat - DM haava<\/title>\n<meta name=\"robots\" content=\"index, follow, max-snippet:-1, max-image-preview:large, max-video-preview:-1\" \/>\n<link rel=\"canonical\" href=\"https:\/\/blogit.gradia.fi\/dmhaava\/diabetes-ja-sen-erimuodot\/90-2\/\" \/>\n<meta property=\"og:locale\" content=\"fi_FI\" \/>\n<meta property=\"og:type\" content=\"article\" \/>\n<meta property=\"og:title\" content=\"Diabeetikon jalkaongelmat - DM haava\" \/>\n<meta property=\"og:description\" content=\"Diabeetikoilla on suurentunut riski altistua kroonistuneille jalka-\/s\u00e4\u00e4rihaavoille. Jalan haavaumia edes auttavata diabettikolla yleens\u00e4 \u00e4\u00e4reishermoston sairaudet kuten neuropatiaa. &#8221; Neuropatian oireita ovat polttava tai pist\u00e4v\u00e4 kipu erityisesti \u00f6isin sek\u00e4 kuuma- ja kylm\u00e4tuntemukset. Iho voi my\u00f6s kuivua ja halkeilla, lihasten toiminta heiket\u00e4 ja jalkater\u00e4\u00e4n tulla asentomuutoksia.&#8221; -K\u00e4yp\u00e4hoito. Diabeteksen seurauksena syntynyt haava on tyypillisesti p\u00e4ki\u00e4ss\u00e4 tai kantap\u00e4\u00e4ss\u00e4, joskus [&hellip;]\" \/>\n<meta property=\"og:url\" content=\"https:\/\/blogit.gradia.fi\/dmhaava\/diabetes-ja-sen-erimuodot\/90-2\/\" \/>\n<meta property=\"og:site_name\" content=\"DM haava\" \/>\n<meta property=\"article:modified_time\" content=\"2020-02-18T14:16:31+00:00\" \/>\n<meta property=\"og:image\" content=\"https:\/\/blogit.gradia.fi\/dmhaava\/wp-content\/uploads\/sites\/160\/2020\/02\/ldk00377.jpg\" \/>\n<meta name=\"twitter:card\" content=\"summary_large_image\" \/>\n<meta name=\"twitter:label1\" content=\"Arvioitu lukuaika\" \/>\n\t<meta name=\"twitter:data1\" content=\"3 minuuttia\" \/>\n<script type=\"application\/ld+json\" class=\"yoast-schema-graph\">{\"@context\":\"https:\\\/\\\/schema.org\",\"@graph\":[{\"@type\":\"WebPage\",\"@id\":\"https:\\\/\\\/blogit.gradia.fi\\\/dmhaava\\\/diabetes-ja-sen-erimuodot\\\/90-2\\\/\",\"url\":\"https:\\\/\\\/blogit.gradia.fi\\\/dmhaava\\\/diabetes-ja-sen-erimuodot\\\/90-2\\\/\",\"name\":\"Diabeetikon jalkaongelmat - DM haava\",\"isPartOf\":{\"@id\":\"https:\\\/\\\/blogit.gradia.fi\\\/dmhaava\\\/#website\"},\"primaryImageOfPage\":{\"@id\":\"https:\\\/\\\/blogit.gradia.fi\\\/dmhaava\\\/diabetes-ja-sen-erimuodot\\\/90-2\\\/#primaryimage\"},\"image\":{\"@id\":\"https:\\\/\\\/blogit.gradia.fi\\\/dmhaava\\\/diabetes-ja-sen-erimuodot\\\/90-2\\\/#primaryimage\"},\"thumbnailUrl\":\"https:\\\/\\\/blogit.gradia.fi\\\/dmhaava\\\/wp-content\\\/uploads\\\/sites\\\/160\\\/2020\\\/02\\\/ldk00377.jpg\",\"datePublished\":\"2020-02-18T14:11:54+00:00\",\"dateModified\":\"2020-02-18T14:16:31+00:00\",\"breadcrumb\":{\"@id\":\"https:\\\/\\\/blogit.gradia.fi\\\/dmhaava\\\/diabetes-ja-sen-erimuodot\\\/90-2\\\/#breadcrumb\"},\"inLanguage\":\"fi\",\"potentialAction\":[{\"@type\":\"ReadAction\",\"target\":[\"https:\\\/\\\/blogit.gradia.fi\\\/dmhaava\\\/diabetes-ja-sen-erimuodot\\\/90-2\\\/\"]}]},{\"@type\":\"ImageObject\",\"inLanguage\":\"fi\",\"@id\":\"https:\\\/\\\/blogit.gradia.fi\\\/dmhaava\\\/diabetes-ja-sen-erimuodot\\\/90-2\\\/#primaryimage\",\"url\":\"https:\\\/\\\/blogit.gradia.fi\\\/dmhaava\\\/wp-content\\\/uploads\\\/sites\\\/160\\\/2020\\\/02\\\/ldk00377.jpg\",\"contentUrl\":\"https:\\\/\\\/blogit.gradia.fi\\\/dmhaava\\\/wp-content\\\/uploads\\\/sites\\\/160\\\/2020\\\/02\\\/ldk00377.jpg\",\"width\":500,\"height\":335},{\"@type\":\"BreadcrumbList\",\"@id\":\"https:\\\/\\\/blogit.gradia.fi\\\/dmhaava\\\/diabetes-ja-sen-erimuodot\\\/90-2\\\/#breadcrumb\",\"itemListElement\":[{\"@type\":\"ListItem\",\"position\":1,\"name\":\"Home\",\"item\":\"https:\\\/\\\/blogit.gradia.fi\\\/dmhaava\\\/\"},{\"@type\":\"ListItem\",\"position\":2,\"name\":\"Diabetes\",\"item\":\"https:\\\/\\\/blogit.gradia.fi\\\/dmhaava\\\/diabetes-ja-sen-erimuodot\\\/\"},{\"@type\":\"ListItem\",\"position\":3,\"name\":\"Diabeetikon jalkaongelmat\"}]},{\"@type\":\"WebSite\",\"@id\":\"https:\\\/\\\/blogit.gradia.fi\\\/dmhaava\\\/#website\",\"url\":\"https:\\\/\\\/blogit.gradia.fi\\\/dmhaava\\\/\",\"name\":\"DM haava\",\"description\":\"Uusi Gradia-blogit-sivustot -sivusto\",\"potentialAction\":[{\"@type\":\"SearchAction\",\"target\":{\"@type\":\"EntryPoint\",\"urlTemplate\":\"https:\\\/\\\/blogit.gradia.fi\\\/dmhaava\\\/?s={search_term_string}\"},\"query-input\":{\"@type\":\"PropertyValueSpecification\",\"valueRequired\":true,\"valueName\":\"search_term_string\"}}],\"inLanguage\":\"fi\"}]}<\/script>\n<!-- \/ Yoast SEO plugin. -->","yoast_head_json":{"title":"Diabeetikon jalkaongelmat - DM haava","robots":{"index":"index","follow":"follow","max-snippet":"max-snippet:-1","max-image-preview":"max-image-preview:large","max-video-preview":"max-video-preview:-1"},"canonical":"https:\/\/blogit.gradia.fi\/dmhaava\/diabetes-ja-sen-erimuodot\/90-2\/","og_locale":"fi_FI","og_type":"article","og_title":"Diabeetikon jalkaongelmat - DM haava","og_description":"Diabeetikoilla on suurentunut riski altistua kroonistuneille jalka-\/s\u00e4\u00e4rihaavoille. Jalan haavaumia edes auttavata diabettikolla yleens\u00e4 \u00e4\u00e4reishermoston sairaudet kuten neuropatiaa. &#8221; Neuropatian oireita ovat polttava tai pist\u00e4v\u00e4 kipu erityisesti \u00f6isin sek\u00e4 kuuma- ja kylm\u00e4tuntemukset. Iho voi my\u00f6s kuivua ja halkeilla, lihasten toiminta heiket\u00e4 ja jalkater\u00e4\u00e4n tulla asentomuutoksia.&#8221; -K\u00e4yp\u00e4hoito. Diabeteksen seurauksena syntynyt haava on tyypillisesti p\u00e4ki\u00e4ss\u00e4 tai kantap\u00e4\u00e4ss\u00e4, joskus [&hellip;]","og_url":"https:\/\/blogit.gradia.fi\/dmhaava\/diabetes-ja-sen-erimuodot\/90-2\/","og_site_name":"DM haava","article_modified_time":"2020-02-18T14:16:31+00:00","og_image":[{"url":"https:\/\/blogit.gradia.fi\/dmhaava\/wp-content\/uploads\/sites\/160\/2020\/02\/ldk00377.jpg","type":"","width":"","height":""}],"twitter_card":"summary_large_image","twitter_misc":{"Arvioitu lukuaika":"3 minuuttia"},"schema":{"@context":"https:\/\/schema.org","@graph":[{"@type":"WebPage","@id":"https:\/\/blogit.gradia.fi\/dmhaava\/diabetes-ja-sen-erimuodot\/90-2\/","url":"https:\/\/blogit.gradia.fi\/dmhaava\/diabetes-ja-sen-erimuodot\/90-2\/","name":"Diabeetikon jalkaongelmat - DM haava","isPartOf":{"@id":"https:\/\/blogit.gradia.fi\/dmhaava\/#website"},"primaryImageOfPage":{"@id":"https:\/\/blogit.gradia.fi\/dmhaava\/diabetes-ja-sen-erimuodot\/90-2\/#primaryimage"},"image":{"@id":"https:\/\/blogit.gradia.fi\/dmhaava\/diabetes-ja-sen-erimuodot\/90-2\/#primaryimage"},"thumbnailUrl":"https:\/\/blogit.gradia.fi\/dmhaava\/wp-content\/uploads\/sites\/160\/2020\/02\/ldk00377.jpg","datePublished":"2020-02-18T14:11:54+00:00","dateModified":"2020-02-18T14:16:31+00:00","breadcrumb":{"@id":"https:\/\/blogit.gradia.fi\/dmhaava\/diabetes-ja-sen-erimuodot\/90-2\/#breadcrumb"},"inLanguage":"fi","potentialAction":[{"@type":"ReadAction","target":["https:\/\/blogit.gradia.fi\/dmhaava\/diabetes-ja-sen-erimuodot\/90-2\/"]}]},{"@type":"ImageObject","inLanguage":"fi","@id":"https:\/\/blogit.gradia.fi\/dmhaava\/diabetes-ja-sen-erimuodot\/90-2\/#primaryimage","url":"https:\/\/blogit.gradia.fi\/dmhaava\/wp-content\/uploads\/sites\/160\/2020\/02\/ldk00377.jpg","contentUrl":"https:\/\/blogit.gradia.fi\/dmhaava\/wp-content\/uploads\/sites\/160\/2020\/02\/ldk00377.jpg","width":500,"height":335},{"@type":"BreadcrumbList","@id":"https:\/\/blogit.gradia.fi\/dmhaava\/diabetes-ja-sen-erimuodot\/90-2\/#breadcrumb","itemListElement":[{"@type":"ListItem","position":1,"name":"Home","item":"https:\/\/blogit.gradia.fi\/dmhaava\/"},{"@type":"ListItem","position":2,"name":"Diabetes","item":"https:\/\/blogit.gradia.fi\/dmhaava\/diabetes-ja-sen-erimuodot\/"},{"@type":"ListItem","position":3,"name":"Diabeetikon jalkaongelmat"}]},{"@type":"WebSite","@id":"https:\/\/blogit.gradia.fi\/dmhaava\/#website","url":"https:\/\/blogit.gradia.fi\/dmhaava\/","name":"DM haava","description":"Uusi Gradia-blogit-sivustot -sivusto","potentialAction":[{"@type":"SearchAction","target":{"@type":"EntryPoint","urlTemplate":"https:\/\/blogit.gradia.fi\/dmhaava\/?s={search_term_string}"},"query-input":{"@type":"PropertyValueSpecification","valueRequired":true,"valueName":"search_term_string"}}],"inLanguage":"fi"}]}},"uagb_featured_image_src":{"full":false,"thumbnail":false,"medium":false,"medium_large":false,"large":false,"1536x1536":false,"2048x2048":false,"post-thumbnail":false,"twentytwenty-fullscreen":false},"uagb_author_info":{"display_name":"Henry Tuimala","author_link":"https:\/\/blogit.gradia.fi\/dmhaava\/author\/gr242771\/"},"uagb_comment_info":0,"uagb_excerpt":"Diabeetikoilla on suurentunut riski altistua kroonistuneille jalka-\/s\u00e4\u00e4rihaavoille. Jalan haavaumia edes auttavata diabettikolla yleens\u00e4 \u00e4\u00e4reishermoston sairaudet kuten neuropatiaa. &#8221; Neuropatian oireita ovat polttava tai pist\u00e4v\u00e4 kipu erityisesti \u00f6isin sek\u00e4 kuuma- ja kylm\u00e4tuntemukset. Iho voi my\u00f6s kuivua ja halkeilla, lihasten toiminta heiket\u00e4 ja jalkater\u00e4\u00e4n tulla asentomuutoksia.&#8221; -K\u00e4yp\u00e4hoito. Diabeteksen seurauksena syntynyt haava on tyypillisesti p\u00e4ki\u00e4ss\u00e4 tai kantap\u00e4\u00e4ss\u00e4, joskus&hellip;","_links":{"self":[{"href":"https:\/\/blogit.gradia.fi\/dmhaava\/wp-json\/wp\/v2\/pages\/90","targetHints":{"allow":["GET"]}}],"collection":[{"href":"https:\/\/blogit.gradia.fi\/dmhaava\/wp-json\/wp\/v2\/pages"}],"about":[{"href":"https:\/\/blogit.gradia.fi\/dmhaava\/wp-json\/wp\/v2\/types\/page"}],"author":[{"embeddable":true,"href":"https:\/\/blogit.gradia.fi\/dmhaava\/wp-json\/wp\/v2\/users\/668"}],"replies":[{"embeddable":true,"href":"https:\/\/blogit.gradia.fi\/dmhaava\/wp-json\/wp\/v2\/comments?post=90"}],"version-history":[{"count":2,"href":"https:\/\/blogit.gradia.fi\/dmhaava\/wp-json\/wp\/v2\/pages\/90\/revisions"}],"predecessor-version":[{"id":92,"href":"https:\/\/blogit.gradia.fi\/dmhaava\/wp-json\/wp\/v2\/pages\/90\/revisions\/92"}],"up":[{"embeddable":true,"href":"https:\/\/blogit.gradia.fi\/dmhaava\/wp-json\/wp\/v2\/pages\/12"}],"wp:attachment":[{"href":"https:\/\/blogit.gradia.fi\/dmhaava\/wp-json\/wp\/v2\/media?parent=90"}],"curies":[{"name":"wp","href":"https:\/\/api.w.org\/{rel}","templated":true}]}}