{"id":36,"date":"2020-02-17T19:54:38","date_gmt":"2020-02-17T17:54:38","guid":{"rendered":"https:\/\/blogit.gradia.fi\/dmhaava\/?page_id=36"},"modified":"2020-02-18T16:18:20","modified_gmt":"2020-02-18T14:18:20","slug":"hoitajaa-koskevat-saadokset-ja-lait","status":"publish","type":"page","link":"https:\/\/blogit.gradia.fi\/dmhaava\/tietosuoja-ja-eettiset-periaatteet\/hoitajaa-koskevat-saadokset-ja-lait\/","title":{"rendered":"Hoitajaa koskevat s\u00e4\u00e4dokset ja lait"},"content":{"rendered":"\n<p> Terveydenhuollon ammattihenkil\u00f6n ammattitoiminnan p\u00e4\u00e4m\u00e4\u00e4r\u00e4n\u00e4 on  terveyden yll\u00e4pit\u00e4minen ja edist\u00e4minen, sairauksien ehk\u00e4iseminen sek\u00e4  sairaiden parantaminen ja heid\u00e4n k\u00e4rsimystens\u00e4 lievitt\u00e4minen.  Terveydenhuollon ammattihenkil\u00f6n on ammattitoiminnassaan sovellettava  yleisesti hyv\u00e4ksyttyj\u00e4 ja kokemusper\u00e4isi\u00e4 perusteltuja menettelytapoja  koulutuksensa mukaisesti, jota h\u00e4nen on pyritt\u00e4v\u00e4 jatkuvasti  t\u00e4ydent\u00e4m\u00e4\u00e4n. Ammattitoiminnassaan terveydenhuollon ammattihenkil\u00f6n  tulee tasapuolisesti ottaa huomioon ammattitoiminnasta potilaalle  koituva hy\u00f6ty ja sen mahdolliset haitat. <\/p>\n\n\n\n<p> Terveydenhuollon ammattihenkil\u00f6n tulee aina antaa kiireellisen hoidon tarpeessa olevalle apua <\/p>\n\n\n\n<h2 class=\"wp-block-heading\"> T\u00e4ydennyskoulutusvelvollisuus ja jatkuva ammatillinen kehittyminen <\/h2>\n\n\n\n<p> Terveydenhuollon ammattihenkil\u00f6 on velvollinen yll\u00e4pit\u00e4m\u00e4\u00e4n ja  kehitt\u00e4m\u00e4\u00e4n ammattitoiminnan edellytt\u00e4mi\u00e4 tietoja ja taitoja sek\u00e4  perehtym\u00e4\u00e4n ammattitoimintaansa koskeviin s\u00e4\u00e4nn\u00f6ksiin ja m\u00e4\u00e4r\u00e4yksiin. <\/p>\n","protected":false},"excerpt":{"rendered":"<p>Terveydenhuollon ammattihenkil\u00f6n ammattitoiminnan p\u00e4\u00e4m\u00e4\u00e4r\u00e4n\u00e4 on terveyden yll\u00e4pit\u00e4minen ja edist\u00e4minen, sairauksien ehk\u00e4iseminen sek\u00e4 sairaiden parantaminen ja heid\u00e4n k\u00e4rsimystens\u00e4 lievitt\u00e4minen. Terveydenhuollon ammattihenkil\u00f6n on ammattitoiminnassaan sovellettava yleisesti hyv\u00e4ksyttyj\u00e4 ja kokemusper\u00e4isi\u00e4 perusteltuja menettelytapoja koulutuksensa mukaisesti, jota h\u00e4nen on pyritt\u00e4v\u00e4 jatkuvasti t\u00e4ydent\u00e4m\u00e4\u00e4n. Ammattitoiminnassaan terveydenhuollon ammattihenkil\u00f6n tulee tasapuolisesti ottaa huomioon ammattitoiminnasta potilaalle koituva hy\u00f6ty ja sen mahdolliset haitat. Terveydenhuollon ammattihenkil\u00f6n tulee [&hellip;]<\/p>\n","protected":false},"author":668,"featured_media":0,"parent":27,"menu_order":3,"comment_status":"closed","ping_status":"closed","template":"","meta":{"_uag_custom_page_level_css":"","footnotes":""},"class_list":["post-36","page","type-page","status-publish","hentry"],"yoast_head":"<!-- This site is optimized with the Yoast SEO plugin v27.4 - https:\/\/yoast.com\/product\/yoast-seo-wordpress\/ -->\n<title>Hoitajaa koskevat s\u00e4\u00e4dokset ja lait - DM haava<\/title>\n<meta name=\"robots\" content=\"index, follow, max-snippet:-1, max-image-preview:large, max-video-preview:-1\" \/>\n<link rel=\"canonical\" href=\"https:\/\/blogit.gradia.fi\/dmhaava\/tietosuoja-ja-eettiset-periaatteet\/hoitajaa-koskevat-saadokset-ja-lait\/\" \/>\n<meta property=\"og:locale\" content=\"fi_FI\" \/>\n<meta property=\"og:type\" content=\"article\" \/>\n<meta property=\"og:title\" content=\"Hoitajaa koskevat s\u00e4\u00e4dokset ja lait - DM haava\" \/>\n<meta property=\"og:description\" content=\"Terveydenhuollon ammattihenkil\u00f6n ammattitoiminnan p\u00e4\u00e4m\u00e4\u00e4r\u00e4n\u00e4 on terveyden yll\u00e4pit\u00e4minen ja edist\u00e4minen, sairauksien ehk\u00e4iseminen sek\u00e4 sairaiden parantaminen ja heid\u00e4n k\u00e4rsimystens\u00e4 lievitt\u00e4minen. Terveydenhuollon ammattihenkil\u00f6n on ammattitoiminnassaan sovellettava yleisesti hyv\u00e4ksyttyj\u00e4 ja kokemusper\u00e4isi\u00e4 perusteltuja menettelytapoja koulutuksensa mukaisesti, jota h\u00e4nen on pyritt\u00e4v\u00e4 jatkuvasti t\u00e4ydent\u00e4m\u00e4\u00e4n. Ammattitoiminnassaan terveydenhuollon ammattihenkil\u00f6n tulee tasapuolisesti ottaa huomioon ammattitoiminnasta potilaalle koituva hy\u00f6ty ja sen mahdolliset haitat. Terveydenhuollon ammattihenkil\u00f6n tulee [&hellip;]\" \/>\n<meta property=\"og:url\" content=\"https:\/\/blogit.gradia.fi\/dmhaava\/tietosuoja-ja-eettiset-periaatteet\/hoitajaa-koskevat-saadokset-ja-lait\/\" \/>\n<meta property=\"og:site_name\" content=\"DM haava\" \/>\n<meta property=\"article:modified_time\" content=\"2020-02-18T14:18:20+00:00\" \/>\n<meta name=\"twitter:card\" content=\"summary_large_image\" \/>\n<meta name=\"twitter:label1\" content=\"Arvioitu lukuaika\" \/>\n\t<meta name=\"twitter:data1\" content=\"1 minuutti\" \/>\n<script type=\"application\/ld+json\" class=\"yoast-schema-graph\">{\"@context\":\"https:\\\/\\\/schema.org\",\"@graph\":[{\"@type\":\"WebPage\",\"@id\":\"https:\\\/\\\/blogit.gradia.fi\\\/dmhaava\\\/tietosuoja-ja-eettiset-periaatteet\\\/hoitajaa-koskevat-saadokset-ja-lait\\\/\",\"url\":\"https:\\\/\\\/blogit.gradia.fi\\\/dmhaava\\\/tietosuoja-ja-eettiset-periaatteet\\\/hoitajaa-koskevat-saadokset-ja-lait\\\/\",\"name\":\"Hoitajaa koskevat s\u00e4\u00e4dokset ja lait - DM haava\",\"isPartOf\":{\"@id\":\"https:\\\/\\\/blogit.gradia.fi\\\/dmhaava\\\/#website\"},\"datePublished\":\"2020-02-17T17:54:38+00:00\",\"dateModified\":\"2020-02-18T14:18:20+00:00\",\"breadcrumb\":{\"@id\":\"https:\\\/\\\/blogit.gradia.fi\\\/dmhaava\\\/tietosuoja-ja-eettiset-periaatteet\\\/hoitajaa-koskevat-saadokset-ja-lait\\\/#breadcrumb\"},\"inLanguage\":\"fi\",\"potentialAction\":[{\"@type\":\"ReadAction\",\"target\":[\"https:\\\/\\\/blogit.gradia.fi\\\/dmhaava\\\/tietosuoja-ja-eettiset-periaatteet\\\/hoitajaa-koskevat-saadokset-ja-lait\\\/\"]}]},{\"@type\":\"BreadcrumbList\",\"@id\":\"https:\\\/\\\/blogit.gradia.fi\\\/dmhaava\\\/tietosuoja-ja-eettiset-periaatteet\\\/hoitajaa-koskevat-saadokset-ja-lait\\\/#breadcrumb\",\"itemListElement\":[{\"@type\":\"ListItem\",\"position\":1,\"name\":\"Home\",\"item\":\"https:\\\/\\\/blogit.gradia.fi\\\/dmhaava\\\/\"},{\"@type\":\"ListItem\",\"position\":2,\"name\":\"Tietosuoja ja eettiset periaatteet\",\"item\":\"https:\\\/\\\/blogit.gradia.fi\\\/dmhaava\\\/tietosuoja-ja-eettiset-periaatteet\\\/\"},{\"@type\":\"ListItem\",\"position\":3,\"name\":\"Hoitajaa koskevat s\u00e4\u00e4dokset ja lait\"}]},{\"@type\":\"WebSite\",\"@id\":\"https:\\\/\\\/blogit.gradia.fi\\\/dmhaava\\\/#website\",\"url\":\"https:\\\/\\\/blogit.gradia.fi\\\/dmhaava\\\/\",\"name\":\"DM haava\",\"description\":\"Uusi Gradia-blogit-sivustot -sivusto\",\"potentialAction\":[{\"@type\":\"SearchAction\",\"target\":{\"@type\":\"EntryPoint\",\"urlTemplate\":\"https:\\\/\\\/blogit.gradia.fi\\\/dmhaava\\\/?s={search_term_string}\"},\"query-input\":{\"@type\":\"PropertyValueSpecification\",\"valueRequired\":true,\"valueName\":\"search_term_string\"}}],\"inLanguage\":\"fi\"}]}<\/script>\n<!-- \/ Yoast SEO plugin. -->","yoast_head_json":{"title":"Hoitajaa koskevat s\u00e4\u00e4dokset ja lait - DM haava","robots":{"index":"index","follow":"follow","max-snippet":"max-snippet:-1","max-image-preview":"max-image-preview:large","max-video-preview":"max-video-preview:-1"},"canonical":"https:\/\/blogit.gradia.fi\/dmhaava\/tietosuoja-ja-eettiset-periaatteet\/hoitajaa-koskevat-saadokset-ja-lait\/","og_locale":"fi_FI","og_type":"article","og_title":"Hoitajaa koskevat s\u00e4\u00e4dokset ja lait - DM haava","og_description":"Terveydenhuollon ammattihenkil\u00f6n ammattitoiminnan p\u00e4\u00e4m\u00e4\u00e4r\u00e4n\u00e4 on terveyden yll\u00e4pit\u00e4minen ja edist\u00e4minen, sairauksien ehk\u00e4iseminen sek\u00e4 sairaiden parantaminen ja heid\u00e4n k\u00e4rsimystens\u00e4 lievitt\u00e4minen. Terveydenhuollon ammattihenkil\u00f6n on ammattitoiminnassaan sovellettava yleisesti hyv\u00e4ksyttyj\u00e4 ja kokemusper\u00e4isi\u00e4 perusteltuja menettelytapoja koulutuksensa mukaisesti, jota h\u00e4nen on pyritt\u00e4v\u00e4 jatkuvasti t\u00e4ydent\u00e4m\u00e4\u00e4n. Ammattitoiminnassaan terveydenhuollon ammattihenkil\u00f6n tulee tasapuolisesti ottaa huomioon ammattitoiminnasta potilaalle koituva hy\u00f6ty ja sen mahdolliset haitat. Terveydenhuollon ammattihenkil\u00f6n tulee [&hellip;]","og_url":"https:\/\/blogit.gradia.fi\/dmhaava\/tietosuoja-ja-eettiset-periaatteet\/hoitajaa-koskevat-saadokset-ja-lait\/","og_site_name":"DM haava","article_modified_time":"2020-02-18T14:18:20+00:00","twitter_card":"summary_large_image","twitter_misc":{"Arvioitu lukuaika":"1 minuutti"},"schema":{"@context":"https:\/\/schema.org","@graph":[{"@type":"WebPage","@id":"https:\/\/blogit.gradia.fi\/dmhaava\/tietosuoja-ja-eettiset-periaatteet\/hoitajaa-koskevat-saadokset-ja-lait\/","url":"https:\/\/blogit.gradia.fi\/dmhaava\/tietosuoja-ja-eettiset-periaatteet\/hoitajaa-koskevat-saadokset-ja-lait\/","name":"Hoitajaa koskevat s\u00e4\u00e4dokset ja lait - DM haava","isPartOf":{"@id":"https:\/\/blogit.gradia.fi\/dmhaava\/#website"},"datePublished":"2020-02-17T17:54:38+00:00","dateModified":"2020-02-18T14:18:20+00:00","breadcrumb":{"@id":"https:\/\/blogit.gradia.fi\/dmhaava\/tietosuoja-ja-eettiset-periaatteet\/hoitajaa-koskevat-saadokset-ja-lait\/#breadcrumb"},"inLanguage":"fi","potentialAction":[{"@type":"ReadAction","target":["https:\/\/blogit.gradia.fi\/dmhaava\/tietosuoja-ja-eettiset-periaatteet\/hoitajaa-koskevat-saadokset-ja-lait\/"]}]},{"@type":"BreadcrumbList","@id":"https:\/\/blogit.gradia.fi\/dmhaava\/tietosuoja-ja-eettiset-periaatteet\/hoitajaa-koskevat-saadokset-ja-lait\/#breadcrumb","itemListElement":[{"@type":"ListItem","position":1,"name":"Home","item":"https:\/\/blogit.gradia.fi\/dmhaava\/"},{"@type":"ListItem","position":2,"name":"Tietosuoja ja eettiset periaatteet","item":"https:\/\/blogit.gradia.fi\/dmhaava\/tietosuoja-ja-eettiset-periaatteet\/"},{"@type":"ListItem","position":3,"name":"Hoitajaa koskevat s\u00e4\u00e4dokset ja lait"}]},{"@type":"WebSite","@id":"https:\/\/blogit.gradia.fi\/dmhaava\/#website","url":"https:\/\/blogit.gradia.fi\/dmhaava\/","name":"DM haava","description":"Uusi Gradia-blogit-sivustot -sivusto","potentialAction":[{"@type":"SearchAction","target":{"@type":"EntryPoint","urlTemplate":"https:\/\/blogit.gradia.fi\/dmhaava\/?s={search_term_string}"},"query-input":{"@type":"PropertyValueSpecification","valueRequired":true,"valueName":"search_term_string"}}],"inLanguage":"fi"}]}},"uagb_featured_image_src":{"full":false,"thumbnail":false,"medium":false,"medium_large":false,"large":false,"1536x1536":false,"2048x2048":false,"post-thumbnail":false,"twentytwenty-fullscreen":false},"uagb_author_info":{"display_name":"Henry Tuimala","author_link":"https:\/\/blogit.gradia.fi\/dmhaava\/author\/gr242771\/"},"uagb_comment_info":0,"uagb_excerpt":"Terveydenhuollon ammattihenkil\u00f6n ammattitoiminnan p\u00e4\u00e4m\u00e4\u00e4r\u00e4n\u00e4 on terveyden yll\u00e4pit\u00e4minen ja edist\u00e4minen, sairauksien ehk\u00e4iseminen sek\u00e4 sairaiden parantaminen ja heid\u00e4n k\u00e4rsimystens\u00e4 lievitt\u00e4minen. Terveydenhuollon ammattihenkil\u00f6n on ammattitoiminnassaan sovellettava yleisesti hyv\u00e4ksyttyj\u00e4 ja kokemusper\u00e4isi\u00e4 perusteltuja menettelytapoja koulutuksensa mukaisesti, jota h\u00e4nen on pyritt\u00e4v\u00e4 jatkuvasti t\u00e4ydent\u00e4m\u00e4\u00e4n. Ammattitoiminnassaan terveydenhuollon ammattihenkil\u00f6n tulee tasapuolisesti ottaa huomioon ammattitoiminnasta potilaalle koituva hy\u00f6ty ja sen mahdolliset haitat. Terveydenhuollon ammattihenkil\u00f6n tulee&hellip;","_links":{"self":[{"href":"https:\/\/blogit.gradia.fi\/dmhaava\/wp-json\/wp\/v2\/pages\/36","targetHints":{"allow":["GET"]}}],"collection":[{"href":"https:\/\/blogit.gradia.fi\/dmhaava\/wp-json\/wp\/v2\/pages"}],"about":[{"href":"https:\/\/blogit.gradia.fi\/dmhaava\/wp-json\/wp\/v2\/types\/page"}],"author":[{"embeddable":true,"href":"https:\/\/blogit.gradia.fi\/dmhaava\/wp-json\/wp\/v2\/users\/668"}],"replies":[{"embeddable":true,"href":"https:\/\/blogit.gradia.fi\/dmhaava\/wp-json\/wp\/v2\/comments?post=36"}],"version-history":[{"count":1,"href":"https:\/\/blogit.gradia.fi\/dmhaava\/wp-json\/wp\/v2\/pages\/36\/revisions"}],"predecessor-version":[{"id":56,"href":"https:\/\/blogit.gradia.fi\/dmhaava\/wp-json\/wp\/v2\/pages\/36\/revisions\/56"}],"up":[{"embeddable":true,"href":"https:\/\/blogit.gradia.fi\/dmhaava\/wp-json\/wp\/v2\/pages\/27"}],"wp:attachment":[{"href":"https:\/\/blogit.gradia.fi\/dmhaava\/wp-json\/wp\/v2\/media?parent=36"}],"curies":[{"name":"wp","href":"https:\/\/api.w.org\/{rel}","templated":true}]}}