{"id":24,"date":"2020-02-04T10:20:12","date_gmt":"2020-02-04T08:20:12","guid":{"rendered":"https:\/\/blogit.gradia.fi\/dmhaava\/?page_id=24"},"modified":"2020-02-19T09:19:13","modified_gmt":"2020-02-19T07:19:13","slug":"helga-3","status":"publish","type":"page","link":"https:\/\/blogit.gradia.fi\/dmhaava\/","title":{"rendered":"Helga"},"content":{"rendered":"\n<p>  75V. Helga. Sairastaa DM2, HTA:ta, Munuaisten vajaatoimintaa, syd\u00e4men vajaatoiminta ja Parkinsonia <\/p>\n\n\n\n<p>Yksin asuva vanhmepi rouva. Tyt\u00e4r Tatyana auttelee sen mink\u00e4 omilta t\u00f6ilt\u00e4\u00e4n kerki\u00e4\u00e4. P\u00e4ivitt\u00e4iset askareet sujunut t\u00e4h\u00e4n asti ongelmitta, mutta nyt toimintakykyvss\u00e4 alkanut tulemaan huomattavaa heikentymist\u00e4. Muuttanut ven\u00e4j\u00e4lt\u00e4 suomeen l\u00e4hemm\u00e4s tyt\u00e4rt\u00e4ns\u00e4 jo  15 vuotta sitten.&nbsp; Kotihoito k\u00e4y kerranviikossa jakamassa l\u00e4\u00e4kkeet. H\u00e4nell\u00e4 on poika Igor jonka kanssa v\u00e4lit menneet el\u00e4m\u00e4n varrella solmuun raha-asioiden vuoksi. Igor asuu viel\u00e4 ven\u00e4j\u00e4ll\u00e4. Helgan on naimisissa Aviomiehens\u00e4 Vladimirin kanssa, mutta Aviomies on vaikean muistisairautensa vuoksi ollut jo useamman vuoden tehostetussa palveluasumisessa t\u00e4ysin vuodepotilaana. Helgalla ollut tapana k\u00e4yd\u00e4 katsomassa miest\u00e4\u00e4n usean kerran viikossa tytt\u00e4rens\u00e4 kanssa, mutta jalkojen kipeytymisen vuoksi ei ole pystynyt kulkemaan samalla tavalla kuin ennen.  Helga on asunut suurimman osan el\u00e4m\u00e4st\u00e4\u00e4n Ven\u00e4j\u00e4ll\u00e4 eik\u00e4 kaikkia terveystietoja ole saatavilla. Helga ymm\u00e4rt\u00e4\u00e4 suomea paremmin kuin puhuu. Hakeutuu p\u00e4ivystykseen jalkojen turvotuksen ja s\u00e4ryn vuoksi.<\/p>\n\n\n\n<figure class=\"wp-block-image size-large\"><img loading=\"lazy\" decoding=\"async\" width=\"960\" height=\"639\" src=\"https:\/\/blogit.gradia.fi\/dmhaava\/wp-content\/uploads\/sites\/160\/2020\/02\/people-2942839_960_720.jpg\" alt=\"\" class=\"wp-image-58\" srcset=\"https:\/\/blogit.gradia.fi\/dmhaava\/wp-content\/uploads\/sites\/160\/2020\/02\/people-2942839_960_720.jpg 960w, https:\/\/blogit.gradia.fi\/dmhaava\/wp-content\/uploads\/sites\/160\/2020\/02\/people-2942839_960_720-300x200.jpg 300w, https:\/\/blogit.gradia.fi\/dmhaava\/wp-content\/uploads\/sites\/160\/2020\/02\/people-2942839_960_720-768x511.jpg 768w\" sizes=\"auto, (max-width: 960px) 100vw, 960px\" \/><\/figure>\n","protected":false},"excerpt":{"rendered":"<p>75V. Helga. Sairastaa DM2, HTA:ta, Munuaisten vajaatoimintaa, syd\u00e4men vajaatoiminta ja Parkinsonia Yksin asuva vanhmepi rouva. Tyt\u00e4r Tatyana auttelee sen mink\u00e4 omilta t\u00f6ilt\u00e4\u00e4n kerki\u00e4\u00e4. P\u00e4ivitt\u00e4iset askareet sujunut t\u00e4h\u00e4n asti ongelmitta, mutta nyt toimintakykyvss\u00e4 alkanut tulemaan huomattavaa heikentymist\u00e4. Muuttanut ven\u00e4j\u00e4lt\u00e4 suomeen l\u00e4hemm\u00e4s tyt\u00e4rt\u00e4ns\u00e4 jo 15 vuotta sitten.&nbsp; Kotihoito k\u00e4y kerranviikossa jakamassa l\u00e4\u00e4kkeet. H\u00e4nell\u00e4 on poika Igor jonka [&hellip;]<\/p>\n","protected":false},"author":668,"featured_media":0,"parent":0,"menu_order":0,"comment_status":"open","ping_status":"closed","template":"","meta":{"_uag_custom_page_level_css":"","footnotes":""},"class_list":["post-24","page","type-page","status-publish","hentry"],"yoast_head":"<!-- This site is optimized with the Yoast SEO plugin v27.4 - https:\/\/yoast.com\/product\/yoast-seo-wordpress\/ -->\n<title>Helga - DM haava<\/title>\n<meta name=\"robots\" content=\"index, follow, max-snippet:-1, max-image-preview:large, max-video-preview:-1\" \/>\n<link rel=\"canonical\" href=\"https:\/\/blogit.gradia.fi\/dmhaava\/\" \/>\n<meta property=\"og:locale\" content=\"fi_FI\" \/>\n<meta property=\"og:type\" content=\"article\" \/>\n<meta property=\"og:title\" content=\"Helga - DM haava\" \/>\n<meta property=\"og:description\" content=\"75V. Helga. Sairastaa DM2, HTA:ta, Munuaisten vajaatoimintaa, syd\u00e4men vajaatoiminta ja Parkinsonia Yksin asuva vanhmepi rouva. Tyt\u00e4r Tatyana auttelee sen mink\u00e4 omilta t\u00f6ilt\u00e4\u00e4n kerki\u00e4\u00e4. P\u00e4ivitt\u00e4iset askareet sujunut t\u00e4h\u00e4n asti ongelmitta, mutta nyt toimintakykyvss\u00e4 alkanut tulemaan huomattavaa heikentymist\u00e4. Muuttanut ven\u00e4j\u00e4lt\u00e4 suomeen l\u00e4hemm\u00e4s tyt\u00e4rt\u00e4ns\u00e4 jo 15 vuotta sitten.&nbsp; Kotihoito k\u00e4y kerranviikossa jakamassa l\u00e4\u00e4kkeet. H\u00e4nell\u00e4 on poika Igor jonka [&hellip;]\" \/>\n<meta property=\"og:url\" content=\"https:\/\/blogit.gradia.fi\/dmhaava\/\" \/>\n<meta property=\"og:site_name\" content=\"DM haava\" \/>\n<meta property=\"article:modified_time\" content=\"2020-02-19T07:19:13+00:00\" \/>\n<meta property=\"og:image\" content=\"https:\/\/blogit.gradia.fi\/dmhaava\/wp-content\/uploads\/sites\/160\/2020\/02\/people-2942839_960_720.jpg\" \/>\n<meta name=\"twitter:card\" content=\"summary_large_image\" \/>\n<meta name=\"twitter:label1\" content=\"Arvioitu lukuaika\" \/>\n\t<meta name=\"twitter:data1\" content=\"1 minuutti\" \/>\n<script type=\"application\/ld+json\" class=\"yoast-schema-graph\">{\"@context\":\"https:\\\/\\\/schema.org\",\"@graph\":[{\"@type\":\"WebPage\",\"@id\":\"https:\\\/\\\/blogit.gradia.fi\\\/dmhaava\\\/\",\"url\":\"https:\\\/\\\/blogit.gradia.fi\\\/dmhaava\\\/\",\"name\":\"Helga - DM haava\",\"isPartOf\":{\"@id\":\"https:\\\/\\\/blogit.gradia.fi\\\/dmhaava\\\/#website\"},\"primaryImageOfPage\":{\"@id\":\"https:\\\/\\\/blogit.gradia.fi\\\/dmhaava\\\/#primaryimage\"},\"image\":{\"@id\":\"https:\\\/\\\/blogit.gradia.fi\\\/dmhaava\\\/#primaryimage\"},\"thumbnailUrl\":\"https:\\\/\\\/blogit.gradia.fi\\\/dmhaava\\\/wp-content\\\/uploads\\\/sites\\\/160\\\/2020\\\/02\\\/people-2942839_960_720.jpg\",\"datePublished\":\"2020-02-04T08:20:12+00:00\",\"dateModified\":\"2020-02-19T07:19:13+00:00\",\"breadcrumb\":{\"@id\":\"https:\\\/\\\/blogit.gradia.fi\\\/dmhaava\\\/#breadcrumb\"},\"inLanguage\":\"fi\",\"potentialAction\":[{\"@type\":\"ReadAction\",\"target\":[\"https:\\\/\\\/blogit.gradia.fi\\\/dmhaava\\\/\"]}]},{\"@type\":\"ImageObject\",\"inLanguage\":\"fi\",\"@id\":\"https:\\\/\\\/blogit.gradia.fi\\\/dmhaava\\\/#primaryimage\",\"url\":\"https:\\\/\\\/blogit.gradia.fi\\\/dmhaava\\\/wp-content\\\/uploads\\\/sites\\\/160\\\/2020\\\/02\\\/people-2942839_960_720.jpg\",\"contentUrl\":\"https:\\\/\\\/blogit.gradia.fi\\\/dmhaava\\\/wp-content\\\/uploads\\\/sites\\\/160\\\/2020\\\/02\\\/people-2942839_960_720.jpg\",\"width\":960,\"height\":639},{\"@type\":\"BreadcrumbList\",\"@id\":\"https:\\\/\\\/blogit.gradia.fi\\\/dmhaava\\\/#breadcrumb\",\"itemListElement\":[{\"@type\":\"ListItem\",\"position\":1,\"name\":\"Home\",\"item\":\"https:\\\/\\\/blogit.gradia.fi\\\/dmhaava\\\/\"},{\"@type\":\"ListItem\",\"position\":2,\"name\":\"Helga\"}]},{\"@type\":\"WebSite\",\"@id\":\"https:\\\/\\\/blogit.gradia.fi\\\/dmhaava\\\/#website\",\"url\":\"https:\\\/\\\/blogit.gradia.fi\\\/dmhaava\\\/\",\"name\":\"DM haava\",\"description\":\"Uusi Gradia-blogit-sivustot -sivusto\",\"potentialAction\":[{\"@type\":\"SearchAction\",\"target\":{\"@type\":\"EntryPoint\",\"urlTemplate\":\"https:\\\/\\\/blogit.gradia.fi\\\/dmhaava\\\/?s={search_term_string}\"},\"query-input\":{\"@type\":\"PropertyValueSpecification\",\"valueRequired\":true,\"valueName\":\"search_term_string\"}}],\"inLanguage\":\"fi\"}]}<\/script>\n<!-- \/ Yoast SEO plugin. -->","yoast_head_json":{"title":"Helga - DM haava","robots":{"index":"index","follow":"follow","max-snippet":"max-snippet:-1","max-image-preview":"max-image-preview:large","max-video-preview":"max-video-preview:-1"},"canonical":"https:\/\/blogit.gradia.fi\/dmhaava\/","og_locale":"fi_FI","og_type":"article","og_title":"Helga - DM haava","og_description":"75V. Helga. Sairastaa DM2, HTA:ta, Munuaisten vajaatoimintaa, syd\u00e4men vajaatoiminta ja Parkinsonia Yksin asuva vanhmepi rouva. Tyt\u00e4r Tatyana auttelee sen mink\u00e4 omilta t\u00f6ilt\u00e4\u00e4n kerki\u00e4\u00e4. P\u00e4ivitt\u00e4iset askareet sujunut t\u00e4h\u00e4n asti ongelmitta, mutta nyt toimintakykyvss\u00e4 alkanut tulemaan huomattavaa heikentymist\u00e4. Muuttanut ven\u00e4j\u00e4lt\u00e4 suomeen l\u00e4hemm\u00e4s tyt\u00e4rt\u00e4ns\u00e4 jo 15 vuotta sitten.&nbsp; Kotihoito k\u00e4y kerranviikossa jakamassa l\u00e4\u00e4kkeet. H\u00e4nell\u00e4 on poika Igor jonka [&hellip;]","og_url":"https:\/\/blogit.gradia.fi\/dmhaava\/","og_site_name":"DM haava","article_modified_time":"2020-02-19T07:19:13+00:00","og_image":[{"url":"https:\/\/blogit.gradia.fi\/dmhaava\/wp-content\/uploads\/sites\/160\/2020\/02\/people-2942839_960_720.jpg","type":"","width":"","height":""}],"twitter_card":"summary_large_image","twitter_misc":{"Arvioitu lukuaika":"1 minuutti"},"schema":{"@context":"https:\/\/schema.org","@graph":[{"@type":"WebPage","@id":"https:\/\/blogit.gradia.fi\/dmhaava\/","url":"https:\/\/blogit.gradia.fi\/dmhaava\/","name":"Helga - DM haava","isPartOf":{"@id":"https:\/\/blogit.gradia.fi\/dmhaava\/#website"},"primaryImageOfPage":{"@id":"https:\/\/blogit.gradia.fi\/dmhaava\/#primaryimage"},"image":{"@id":"https:\/\/blogit.gradia.fi\/dmhaava\/#primaryimage"},"thumbnailUrl":"https:\/\/blogit.gradia.fi\/dmhaava\/wp-content\/uploads\/sites\/160\/2020\/02\/people-2942839_960_720.jpg","datePublished":"2020-02-04T08:20:12+00:00","dateModified":"2020-02-19T07:19:13+00:00","breadcrumb":{"@id":"https:\/\/blogit.gradia.fi\/dmhaava\/#breadcrumb"},"inLanguage":"fi","potentialAction":[{"@type":"ReadAction","target":["https:\/\/blogit.gradia.fi\/dmhaava\/"]}]},{"@type":"ImageObject","inLanguage":"fi","@id":"https:\/\/blogit.gradia.fi\/dmhaava\/#primaryimage","url":"https:\/\/blogit.gradia.fi\/dmhaava\/wp-content\/uploads\/sites\/160\/2020\/02\/people-2942839_960_720.jpg","contentUrl":"https:\/\/blogit.gradia.fi\/dmhaava\/wp-content\/uploads\/sites\/160\/2020\/02\/people-2942839_960_720.jpg","width":960,"height":639},{"@type":"BreadcrumbList","@id":"https:\/\/blogit.gradia.fi\/dmhaava\/#breadcrumb","itemListElement":[{"@type":"ListItem","position":1,"name":"Home","item":"https:\/\/blogit.gradia.fi\/dmhaava\/"},{"@type":"ListItem","position":2,"name":"Helga"}]},{"@type":"WebSite","@id":"https:\/\/blogit.gradia.fi\/dmhaava\/#website","url":"https:\/\/blogit.gradia.fi\/dmhaava\/","name":"DM haava","description":"Uusi Gradia-blogit-sivustot -sivusto","potentialAction":[{"@type":"SearchAction","target":{"@type":"EntryPoint","urlTemplate":"https:\/\/blogit.gradia.fi\/dmhaava\/?s={search_term_string}"},"query-input":{"@type":"PropertyValueSpecification","valueRequired":true,"valueName":"search_term_string"}}],"inLanguage":"fi"}]}},"uagb_featured_image_src":{"full":false,"thumbnail":false,"medium":false,"medium_large":false,"large":false,"1536x1536":false,"2048x2048":false,"post-thumbnail":false,"twentytwenty-fullscreen":false},"uagb_author_info":{"display_name":"Henry Tuimala","author_link":"https:\/\/blogit.gradia.fi\/dmhaava\/author\/gr242771\/"},"uagb_comment_info":1,"uagb_excerpt":"75V. Helga. Sairastaa DM2, HTA:ta, Munuaisten vajaatoimintaa, syd\u00e4men vajaatoiminta ja Parkinsonia Yksin asuva vanhmepi rouva. Tyt\u00e4r Tatyana auttelee sen mink\u00e4 omilta t\u00f6ilt\u00e4\u00e4n kerki\u00e4\u00e4. P\u00e4ivitt\u00e4iset askareet sujunut t\u00e4h\u00e4n asti ongelmitta, mutta nyt toimintakykyvss\u00e4 alkanut tulemaan huomattavaa heikentymist\u00e4. Muuttanut ven\u00e4j\u00e4lt\u00e4 suomeen l\u00e4hemm\u00e4s tyt\u00e4rt\u00e4ns\u00e4 jo 15 vuotta sitten.&nbsp; Kotihoito k\u00e4y kerranviikossa jakamassa l\u00e4\u00e4kkeet. H\u00e4nell\u00e4 on poika Igor jonka&hellip;","_links":{"self":[{"href":"https:\/\/blogit.gradia.fi\/dmhaava\/wp-json\/wp\/v2\/pages\/24","targetHints":{"allow":["GET"]}}],"collection":[{"href":"https:\/\/blogit.gradia.fi\/dmhaava\/wp-json\/wp\/v2\/pages"}],"about":[{"href":"https:\/\/blogit.gradia.fi\/dmhaava\/wp-json\/wp\/v2\/types\/page"}],"author":[{"embeddable":true,"href":"https:\/\/blogit.gradia.fi\/dmhaava\/wp-json\/wp\/v2\/users\/668"}],"replies":[{"embeddable":true,"href":"https:\/\/blogit.gradia.fi\/dmhaava\/wp-json\/wp\/v2\/comments?post=24"}],"version-history":[{"count":12,"href":"https:\/\/blogit.gradia.fi\/dmhaava\/wp-json\/wp\/v2\/pages\/24\/revisions"}],"predecessor-version":[{"id":95,"href":"https:\/\/blogit.gradia.fi\/dmhaava\/wp-json\/wp\/v2\/pages\/24\/revisions\/95"}],"wp:attachment":[{"href":"https:\/\/blogit.gradia.fi\/dmhaava\/wp-json\/wp\/v2\/media?parent=24"}],"curies":[{"name":"wp","href":"https:\/\/api.w.org\/{rel}","templated":true}]}}

<p>  75V. Helga. Sairastaa DM2, HTA:ta, Munuaisten vajaatoimintaa, sydämen vajaatoiminta ja Parkinsonia </p>



<p>Yksin asuva vanhmepi rouva. Tytär Tatyana auttelee sen minkä omilta töiltään kerkiää. Päivittäiset askareet sujunut tähän asti ongelmitta, mutta nyt toimintakykyvssä alkanut tulemaan huomattavaa heikentymistä. Muuttanut venäjältä suomeen lähemmäs tytärtänsä jo  15 vuotta sitten.&nbsp; Kotihoito käy kerranviikossa jakamassa lääkkeet. Hänellä on poika Igor jonka kanssa välit menneet elämän varrella solmuun raha-asioiden vuoksi. Igor asuu vielä venäjällä. Helgan on naimisissa Aviomiehensä Vladimirin kanssa, mutta Aviomies on vaikean muistisairautensa vuoksi ollut jo useamman vuoden tehostetussa palveluasumisessa täysin vuodepotilaana. Helgalla ollut tapana käydä katsomassa miestään usean kerran viikossa tyttärensä kanssa, mutta jalkojen kipeytymisen vuoksi ei ole pystynyt kulkemaan samalla tavalla kuin ennen.  Helga on asunut suurimman osan elämästään Venäjällä eikä kaikkia terveystietoja ole saatavilla. Helga ymmärtää suomea paremmin kuin puhuu. Hakeutuu päivystykseen jalkojen turvotuksen ja säryn vuoksi.</p>



<figure class="wp-block-image size-large"><img loading="lazy" decoding="async" width="960" height="639" src="https://blogit.gradia.fi/dmhaava/wp-content/uploads/sites/160/2020/02/people-2942839_960_720.jpg" alt="" class="wp-image-58" srcset="https://blogit.gradia.fi/dmhaava/wp-content/uploads/sites/160/2020/02/people-2942839_960_720.jpg 960w, https://blogit.gradia.fi/dmhaava/wp-content/uploads/sites/160/2020/02/people-2942839_960_720-300x200.jpg 300w, https://blogit.gradia.fi/dmhaava/wp-content/uploads/sites/160/2020/02/people-2942839_960_720-768x511.jpg 768w" sizes="auto, (max-width: 960px) 100vw, 960px" /></figure>

<p>75V. Helga. Sairastaa DM2, HTA:ta, Munuaisten vajaatoimintaa, sydämen vajaatoiminta ja Parkinsonia Yksin asuva vanhmepi rouva. Tytär Tatyana auttelee sen minkä omilta töiltään kerkiää. Päivittäiset askareet sujunut tähän asti ongelmitta, mutta nyt toimintakykyvssä alkanut tulemaan huomattavaa heikentymistä. Muuttanut venäjältä suomeen lähemmäs tytärtänsä jo 15 vuotta sitten.&nbsp; Kotihoito käy kerranviikossa jakamassa lääkkeet. Hänellä on poika Igor jonka [&hellip;]</p>

<!-- This site is optimized with the Yoast SEO plugin v27.4 - https://yoast.com/product/yoast-seo-wordpress/ -->
<title>Helga - DM haava</title>
<meta name="robots" content="index, follow, max-snippet:-1, max-image-preview:large, max-video-preview:-1" />
<link rel="canonical" href="https://blogit.gradia.fi/dmhaava/" />
<meta property="og:locale" content="fi_FI" />
<meta property="og:type" content="article" />
<meta property="og:title" content="Helga - DM haava" />
<meta property="og:description" content="75V. Helga. Sairastaa DM2, HTA:ta, Munuaisten vajaatoimintaa, sydämen vajaatoiminta ja Parkinsonia Yksin asuva vanhmepi rouva. Tytär Tatyana auttelee sen minkä omilta töiltään kerkiää. Päivittäiset askareet sujunut tähän asti ongelmitta, mutta nyt toimintakykyvssä alkanut tulemaan huomattavaa heikentymistä. Muuttanut venäjältä suomeen lähemmäs tytärtänsä jo 15 vuotta sitten.&nbsp; Kotihoito käy kerranviikossa jakamassa lääkkeet. Hänellä on poika Igor jonka [&hellip;]" />
<meta property="og:url" content="https://blogit.gradia.fi/dmhaava/" />
<meta property="og:site_name" content="DM haava" />
<meta property="article:modified_time" content="2020-02-19T07:19:13+00:00" />
<meta property="og:image" content="https://blogit.gradia.fi/dmhaava/wp-content/uploads/sites/160/2020/02/people-2942839_960_720.jpg" />
<meta name="twitter:card" content="summary_large_image" />
<meta name="twitter:label1" content="Arvioitu lukuaika" />
	<meta name="twitter:data1" content="1 minuutti" />
<script type="application/ld+json" class="yoast-schema-graph">{"@context":"https:\/\/schema.org","@graph":[{"@type":"WebPage","@id":"https:\/\/blogit.gradia.fi\/dmhaava\/","url":"https:\/\/blogit.gradia.fi\/dmhaava\/","name":"Helga - DM haava","isPartOf":{"@id":"https:\/\/blogit.gradia.fi\/dmhaava\/#website"},"primaryImageOfPage":{"@id":"https:\/\/blogit.gradia.fi\/dmhaava\/#primaryimage"},"image":{"@id":"https:\/\/blogit.gradia.fi\/dmhaava\/#primaryimage"},"thumbnailUrl":"https:\/\/blogit.gradia.fi\/dmhaava\/wp-content\/uploads\/sites\/160\/2020\/02\/people-2942839_960_720.jpg","datePublished":"2020-02-04T08:20:12+00:00","dateModified":"2020-02-19T07:19:13+00:00","breadcrumb":{"@id":"https:\/\/blogit.gradia.fi\/dmhaava\/#breadcrumb"},"inLanguage":"fi","potentialAction":[{"@type":"ReadAction","target":["https:\/\/blogit.gradia.fi\/dmhaava\/"]}]},{"@type":"ImageObject","inLanguage":"fi","@id":"https:\/\/blogit.gradia.fi\/dmhaava\/#primaryimage","url":"https:\/\/blogit.gradia.fi\/dmhaava\/wp-content\/uploads\/sites\/160\/2020\/02\/people-2942839_960_720.jpg","contentUrl":"https:\/\/blogit.gradia.fi\/dmhaava\/wp-content\/uploads\/sites\/160\/2020\/02\/people-2942839_960_720.jpg","width":960,"height":639},{"@type":"BreadcrumbList","@id":"https:\/\/blogit.gradia.fi\/dmhaava\/#breadcrumb","itemListElement":[{"@type":"ListItem","position":1,"name":"Home","item":"https:\/\/blogit.gradia.fi\/dmhaava\/"},{"@type":"ListItem","position":2,"name":"Helga"}]},{"@type":"WebSite","@id":"https:\/\/blogit.gradia.fi\/dmhaava\/#website","url":"https:\/\/blogit.gradia.fi\/dmhaava\/","name":"DM haava","description":"Uusi Gradia-blogit-sivustot -sivusto","potentialAction":[{"@type":"SearchAction","target":{"@type":"EntryPoint","urlTemplate":"https:\/\/blogit.gradia.fi\/dmhaava\/?s={search_term_string}"},"query-input":{"@type":"PropertyValueSpecification","valueRequired":true,"valueName":"search_term_string"}}],"inLanguage":"fi"}]}</script>
<!-- / Yoast SEO plugin. -->

75V. Helga. Sairastaa DM2, HTA:ta, Munuaisten vajaatoimintaa, sydämen vajaatoiminta ja Parkinsonia Yksin asuva vanhmepi rouva. Tytär Tatyana auttelee sen minkä omilta töiltään kerkiää. Päivittäiset askareet sujunut tähän asti ongelmitta, mutta nyt toimintakykyvssä alkanut tulemaan huomattavaa heikentymistä. Muuttanut venäjältä suomeen lähemmäs tytärtänsä jo 15 vuotta sitten.&nbsp; Kotihoito käy kerranviikossa jakamassa lääkkeet. Hänellä on poika Igor jonka [&hellip;]

75V. Helga. Sairastaa DM2, HTA:ta, Munuaisten vajaatoimintaa, sydämen vajaatoiminta ja Parkinsonia Yksin asuva vanhmepi rouva. Tytär Tatyana auttelee sen minkä omilta töiltään kerkiää. Päivittäiset askareet sujunut tähän asti ongelmitta, mutta nyt toimintakykyvssä alkanut tulemaan huomattavaa heikentymistä. Muuttanut venäjältä suomeen lähemmäs tytärtänsä jo 15 vuotta sitten.&nbsp; Kotihoito käy kerranviikossa jakamassa lääkkeet. Hänellä on poika Igor jonka&hellip;
