{"id":438,"date":"2018-09-14T22:37:38","date_gmt":"2018-09-14T19:37:38","guid":{"rendered":"https:\/\/blogit.gradia.fi\/digivalinnainen\/?page_id=438"},"modified":"2020-01-23T10:55:40","modified_gmt":"2020-01-23T08:55:40","slug":"itsearvionti","status":"publish","type":"page","link":"https:\/\/blogit.gradia.fi\/digivalinnainen\/itsearvionti\/","title":{"rendered":"7 Itsearviointi"},"content":{"rendered":"<p>Avaa uusi <a href=\"http:\/\/office.gradia.fi\"><em>Sway<\/em>-esitys<\/a>. Tee kaikki sis\u00e4lt\u00f6 samaan esitykseen.<\/p>\n<p>Kirjoita otsikoksi <em>Teht\u00e4v\u00e4 7 \u2013 Itsearviointi<\/em>.<\/p>\n<p>Tee esitys, joka kuvaa osaamistasi.<\/p>\n<ol>\n<li>K\u00e4y l\u00e4pi kaikki kurssilla tekem\u00e4si omat teht\u00e4v\u00e4si. Vastaa teht\u00e4viesi perusteella seuraaviin kysymyksiin.<\/li>\n<li>Kerro, mit\u00e4 olet oppinut ja mik\u00e4 on j\u00e4\u00e4nyt oppimatta. <em>Perustele!<\/em><\/li>\n<li>Kerro, mink\u00e4 teht\u00e4v\u00e4n olet tehnyt mielest\u00e4si parhaiten. <em>Perustele!<\/em><br \/>\nOta kuvakaappaus aiheeseen liittyen.<\/li>\n<li>Kerro, miten olet suoriutunut teht\u00e4vist\u00e4si. Kerro, oletko tarvinnut paljon apua.<\/li>\n<li>Kerro, mink\u00e4 arvosanan antaisit itsellesi koko kurssista. <em>Perustele!<\/em><\/li>\n<li>Muokkaa esityst\u00e4 haluamallasi tavalla niin, ett\u00e4 siit\u00e4 n\u00e4kee osaamisesi.<br \/>\nHy\u00f6dynn\u00e4 kuvakaappauksia ja visuaalisia efektej\u00e4.<\/li>\n<\/ol>\n<p>Palauta valmiin esityksesi <em>Sway<\/em>-linkki opettajallesi <a href=\"http:\/\/wilma.gradia.fi\"><em>Wilma<\/em>-viestill\u00e4<\/a> <span class=\"TextRun  BCX1 SCXW185243607\" lang=\"FI-FI\" xml:lang=\"FI-FI\" data-contrast=\"none\"><span class=\"NormalTextRun  BCX1 SCXW185243607\">tai OneDrive kansioon<\/span><\/span>. K\u00e4yt\u00e4 vain ja ainoastaan jo edell\u00e4 luotua <em>Wilma<\/em>-viestiketjua!<\/p>\n<p><strong>L\u00e4het\u00e4 lis\u00e4ksi s\u00e4hk\u00f6postiviesti opettajalle, ett\u00e4 olet saanut digivalinnaisen teht\u00e4v\u00e4t valmiiksi.<\/strong><\/p>\n","protected":false},"excerpt":{"rendered":"<p>Avaa uusi Sway-esitys. Tee kaikki sis\u00e4lt\u00f6 samaan esitykseen. Kirjoita otsikoksi Teht\u00e4v\u00e4 7 \u2013 Itsearviointi. Tee esitys, joka kuvaa osaamistasi. K\u00e4y l\u00e4pi kaikki kurssilla tekem\u00e4si omat teht\u00e4v\u00e4si. Vastaa teht\u00e4viesi perusteella seuraaviin kysymyksiin. Kerro, mit\u00e4 olet oppinut ja mik\u00e4 on j\u00e4\u00e4nyt oppimatta. Perustele! Kerro, mink\u00e4 teht\u00e4v\u00e4n olet tehnyt mielest\u00e4si parhaiten. Perustele! Ota kuvakaappaus aiheeseen liittyen. Kerro, miten &hellip; <a href=\"https:\/\/blogit.gradia.fi\/digivalinnainen\/itsearvionti\/\" class=\"more-link\">Jatka lukemista <span class=\"screen-reader-text\">7 Itsearviointi<\/span> <span class=\"meta-nav\">&rarr;<\/span><\/a><\/p>\n","protected":false},"author":111,"featured_media":0,"parent":0,"menu_order":0,"comment_status":"closed","ping_status":"closed","template":"","meta":{"_uag_custom_page_level_css":"","footnotes":""},"class_list":["post-438","page","type-page","status-publish","hentry"],"yoast_head":"<!-- This site is optimized with the Yoast SEO plugin v27.2 - https:\/\/yoast.com\/product\/yoast-seo-wordpress\/ -->\n<title>7 Itsearviointi - Tieto- ja viestint\u00e4tekniikka sek\u00e4 sen hy\u00f6dynt\u00e4minen, valinnainen<\/title>\n<meta name=\"robots\" content=\"index, follow, max-snippet:-1, max-image-preview:large, max-video-preview:-1\" \/>\n<link rel=\"canonical\" href=\"https:\/\/blogit.gradia.fi\/digivalinnainen\/itsearvionti\/\" \/>\n<meta property=\"og:locale\" content=\"fi_FI\" \/>\n<meta property=\"og:type\" content=\"article\" \/>\n<meta property=\"og:title\" content=\"7 Itsearviointi - Tieto- ja viestint\u00e4tekniikka sek\u00e4 sen hy\u00f6dynt\u00e4minen, valinnainen\" \/>\n<meta property=\"og:description\" content=\"Avaa uusi Sway-esitys. Tee kaikki sis\u00e4lt\u00f6 samaan esitykseen. Kirjoita otsikoksi Teht\u00e4v\u00e4 7 \u2013 Itsearviointi. Tee esitys, joka kuvaa osaamistasi. K\u00e4y l\u00e4pi kaikki kurssilla tekem\u00e4si omat teht\u00e4v\u00e4si. Vastaa teht\u00e4viesi perusteella seuraaviin kysymyksiin. Kerro, mit\u00e4 olet oppinut ja mik\u00e4 on j\u00e4\u00e4nyt oppimatta. Perustele! Kerro, mink\u00e4 teht\u00e4v\u00e4n olet tehnyt mielest\u00e4si parhaiten. Perustele! Ota kuvakaappaus aiheeseen liittyen. Kerro, miten &hellip; Jatka lukemista 7 Itsearviointi &rarr;\" \/>\n<meta property=\"og:url\" content=\"https:\/\/blogit.gradia.fi\/digivalinnainen\/itsearvionti\/\" \/>\n<meta property=\"og:site_name\" content=\"Tieto- ja viestint\u00e4tekniikka sek\u00e4 sen hy\u00f6dynt\u00e4minen, valinnainen\" \/>\n<meta property=\"article:modified_time\" content=\"2020-01-23T08:55:40+00:00\" \/>\n<meta name=\"twitter:card\" content=\"summary_large_image\" \/>\n<meta name=\"twitter:label1\" content=\"Arvioitu lukuaika\" \/>\n\t<meta name=\"twitter:data1\" content=\"1 minuutti\" \/>\n<script type=\"application\/ld+json\" class=\"yoast-schema-graph\">{\"@context\":\"https:\/\/schema.org\",\"@graph\":[{\"@type\":\"WebPage\",\"@id\":\"https:\/\/blogit.gradia.fi\/digivalinnainen\/itsearvionti\/\",\"url\":\"https:\/\/blogit.gradia.fi\/digivalinnainen\/itsearvionti\/\",\"name\":\"7 Itsearviointi - Tieto- ja viestint\u00e4tekniikka sek\u00e4 sen hy\u00f6dynt\u00e4minen, valinnainen\",\"isPartOf\":{\"@id\":\"https:\/\/blogit.gradia.fi\/digivalinnainen\/#website\"},\"datePublished\":\"2018-09-14T19:37:38+00:00\",\"dateModified\":\"2020-01-23T08:55:40+00:00\",\"inLanguage\":\"fi\",\"potentialAction\":[{\"@type\":\"ReadAction\",\"target\":[\"https:\/\/blogit.gradia.fi\/digivalinnainen\/itsearvionti\/\"]}]},{\"@type\":\"WebSite\",\"@id\":\"https:\/\/blogit.gradia.fi\/digivalinnainen\/#website\",\"url\":\"https:\/\/blogit.gradia.fi\/digivalinnainen\/\",\"name\":\"Tieto- ja viestint\u00e4tekniikka sek\u00e4 sen hy\u00f6dynt\u00e4minen, valinnainen\",\"description\":\"\",\"potentialAction\":[{\"@type\":\"SearchAction\",\"target\":{\"@type\":\"EntryPoint\",\"urlTemplate\":\"https:\/\/blogit.gradia.fi\/digivalinnainen\/?s={search_term_string}\"},\"query-input\":{\"@type\":\"PropertyValueSpecification\",\"valueRequired\":true,\"valueName\":\"search_term_string\"}}],\"inLanguage\":\"fi\"}]}<\/script>\n<!-- \/ Yoast SEO plugin. -->","yoast_head_json":{"title":"7 Itsearviointi - Tieto- ja viestint\u00e4tekniikka sek\u00e4 sen hy\u00f6dynt\u00e4minen, valinnainen","robots":{"index":"index","follow":"follow","max-snippet":"max-snippet:-1","max-image-preview":"max-image-preview:large","max-video-preview":"max-video-preview:-1"},"canonical":"https:\/\/blogit.gradia.fi\/digivalinnainen\/itsearvionti\/","og_locale":"fi_FI","og_type":"article","og_title":"7 Itsearviointi - Tieto- ja viestint\u00e4tekniikka sek\u00e4 sen hy\u00f6dynt\u00e4minen, valinnainen","og_description":"Avaa uusi Sway-esitys. Tee kaikki sis\u00e4lt\u00f6 samaan esitykseen. Kirjoita otsikoksi Teht\u00e4v\u00e4 7 \u2013 Itsearviointi. Tee esitys, joka kuvaa osaamistasi. K\u00e4y l\u00e4pi kaikki kurssilla tekem\u00e4si omat teht\u00e4v\u00e4si. Vastaa teht\u00e4viesi perusteella seuraaviin kysymyksiin. Kerro, mit\u00e4 olet oppinut ja mik\u00e4 on j\u00e4\u00e4nyt oppimatta. Perustele! Kerro, mink\u00e4 teht\u00e4v\u00e4n olet tehnyt mielest\u00e4si parhaiten. Perustele! Ota kuvakaappaus aiheeseen liittyen. Kerro, miten &hellip; Jatka lukemista 7 Itsearviointi &rarr;","og_url":"https:\/\/blogit.gradia.fi\/digivalinnainen\/itsearvionti\/","og_site_name":"Tieto- ja viestint\u00e4tekniikka sek\u00e4 sen hy\u00f6dynt\u00e4minen, valinnainen","article_modified_time":"2020-01-23T08:55:40+00:00","twitter_card":"summary_large_image","twitter_misc":{"Arvioitu lukuaika":"1 minuutti"},"schema":{"@context":"https:\/\/schema.org","@graph":[{"@type":"WebPage","@id":"https:\/\/blogit.gradia.fi\/digivalinnainen\/itsearvionti\/","url":"https:\/\/blogit.gradia.fi\/digivalinnainen\/itsearvionti\/","name":"7 Itsearviointi - Tieto- ja viestint\u00e4tekniikka sek\u00e4 sen hy\u00f6dynt\u00e4minen, valinnainen","isPartOf":{"@id":"https:\/\/blogit.gradia.fi\/digivalinnainen\/#website"},"datePublished":"2018-09-14T19:37:38+00:00","dateModified":"2020-01-23T08:55:40+00:00","inLanguage":"fi","potentialAction":[{"@type":"ReadAction","target":["https:\/\/blogit.gradia.fi\/digivalinnainen\/itsearvionti\/"]}]},{"@type":"WebSite","@id":"https:\/\/blogit.gradia.fi\/digivalinnainen\/#website","url":"https:\/\/blogit.gradia.fi\/digivalinnainen\/","name":"Tieto- ja viestint\u00e4tekniikka sek\u00e4 sen hy\u00f6dynt\u00e4minen, valinnainen","description":"","potentialAction":[{"@type":"SearchAction","target":{"@type":"EntryPoint","urlTemplate":"https:\/\/blogit.gradia.fi\/digivalinnainen\/?s={search_term_string}"},"query-input":{"@type":"PropertyValueSpecification","valueRequired":true,"valueName":"search_term_string"}}],"inLanguage":"fi"}]}},"uagb_featured_image_src":{"full":false,"thumbnail":false,"medium":false,"medium_large":false,"large":false,"1536x1536":false,"2048x2048":false,"post-thumbnail":false},"uagb_author_info":{"display_name":"Hannu Tabell","author_link":"https:\/\/blogit.gradia.fi\/digivalinnainen\/author\/htabell\/"},"uagb_comment_info":0,"uagb_excerpt":"Avaa uusi Sway-esitys. Tee kaikki sis\u00e4lt\u00f6 samaan esitykseen. Kirjoita otsikoksi Teht\u00e4v\u00e4 7 \u2013 Itsearviointi. Tee esitys, joka kuvaa osaamistasi. K\u00e4y l\u00e4pi kaikki kurssilla tekem\u00e4si omat teht\u00e4v\u00e4si. Vastaa teht\u00e4viesi perusteella seuraaviin kysymyksiin. Kerro, mit\u00e4 olet oppinut ja mik\u00e4 on j\u00e4\u00e4nyt oppimatta. Perustele! Kerro, mink\u00e4 teht\u00e4v\u00e4n olet tehnyt mielest\u00e4si parhaiten. Perustele! Ota kuvakaappaus aiheeseen liittyen. Kerro, miten&hellip;","_links":{"self":[{"href":"https:\/\/blogit.gradia.fi\/digivalinnainen\/wp-json\/wp\/v2\/pages\/438","targetHints":{"allow":["GET"]}}],"collection":[{"href":"https:\/\/blogit.gradia.fi\/digivalinnainen\/wp-json\/wp\/v2\/pages"}],"about":[{"href":"https:\/\/blogit.gradia.fi\/digivalinnainen\/wp-json\/wp\/v2\/types\/page"}],"author":[{"embeddable":true,"href":"https:\/\/blogit.gradia.fi\/digivalinnainen\/wp-json\/wp\/v2\/users\/111"}],"replies":[{"embeddable":true,"href":"https:\/\/blogit.gradia.fi\/digivalinnainen\/wp-json\/wp\/v2\/comments?post=438"}],"version-history":[{"count":5,"href":"https:\/\/blogit.gradia.fi\/digivalinnainen\/wp-json\/wp\/v2\/pages\/438\/revisions"}],"predecessor-version":[{"id":485,"href":"https:\/\/blogit.gradia.fi\/digivalinnainen\/wp-json\/wp\/v2\/pages\/438\/revisions\/485"}],"wp:attachment":[{"href":"https:\/\/blogit.gradia.fi\/digivalinnainen\/wp-json\/wp\/v2\/media?parent=438"}],"curies":[{"name":"wp","href":"https:\/\/api.w.org\/{rel}","templated":true}]}}