{"id":98,"date":"2021-06-09T14:07:37","date_gmt":"2021-06-09T11:07:37","guid":{"rendered":"https:\/\/blogit.gradia.fi\/digitoast\/?page_id=98"},"modified":"2021-08-18T12:16:30","modified_gmt":"2021-08-18T09:16:30","slug":"taydennyskoulutukset","status":"publish","type":"page","link":"https:\/\/blogit.gradia.fi\/digitoast\/taydennyskoulutukset\/","title":{"rendered":"T\u00e4ydennyskoulutukset"},"content":{"rendered":"\t\t<div data-elementor-type=\"wp-page\" data-elementor-id=\"98\" class=\"elementor elementor-98\">\n\t\t\t\t\t\t<section class=\"elementor-section elementor-top-section elementor-element elementor-element-10c61f6 elementor-section-height-min-height elementor-section-full_width elementor-section-items-bottom elementor-section-height-default\" data-id=\"10c61f6\" data-element_type=\"section\" data-e-type=\"section\" data-settings=\"{&quot;background_background&quot;:&quot;classic&quot;}\">\n\t\t\t\t\t\t<div class=\"elementor-container elementor-column-gap-default\">\n\t\t\t\t\t<div class=\"elementor-column elementor-col-100 elementor-top-column elementor-element elementor-element-32322f9a\" data-id=\"32322f9a\" data-element_type=\"column\" data-e-type=\"column\">\n\t\t\t<div class=\"elementor-widget-wrap elementor-element-populated\">\n\t\t\t\t\t\t<div class=\"elementor-element elementor-element-a494ccc elementor-widget elementor-widget-heading\" data-id=\"a494ccc\" data-element_type=\"widget\" data-e-type=\"widget\" data-widget_type=\"heading.default\">\n\t\t\t\t<div class=\"elementor-widget-container\">\n\t\t\t\t\t<h3 class=\"elementor-heading-title elementor-size-default\"><a href=\"https:\/\/blogit.gradia.fi\/digitoast\/\">DigiTOAST-HANKE<\/a><\/h3>\t\t\t\t<\/div>\n\t\t\t\t<\/div>\n\t\t\t\t<div class=\"elementor-element elementor-element-6eec2742 elementor-widget elementor-widget-text-editor\" data-id=\"6eec2742\" data-element_type=\"widget\" data-e-type=\"widget\" data-widget_type=\"text-editor.default\">\n\t\t\t\t<div class=\"elementor-widget-container\">\n\t\t\t\t\t\t\t\t\t<p>Digitaitavat toisen asteen opettajat<\/p><p><img decoding=\"async\" class=\"alignnone size-medium wp-image-203\" src=\"https:\/\/blogit.gradia.fi\/digitoast\/wp-content\/uploads\/sites\/197\/2021\/06\/Digitoast_LOGOS-1-300x46.png\" alt=\"\" width=\"300\" height=\"46\" srcset=\"https:\/\/blogit.gradia.fi\/digitoast\/wp-content\/uploads\/sites\/197\/2021\/06\/Digitoast_LOGOS-1-300x46.png 300w, https:\/\/blogit.gradia.fi\/digitoast\/wp-content\/uploads\/sites\/197\/2021\/06\/Digitoast_LOGOS-1-768x119.png 768w, https:\/\/blogit.gradia.fi\/digitoast\/wp-content\/uploads\/sites\/197\/2021\/06\/Digitoast_LOGOS-1.png 972w\" sizes=\"(max-width: 300px) 100vw, 300px\" \/><\/p>\t\t\t\t\t\t\t\t<\/div>\n\t\t\t\t<\/div>\n\t\t\t\t\t<\/div>\n\t\t<\/div>\n\t\t\t\t\t<\/div>\n\t\t<\/section>\n\t\t\t\t<section class=\"elementor-section elementor-top-section elementor-element elementor-element-6f08063b elementor-section-boxed elementor-section-height-default elementor-section-height-default\" data-id=\"6f08063b\" data-element_type=\"section\" data-e-type=\"section\">\n\t\t\t\t\t\t<div class=\"elementor-container elementor-column-gap-no\">\n\t\t\t\t\t<div class=\"elementor-column elementor-col-100 elementor-top-column elementor-element elementor-element-6b04c2c3\" data-id=\"6b04c2c3\" data-element_type=\"column\" data-e-type=\"column\">\n\t\t\t<div class=\"elementor-widget-wrap elementor-element-populated\">\n\t\t\t\t\t\t<div class=\"elementor-element elementor-element-2e7b230e elementor-widget elementor-widget-heading\" data-id=\"2e7b230e\" data-element_type=\"widget\" data-e-type=\"widget\" data-widget_type=\"heading.default\">\n\t\t\t\t<div class=\"elementor-widget-container\">\n\t\t\t\t\t<h2 class=\"elementor-heading-title elementor-size-large\">Digitoast - digitaitavat toisen asteen opettajat<\/h2>\t\t\t\t<\/div>\n\t\t\t\t<\/div>\n\t\t\t\t\t<\/div>\n\t\t<\/div>\n\t\t\t\t\t<\/div>\n\t\t<\/section>\n\t\t\t\t<section class=\"elementor-section elementor-top-section elementor-element elementor-element-213c64fd elementor-section-boxed elementor-section-height-default elementor-section-height-default\" data-id=\"213c64fd\" data-element_type=\"section\" data-e-type=\"section\">\n\t\t\t\t\t\t<div class=\"elementor-container elementor-column-gap-default\">\n\t\t\t\t\t<div class=\"elementor-column elementor-col-100 elementor-top-column elementor-element elementor-element-474afe0b\" data-id=\"474afe0b\" data-element_type=\"column\" data-e-type=\"column\">\n\t\t\t<div class=\"elementor-widget-wrap elementor-element-populated\">\n\t\t\t\t\t\t<div class=\"elementor-element elementor-element-58a8e747 elementor-widget elementor-widget-heading\" data-id=\"58a8e747\" data-element_type=\"widget\" data-e-type=\"widget\" data-widget_type=\"heading.default\">\n\t\t\t\t<div class=\"elementor-widget-container\">\n\t\t\t\t\t<h2 class=\"elementor-heading-title elementor-size-large\">Mik\u00e4 on DIgitoast-hanke?<\/h2>\t\t\t\t<\/div>\n\t\t\t\t<\/div>\n\t\t\t\t\t<\/div>\n\t\t<\/div>\n\t\t\t\t\t<\/div>\n\t\t<\/section>\n\t\t\t\t<section class=\"elementor-section elementor-top-section elementor-element elementor-element-3fdb628 elementor-section-boxed elementor-section-height-default elementor-section-height-default\" data-id=\"3fdb628\" data-element_type=\"section\" data-e-type=\"section\">\n\t\t\t\t\t\t<div class=\"elementor-container elementor-column-gap-default\">\n\t\t\t\t\t<div class=\"elementor-column elementor-col-16 elementor-top-column elementor-element elementor-element-4f5a036\" data-id=\"4f5a036\" data-element_type=\"column\" data-e-type=\"column\">\n\t\t\t<div class=\"elementor-widget-wrap\">\n\t\t\t\t\t\t\t<\/div>\n\t\t<\/div>\n\t\t\t\t<div class=\"elementor-column elementor-col-66 elementor-top-column elementor-element elementor-element-0c7758f\" data-id=\"0c7758f\" data-element_type=\"column\" data-e-type=\"column\">\n\t\t\t<div class=\"elementor-widget-wrap elementor-element-populated\">\n\t\t\t\t\t\t<div class=\"elementor-element elementor-element-d8fcd31 elementor-widget elementor-widget-text-editor\" data-id=\"d8fcd31\" data-element_type=\"widget\" data-e-type=\"widget\" data-widget_type=\"text-editor.default\">\n\t\t\t\t<div class=\"elementor-widget-container\">\n\t\t\t\t\t\t\t\t\t<p>DigiTOAST -hanke antaa toisen asteen opettajille mahdollisuuden kehitt\u00e4\u00e4 omaa digipedagogista osaamistaan sek\u00e4 mahdollistaa opettajille uusien ja tulevaisuuden teknologioiden k\u00e4yt\u00f6n osana omaa opetustaan. Koulutuksien avulla tarjotaan teoriaa, taustaa ja vahvistusta opettajien taidoille, jotka he ovat Covid-19-pandemian aikana ottaneet k\u00e4ytt\u00f6\u00f6ns\u00e4.\u00a0 Hankkeen tavoitteena on kouluttaa erityisesti digipedagogisesti osaavia ja taitavia toisen asteen opettaja.<\/p><div>Hankkeessa toteutetaan koulutuksia nelj\u00e4st\u00e4 eri teemasta. Kaikki nelj\u00e4 koulutusosiota j\u00e4rjestet\u00e4\u00e4n kolme kertaa vuoden 2022 loppuun menness\u00e4. Osallistuva opettaja voi osallistua yhteen tai kaikkiin koulutusosioihin.<\/div><div>\u00a0<\/div><div>Koulutuksissa pyrit\u00e4\u00e4n verkostoimaan my\u00f6s osallistuvia opettajia ja heit\u00e4 rohkaistaan jakamaan osaamistaan laajemmin omassa oppilaitoksessaan. Kaikki koulutusosiot p\u00e4\u00e4ttyv\u00e4t loppuwebinaareihin, joissa opettajat esittelev\u00e4t koulutuksen aikana toteuttamiaan kehitt\u00e4mishankkeita. Loppuwebinaarit nauhoitetaan ja tallennetaan aoe.fi palveluun.\u00a0<\/div><div>\u00a0<\/div><div>Hankkeen p\u00e4\u00e4toteuttaja on Jyv\u00e4skyl\u00e4n koulutuskuntayhtym\u00e4 Gradia. Yhteisty\u00f6kumppanina toimii Pohjoisen Keski-Suomen ammattiopisto (Poke) ja hankkeen muina kouluttajina L\u00e4nsi- ja Sis\u00e4-Suomen AVI sek\u00e4 JAMK:in ammatillinen opettajan koulutus.\u00a0<\/div><div>\u00a0<\/div><div>Hanke p\u00e4\u00e4ttyy vuoden 2022 lopussa.<\/div>\t\t\t\t\t\t\t\t<\/div>\n\t\t\t\t<\/div>\n\t\t\t\t\t<\/div>\n\t\t<\/div>\n\t\t\t\t<div class=\"elementor-column elementor-col-16 elementor-top-column elementor-element elementor-element-5a71603\" data-id=\"5a71603\" data-element_type=\"column\" data-e-type=\"column\">\n\t\t\t<div class=\"elementor-widget-wrap\">\n\t\t\t\t\t\t\t<\/div>\n\t\t<\/div>\n\t\t\t\t\t<\/div>\n\t\t<\/section>\n\t\t\t\t<section class=\"elementor-section elementor-top-section elementor-element elementor-element-7538081a elementor-section-boxed elementor-section-height-default elementor-section-height-default\" data-id=\"7538081a\" data-element_type=\"section\" data-e-type=\"section\">\n\t\t\t\t\t\t<div class=\"elementor-container elementor-column-gap-default\">\n\t\t\t\t\t<div class=\"elementor-column elementor-col-100 elementor-top-column elementor-element elementor-element-6af34b70\" data-id=\"6af34b70\" data-element_type=\"column\" data-e-type=\"column\">\n\t\t\t<div class=\"elementor-widget-wrap elementor-element-populated\">\n\t\t\t\t\t\t<div class=\"elementor-element elementor-element-301376ce elementor-widget-divider--view-line elementor-widget elementor-widget-divider\" data-id=\"301376ce\" data-element_type=\"widget\" data-e-type=\"widget\" data-widget_type=\"divider.default\">\n\t\t\t\t<div class=\"elementor-widget-container\">\n\t\t\t\t\t\t\t<div class=\"elementor-divider\">\n\t\t\t<span class=\"elementor-divider-separator\">\n\t\t\t\t\t\t<\/span>\n\t\t<\/div>\n\t\t\t\t\t\t<\/div>\n\t\t\t\t<\/div>\n\t\t\t\t\t<\/div>\n\t\t<\/div>\n\t\t\t\t\t<\/div>\n\t\t<\/section>\n\t\t\t\t<section class=\"elementor-section elementor-top-section elementor-element elementor-element-7e08a43a elementor-section-boxed elementor-section-height-default elementor-section-height-default\" data-id=\"7e08a43a\" data-element_type=\"section\" data-e-type=\"section\">\n\t\t\t\t\t\t<div class=\"elementor-container elementor-column-gap-default\">\n\t\t\t\t\t<div class=\"elementor-column elementor-col-50 elementor-top-column elementor-element elementor-element-1f9bedf8\" data-id=\"1f9bedf8\" data-element_type=\"column\" data-e-type=\"column\">\n\t\t\t<div class=\"elementor-widget-wrap elementor-element-populated\">\n\t\t\t\t\t\t<div class=\"elementor-element elementor-element-3a90012e elementor-widget elementor-widget-facebook-page\" data-id=\"3a90012e\" data-element_type=\"widget\" data-e-type=\"widget\" data-widget_type=\"facebook-page.default\">\n\t\t\t\t<div class=\"elementor-widget-container\">\n\t\t\t\t\t \t\t\t\t<\/div>\n\t\t\t\t<\/div>\n\t\t\t\t\t<\/div>\n\t\t<\/div>\n\t\t\t\t<div class=\"elementor-column elementor-col-50 elementor-top-column elementor-element elementor-element-977908c\" data-id=\"977908c\" data-element_type=\"column\" data-e-type=\"column\">\n\t\t\t<div class=\"elementor-widget-wrap elementor-element-populated\">\n\t\t\t\t\t\t<div class=\"elementor-element elementor-element-618263dc elementor-widget elementor-widget-text-editor\" data-id=\"618263dc\" data-element_type=\"widget\" data-e-type=\"widget\" data-widget_type=\"text-editor.default\">\n\t\t\t\t<div class=\"elementor-widget-container\">\n\t\t\t\t\t\t\t\t\t<h1>Lis\u00e4tietoja<\/h1><p>digitoast@gradia.fi<\/p><p>tai\u00a0<\/p><p>DigiTOAST -projektip\u00e4\u00e4llikk\u00f6<\/p><p>Heini Pennanen,<br \/>etunimi.sukunimi@gradia.fi<\/p>\t\t\t\t\t\t\t\t<\/div>\n\t\t\t\t<\/div>\n\t\t\t\t\t<\/div>\n\t\t<\/div>\n\t\t\t\t\t<\/div>\n\t\t<\/section>\n\t\t\t\t<section class=\"elementor-section elementor-top-section elementor-element elementor-element-6391f51f elementor-section-full_width elementor-section-height-min-height elementor-section-items-bottom elementor-section-height-default\" data-id=\"6391f51f\" data-element_type=\"section\" data-e-type=\"section\" data-settings=\"{&quot;background_background&quot;:&quot;classic&quot;}\">\n\t\t\t\t\t\t<div class=\"elementor-container elementor-column-gap-custom\">\n\t\t\t\t\t<div class=\"elementor-column elementor-col-100 elementor-top-column elementor-element elementor-element-57d605f8\" data-id=\"57d605f8\" data-element_type=\"column\" data-e-type=\"column\">\n\t\t\t<div class=\"elementor-widget-wrap\">\n\t\t\t\t\t\t\t<\/div>\n\t\t<\/div>\n\t\t\t\t\t<\/div>\n\t\t<\/section>\n\t\t\t\t<\/div>\n\t\t","protected":false},"excerpt":{"rendered":"<p>DigiTOAST-HANKE Digitaitavat toisen asteen opettajat Digitoast &#8211; digitaitavat toisen asteen opettajat Mik\u00e4 on DIgitoast-hanke? DigiTOAST -hanke antaa toisen asteen opettajille mahdollisuuden kehitt\u00e4\u00e4 omaa digipedagogista osaamistaan sek\u00e4 mahdollistaa opettajille uusien ja [&hellip;]<\/p>\n","protected":false},"author":421,"featured_media":0,"parent":0,"menu_order":0,"comment_status":"closed","ping_status":"closed","template":"","meta":{"_uag_custom_page_level_css":"","footnotes":""},"class_list":["post-98","page","type-page","status-publish","hentry"],"yoast_head":"<!-- This site is optimized with the Yoast SEO plugin v27.5 - https:\/\/yoast.com\/product\/yoast-seo-wordpress\/ -->\n<title>T\u00e4ydennyskoulutukset -<\/title>\n<meta name=\"robots\" content=\"index, follow, max-snippet:-1, max-image-preview:large, max-video-preview:-1\" \/>\n<link rel=\"canonical\" href=\"https:\/\/blogit.gradia.fi\/digitoast\/taydennyskoulutukset\/\" \/>\n<meta property=\"og:locale\" content=\"fi_FI\" \/>\n<meta property=\"og:type\" content=\"article\" \/>\n<meta property=\"og:title\" content=\"T\u00e4ydennyskoulutukset -\" \/>\n<meta property=\"og:description\" content=\"DigiTOAST-HANKE Digitaitavat toisen asteen opettajat Digitoast &#8211; digitaitavat toisen asteen opettajat Mik\u00e4 on DIgitoast-hanke? DigiTOAST -hanke antaa toisen asteen opettajille mahdollisuuden kehitt\u00e4\u00e4 omaa digipedagogista osaamistaan sek\u00e4 mahdollistaa opettajille uusien ja [&hellip;]\" \/>\n<meta property=\"og:url\" content=\"https:\/\/blogit.gradia.fi\/digitoast\/taydennyskoulutukset\/\" \/>\n<meta property=\"article:modified_time\" content=\"2021-08-18T09:16:30+00:00\" \/>\n<meta property=\"og:image\" content=\"https:\/\/blogit.gradia.fi\/digitoast\/wp-content\/uploads\/sites\/197\/2021\/06\/Digitoast_LOGOS-1-300x46.png\" \/>\n<meta name=\"twitter:card\" content=\"summary_large_image\" \/>\n<meta name=\"twitter:label1\" content=\"Arvioitu lukuaika\" \/>\n\t<meta name=\"twitter:data1\" content=\"1 minuutti\" \/>\n<script type=\"application\/ld+json\" class=\"yoast-schema-graph\">{\"@context\":\"https:\\\/\\\/schema.org\",\"@graph\":[{\"@type\":\"WebPage\",\"@id\":\"https:\\\/\\\/blogit.gradia.fi\\\/digitoast\\\/taydennyskoulutukset\\\/\",\"url\":\"https:\\\/\\\/blogit.gradia.fi\\\/digitoast\\\/taydennyskoulutukset\\\/\",\"name\":\"T\u00e4ydennyskoulutukset -\",\"isPartOf\":{\"@id\":\"https:\\\/\\\/blogit.gradia.fi\\\/digitoast\\\/#website\"},\"primaryImageOfPage\":{\"@id\":\"https:\\\/\\\/blogit.gradia.fi\\\/digitoast\\\/taydennyskoulutukset\\\/#primaryimage\"},\"image\":{\"@id\":\"https:\\\/\\\/blogit.gradia.fi\\\/digitoast\\\/taydennyskoulutukset\\\/#primaryimage\"},\"thumbnailUrl\":\"https:\\\/\\\/blogit.gradia.fi\\\/digitoast\\\/wp-content\\\/uploads\\\/sites\\\/197\\\/2021\\\/06\\\/Digitoast_LOGOS-1-300x46.png\",\"datePublished\":\"2021-06-09T11:07:37+00:00\",\"dateModified\":\"2021-08-18T09:16:30+00:00\",\"breadcrumb\":{\"@id\":\"https:\\\/\\\/blogit.gradia.fi\\\/digitoast\\\/taydennyskoulutukset\\\/#breadcrumb\"},\"inLanguage\":\"fi\",\"potentialAction\":[{\"@type\":\"ReadAction\",\"target\":[\"https:\\\/\\\/blogit.gradia.fi\\\/digitoast\\\/taydennyskoulutukset\\\/\"]}]},{\"@type\":\"ImageObject\",\"inLanguage\":\"fi\",\"@id\":\"https:\\\/\\\/blogit.gradia.fi\\\/digitoast\\\/taydennyskoulutukset\\\/#primaryimage\",\"url\":\"https:\\\/\\\/blogit.gradia.fi\\\/digitoast\\\/wp-content\\\/uploads\\\/sites\\\/197\\\/2021\\\/06\\\/Digitoast_LOGOS-1.png\",\"contentUrl\":\"https:\\\/\\\/blogit.gradia.fi\\\/digitoast\\\/wp-content\\\/uploads\\\/sites\\\/197\\\/2021\\\/06\\\/Digitoast_LOGOS-1.png\",\"width\":972,\"height\":150},{\"@type\":\"BreadcrumbList\",\"@id\":\"https:\\\/\\\/blogit.gradia.fi\\\/digitoast\\\/taydennyskoulutukset\\\/#breadcrumb\",\"itemListElement\":[{\"@type\":\"ListItem\",\"position\":1,\"name\":\"Etusivu\",\"item\":\"https:\\\/\\\/blogit.gradia.fi\\\/digitoast\\\/\"},{\"@type\":\"ListItem\",\"position\":2,\"name\":\"T\u00e4ydennyskoulutukset\"}]},{\"@type\":\"WebSite\",\"@id\":\"https:\\\/\\\/blogit.gradia.fi\\\/digitoast\\\/#website\",\"url\":\"https:\\\/\\\/blogit.gradia.fi\\\/digitoast\\\/\",\"name\":\"\",\"description\":\"\",\"potentialAction\":[{\"@type\":\"SearchAction\",\"target\":{\"@type\":\"EntryPoint\",\"urlTemplate\":\"https:\\\/\\\/blogit.gradia.fi\\\/digitoast\\\/?s={search_term_string}\"},\"query-input\":{\"@type\":\"PropertyValueSpecification\",\"valueRequired\":true,\"valueName\":\"search_term_string\"}}],\"inLanguage\":\"fi\"}]}<\/script>\n<!-- \/ Yoast SEO plugin. -->","yoast_head_json":{"title":"T\u00e4ydennyskoulutukset -","robots":{"index":"index","follow":"follow","max-snippet":"max-snippet:-1","max-image-preview":"max-image-preview:large","max-video-preview":"max-video-preview:-1"},"canonical":"https:\/\/blogit.gradia.fi\/digitoast\/taydennyskoulutukset\/","og_locale":"fi_FI","og_type":"article","og_title":"T\u00e4ydennyskoulutukset -","og_description":"DigiTOAST-HANKE Digitaitavat toisen asteen opettajat Digitoast &#8211; digitaitavat toisen asteen opettajat Mik\u00e4 on DIgitoast-hanke? DigiTOAST -hanke antaa toisen asteen opettajille mahdollisuuden kehitt\u00e4\u00e4 omaa digipedagogista osaamistaan sek\u00e4 mahdollistaa opettajille uusien ja [&hellip;]","og_url":"https:\/\/blogit.gradia.fi\/digitoast\/taydennyskoulutukset\/","article_modified_time":"2021-08-18T09:16:30+00:00","og_image":[{"url":"https:\/\/blogit.gradia.fi\/digitoast\/wp-content\/uploads\/sites\/197\/2021\/06\/Digitoast_LOGOS-1-300x46.png","type":"","width":"","height":""}],"twitter_card":"summary_large_image","twitter_misc":{"Arvioitu lukuaika":"1 minuutti"},"schema":{"@context":"https:\/\/schema.org","@graph":[{"@type":"WebPage","@id":"https:\/\/blogit.gradia.fi\/digitoast\/taydennyskoulutukset\/","url":"https:\/\/blogit.gradia.fi\/digitoast\/taydennyskoulutukset\/","name":"T\u00e4ydennyskoulutukset -","isPartOf":{"@id":"https:\/\/blogit.gradia.fi\/digitoast\/#website"},"primaryImageOfPage":{"@id":"https:\/\/blogit.gradia.fi\/digitoast\/taydennyskoulutukset\/#primaryimage"},"image":{"@id":"https:\/\/blogit.gradia.fi\/digitoast\/taydennyskoulutukset\/#primaryimage"},"thumbnailUrl":"https:\/\/blogit.gradia.fi\/digitoast\/wp-content\/uploads\/sites\/197\/2021\/06\/Digitoast_LOGOS-1-300x46.png","datePublished":"2021-06-09T11:07:37+00:00","dateModified":"2021-08-18T09:16:30+00:00","breadcrumb":{"@id":"https:\/\/blogit.gradia.fi\/digitoast\/taydennyskoulutukset\/#breadcrumb"},"inLanguage":"fi","potentialAction":[{"@type":"ReadAction","target":["https:\/\/blogit.gradia.fi\/digitoast\/taydennyskoulutukset\/"]}]},{"@type":"ImageObject","inLanguage":"fi","@id":"https:\/\/blogit.gradia.fi\/digitoast\/taydennyskoulutukset\/#primaryimage","url":"https:\/\/blogit.gradia.fi\/digitoast\/wp-content\/uploads\/sites\/197\/2021\/06\/Digitoast_LOGOS-1.png","contentUrl":"https:\/\/blogit.gradia.fi\/digitoast\/wp-content\/uploads\/sites\/197\/2021\/06\/Digitoast_LOGOS-1.png","width":972,"height":150},{"@type":"BreadcrumbList","@id":"https:\/\/blogit.gradia.fi\/digitoast\/taydennyskoulutukset\/#breadcrumb","itemListElement":[{"@type":"ListItem","position":1,"name":"Etusivu","item":"https:\/\/blogit.gradia.fi\/digitoast\/"},{"@type":"ListItem","position":2,"name":"T\u00e4ydennyskoulutukset"}]},{"@type":"WebSite","@id":"https:\/\/blogit.gradia.fi\/digitoast\/#website","url":"https:\/\/blogit.gradia.fi\/digitoast\/","name":"","description":"","potentialAction":[{"@type":"SearchAction","target":{"@type":"EntryPoint","urlTemplate":"https:\/\/blogit.gradia.fi\/digitoast\/?s={search_term_string}"},"query-input":{"@type":"PropertyValueSpecification","valueRequired":true,"valueName":"search_term_string"}}],"inLanguage":"fi"}]}},"uagb_featured_image_src":{"full":false,"thumbnail":false,"medium":false,"medium_large":false,"large":false,"1536x1536":false,"2048x2048":false},"uagb_author_info":{"display_name":"Merja Hakanen","author_link":"https:\/\/blogit.gradia.fi\/digitoast\/author\/hakanmer\/"},"uagb_comment_info":0,"uagb_excerpt":"DigiTOAST-HANKE Digitaitavat toisen asteen opettajat Digitoast &#8211; digitaitavat toisen asteen opettajat Mik\u00e4 on DIgitoast-hanke? DigiTOAST -hanke antaa toisen asteen opettajille mahdollisuuden kehitt\u00e4\u00e4 omaa digipedagogista osaamistaan sek\u00e4 mahdollistaa opettajille uusien ja [&hellip;]","_links":{"self":[{"href":"https:\/\/blogit.gradia.fi\/digitoast\/wp-json\/wp\/v2\/pages\/98","targetHints":{"allow":["GET"]}}],"collection":[{"href":"https:\/\/blogit.gradia.fi\/digitoast\/wp-json\/wp\/v2\/pages"}],"about":[{"href":"https:\/\/blogit.gradia.fi\/digitoast\/wp-json\/wp\/v2\/types\/page"}],"author":[{"embeddable":true,"href":"https:\/\/blogit.gradia.fi\/digitoast\/wp-json\/wp\/v2\/users\/421"}],"replies":[{"embeddable":true,"href":"https:\/\/blogit.gradia.fi\/digitoast\/wp-json\/wp\/v2\/comments?post=98"}],"version-history":[{"count":34,"href":"https:\/\/blogit.gradia.fi\/digitoast\/wp-json\/wp\/v2\/pages\/98\/revisions"}],"predecessor-version":[{"id":596,"href":"https:\/\/blogit.gradia.fi\/digitoast\/wp-json\/wp\/v2\/pages\/98\/revisions\/596"}],"wp:attachment":[{"href":"https:\/\/blogit.gradia.fi\/digitoast\/wp-json\/wp\/v2\/media?parent=98"}],"curies":[{"name":"wp","href":"https:\/\/api.w.org\/{rel}","templated":true}]}}