{"id":155,"date":"2018-10-25T14:15:48","date_gmt":"2018-10-25T11:15:48","guid":{"rendered":"https:\/\/blogit.gradia.fi\/digipreppi\/?page_id=155"},"modified":"2020-04-08T17:37:54","modified_gmt":"2020-04-08T14:37:54","slug":"tehtava-3","status":"publish","type":"page","link":"https:\/\/blogit.gradia.fi\/digipreppi\/tehtava-3\/","title":{"rendered":"3 PowerPoint esitysgrafiikka"},"content":{"rendered":"<p>Kirjaudu Gradian tunnuksillasi <em><a href=\"http:\/\/office.gradia.fi\" target=\"_blank\" rel=\"noopener noreferrer\">Officeen <\/a><\/em>ja mene <em>OneDriven<\/em> opintojaksokansioosi. Tee kaikki teht\u00e4v\u00e4t selaimessa PowerPoint-tiedostoon. Voit vapaasti valita haluamasi aiheen esitykselle. Esityksess\u00e4 tulee olla <strong>kuusi<\/strong> diaa. Noudata alla olevia ohjeita sis\u00e4ll\u00f6n luomisessa.<\/p>\n<p><em>A. Aloita uusi esitys Digi-kansiossasi.<br \/>\n<\/em><\/p>\n<p><em>B. Kirjoita otsikko diaan tietosi ja esityksen aihe<\/em><\/p>\n<p><img loading=\"lazy\" decoding=\"async\" class=\"size-medium wp-image-163 aligncenter\" src=\"https:\/\/blogit.gradia.fi\/digipreppi\/wp-content\/uploads\/sites\/176\/2018\/10\/PP-otsikko-300x141.png\" alt=\"\" width=\"300\" height=\"141\" srcset=\"https:\/\/blogit.gradia.fi\/digipreppi\/wp-content\/uploads\/sites\/176\/2018\/10\/PP-otsikko-300x141.png 300w, https:\/\/blogit.gradia.fi\/digipreppi\/wp-content\/uploads\/sites\/176\/2018\/10\/PP-otsikko-768x362.png 768w, https:\/\/blogit.gradia.fi\/digipreppi\/wp-content\/uploads\/sites\/176\/2018\/10\/PP-otsikko-1024x483.png 1024w, https:\/\/blogit.gradia.fi\/digipreppi\/wp-content\/uploads\/sites\/176\/2018\/10\/PP-otsikko.png 1059w\" sizes=\"auto, (max-width: 300px) 100vw, 300px\" \/><\/p>\n<ol>\n<li>Klikkaa <em>otsikkoa ja lis\u00e4\u00e4 esityksesi aihe<\/em>.<\/li>\n<li>Klikkaa <em>alatosikkoa ja <\/em>kirjoita <em>nimesi ja seuraavalle riville kurssisi<\/em>.<\/li>\n<\/ol>\n<p><em>C. Lis\u00e4\u00e4 toinen dia.<\/em><\/p>\n<p><img loading=\"lazy\" decoding=\"async\" class=\" wp-image-165 aligncenter\" src=\"https:\/\/blogit.gradia.fi\/digipreppi\/wp-content\/uploads\/sites\/176\/2018\/10\/UusiDia-300x265.png\" alt=\"\" width=\"232\" height=\"205\" srcset=\"https:\/\/blogit.gradia.fi\/digipreppi\/wp-content\/uploads\/sites\/176\/2018\/10\/UusiDia-300x265.png 300w, https:\/\/blogit.gradia.fi\/digipreppi\/wp-content\/uploads\/sites\/176\/2018\/10\/UusiDia.png 610w\" sizes=\"auto, (max-width: 232px) 100vw, 232px\" \/><\/p>\n<ol>\n<li>Klikkaa Uusi dia -painiketta.<\/li>\n<li>Valitse oletus asettelu Otsikko ja sis\u00e4lt\u00f6.<\/li>\n<li>Kirjoita dialle otsikko aiheesi mukaisesti ja kirjoita aiheesta luetteloa.<\/li>\n<li>Voit vaihtaa luettelon ulkoasua vasemmasta yl\u00e4nurkasta salama-kuvakkeella.<\/li>\n<\/ol>\n<p><img loading=\"lazy\" decoding=\"async\" class=\"alignnone size-medium wp-image-170\" src=\"https:\/\/blogit.gradia.fi\/digipreppi\/wp-content\/uploads\/sites\/176\/2018\/10\/PP-luettelo-1-300x156.png\" alt=\"\" width=\"300\" height=\"156\" srcset=\"https:\/\/blogit.gradia.fi\/digipreppi\/wp-content\/uploads\/sites\/176\/2018\/10\/PP-luettelo-1-300x156.png 300w, https:\/\/blogit.gradia.fi\/digipreppi\/wp-content\/uploads\/sites\/176\/2018\/10\/PP-luettelo-1-768x399.png 768w, https:\/\/blogit.gradia.fi\/digipreppi\/wp-content\/uploads\/sites\/176\/2018\/10\/PP-luettelo-1-1024x532.png 1024w, https:\/\/blogit.gradia.fi\/digipreppi\/wp-content\/uploads\/sites\/176\/2018\/10\/PP-luettelo-1.png 1279w\" sizes=\"auto, (max-width: 300px) 100vw, 300px\" \/><img loading=\"lazy\" decoding=\"async\" class=\"alignnone size-medium wp-image-171\" src=\"https:\/\/blogit.gradia.fi\/digipreppi\/wp-content\/uploads\/sites\/176\/2018\/10\/PP-luettelo-2-300x138.png\" alt=\"\" width=\"300\" height=\"138\" srcset=\"https:\/\/blogit.gradia.fi\/digipreppi\/wp-content\/uploads\/sites\/176\/2018\/10\/PP-luettelo-2-300x138.png 300w, https:\/\/blogit.gradia.fi\/digipreppi\/wp-content\/uploads\/sites\/176\/2018\/10\/PP-luettelo-2-768x353.png 768w, https:\/\/blogit.gradia.fi\/digipreppi\/wp-content\/uploads\/sites\/176\/2018\/10\/PP-luettelo-2-1024x470.png 1024w, https:\/\/blogit.gradia.fi\/digipreppi\/wp-content\/uploads\/sites\/176\/2018\/10\/PP-luettelo-2.png 1513w\" sizes=\"auto, (max-width: 300px) 100vw, 300px\" \/><\/p>\n<p><em>D. Teeman vaihtaminen.<\/em><\/p>\n<ol>\n<li>Valitse Rakenne-v\u00e4lilehti.<\/li>\n<li>Valitse haluamasi teema Teemat-ryhm\u00e4st\u00e4.<\/li>\n<li>Valitse haluamasi Muunnelma eli vaihtoehto Teemasta.<\/li>\n<\/ol>\n<p><em>E. Lis\u00e4\u00e4 viel\u00e4 <strong>nelj\u00e4<\/strong> diaa.<\/em><\/p>\n<ol>\n<li>K\u00e4yt\u00e4 Vertailu-asettelua yhdess\u00e4 diassa.<\/li>\n<li>Lis\u00e4\u00e4 kuvia v\u00e4hint\u00e4\u00e4n <strong>kolmeen<\/strong> diaan <strong>kaksi<\/strong> kuvaa, yhteen ainakin <strong>kolme<\/strong> kuvaa.\n<ol>\n<li>K\u00e4yt\u00e4 niiss\u00e4 Suunnitteluideoita, jos ehdotetaan.<\/li>\n<\/ol>\n<\/li>\n<li>K\u00e4yt\u00e4 <em>Siirtym\u00e4t<\/em>-valintoja koko esitykseen (K\u00e4yt\u00e4 kaikissa).<\/li>\n<li>Katsele esityst\u00e4si Diaesitys -valinnoilla.<\/li>\n<\/ol>\n<p><strong>Nime\u00e4 tiedosto BlogiTeht\u00e4v\u00e43 PowerPoint.<br \/>\n<\/strong><\/p>\n","protected":false},"excerpt":{"rendered":"<p>Kirjaudu Gradian tunnuksillasi Officeen ja mene OneDriven opintojaksokansioosi. Tee kaikki teht\u00e4v\u00e4t selaimessa PowerPoint-tiedostoon. Voit vapaasti valita haluamasi aiheen esitykselle. Esityksess\u00e4 tulee olla kuusi diaa. Noudata alla olevia ohjeita sis\u00e4ll\u00f6n luomisessa. A. Aloita uusi esitys Digi-kansiossasi. B. Kirjoita otsikko diaan tietosi ja esityksen aihe Klikkaa otsikkoa ja lis\u00e4\u00e4 esityksesi aihe. Klikkaa alatosikkoa ja kirjoita nimesi ja &hellip; <a href=\"https:\/\/blogit.gradia.fi\/digipreppi\/tehtava-3\/\" class=\"more-link\">Jatka lukemista <span class=\"screen-reader-text\">3 PowerPoint esitysgrafiikka<\/span> <span class=\"meta-nav\">&rarr;<\/span><\/a><\/p>\n","protected":false},"author":401,"featured_media":0,"parent":0,"menu_order":0,"comment_status":"closed","ping_status":"closed","template":"","meta":{"_uag_custom_page_level_css":"","footnotes":""},"class_list":["post-155","page","type-page","status-publish","hentry"],"yoast_head":"<!-- This site is optimized with the Yoast SEO plugin v27.4 - https:\/\/yoast.com\/product\/yoast-seo-wordpress\/ -->\n<title>3 PowerPoint esitysgrafiikka - Digi<\/title>\n<meta name=\"robots\" content=\"index, follow, max-snippet:-1, max-image-preview:large, max-video-preview:-1\" \/>\n<link rel=\"canonical\" href=\"https:\/\/blogit.gradia.fi\/digipreppi\/tehtava-3\/\" \/>\n<meta property=\"og:locale\" content=\"fi_FI\" \/>\n<meta property=\"og:type\" content=\"article\" \/>\n<meta property=\"og:title\" content=\"3 PowerPoint esitysgrafiikka - Digi\" \/>\n<meta property=\"og:description\" content=\"Kirjaudu Gradian tunnuksillasi Officeen ja mene OneDriven opintojaksokansioosi. Tee kaikki teht\u00e4v\u00e4t selaimessa PowerPoint-tiedostoon. Voit vapaasti valita haluamasi aiheen esitykselle. Esityksess\u00e4 tulee olla kuusi diaa. Noudata alla olevia ohjeita sis\u00e4ll\u00f6n luomisessa. A. Aloita uusi esitys Digi-kansiossasi. B. Kirjoita otsikko diaan tietosi ja esityksen aihe Klikkaa otsikkoa ja lis\u00e4\u00e4 esityksesi aihe. Klikkaa alatosikkoa ja kirjoita nimesi ja &hellip; Jatka lukemista 3 PowerPoint esitysgrafiikka &rarr;\" \/>\n<meta property=\"og:url\" content=\"https:\/\/blogit.gradia.fi\/digipreppi\/tehtava-3\/\" \/>\n<meta property=\"og:site_name\" content=\"Digi\" \/>\n<meta property=\"article:modified_time\" content=\"2020-04-08T14:37:54+00:00\" \/>\n<meta property=\"og:image\" content=\"https:\/\/blogit.gradia.fi\/digipreppi\/wp-content\/uploads\/sites\/176\/2018\/10\/PP-otsikko-300x141.png\" \/>\n<meta name=\"twitter:card\" content=\"summary_large_image\" \/>\n<meta name=\"twitter:label1\" content=\"Arvioitu lukuaika\" \/>\n\t<meta name=\"twitter:data1\" content=\"1 minuutti\" \/>\n<script type=\"application\/ld+json\" class=\"yoast-schema-graph\">{\"@context\":\"https:\\\/\\\/schema.org\",\"@graph\":[{\"@type\":\"WebPage\",\"@id\":\"https:\\\/\\\/blogit.gradia.fi\\\/digipreppi\\\/tehtava-3\\\/\",\"url\":\"https:\\\/\\\/blogit.gradia.fi\\\/digipreppi\\\/tehtava-3\\\/\",\"name\":\"3 PowerPoint esitysgrafiikka - Digi\",\"isPartOf\":{\"@id\":\"https:\\\/\\\/blogit.gradia.fi\\\/digipreppi\\\/#website\"},\"primaryImageOfPage\":{\"@id\":\"https:\\\/\\\/blogit.gradia.fi\\\/digipreppi\\\/tehtava-3\\\/#primaryimage\"},\"image\":{\"@id\":\"https:\\\/\\\/blogit.gradia.fi\\\/digipreppi\\\/tehtava-3\\\/#primaryimage\"},\"thumbnailUrl\":\"https:\\\/\\\/blogit.gradia.fi\\\/digipreppi\\\/wp-content\\\/uploads\\\/sites\\\/176\\\/2018\\\/10\\\/PP-otsikko-300x141.png\",\"datePublished\":\"2018-10-25T11:15:48+00:00\",\"dateModified\":\"2020-04-08T14:37:54+00:00\",\"inLanguage\":\"fi\",\"potentialAction\":[{\"@type\":\"ReadAction\",\"target\":[\"https:\\\/\\\/blogit.gradia.fi\\\/digipreppi\\\/tehtava-3\\\/\"]}]},{\"@type\":\"ImageObject\",\"inLanguage\":\"fi\",\"@id\":\"https:\\\/\\\/blogit.gradia.fi\\\/digipreppi\\\/tehtava-3\\\/#primaryimage\",\"url\":\"https:\\\/\\\/blogit.gradia.fi\\\/digipreppi\\\/wp-content\\\/uploads\\\/sites\\\/176\\\/2018\\\/10\\\/PP-otsikko.png\",\"contentUrl\":\"https:\\\/\\\/blogit.gradia.fi\\\/digipreppi\\\/wp-content\\\/uploads\\\/sites\\\/176\\\/2018\\\/10\\\/PP-otsikko.png\",\"width\":1059,\"height\":499},{\"@type\":\"WebSite\",\"@id\":\"https:\\\/\\\/blogit.gradia.fi\\\/digipreppi\\\/#website\",\"url\":\"https:\\\/\\\/blogit.gradia.fi\\\/digipreppi\\\/\",\"name\":\"Digi\",\"description\":\"Toiminta digitaalisessa ymp\u00e4rist\u00f6ss\u00e4 -opintojakso\",\"potentialAction\":[{\"@type\":\"SearchAction\",\"target\":{\"@type\":\"EntryPoint\",\"urlTemplate\":\"https:\\\/\\\/blogit.gradia.fi\\\/digipreppi\\\/?s={search_term_string}\"},\"query-input\":{\"@type\":\"PropertyValueSpecification\",\"valueRequired\":true,\"valueName\":\"search_term_string\"}}],\"inLanguage\":\"fi\"}]}<\/script>\n<!-- \/ Yoast SEO plugin. -->","yoast_head_json":{"title":"3 PowerPoint esitysgrafiikka - Digi","robots":{"index":"index","follow":"follow","max-snippet":"max-snippet:-1","max-image-preview":"max-image-preview:large","max-video-preview":"max-video-preview:-1"},"canonical":"https:\/\/blogit.gradia.fi\/digipreppi\/tehtava-3\/","og_locale":"fi_FI","og_type":"article","og_title":"3 PowerPoint esitysgrafiikka - Digi","og_description":"Kirjaudu Gradian tunnuksillasi Officeen ja mene OneDriven opintojaksokansioosi. Tee kaikki teht\u00e4v\u00e4t selaimessa PowerPoint-tiedostoon. Voit vapaasti valita haluamasi aiheen esitykselle. Esityksess\u00e4 tulee olla kuusi diaa. Noudata alla olevia ohjeita sis\u00e4ll\u00f6n luomisessa. A. Aloita uusi esitys Digi-kansiossasi. B. Kirjoita otsikko diaan tietosi ja esityksen aihe Klikkaa otsikkoa ja lis\u00e4\u00e4 esityksesi aihe. Klikkaa alatosikkoa ja kirjoita nimesi ja &hellip; Jatka lukemista 3 PowerPoint esitysgrafiikka &rarr;","og_url":"https:\/\/blogit.gradia.fi\/digipreppi\/tehtava-3\/","og_site_name":"Digi","article_modified_time":"2020-04-08T14:37:54+00:00","og_image":[{"url":"https:\/\/blogit.gradia.fi\/digipreppi\/wp-content\/uploads\/sites\/176\/2018\/10\/PP-otsikko-300x141.png","type":"","width":"","height":""}],"twitter_card":"summary_large_image","twitter_misc":{"Arvioitu lukuaika":"1 minuutti"},"schema":{"@context":"https:\/\/schema.org","@graph":[{"@type":"WebPage","@id":"https:\/\/blogit.gradia.fi\/digipreppi\/tehtava-3\/","url":"https:\/\/blogit.gradia.fi\/digipreppi\/tehtava-3\/","name":"3 PowerPoint esitysgrafiikka - Digi","isPartOf":{"@id":"https:\/\/blogit.gradia.fi\/digipreppi\/#website"},"primaryImageOfPage":{"@id":"https:\/\/blogit.gradia.fi\/digipreppi\/tehtava-3\/#primaryimage"},"image":{"@id":"https:\/\/blogit.gradia.fi\/digipreppi\/tehtava-3\/#primaryimage"},"thumbnailUrl":"https:\/\/blogit.gradia.fi\/digipreppi\/wp-content\/uploads\/sites\/176\/2018\/10\/PP-otsikko-300x141.png","datePublished":"2018-10-25T11:15:48+00:00","dateModified":"2020-04-08T14:37:54+00:00","inLanguage":"fi","potentialAction":[{"@type":"ReadAction","target":["https:\/\/blogit.gradia.fi\/digipreppi\/tehtava-3\/"]}]},{"@type":"ImageObject","inLanguage":"fi","@id":"https:\/\/blogit.gradia.fi\/digipreppi\/tehtava-3\/#primaryimage","url":"https:\/\/blogit.gradia.fi\/digipreppi\/wp-content\/uploads\/sites\/176\/2018\/10\/PP-otsikko.png","contentUrl":"https:\/\/blogit.gradia.fi\/digipreppi\/wp-content\/uploads\/sites\/176\/2018\/10\/PP-otsikko.png","width":1059,"height":499},{"@type":"WebSite","@id":"https:\/\/blogit.gradia.fi\/digipreppi\/#website","url":"https:\/\/blogit.gradia.fi\/digipreppi\/","name":"Digi","description":"Toiminta digitaalisessa ymp\u00e4rist\u00f6ss\u00e4 -opintojakso","potentialAction":[{"@type":"SearchAction","target":{"@type":"EntryPoint","urlTemplate":"https:\/\/blogit.gradia.fi\/digipreppi\/?s={search_term_string}"},"query-input":{"@type":"PropertyValueSpecification","valueRequired":true,"valueName":"search_term_string"}}],"inLanguage":"fi"}]}},"uagb_featured_image_src":{"full":false,"thumbnail":false,"medium":false,"medium_large":false,"large":false,"1536x1536":false,"2048x2048":false,"post-thumbnail":false},"uagb_author_info":{"display_name":"Jari Uimonen","author_link":"https:\/\/blogit.gradia.fi\/digipreppi\/author\/jariui\/"},"uagb_comment_info":0,"uagb_excerpt":"Kirjaudu Gradian tunnuksillasi Officeen ja mene OneDriven opintojaksokansioosi. Tee kaikki teht\u00e4v\u00e4t selaimessa PowerPoint-tiedostoon. Voit vapaasti valita haluamasi aiheen esitykselle. Esityksess\u00e4 tulee olla kuusi diaa. Noudata alla olevia ohjeita sis\u00e4ll\u00f6n luomisessa. A. Aloita uusi esitys Digi-kansiossasi. B. Kirjoita otsikko diaan tietosi ja esityksen aihe Klikkaa otsikkoa ja lis\u00e4\u00e4 esityksesi aihe. Klikkaa alatosikkoa ja kirjoita nimesi ja&hellip;","_links":{"self":[{"href":"https:\/\/blogit.gradia.fi\/digipreppi\/wp-json\/wp\/v2\/pages\/155","targetHints":{"allow":["GET"]}}],"collection":[{"href":"https:\/\/blogit.gradia.fi\/digipreppi\/wp-json\/wp\/v2\/pages"}],"about":[{"href":"https:\/\/blogit.gradia.fi\/digipreppi\/wp-json\/wp\/v2\/types\/page"}],"author":[{"embeddable":true,"href":"https:\/\/blogit.gradia.fi\/digipreppi\/wp-json\/wp\/v2\/users\/401"}],"replies":[{"embeddable":true,"href":"https:\/\/blogit.gradia.fi\/digipreppi\/wp-json\/wp\/v2\/comments?post=155"}],"version-history":[{"count":0,"href":"https:\/\/blogit.gradia.fi\/digipreppi\/wp-json\/wp\/v2\/pages\/155\/revisions"}],"wp:attachment":[{"href":"https:\/\/blogit.gradia.fi\/digipreppi\/wp-json\/wp\/v2\/media?parent=155"}],"curies":[{"name":"wp","href":"https:\/\/api.w.org\/{rel}","templated":true}]}}