{"id":900,"date":"2019-08-07T16:06:02","date_gmt":"2019-08-07T13:06:02","guid":{"rendered":"https:\/\/blogit.gradia.fi\/digipalvelut\/?page_id=900"},"modified":"2019-08-08T15:41:41","modified_gmt":"2019-08-08T12:41:41","slug":"fonecta-callerin-asennus-puhelimeen","status":"publish","type":"page","link":"https:\/\/blogit.gradia.fi\/digipalvelut\/ohjeita-ja-vinkkeja\/laitteet\/fonecta-callerin-asennus-puhelimeen\/","title":{"rendered":"Fonecta Callerin asennus puhelimeen"},"content":{"rendered":"\n<div class=\"wp-block-image\"><figure class=\"aligncenter\"><img fetchpriority=\"high\" decoding=\"async\" width=\"506\" height=\"900\" src=\"https:\/\/blogit.gradia.fi\/digipalvelut\/wp-content\/uploads\/sites\/99\/2019\/08\/Fonecta-Caller-3.jpg\" alt=\"\" class=\"wp-image-901\" srcset=\"https:\/\/blogit.gradia.fi\/digipalvelut\/wp-content\/uploads\/sites\/99\/2019\/08\/Fonecta-Caller-3.jpg 506w, https:\/\/blogit.gradia.fi\/digipalvelut\/wp-content\/uploads\/sites\/99\/2019\/08\/Fonecta-Caller-3-169x300.jpg 169w\" sizes=\"(max-width: 506px) 100vw, 506px\" \/><\/figure><\/div>\n\n\n\n<p> Fonecta Caller on yksi Suomen suosituimmista hy\u00f6tysovelluksista. Sen avulla n\u00e4et ennen vieraaseen numeroon vastaamista, kuka sinulle soittaa, ja voit hakea ilmaiseksi niin paljon yhteystietoja kuin haluat. Fonecta Callerista voit my\u00f6s tallentaa haluamasi yhteystiedot suoraan oman puhelimesi muistiin.<\/p>\n\n\n\n<p>Miten saan Fonecta Callerin puhelimeeni?<\/p>\n\n\n\n<ol class=\"wp-block-list\"><li>Lataa Fonecta Caller puhelimesi sovelluskaupasta<\/li><\/ol>\n\n\n\n<p>Lumia-puhelimilla sovelluskauppaan p\u00e4\u00e4see siirtym\u00e4ll\u00e4 sovellusvalikkoon -&gt; Kauppa<br>\nSamsung-puhelimilla sovelluskauppaan p\u00e4\u00e4see Play Kauppa -sovelluksella.<\/p>\n\n\n\n<ol class=\"wp-block-list\"><li>Avaa sovellus ja luo itsellesi Fonecta-tili sovelluksen ohjeiden mukaan<\/li><\/ol>\n\n\n\n<p>Caller-palvelun rekister\u00f6iminen maksaa 0,25 \u20ac (kertamaksu) ja se veloitetaan puhelinlaskun yhteydess\u00e4.<\/p>\n\n\n\n<ol class=\"wp-block-list\"><li>Valmis!<\/li><\/ol>\n\n\n\n<p>Fonecta Caller on nyt k\u00e4ytett\u00e4viss\u00e4.<\/p>\n","protected":false},"excerpt":{"rendered":"<p>Fonecta Caller on yksi Suomen suosituimmista hy\u00f6tysovelluksista. Sen avulla n\u00e4et ennen vieraaseen numeroon vastaamista, kuka sinulle soittaa, ja voit hakea ilmaiseksi niin paljon yhteystietoja kuin haluat. Fonecta Callerista voit my\u00f6s tallentaa haluamasi yhteystiedot suoraan oman puhelimesi muistiin. Miten saan Fonecta Callerin puhelimeeni? Lataa Fonecta Caller puhelimesi sovelluskaupasta Lumia-puhelimilla sovelluskauppaan p\u00e4\u00e4see [&hellip;]<\/p>\n","protected":false},"author":589,"featured_media":0,"parent":189,"menu_order":0,"comment_status":"closed","ping_status":"closed","template":"","meta":{"_uag_custom_page_level_css":"","footnotes":""},"class_list":["post-900","page","type-page","status-publish","hentry"],"yoast_head":"<!-- This site is optimized with the Yoast SEO plugin v27.4 - https:\/\/yoast.com\/product\/yoast-seo-wordpress\/ -->\n<title>Fonecta Callerin asennus puhelimeen - Gradia Digipalvelut<\/title>\n<meta name=\"robots\" content=\"index, follow, max-snippet:-1, max-image-preview:large, max-video-preview:-1\" \/>\n<link rel=\"canonical\" href=\"https:\/\/blogit.gradia.fi\/digipalvelut\/ohjeita-ja-vinkkeja\/laitteet\/fonecta-callerin-asennus-puhelimeen\/\" \/>\n<meta property=\"og:locale\" content=\"fi_FI\" \/>\n<meta property=\"og:type\" content=\"article\" \/>\n<meta property=\"og:title\" content=\"Fonecta Callerin asennus puhelimeen - Gradia Digipalvelut\" \/>\n<meta property=\"og:description\" content=\"Fonecta Caller on yksi Suomen suosituimmista hy\u00f6tysovelluksista. Sen avulla n\u00e4et ennen vieraaseen numeroon vastaamista, kuka sinulle soittaa, ja voit hakea ilmaiseksi niin paljon yhteystietoja kuin haluat. Fonecta Callerista voit my\u00f6s tallentaa haluamasi yhteystiedot suoraan oman puhelimesi muistiin. Miten saan Fonecta Callerin puhelimeeni? Lataa Fonecta Caller puhelimesi sovelluskaupasta Lumia-puhelimilla sovelluskauppaan p\u00e4\u00e4see [&hellip;]\" \/>\n<meta property=\"og:url\" content=\"https:\/\/blogit.gradia.fi\/digipalvelut\/ohjeita-ja-vinkkeja\/laitteet\/fonecta-callerin-asennus-puhelimeen\/\" \/>\n<meta property=\"og:site_name\" content=\"Gradia Digipalvelut\" \/>\n<meta property=\"article:modified_time\" content=\"2019-08-08T12:41:41+00:00\" \/>\n<meta property=\"og:image\" content=\"https:\/\/blogit.gradia.fi\/digipalvelut\/wp-content\/uploads\/sites\/99\/2019\/08\/Fonecta-Caller-3.jpg\" \/>\n<meta name=\"twitter:card\" content=\"summary_large_image\" \/>\n<script type=\"application\/ld+json\" class=\"yoast-schema-graph\">{\"@context\":\"https:\\\/\\\/schema.org\",\"@graph\":[{\"@type\":\"WebPage\",\"@id\":\"https:\\\/\\\/blogit.gradia.fi\\\/digipalvelut\\\/ohjeita-ja-vinkkeja\\\/laitteet\\\/fonecta-callerin-asennus-puhelimeen\\\/\",\"url\":\"https:\\\/\\\/blogit.gradia.fi\\\/digipalvelut\\\/ohjeita-ja-vinkkeja\\\/laitteet\\\/fonecta-callerin-asennus-puhelimeen\\\/\",\"name\":\"Fonecta Callerin asennus puhelimeen - Gradia Digipalvelut\",\"isPartOf\":{\"@id\":\"https:\\\/\\\/blogit.gradia.fi\\\/digipalvelut\\\/#website\"},\"primaryImageOfPage\":{\"@id\":\"https:\\\/\\\/blogit.gradia.fi\\\/digipalvelut\\\/ohjeita-ja-vinkkeja\\\/laitteet\\\/fonecta-callerin-asennus-puhelimeen\\\/#primaryimage\"},\"image\":{\"@id\":\"https:\\\/\\\/blogit.gradia.fi\\\/digipalvelut\\\/ohjeita-ja-vinkkeja\\\/laitteet\\\/fonecta-callerin-asennus-puhelimeen\\\/#primaryimage\"},\"thumbnailUrl\":\"https:\\\/\\\/blogit.gradia.fi\\\/digipalvelut\\\/wp-content\\\/uploads\\\/sites\\\/99\\\/2019\\\/08\\\/Fonecta-Caller-3.jpg\",\"datePublished\":\"2019-08-07T13:06:02+00:00\",\"dateModified\":\"2019-08-08T12:41:41+00:00\",\"breadcrumb\":{\"@id\":\"https:\\\/\\\/blogit.gradia.fi\\\/digipalvelut\\\/ohjeita-ja-vinkkeja\\\/laitteet\\\/fonecta-callerin-asennus-puhelimeen\\\/#breadcrumb\"},\"inLanguage\":\"fi\",\"potentialAction\":[{\"@type\":\"ReadAction\",\"target\":[\"https:\\\/\\\/blogit.gradia.fi\\\/digipalvelut\\\/ohjeita-ja-vinkkeja\\\/laitteet\\\/fonecta-callerin-asennus-puhelimeen\\\/\"]}]},{\"@type\":\"ImageObject\",\"inLanguage\":\"fi\",\"@id\":\"https:\\\/\\\/blogit.gradia.fi\\\/digipalvelut\\\/ohjeita-ja-vinkkeja\\\/laitteet\\\/fonecta-callerin-asennus-puhelimeen\\\/#primaryimage\",\"url\":\"https:\\\/\\\/blogit.gradia.fi\\\/digipalvelut\\\/wp-content\\\/uploads\\\/sites\\\/99\\\/2019\\\/08\\\/Fonecta-Caller-3.jpg\",\"contentUrl\":\"https:\\\/\\\/blogit.gradia.fi\\\/digipalvelut\\\/wp-content\\\/uploads\\\/sites\\\/99\\\/2019\\\/08\\\/Fonecta-Caller-3.jpg\",\"width\":506,\"height\":900},{\"@type\":\"BreadcrumbList\",\"@id\":\"https:\\\/\\\/blogit.gradia.fi\\\/digipalvelut\\\/ohjeita-ja-vinkkeja\\\/laitteet\\\/fonecta-callerin-asennus-puhelimeen\\\/#breadcrumb\",\"itemListElement\":[{\"@type\":\"ListItem\",\"position\":1,\"name\":\"Ohjeita ja vinkkej\u00e4\",\"item\":\"https:\\\/\\\/blogit.gradia.fi\\\/digipalvelut\\\/ohjeita-ja-vinkkeja\\\/\"},{\"@type\":\"ListItem\",\"position\":2,\"name\":\"Laitteet\",\"item\":\"https:\\\/\\\/blogit.gradia.fi\\\/digipalvelut\\\/ohjeita-ja-vinkkeja\\\/laitteet\\\/\"},{\"@type\":\"ListItem\",\"position\":3,\"name\":\"Fonecta Callerin asennus puhelimeen\"}]},{\"@type\":\"WebSite\",\"@id\":\"https:\\\/\\\/blogit.gradia.fi\\\/digipalvelut\\\/#website\",\"url\":\"https:\\\/\\\/blogit.gradia.fi\\\/digipalvelut\\\/\",\"name\":\"Gradia Digipalvelut\",\"description\":\"Astetta enemm\u00e4n digi\u00e4\",\"publisher\":{\"@id\":\"https:\\\/\\\/blogit.gradia.fi\\\/digipalvelut\\\/#organization\"},\"potentialAction\":[{\"@type\":\"SearchAction\",\"target\":{\"@type\":\"EntryPoint\",\"urlTemplate\":\"https:\\\/\\\/blogit.gradia.fi\\\/digipalvelut\\\/?s={search_term_string}\"},\"query-input\":{\"@type\":\"PropertyValueSpecification\",\"valueRequired\":true,\"valueName\":\"search_term_string\"}}],\"inLanguage\":\"fi\"},{\"@type\":\"Organization\",\"@id\":\"https:\\\/\\\/blogit.gradia.fi\\\/digipalvelut\\\/#organization\",\"name\":\"Gradia Digipalvelut\",\"url\":\"https:\\\/\\\/blogit.gradia.fi\\\/digipalvelut\\\/\",\"logo\":{\"@type\":\"ImageObject\",\"inLanguage\":\"fi\",\"@id\":\"https:\\\/\\\/blogit.gradia.fi\\\/digipalvelut\\\/#\\\/schema\\\/logo\\\/image\\\/\",\"url\":\"https:\\\/\\\/blogit.gradia.fi\\\/digipalvelut\\\/wp-content\\\/uploads\\\/sites\\\/99\\\/2019\\\/06\\\/cropped-Gradia_logo_Cyber_TRANSPARENT.png\",\"contentUrl\":\"https:\\\/\\\/blogit.gradia.fi\\\/digipalvelut\\\/wp-content\\\/uploads\\\/sites\\\/99\\\/2019\\\/06\\\/cropped-Gradia_logo_Cyber_TRANSPARENT.png\",\"width\":316,\"height\":382,\"caption\":\"Gradia Digipalvelut\"},\"image\":{\"@id\":\"https:\\\/\\\/blogit.gradia.fi\\\/digipalvelut\\\/#\\\/schema\\\/logo\\\/image\\\/\"}}]}<\/script>\n<!-- \/ Yoast SEO plugin. -->","yoast_head_json":{"title":"Fonecta Callerin asennus puhelimeen - Gradia Digipalvelut","robots":{"index":"index","follow":"follow","max-snippet":"max-snippet:-1","max-image-preview":"max-image-preview:large","max-video-preview":"max-video-preview:-1"},"canonical":"https:\/\/blogit.gradia.fi\/digipalvelut\/ohjeita-ja-vinkkeja\/laitteet\/fonecta-callerin-asennus-puhelimeen\/","og_locale":"fi_FI","og_type":"article","og_title":"Fonecta Callerin asennus puhelimeen - Gradia Digipalvelut","og_description":"Fonecta Caller on yksi Suomen suosituimmista hy\u00f6tysovelluksista. Sen avulla n\u00e4et ennen vieraaseen numeroon vastaamista, kuka sinulle soittaa, ja voit hakea ilmaiseksi niin paljon yhteystietoja kuin haluat. Fonecta Callerista voit my\u00f6s tallentaa haluamasi yhteystiedot suoraan oman puhelimesi muistiin. Miten saan Fonecta Callerin puhelimeeni? Lataa Fonecta Caller puhelimesi sovelluskaupasta Lumia-puhelimilla sovelluskauppaan p\u00e4\u00e4see [&hellip;]","og_url":"https:\/\/blogit.gradia.fi\/digipalvelut\/ohjeita-ja-vinkkeja\/laitteet\/fonecta-callerin-asennus-puhelimeen\/","og_site_name":"Gradia Digipalvelut","article_modified_time":"2019-08-08T12:41:41+00:00","og_image":[{"url":"https:\/\/blogit.gradia.fi\/digipalvelut\/wp-content\/uploads\/sites\/99\/2019\/08\/Fonecta-Caller-3.jpg","type":"","width":"","height":""}],"twitter_card":"summary_large_image","schema":{"@context":"https:\/\/schema.org","@graph":[{"@type":"WebPage","@id":"https:\/\/blogit.gradia.fi\/digipalvelut\/ohjeita-ja-vinkkeja\/laitteet\/fonecta-callerin-asennus-puhelimeen\/","url":"https:\/\/blogit.gradia.fi\/digipalvelut\/ohjeita-ja-vinkkeja\/laitteet\/fonecta-callerin-asennus-puhelimeen\/","name":"Fonecta Callerin asennus puhelimeen - Gradia Digipalvelut","isPartOf":{"@id":"https:\/\/blogit.gradia.fi\/digipalvelut\/#website"},"primaryImageOfPage":{"@id":"https:\/\/blogit.gradia.fi\/digipalvelut\/ohjeita-ja-vinkkeja\/laitteet\/fonecta-callerin-asennus-puhelimeen\/#primaryimage"},"image":{"@id":"https:\/\/blogit.gradia.fi\/digipalvelut\/ohjeita-ja-vinkkeja\/laitteet\/fonecta-callerin-asennus-puhelimeen\/#primaryimage"},"thumbnailUrl":"https:\/\/blogit.gradia.fi\/digipalvelut\/wp-content\/uploads\/sites\/99\/2019\/08\/Fonecta-Caller-3.jpg","datePublished":"2019-08-07T13:06:02+00:00","dateModified":"2019-08-08T12:41:41+00:00","breadcrumb":{"@id":"https:\/\/blogit.gradia.fi\/digipalvelut\/ohjeita-ja-vinkkeja\/laitteet\/fonecta-callerin-asennus-puhelimeen\/#breadcrumb"},"inLanguage":"fi","potentialAction":[{"@type":"ReadAction","target":["https:\/\/blogit.gradia.fi\/digipalvelut\/ohjeita-ja-vinkkeja\/laitteet\/fonecta-callerin-asennus-puhelimeen\/"]}]},{"@type":"ImageObject","inLanguage":"fi","@id":"https:\/\/blogit.gradia.fi\/digipalvelut\/ohjeita-ja-vinkkeja\/laitteet\/fonecta-callerin-asennus-puhelimeen\/#primaryimage","url":"https:\/\/blogit.gradia.fi\/digipalvelut\/wp-content\/uploads\/sites\/99\/2019\/08\/Fonecta-Caller-3.jpg","contentUrl":"https:\/\/blogit.gradia.fi\/digipalvelut\/wp-content\/uploads\/sites\/99\/2019\/08\/Fonecta-Caller-3.jpg","width":506,"height":900},{"@type":"BreadcrumbList","@id":"https:\/\/blogit.gradia.fi\/digipalvelut\/ohjeita-ja-vinkkeja\/laitteet\/fonecta-callerin-asennus-puhelimeen\/#breadcrumb","itemListElement":[{"@type":"ListItem","position":1,"name":"Ohjeita ja vinkkej\u00e4","item":"https:\/\/blogit.gradia.fi\/digipalvelut\/ohjeita-ja-vinkkeja\/"},{"@type":"ListItem","position":2,"name":"Laitteet","item":"https:\/\/blogit.gradia.fi\/digipalvelut\/ohjeita-ja-vinkkeja\/laitteet\/"},{"@type":"ListItem","position":3,"name":"Fonecta Callerin asennus puhelimeen"}]},{"@type":"WebSite","@id":"https:\/\/blogit.gradia.fi\/digipalvelut\/#website","url":"https:\/\/blogit.gradia.fi\/digipalvelut\/","name":"Gradia Digipalvelut","description":"Astetta enemm\u00e4n digi\u00e4","publisher":{"@id":"https:\/\/blogit.gradia.fi\/digipalvelut\/#organization"},"potentialAction":[{"@type":"SearchAction","target":{"@type":"EntryPoint","urlTemplate":"https:\/\/blogit.gradia.fi\/digipalvelut\/?s={search_term_string}"},"query-input":{"@type":"PropertyValueSpecification","valueRequired":true,"valueName":"search_term_string"}}],"inLanguage":"fi"},{"@type":"Organization","@id":"https:\/\/blogit.gradia.fi\/digipalvelut\/#organization","name":"Gradia Digipalvelut","url":"https:\/\/blogit.gradia.fi\/digipalvelut\/","logo":{"@type":"ImageObject","inLanguage":"fi","@id":"https:\/\/blogit.gradia.fi\/digipalvelut\/#\/schema\/logo\/image\/","url":"https:\/\/blogit.gradia.fi\/digipalvelut\/wp-content\/uploads\/sites\/99\/2019\/06\/cropped-Gradia_logo_Cyber_TRANSPARENT.png","contentUrl":"https:\/\/blogit.gradia.fi\/digipalvelut\/wp-content\/uploads\/sites\/99\/2019\/06\/cropped-Gradia_logo_Cyber_TRANSPARENT.png","width":316,"height":382,"caption":"Gradia Digipalvelut"},"image":{"@id":"https:\/\/blogit.gradia.fi\/digipalvelut\/#\/schema\/logo\/image\/"}}]}},"uagb_featured_image_src":{"full":false,"thumbnail":false,"medium":false,"medium_large":false,"large":false,"1536x1536":false,"2048x2048":false,"hestia-blog":false},"uagb_author_info":{"display_name":"Noora Arela","author_link":"https:\/\/blogit.gradia.fi\/digipalvelut\/author\/arelanoo\/"},"uagb_comment_info":0,"uagb_excerpt":"Fonecta Caller on yksi Suomen suosituimmista hy\u00f6tysovelluksista. Sen avulla n\u00e4et ennen vieraaseen numeroon vastaamista, kuka sinulle soittaa, ja voit hakea ilmaiseksi niin paljon yhteystietoja kuin haluat. Fonecta Callerista voit my\u00f6s tallentaa haluamasi yhteystiedot suoraan oman puhelimesi muistiin. Miten saan Fonecta Callerin puhelimeeni? Lataa Fonecta Caller puhelimesi sovelluskaupasta Lumia-puhelimilla sovelluskauppaan p\u00e4\u00e4see [&hellip;]","_links":{"self":[{"href":"https:\/\/blogit.gradia.fi\/digipalvelut\/wp-json\/wp\/v2\/pages\/900","targetHints":{"allow":["GET"]}}],"collection":[{"href":"https:\/\/blogit.gradia.fi\/digipalvelut\/wp-json\/wp\/v2\/pages"}],"about":[{"href":"https:\/\/blogit.gradia.fi\/digipalvelut\/wp-json\/wp\/v2\/types\/page"}],"author":[{"embeddable":true,"href":"https:\/\/blogit.gradia.fi\/digipalvelut\/wp-json\/wp\/v2\/users\/589"}],"replies":[{"embeddable":true,"href":"https:\/\/blogit.gradia.fi\/digipalvelut\/wp-json\/wp\/v2\/comments?post=900"}],"version-history":[{"count":2,"href":"https:\/\/blogit.gradia.fi\/digipalvelut\/wp-json\/wp\/v2\/pages\/900\/revisions"}],"predecessor-version":[{"id":905,"href":"https:\/\/blogit.gradia.fi\/digipalvelut\/wp-json\/wp\/v2\/pages\/900\/revisions\/905"}],"up":[{"embeddable":true,"href":"https:\/\/blogit.gradia.fi\/digipalvelut\/wp-json\/wp\/v2\/pages\/189"}],"wp:attachment":[{"href":"https:\/\/blogit.gradia.fi\/digipalvelut\/wp-json\/wp\/v2\/media?parent=900"}],"curies":[{"name":"wp","href":"https:\/\/api.w.org\/{rel}","templated":true}]}}