{"id":829,"date":"2019-08-01T13:12:09","date_gmt":"2019-08-01T10:12:09","guid":{"rendered":"https:\/\/blogit.gradia.fi\/digipalvelut\/?page_id=829"},"modified":"2021-10-11T12:46:04","modified_gmt":"2021-10-11T09:46:04","slug":"tiedoston-jakaminen-onedrivessa","status":"publish","type":"page","link":"https:\/\/blogit.gradia.fi\/digipalvelut\/ohjeita-ja-vinkkeja\/office-365\/tiedoston-jakaminen-onedrivessa\/","title":{"rendered":"Tiedoston jakaminen OneDrivessa"},"content":{"rendered":"\n<p>Voit jakaa erilaisia tiedostoja ja kansioita OneDrivesta. Mene OneDrivessa valitsemasi tiedoston tai kansion kohdalle ja paina tiedoston\/kansion nimen vieress\u00e4 olevaa kolmea pistett\u00e4. Valitse Jaa. Voit tehd\u00e4 valinnan my\u00f6s yl\u00e4palkista. <\/p>\n\n\n\n<figure class=\"wp-block-image is-resized\"><img fetchpriority=\"high\" decoding=\"async\" src=\"https:\/\/blogit.gradia.fi\/digipalvelut\/wp-content\/uploads\/sites\/99\/2019\/08\/image-2.png\" alt=\"OneDriven vaihtoehdot \" class=\"wp-image-830\" width=\"416\" height=\"341\" srcset=\"https:\/\/blogit.gradia.fi\/digipalvelut\/wp-content\/uploads\/sites\/99\/2019\/08\/image-2.png 832w, https:\/\/blogit.gradia.fi\/digipalvelut\/wp-content\/uploads\/sites\/99\/2019\/08\/image-2-300x246.png 300w, https:\/\/blogit.gradia.fi\/digipalvelut\/wp-content\/uploads\/sites\/99\/2019\/08\/image-2-768x629.png 768w, https:\/\/blogit.gradia.fi\/digipalvelut\/wp-content\/uploads\/sites\/99\/2019\/08\/image-2-620x507.png 620w\" sizes=\"(max-width: 416px) 100vw, 416px\" \/><\/figure>\n\n\n\n<p>Anna vastaanottajan nimi tai s\u00e4hk\u00f6postiosoite vastaavaan kohtaan. Ohjelma antaa sinulle ehdotuksia sy\u00f6tett\u00e4 vastaavista nimist\u00e4. Voit my\u00f6s lis\u00e4t\u00e4 valinnaisen viestin l\u00e4hetyksen yhteyteen. Jakaminen tapahtuu painamalla L\u00e4het\u00e4-painiketta. <\/p>\n\n\n\n<figure class=\"wp-block-image is-resized\"><img decoding=\"async\" src=\"https:\/\/blogit.gradia.fi\/digipalvelut\/wp-content\/uploads\/sites\/99\/2019\/08\/image-3.png\" alt=\"\" class=\"wp-image-834\" width=\"243\" height=\"310\" srcset=\"https:\/\/blogit.gradia.fi\/digipalvelut\/wp-content\/uploads\/sites\/99\/2019\/08\/image-3.png 485w, https:\/\/blogit.gradia.fi\/digipalvelut\/wp-content\/uploads\/sites\/99\/2019\/08\/image-3-235x300.png 235w\" sizes=\"(max-width: 243px) 100vw, 243px\" \/><\/figure>\n\n\n\n<p>Voit my\u00f6s kopioida linkin suoraan Kopioi linkki-painikkeesta. Outlook-painikkeesta linkki liitet\u00e4\u00e4n suoraan s\u00e4hk\u00f6postiviestiin, jonka voit l\u00e4hett\u00e4\u00e4 Outlookissa vastaanottajille. <\/p>\n\n\n\n<h2 class=\"wp-block-heading\">Lis\u00e4asetuksia<\/h2>\n\n\n\n<figure class=\"wp-block-image is-resized\"><img decoding=\"async\" src=\"https:\/\/blogit.gradia.fi\/digipalvelut\/wp-content\/uploads\/sites\/99\/2019\/08\/image-4.png\" alt=\"\" class=\"wp-image-836\" width=\"234\" height=\"370\" srcset=\"https:\/\/blogit.gradia.fi\/digipalvelut\/wp-content\/uploads\/sites\/99\/2019\/08\/image-4.png 468w, https:\/\/blogit.gradia.fi\/digipalvelut\/wp-content\/uploads\/sites\/99\/2019\/08\/image-4-190x300.png 190w\" sizes=\"(max-width: 234px) 100vw, 234px\" \/><\/figure>\n\n\n\n<p>Oletusarvona tiedosto tai kansio jaetaan oman organisaation sis\u00e4ll\u00e4. Jos on tarve jakaa tiedosto organisaation ulkopuolelle, muokkaa jakoasetuksia. Voit sallia tai est\u00e4\u00e4 tiedoston muokkauksen, asettaa linkille vanhenemisp\u00e4iv\u00e4m\u00e4r\u00e4\u00e4n, jonka j\u00e4lkeen linkki ei en\u00e4\u00e4 toimi, m\u00e4\u00e4ritt\u00e4\u00e4 salasanan tai est\u00e4\u00e4 vastaanottajaa lataamasta jaettua tiedostoa. <\/p>\n\n\n\n<p><strong>Ota huomioon organisaation tietoturvaohjeet liittyen tiedostojen jakamiseen!<\/strong><\/p>\n","protected":false},"excerpt":{"rendered":"<p>Voit jakaa erilaisia tiedostoja ja kansioita OneDrivesta. Mene OneDrivessa valitsemasi tiedoston tai kansion kohdalle ja paina tiedoston\/kansion nimen vieress\u00e4 olevaa kolmea pistett\u00e4. Valitse Jaa. Voit tehd\u00e4 valinnan my\u00f6s yl\u00e4palkista. Anna vastaanottajan nimi tai s\u00e4hk\u00f6postiosoite vastaavaan kohtaan. Ohjelma antaa sinulle ehdotuksia sy\u00f6tett\u00e4 vastaavista nimist\u00e4. Voit my\u00f6s lis\u00e4t\u00e4 valinnaisen viestin l\u00e4hetyksen yhteyteen. [&hellip;]<\/p>\n","protected":false},"author":421,"featured_media":0,"parent":73,"menu_order":0,"comment_status":"closed","ping_status":"closed","template":"","meta":{"_uag_custom_page_level_css":"","footnotes":""},"class_list":["post-829","page","type-page","status-publish","hentry"],"yoast_head":"<!-- This site is optimized with the Yoast SEO plugin v27.4 - https:\/\/yoast.com\/product\/yoast-seo-wordpress\/ -->\n<title>Tiedoston jakaminen OneDrivessa - Gradia Digipalvelut<\/title>\n<meta name=\"robots\" content=\"index, follow, max-snippet:-1, max-image-preview:large, max-video-preview:-1\" \/>\n<link rel=\"canonical\" href=\"https:\/\/blogit.gradia.fi\/digipalvelut\/ohjeita-ja-vinkkeja\/office-365\/tiedoston-jakaminen-onedrivessa\/\" \/>\n<meta property=\"og:locale\" content=\"fi_FI\" \/>\n<meta property=\"og:type\" content=\"article\" \/>\n<meta property=\"og:title\" content=\"Tiedoston jakaminen OneDrivessa - Gradia Digipalvelut\" \/>\n<meta property=\"og:description\" content=\"Voit jakaa erilaisia tiedostoja ja kansioita OneDrivesta. Mene OneDrivessa valitsemasi tiedoston tai kansion kohdalle ja paina tiedoston\/kansion nimen vieress\u00e4 olevaa kolmea pistett\u00e4. Valitse Jaa. Voit tehd\u00e4 valinnan my\u00f6s yl\u00e4palkista. Anna vastaanottajan nimi tai s\u00e4hk\u00f6postiosoite vastaavaan kohtaan. Ohjelma antaa sinulle ehdotuksia sy\u00f6tett\u00e4 vastaavista nimist\u00e4. Voit my\u00f6s lis\u00e4t\u00e4 valinnaisen viestin l\u00e4hetyksen yhteyteen. [&hellip;]\" \/>\n<meta property=\"og:url\" content=\"https:\/\/blogit.gradia.fi\/digipalvelut\/ohjeita-ja-vinkkeja\/office-365\/tiedoston-jakaminen-onedrivessa\/\" \/>\n<meta property=\"og:site_name\" content=\"Gradia Digipalvelut\" \/>\n<meta property=\"article:modified_time\" content=\"2021-10-11T09:46:04+00:00\" \/>\n<meta property=\"og:image\" content=\"https:\/\/blogit.gradia.fi\/digipalvelut\/wp-content\/uploads\/sites\/99\/2019\/08\/image-2.png\" \/>\n<meta name=\"twitter:card\" content=\"summary_large_image\" \/>\n<meta name=\"twitter:label1\" content=\"Arvioitu lukuaika\" \/>\n\t<meta name=\"twitter:data1\" content=\"2 minuuttia\" \/>\n<script type=\"application\/ld+json\" class=\"yoast-schema-graph\">{\"@context\":\"https:\\\/\\\/schema.org\",\"@graph\":[{\"@type\":\"WebPage\",\"@id\":\"https:\\\/\\\/blogit.gradia.fi\\\/digipalvelut\\\/ohjeita-ja-vinkkeja\\\/office-365\\\/tiedoston-jakaminen-onedrivessa\\\/\",\"url\":\"https:\\\/\\\/blogit.gradia.fi\\\/digipalvelut\\\/ohjeita-ja-vinkkeja\\\/office-365\\\/tiedoston-jakaminen-onedrivessa\\\/\",\"name\":\"Tiedoston jakaminen OneDrivessa - Gradia Digipalvelut\",\"isPartOf\":{\"@id\":\"https:\\\/\\\/blogit.gradia.fi\\\/digipalvelut\\\/#website\"},\"primaryImageOfPage\":{\"@id\":\"https:\\\/\\\/blogit.gradia.fi\\\/digipalvelut\\\/ohjeita-ja-vinkkeja\\\/office-365\\\/tiedoston-jakaminen-onedrivessa\\\/#primaryimage\"},\"image\":{\"@id\":\"https:\\\/\\\/blogit.gradia.fi\\\/digipalvelut\\\/ohjeita-ja-vinkkeja\\\/office-365\\\/tiedoston-jakaminen-onedrivessa\\\/#primaryimage\"},\"thumbnailUrl\":\"https:\\\/\\\/blogit.gradia.fi\\\/digipalvelut\\\/wp-content\\\/uploads\\\/sites\\\/99\\\/2019\\\/08\\\/image-2.png\",\"datePublished\":\"2019-08-01T10:12:09+00:00\",\"dateModified\":\"2021-10-11T09:46:04+00:00\",\"breadcrumb\":{\"@id\":\"https:\\\/\\\/blogit.gradia.fi\\\/digipalvelut\\\/ohjeita-ja-vinkkeja\\\/office-365\\\/tiedoston-jakaminen-onedrivessa\\\/#breadcrumb\"},\"inLanguage\":\"fi\",\"potentialAction\":[{\"@type\":\"ReadAction\",\"target\":[\"https:\\\/\\\/blogit.gradia.fi\\\/digipalvelut\\\/ohjeita-ja-vinkkeja\\\/office-365\\\/tiedoston-jakaminen-onedrivessa\\\/\"]}]},{\"@type\":\"ImageObject\",\"inLanguage\":\"fi\",\"@id\":\"https:\\\/\\\/blogit.gradia.fi\\\/digipalvelut\\\/ohjeita-ja-vinkkeja\\\/office-365\\\/tiedoston-jakaminen-onedrivessa\\\/#primaryimage\",\"url\":\"https:\\\/\\\/blogit.gradia.fi\\\/digipalvelut\\\/wp-content\\\/uploads\\\/sites\\\/99\\\/2019\\\/08\\\/image-2.png\",\"contentUrl\":\"https:\\\/\\\/blogit.gradia.fi\\\/digipalvelut\\\/wp-content\\\/uploads\\\/sites\\\/99\\\/2019\\\/08\\\/image-2.png\",\"width\":832,\"height\":681},{\"@type\":\"BreadcrumbList\",\"@id\":\"https:\\\/\\\/blogit.gradia.fi\\\/digipalvelut\\\/ohjeita-ja-vinkkeja\\\/office-365\\\/tiedoston-jakaminen-onedrivessa\\\/#breadcrumb\",\"itemListElement\":[{\"@type\":\"ListItem\",\"position\":1,\"name\":\"Ohjeita ja vinkkej\u00e4\",\"item\":\"https:\\\/\\\/blogit.gradia.fi\\\/digipalvelut\\\/ohjeita-ja-vinkkeja\\\/\"},{\"@type\":\"ListItem\",\"position\":2,\"name\":\"Office 365\",\"item\":\"https:\\\/\\\/blogit.gradia.fi\\\/digipalvelut\\\/ohjeita-ja-vinkkeja\\\/office-365\\\/\"},{\"@type\":\"ListItem\",\"position\":3,\"name\":\"Tiedoston jakaminen OneDrivessa\"}]},{\"@type\":\"WebSite\",\"@id\":\"https:\\\/\\\/blogit.gradia.fi\\\/digipalvelut\\\/#website\",\"url\":\"https:\\\/\\\/blogit.gradia.fi\\\/digipalvelut\\\/\",\"name\":\"Gradia Digipalvelut\",\"description\":\"Astetta enemm\u00e4n digi\u00e4\",\"publisher\":{\"@id\":\"https:\\\/\\\/blogit.gradia.fi\\\/digipalvelut\\\/#organization\"},\"potentialAction\":[{\"@type\":\"SearchAction\",\"target\":{\"@type\":\"EntryPoint\",\"urlTemplate\":\"https:\\\/\\\/blogit.gradia.fi\\\/digipalvelut\\\/?s={search_term_string}\"},\"query-input\":{\"@type\":\"PropertyValueSpecification\",\"valueRequired\":true,\"valueName\":\"search_term_string\"}}],\"inLanguage\":\"fi\"},{\"@type\":\"Organization\",\"@id\":\"https:\\\/\\\/blogit.gradia.fi\\\/digipalvelut\\\/#organization\",\"name\":\"Gradia Digipalvelut\",\"url\":\"https:\\\/\\\/blogit.gradia.fi\\\/digipalvelut\\\/\",\"logo\":{\"@type\":\"ImageObject\",\"inLanguage\":\"fi\",\"@id\":\"https:\\\/\\\/blogit.gradia.fi\\\/digipalvelut\\\/#\\\/schema\\\/logo\\\/image\\\/\",\"url\":\"https:\\\/\\\/blogit.gradia.fi\\\/digipalvelut\\\/wp-content\\\/uploads\\\/sites\\\/99\\\/2019\\\/06\\\/cropped-Gradia_logo_Cyber_TRANSPARENT.png\",\"contentUrl\":\"https:\\\/\\\/blogit.gradia.fi\\\/digipalvelut\\\/wp-content\\\/uploads\\\/sites\\\/99\\\/2019\\\/06\\\/cropped-Gradia_logo_Cyber_TRANSPARENT.png\",\"width\":316,\"height\":382,\"caption\":\"Gradia Digipalvelut\"},\"image\":{\"@id\":\"https:\\\/\\\/blogit.gradia.fi\\\/digipalvelut\\\/#\\\/schema\\\/logo\\\/image\\\/\"}}]}<\/script>\n<!-- \/ Yoast SEO plugin. -->","yoast_head_json":{"title":"Tiedoston jakaminen OneDrivessa - Gradia Digipalvelut","robots":{"index":"index","follow":"follow","max-snippet":"max-snippet:-1","max-image-preview":"max-image-preview:large","max-video-preview":"max-video-preview:-1"},"canonical":"https:\/\/blogit.gradia.fi\/digipalvelut\/ohjeita-ja-vinkkeja\/office-365\/tiedoston-jakaminen-onedrivessa\/","og_locale":"fi_FI","og_type":"article","og_title":"Tiedoston jakaminen OneDrivessa - Gradia Digipalvelut","og_description":"Voit jakaa erilaisia tiedostoja ja kansioita OneDrivesta. Mene OneDrivessa valitsemasi tiedoston tai kansion kohdalle ja paina tiedoston\/kansion nimen vieress\u00e4 olevaa kolmea pistett\u00e4. Valitse Jaa. Voit tehd\u00e4 valinnan my\u00f6s yl\u00e4palkista. Anna vastaanottajan nimi tai s\u00e4hk\u00f6postiosoite vastaavaan kohtaan. Ohjelma antaa sinulle ehdotuksia sy\u00f6tett\u00e4 vastaavista nimist\u00e4. Voit my\u00f6s lis\u00e4t\u00e4 valinnaisen viestin l\u00e4hetyksen yhteyteen. [&hellip;]","og_url":"https:\/\/blogit.gradia.fi\/digipalvelut\/ohjeita-ja-vinkkeja\/office-365\/tiedoston-jakaminen-onedrivessa\/","og_site_name":"Gradia Digipalvelut","article_modified_time":"2021-10-11T09:46:04+00:00","og_image":[{"url":"https:\/\/blogit.gradia.fi\/digipalvelut\/wp-content\/uploads\/sites\/99\/2019\/08\/image-2.png","type":"","width":"","height":""}],"twitter_card":"summary_large_image","twitter_misc":{"Arvioitu lukuaika":"2 minuuttia"},"schema":{"@context":"https:\/\/schema.org","@graph":[{"@type":"WebPage","@id":"https:\/\/blogit.gradia.fi\/digipalvelut\/ohjeita-ja-vinkkeja\/office-365\/tiedoston-jakaminen-onedrivessa\/","url":"https:\/\/blogit.gradia.fi\/digipalvelut\/ohjeita-ja-vinkkeja\/office-365\/tiedoston-jakaminen-onedrivessa\/","name":"Tiedoston jakaminen OneDrivessa - Gradia Digipalvelut","isPartOf":{"@id":"https:\/\/blogit.gradia.fi\/digipalvelut\/#website"},"primaryImageOfPage":{"@id":"https:\/\/blogit.gradia.fi\/digipalvelut\/ohjeita-ja-vinkkeja\/office-365\/tiedoston-jakaminen-onedrivessa\/#primaryimage"},"image":{"@id":"https:\/\/blogit.gradia.fi\/digipalvelut\/ohjeita-ja-vinkkeja\/office-365\/tiedoston-jakaminen-onedrivessa\/#primaryimage"},"thumbnailUrl":"https:\/\/blogit.gradia.fi\/digipalvelut\/wp-content\/uploads\/sites\/99\/2019\/08\/image-2.png","datePublished":"2019-08-01T10:12:09+00:00","dateModified":"2021-10-11T09:46:04+00:00","breadcrumb":{"@id":"https:\/\/blogit.gradia.fi\/digipalvelut\/ohjeita-ja-vinkkeja\/office-365\/tiedoston-jakaminen-onedrivessa\/#breadcrumb"},"inLanguage":"fi","potentialAction":[{"@type":"ReadAction","target":["https:\/\/blogit.gradia.fi\/digipalvelut\/ohjeita-ja-vinkkeja\/office-365\/tiedoston-jakaminen-onedrivessa\/"]}]},{"@type":"ImageObject","inLanguage":"fi","@id":"https:\/\/blogit.gradia.fi\/digipalvelut\/ohjeita-ja-vinkkeja\/office-365\/tiedoston-jakaminen-onedrivessa\/#primaryimage","url":"https:\/\/blogit.gradia.fi\/digipalvelut\/wp-content\/uploads\/sites\/99\/2019\/08\/image-2.png","contentUrl":"https:\/\/blogit.gradia.fi\/digipalvelut\/wp-content\/uploads\/sites\/99\/2019\/08\/image-2.png","width":832,"height":681},{"@type":"BreadcrumbList","@id":"https:\/\/blogit.gradia.fi\/digipalvelut\/ohjeita-ja-vinkkeja\/office-365\/tiedoston-jakaminen-onedrivessa\/#breadcrumb","itemListElement":[{"@type":"ListItem","position":1,"name":"Ohjeita ja vinkkej\u00e4","item":"https:\/\/blogit.gradia.fi\/digipalvelut\/ohjeita-ja-vinkkeja\/"},{"@type":"ListItem","position":2,"name":"Office 365","item":"https:\/\/blogit.gradia.fi\/digipalvelut\/ohjeita-ja-vinkkeja\/office-365\/"},{"@type":"ListItem","position":3,"name":"Tiedoston jakaminen OneDrivessa"}]},{"@type":"WebSite","@id":"https:\/\/blogit.gradia.fi\/digipalvelut\/#website","url":"https:\/\/blogit.gradia.fi\/digipalvelut\/","name":"Gradia Digipalvelut","description":"Astetta enemm\u00e4n digi\u00e4","publisher":{"@id":"https:\/\/blogit.gradia.fi\/digipalvelut\/#organization"},"potentialAction":[{"@type":"SearchAction","target":{"@type":"EntryPoint","urlTemplate":"https:\/\/blogit.gradia.fi\/digipalvelut\/?s={search_term_string}"},"query-input":{"@type":"PropertyValueSpecification","valueRequired":true,"valueName":"search_term_string"}}],"inLanguage":"fi"},{"@type":"Organization","@id":"https:\/\/blogit.gradia.fi\/digipalvelut\/#organization","name":"Gradia Digipalvelut","url":"https:\/\/blogit.gradia.fi\/digipalvelut\/","logo":{"@type":"ImageObject","inLanguage":"fi","@id":"https:\/\/blogit.gradia.fi\/digipalvelut\/#\/schema\/logo\/image\/","url":"https:\/\/blogit.gradia.fi\/digipalvelut\/wp-content\/uploads\/sites\/99\/2019\/06\/cropped-Gradia_logo_Cyber_TRANSPARENT.png","contentUrl":"https:\/\/blogit.gradia.fi\/digipalvelut\/wp-content\/uploads\/sites\/99\/2019\/06\/cropped-Gradia_logo_Cyber_TRANSPARENT.png","width":316,"height":382,"caption":"Gradia Digipalvelut"},"image":{"@id":"https:\/\/blogit.gradia.fi\/digipalvelut\/#\/schema\/logo\/image\/"}}]}},"uagb_featured_image_src":{"full":false,"thumbnail":false,"medium":false,"medium_large":false,"large":false,"1536x1536":false,"2048x2048":false,"hestia-blog":false},"uagb_author_info":{"display_name":"Merja Hakanen","author_link":"https:\/\/blogit.gradia.fi\/digipalvelut\/author\/hakanmer\/"},"uagb_comment_info":0,"uagb_excerpt":"Voit jakaa erilaisia tiedostoja ja kansioita OneDrivesta. Mene OneDrivessa valitsemasi tiedoston tai kansion kohdalle ja paina tiedoston\/kansion nimen vieress\u00e4 olevaa kolmea pistett\u00e4. Valitse Jaa. Voit tehd\u00e4 valinnan my\u00f6s yl\u00e4palkista. Anna vastaanottajan nimi tai s\u00e4hk\u00f6postiosoite vastaavaan kohtaan. Ohjelma antaa sinulle ehdotuksia sy\u00f6tett\u00e4 vastaavista nimist\u00e4. Voit my\u00f6s lis\u00e4t\u00e4 valinnaisen viestin l\u00e4hetyksen yhteyteen. [&hellip;]","_links":{"self":[{"href":"https:\/\/blogit.gradia.fi\/digipalvelut\/wp-json\/wp\/v2\/pages\/829","targetHints":{"allow":["GET"]}}],"collection":[{"href":"https:\/\/blogit.gradia.fi\/digipalvelut\/wp-json\/wp\/v2\/pages"}],"about":[{"href":"https:\/\/blogit.gradia.fi\/digipalvelut\/wp-json\/wp\/v2\/types\/page"}],"author":[{"embeddable":true,"href":"https:\/\/blogit.gradia.fi\/digipalvelut\/wp-json\/wp\/v2\/users\/421"}],"replies":[{"embeddable":true,"href":"https:\/\/blogit.gradia.fi\/digipalvelut\/wp-json\/wp\/v2\/comments?post=829"}],"version-history":[{"count":2,"href":"https:\/\/blogit.gradia.fi\/digipalvelut\/wp-json\/wp\/v2\/pages\/829\/revisions"}],"predecessor-version":[{"id":837,"href":"https:\/\/blogit.gradia.fi\/digipalvelut\/wp-json\/wp\/v2\/pages\/829\/revisions\/837"}],"up":[{"embeddable":true,"href":"https:\/\/blogit.gradia.fi\/digipalvelut\/wp-json\/wp\/v2\/pages\/73"}],"wp:attachment":[{"href":"https:\/\/blogit.gradia.fi\/digipalvelut\/wp-json\/wp\/v2\/media?parent=829"}],"curies":[{"name":"wp","href":"https:\/\/api.w.org\/{rel}","templated":true}]}}