{"id":782,"date":"2019-07-31T15:29:19","date_gmt":"2019-07-31T12:29:19","guid":{"rendered":"https:\/\/blogit.gradia.fi\/digipalvelut\/?page_id=782"},"modified":"2019-07-31T15:29:19","modified_gmt":"2019-07-31T12:29:19","slug":"rajoita-paasy-toimintoihin","status":"publish","type":"page","link":"https:\/\/blogit.gradia.fi\/digipalvelut\/ohjeita-ja-vinkkeja\/moodle\/rajoita-paasy-toimintoihin\/","title":{"rendered":"Rajoita p\u00e4\u00e4sy toimintoihin"},"content":{"rendered":"\n<p>Voit rajoittaa opiskelijoiden p\u00e4\u00e4sy\u00e4 eri osioihin, aktiviteetteihin ja aineistoihin. Rajoita p\u00e4\u00e4sy-asetus n\u00e4kyy kunkin aktiviteetin ja aineiston asetusten listassa. Voit hy\u00f6dynt\u00e4\u00e4 rajoituksia esimerkiksi siten, ett\u00e4 seuraava osio, aktiviteetti tai aineisto tulee n\u00e4kyviin vasta jos edellinen aktiviteetti on suoritettu. K\u00e4yt\u00e4 t\u00e4t\u00e4 tapaa my\u00f6s, jos haluat valmistella materiaalia ja julkaista sen vasta tiettyn\u00e4 p\u00e4iv\u00e4n\u00e4 opintojaksolla.&nbsp;&nbsp;<\/p>\n\n\n\n<p>Voit m\u00e4\u00e4ritell\u00e4 erilaisia rajoituskriteereit\u00e4 ja edellytt\u00e4\u00e4, ett\u00e4 ehdot t\u00e4yttyv\u00e4t tai eiv\u00e4t t\u00e4yty ( esimerkiksi on suoritettu tai ei ole suoritettu).&nbsp;&nbsp;<\/p>\n\n\n\n<h2 class=\"wp-block-heading\">Rajoituskriteerit:&nbsp;&nbsp;<\/h2>\n\n\n\n<p><strong>Aktiviteetin suoritus<\/strong> &#8211; edellytt\u00e4\u00e4, ett\u00e4 opiskelija suorittaa tai vaihtoehtoisesti on suorittamatta tietty\u00e4 aktiviteettia\u00a0<\/p>\n\n\n\n<p><strong>P\u00e4iv\u00e4m\u00e4\u00e4r\u00e4<\/strong> &#8211; rajoita p\u00e4\u00e4sy ennen tai j\u00e4lkeen tietyn p\u00e4iv\u00e4nm\u00e4\u00e4r\u00e4n\u00a0<\/p>\n\n\n\n<p><strong>Arvosana<\/strong> &#8211; edellyt\u00e4, ett\u00e4 opiskelijat ovat saaneet arvioidusta aktiviteetista tietyn arvosanan, esimerkiksi ei saa olla hyl\u00e4tty arvosana.\u00a0\u00a0<\/p>\n\n\n\n<p><strong>Ryhm\u00e4<\/strong> &#8211; salli p\u00e4\u00e4sy ryhmien perusteella\u00a0<\/p>\n\n\n\n<p><strong>K\u00e4ytt\u00e4j\u00e4profiili <\/strong>&#8211; rajoita p\u00e4\u00e4sy\u00e4 k\u00e4ytt\u00e4j\u00e4profiilien tietojen perusteella. Huomaa, ettei k\u00e4ytt\u00e4j\u00e4profiilissa ole v\u00e4ltt\u00e4m\u00e4tt\u00e4 kaikkia kriteeritietoja, jolloin t\u00e4m\u00e4 tapa rajata p\u00e4\u00e4sy\u00e4 ei ole v\u00e4ltt\u00e4m\u00e4tt\u00e4 hy\u00f6dyllisin.\u00a0\u00a0<\/p>\n\n\n\n<p><strong>Rajoitusjoukko<\/strong> \u2013 luo sis\u00e4kk\u00e4isten rajoitusten joukko, esimerkiksi rajoita p\u00e4\u00e4sy tietyn p\u00e4iv\u00e4m\u00e4\u00e4r\u00e4n j\u00e4lkeen opiskelijoilta, jotka eiv\u00e4t ole saaneet tietty\u00e4 arvosanaa.\u00a0\u00a0<\/p>\n\n\n\n<figure class=\"wp-block-image is-resized\"><img fetchpriority=\"high\" decoding=\"async\" src=\"https:\/\/blogit.gradia.fi\/digipalvelut\/wp-content\/uploads\/sites\/99\/2019\/07\/image-32.png\" alt=\"\" class=\"wp-image-783\" width=\"332\" height=\"452\" srcset=\"https:\/\/blogit.gradia.fi\/digipalvelut\/wp-content\/uploads\/sites\/99\/2019\/07\/image-32.png 442w, https:\/\/blogit.gradia.fi\/digipalvelut\/wp-content\/uploads\/sites\/99\/2019\/07\/image-32-220x300.png 220w\" sizes=\"(max-width: 332px) 100vw, 332px\" \/><\/figure>\n","protected":false},"excerpt":{"rendered":"<p>Voit rajoittaa opiskelijoiden p\u00e4\u00e4sy\u00e4 eri osioihin, aktiviteetteihin ja aineistoihin. Rajoita p\u00e4\u00e4sy-asetus n\u00e4kyy kunkin aktiviteetin ja aineiston asetusten listassa. Voit hy\u00f6dynt\u00e4\u00e4 rajoituksia esimerkiksi siten, ett\u00e4 seuraava osio, aktiviteetti tai aineisto tulee n\u00e4kyviin vasta jos edellinen aktiviteetti on suoritettu. K\u00e4yt\u00e4 t\u00e4t\u00e4 tapaa my\u00f6s, jos haluat valmistella materiaalia ja julkaista sen vasta tiettyn\u00e4 [&hellip;]<\/p>\n","protected":false},"author":421,"featured_media":0,"parent":76,"menu_order":0,"comment_status":"closed","ping_status":"closed","template":"","meta":{"_uag_custom_page_level_css":"","footnotes":""},"class_list":["post-782","page","type-page","status-publish","hentry"],"yoast_head":"<!-- This site is optimized with the Yoast SEO plugin v27.4 - https:\/\/yoast.com\/product\/yoast-seo-wordpress\/ -->\n<title>Rajoita p\u00e4\u00e4sy toimintoihin - Gradia Digipalvelut<\/title>\n<meta name=\"robots\" content=\"index, follow, max-snippet:-1, max-image-preview:large, max-video-preview:-1\" \/>\n<link rel=\"canonical\" href=\"https:\/\/blogit.gradia.fi\/digipalvelut\/ohjeita-ja-vinkkeja\/moodle\/rajoita-paasy-toimintoihin\/\" \/>\n<meta property=\"og:locale\" content=\"fi_FI\" \/>\n<meta property=\"og:type\" content=\"article\" \/>\n<meta property=\"og:title\" content=\"Rajoita p\u00e4\u00e4sy toimintoihin - Gradia Digipalvelut\" \/>\n<meta property=\"og:description\" content=\"Voit rajoittaa opiskelijoiden p\u00e4\u00e4sy\u00e4 eri osioihin, aktiviteetteihin ja aineistoihin. Rajoita p\u00e4\u00e4sy-asetus n\u00e4kyy kunkin aktiviteetin ja aineiston asetusten listassa. Voit hy\u00f6dynt\u00e4\u00e4 rajoituksia esimerkiksi siten, ett\u00e4 seuraava osio, aktiviteetti tai aineisto tulee n\u00e4kyviin vasta jos edellinen aktiviteetti on suoritettu. K\u00e4yt\u00e4 t\u00e4t\u00e4 tapaa my\u00f6s, jos haluat valmistella materiaalia ja julkaista sen vasta tiettyn\u00e4 [&hellip;]\" \/>\n<meta property=\"og:url\" content=\"https:\/\/blogit.gradia.fi\/digipalvelut\/ohjeita-ja-vinkkeja\/moodle\/rajoita-paasy-toimintoihin\/\" \/>\n<meta property=\"og:site_name\" content=\"Gradia Digipalvelut\" \/>\n<meta property=\"og:image\" content=\"https:\/\/blogit.gradia.fi\/digipalvelut\/wp-content\/uploads\/sites\/99\/2019\/07\/image-32.png\" \/>\n<meta name=\"twitter:card\" content=\"summary_large_image\" \/>\n<meta name=\"twitter:label1\" content=\"Arvioitu lukuaika\" \/>\n\t<meta name=\"twitter:data1\" content=\"1 minuutti\" \/>\n<script type=\"application\/ld+json\" class=\"yoast-schema-graph\">{\"@context\":\"https:\\\/\\\/schema.org\",\"@graph\":[{\"@type\":\"WebPage\",\"@id\":\"https:\\\/\\\/blogit.gradia.fi\\\/digipalvelut\\\/ohjeita-ja-vinkkeja\\\/moodle\\\/rajoita-paasy-toimintoihin\\\/\",\"url\":\"https:\\\/\\\/blogit.gradia.fi\\\/digipalvelut\\\/ohjeita-ja-vinkkeja\\\/moodle\\\/rajoita-paasy-toimintoihin\\\/\",\"name\":\"Rajoita p\u00e4\u00e4sy toimintoihin - Gradia Digipalvelut\",\"isPartOf\":{\"@id\":\"https:\\\/\\\/blogit.gradia.fi\\\/digipalvelut\\\/#website\"},\"primaryImageOfPage\":{\"@id\":\"https:\\\/\\\/blogit.gradia.fi\\\/digipalvelut\\\/ohjeita-ja-vinkkeja\\\/moodle\\\/rajoita-paasy-toimintoihin\\\/#primaryimage\"},\"image\":{\"@id\":\"https:\\\/\\\/blogit.gradia.fi\\\/digipalvelut\\\/ohjeita-ja-vinkkeja\\\/moodle\\\/rajoita-paasy-toimintoihin\\\/#primaryimage\"},\"thumbnailUrl\":\"https:\\\/\\\/blogit.gradia.fi\\\/digipalvelut\\\/wp-content\\\/uploads\\\/sites\\\/99\\\/2019\\\/07\\\/image-32.png\",\"datePublished\":\"2019-07-31T12:29:19+00:00\",\"breadcrumb\":{\"@id\":\"https:\\\/\\\/blogit.gradia.fi\\\/digipalvelut\\\/ohjeita-ja-vinkkeja\\\/moodle\\\/rajoita-paasy-toimintoihin\\\/#breadcrumb\"},\"inLanguage\":\"fi\",\"potentialAction\":[{\"@type\":\"ReadAction\",\"target\":[\"https:\\\/\\\/blogit.gradia.fi\\\/digipalvelut\\\/ohjeita-ja-vinkkeja\\\/moodle\\\/rajoita-paasy-toimintoihin\\\/\"]}]},{\"@type\":\"ImageObject\",\"inLanguage\":\"fi\",\"@id\":\"https:\\\/\\\/blogit.gradia.fi\\\/digipalvelut\\\/ohjeita-ja-vinkkeja\\\/moodle\\\/rajoita-paasy-toimintoihin\\\/#primaryimage\",\"url\":\"https:\\\/\\\/blogit.gradia.fi\\\/digipalvelut\\\/wp-content\\\/uploads\\\/sites\\\/99\\\/2019\\\/07\\\/image-32.png\",\"contentUrl\":\"https:\\\/\\\/blogit.gradia.fi\\\/digipalvelut\\\/wp-content\\\/uploads\\\/sites\\\/99\\\/2019\\\/07\\\/image-32.png\",\"width\":442,\"height\":603},{\"@type\":\"BreadcrumbList\",\"@id\":\"https:\\\/\\\/blogit.gradia.fi\\\/digipalvelut\\\/ohjeita-ja-vinkkeja\\\/moodle\\\/rajoita-paasy-toimintoihin\\\/#breadcrumb\",\"itemListElement\":[{\"@type\":\"ListItem\",\"position\":1,\"name\":\"Ohjeita ja vinkkej\u00e4\",\"item\":\"https:\\\/\\\/blogit.gradia.fi\\\/digipalvelut\\\/ohjeita-ja-vinkkeja\\\/\"},{\"@type\":\"ListItem\",\"position\":2,\"name\":\"Moodle\",\"item\":\"https:\\\/\\\/blogit.gradia.fi\\\/digipalvelut\\\/ohjeita-ja-vinkkeja\\\/moodle\\\/\"},{\"@type\":\"ListItem\",\"position\":3,\"name\":\"Rajoita p\u00e4\u00e4sy toimintoihin\"}]},{\"@type\":\"WebSite\",\"@id\":\"https:\\\/\\\/blogit.gradia.fi\\\/digipalvelut\\\/#website\",\"url\":\"https:\\\/\\\/blogit.gradia.fi\\\/digipalvelut\\\/\",\"name\":\"Gradia Digipalvelut\",\"description\":\"Astetta enemm\u00e4n digi\u00e4\",\"publisher\":{\"@id\":\"https:\\\/\\\/blogit.gradia.fi\\\/digipalvelut\\\/#organization\"},\"potentialAction\":[{\"@type\":\"SearchAction\",\"target\":{\"@type\":\"EntryPoint\",\"urlTemplate\":\"https:\\\/\\\/blogit.gradia.fi\\\/digipalvelut\\\/?s={search_term_string}\"},\"query-input\":{\"@type\":\"PropertyValueSpecification\",\"valueRequired\":true,\"valueName\":\"search_term_string\"}}],\"inLanguage\":\"fi\"},{\"@type\":\"Organization\",\"@id\":\"https:\\\/\\\/blogit.gradia.fi\\\/digipalvelut\\\/#organization\",\"name\":\"Gradia Digipalvelut\",\"url\":\"https:\\\/\\\/blogit.gradia.fi\\\/digipalvelut\\\/\",\"logo\":{\"@type\":\"ImageObject\",\"inLanguage\":\"fi\",\"@id\":\"https:\\\/\\\/blogit.gradia.fi\\\/digipalvelut\\\/#\\\/schema\\\/logo\\\/image\\\/\",\"url\":\"https:\\\/\\\/blogit.gradia.fi\\\/digipalvelut\\\/wp-content\\\/uploads\\\/sites\\\/99\\\/2019\\\/06\\\/cropped-Gradia_logo_Cyber_TRANSPARENT.png\",\"contentUrl\":\"https:\\\/\\\/blogit.gradia.fi\\\/digipalvelut\\\/wp-content\\\/uploads\\\/sites\\\/99\\\/2019\\\/06\\\/cropped-Gradia_logo_Cyber_TRANSPARENT.png\",\"width\":316,\"height\":382,\"caption\":\"Gradia Digipalvelut\"},\"image\":{\"@id\":\"https:\\\/\\\/blogit.gradia.fi\\\/digipalvelut\\\/#\\\/schema\\\/logo\\\/image\\\/\"}}]}<\/script>\n<!-- \/ Yoast SEO plugin. -->","yoast_head_json":{"title":"Rajoita p\u00e4\u00e4sy toimintoihin - Gradia Digipalvelut","robots":{"index":"index","follow":"follow","max-snippet":"max-snippet:-1","max-image-preview":"max-image-preview:large","max-video-preview":"max-video-preview:-1"},"canonical":"https:\/\/blogit.gradia.fi\/digipalvelut\/ohjeita-ja-vinkkeja\/moodle\/rajoita-paasy-toimintoihin\/","og_locale":"fi_FI","og_type":"article","og_title":"Rajoita p\u00e4\u00e4sy toimintoihin - Gradia Digipalvelut","og_description":"Voit rajoittaa opiskelijoiden p\u00e4\u00e4sy\u00e4 eri osioihin, aktiviteetteihin ja aineistoihin. Rajoita p\u00e4\u00e4sy-asetus n\u00e4kyy kunkin aktiviteetin ja aineiston asetusten listassa. Voit hy\u00f6dynt\u00e4\u00e4 rajoituksia esimerkiksi siten, ett\u00e4 seuraava osio, aktiviteetti tai aineisto tulee n\u00e4kyviin vasta jos edellinen aktiviteetti on suoritettu. K\u00e4yt\u00e4 t\u00e4t\u00e4 tapaa my\u00f6s, jos haluat valmistella materiaalia ja julkaista sen vasta tiettyn\u00e4 [&hellip;]","og_url":"https:\/\/blogit.gradia.fi\/digipalvelut\/ohjeita-ja-vinkkeja\/moodle\/rajoita-paasy-toimintoihin\/","og_site_name":"Gradia Digipalvelut","og_image":[{"url":"https:\/\/blogit.gradia.fi\/digipalvelut\/wp-content\/uploads\/sites\/99\/2019\/07\/image-32.png","type":"","width":"","height":""}],"twitter_card":"summary_large_image","twitter_misc":{"Arvioitu lukuaika":"1 minuutti"},"schema":{"@context":"https:\/\/schema.org","@graph":[{"@type":"WebPage","@id":"https:\/\/blogit.gradia.fi\/digipalvelut\/ohjeita-ja-vinkkeja\/moodle\/rajoita-paasy-toimintoihin\/","url":"https:\/\/blogit.gradia.fi\/digipalvelut\/ohjeita-ja-vinkkeja\/moodle\/rajoita-paasy-toimintoihin\/","name":"Rajoita p\u00e4\u00e4sy toimintoihin - Gradia Digipalvelut","isPartOf":{"@id":"https:\/\/blogit.gradia.fi\/digipalvelut\/#website"},"primaryImageOfPage":{"@id":"https:\/\/blogit.gradia.fi\/digipalvelut\/ohjeita-ja-vinkkeja\/moodle\/rajoita-paasy-toimintoihin\/#primaryimage"},"image":{"@id":"https:\/\/blogit.gradia.fi\/digipalvelut\/ohjeita-ja-vinkkeja\/moodle\/rajoita-paasy-toimintoihin\/#primaryimage"},"thumbnailUrl":"https:\/\/blogit.gradia.fi\/digipalvelut\/wp-content\/uploads\/sites\/99\/2019\/07\/image-32.png","datePublished":"2019-07-31T12:29:19+00:00","breadcrumb":{"@id":"https:\/\/blogit.gradia.fi\/digipalvelut\/ohjeita-ja-vinkkeja\/moodle\/rajoita-paasy-toimintoihin\/#breadcrumb"},"inLanguage":"fi","potentialAction":[{"@type":"ReadAction","target":["https:\/\/blogit.gradia.fi\/digipalvelut\/ohjeita-ja-vinkkeja\/moodle\/rajoita-paasy-toimintoihin\/"]}]},{"@type":"ImageObject","inLanguage":"fi","@id":"https:\/\/blogit.gradia.fi\/digipalvelut\/ohjeita-ja-vinkkeja\/moodle\/rajoita-paasy-toimintoihin\/#primaryimage","url":"https:\/\/blogit.gradia.fi\/digipalvelut\/wp-content\/uploads\/sites\/99\/2019\/07\/image-32.png","contentUrl":"https:\/\/blogit.gradia.fi\/digipalvelut\/wp-content\/uploads\/sites\/99\/2019\/07\/image-32.png","width":442,"height":603},{"@type":"BreadcrumbList","@id":"https:\/\/blogit.gradia.fi\/digipalvelut\/ohjeita-ja-vinkkeja\/moodle\/rajoita-paasy-toimintoihin\/#breadcrumb","itemListElement":[{"@type":"ListItem","position":1,"name":"Ohjeita ja vinkkej\u00e4","item":"https:\/\/blogit.gradia.fi\/digipalvelut\/ohjeita-ja-vinkkeja\/"},{"@type":"ListItem","position":2,"name":"Moodle","item":"https:\/\/blogit.gradia.fi\/digipalvelut\/ohjeita-ja-vinkkeja\/moodle\/"},{"@type":"ListItem","position":3,"name":"Rajoita p\u00e4\u00e4sy toimintoihin"}]},{"@type":"WebSite","@id":"https:\/\/blogit.gradia.fi\/digipalvelut\/#website","url":"https:\/\/blogit.gradia.fi\/digipalvelut\/","name":"Gradia Digipalvelut","description":"Astetta enemm\u00e4n digi\u00e4","publisher":{"@id":"https:\/\/blogit.gradia.fi\/digipalvelut\/#organization"},"potentialAction":[{"@type":"SearchAction","target":{"@type":"EntryPoint","urlTemplate":"https:\/\/blogit.gradia.fi\/digipalvelut\/?s={search_term_string}"},"query-input":{"@type":"PropertyValueSpecification","valueRequired":true,"valueName":"search_term_string"}}],"inLanguage":"fi"},{"@type":"Organization","@id":"https:\/\/blogit.gradia.fi\/digipalvelut\/#organization","name":"Gradia Digipalvelut","url":"https:\/\/blogit.gradia.fi\/digipalvelut\/","logo":{"@type":"ImageObject","inLanguage":"fi","@id":"https:\/\/blogit.gradia.fi\/digipalvelut\/#\/schema\/logo\/image\/","url":"https:\/\/blogit.gradia.fi\/digipalvelut\/wp-content\/uploads\/sites\/99\/2019\/06\/cropped-Gradia_logo_Cyber_TRANSPARENT.png","contentUrl":"https:\/\/blogit.gradia.fi\/digipalvelut\/wp-content\/uploads\/sites\/99\/2019\/06\/cropped-Gradia_logo_Cyber_TRANSPARENT.png","width":316,"height":382,"caption":"Gradia Digipalvelut"},"image":{"@id":"https:\/\/blogit.gradia.fi\/digipalvelut\/#\/schema\/logo\/image\/"}}]}},"uagb_featured_image_src":{"full":false,"thumbnail":false,"medium":false,"medium_large":false,"large":false,"1536x1536":false,"2048x2048":false,"hestia-blog":false},"uagb_author_info":{"display_name":"Merja Hakanen","author_link":"https:\/\/blogit.gradia.fi\/digipalvelut\/author\/hakanmer\/"},"uagb_comment_info":0,"uagb_excerpt":"Voit rajoittaa opiskelijoiden p\u00e4\u00e4sy\u00e4 eri osioihin, aktiviteetteihin ja aineistoihin. Rajoita p\u00e4\u00e4sy-asetus n\u00e4kyy kunkin aktiviteetin ja aineiston asetusten listassa. Voit hy\u00f6dynt\u00e4\u00e4 rajoituksia esimerkiksi siten, ett\u00e4 seuraava osio, aktiviteetti tai aineisto tulee n\u00e4kyviin vasta jos edellinen aktiviteetti on suoritettu. K\u00e4yt\u00e4 t\u00e4t\u00e4 tapaa my\u00f6s, jos haluat valmistella materiaalia ja julkaista sen vasta tiettyn\u00e4 [&hellip;]","_links":{"self":[{"href":"https:\/\/blogit.gradia.fi\/digipalvelut\/wp-json\/wp\/v2\/pages\/782","targetHints":{"allow":["GET"]}}],"collection":[{"href":"https:\/\/blogit.gradia.fi\/digipalvelut\/wp-json\/wp\/v2\/pages"}],"about":[{"href":"https:\/\/blogit.gradia.fi\/digipalvelut\/wp-json\/wp\/v2\/types\/page"}],"author":[{"embeddable":true,"href":"https:\/\/blogit.gradia.fi\/digipalvelut\/wp-json\/wp\/v2\/users\/421"}],"replies":[{"embeddable":true,"href":"https:\/\/blogit.gradia.fi\/digipalvelut\/wp-json\/wp\/v2\/comments?post=782"}],"version-history":[{"count":1,"href":"https:\/\/blogit.gradia.fi\/digipalvelut\/wp-json\/wp\/v2\/pages\/782\/revisions"}],"predecessor-version":[{"id":784,"href":"https:\/\/blogit.gradia.fi\/digipalvelut\/wp-json\/wp\/v2\/pages\/782\/revisions\/784"}],"up":[{"embeddable":true,"href":"https:\/\/blogit.gradia.fi\/digipalvelut\/wp-json\/wp\/v2\/pages\/76"}],"wp:attachment":[{"href":"https:\/\/blogit.gradia.fi\/digipalvelut\/wp-json\/wp\/v2\/media?parent=782"}],"curies":[{"name":"wp","href":"https:\/\/api.w.org\/{rel}","templated":true}]}}