{"id":714,"date":"2019-07-04T14:37:56","date_gmt":"2019-07-04T11:37:56","guid":{"rendered":"https:\/\/blogit.gradia.fi\/digipalvelut\/?page_id=714"},"modified":"2020-06-23T11:43:18","modified_gmt":"2020-06-23T08:43:18","slug":"kurssialueen-tilaaminen","status":"publish","type":"page","link":"https:\/\/blogit.gradia.fi\/digipalvelut\/ohjeita-ja-vinkkeja\/moodle\/kurssialueen-tilaaminen\/","title":{"rendered":"Kurssialueen tilaaminen"},"content":{"rendered":"\n<ol class=\"wp-block-list\"><li>Valitse haluamasi kurssipohja&nbsp;<\/li><li>Mene&nbsp;Gradian&nbsp;palveluportaaliin&nbsp;&nbsp;<a rel=\"noreferrer noopener\" href=\"http:\/\/palveluportaali.gradia.fi\/\" target=\"_blank\">http:\/\/palveluportaali.gradia.fi<\/a>&nbsp;<\/li><li>Valitse opetusteknologia&nbsp;&nbsp;<br><img fetchpriority=\"high\" decoding=\"async\" width=\"765\" height=\"692\" class=\"wp-image-733\" style=\"width: 500px\" src=\"https:\/\/blogit.gradia.fi\/digipalvelut\/wp-content\/uploads\/sites\/99\/2019\/07\/palveluportaali.png\" alt=\"kuva palveluportaalista\" srcset=\"https:\/\/blogit.gradia.fi\/digipalvelut\/wp-content\/uploads\/sites\/99\/2019\/07\/palveluportaali.png 765w, https:\/\/blogit.gradia.fi\/digipalvelut\/wp-content\/uploads\/sites\/99\/2019\/07\/palveluportaali-300x271.png 300w, https:\/\/blogit.gradia.fi\/digipalvelut\/wp-content\/uploads\/sites\/99\/2019\/07\/palveluportaali-620x561.png 620w\" sizes=\"(max-width: 765px) 100vw, 765px\" \/><\/li><li>T\u00e4yt\u00e4&nbsp;<strong>opintojakson&nbsp;tiedot<\/strong>&nbsp;<ol><li><strong>Kategoria:&nbsp;<\/strong>valitse&nbsp;alasvetovalikosta&nbsp;kurssitoteuksesi&nbsp;kategoria,&nbsp;esimerkiksi Perustutkinto&nbsp;<\/li><li><strong>Tutkinto:&nbsp;<\/strong>kirjoita tutkinto, johon toteutus kuuluu, esimerkiksi Sosiaali- ja terveysalan perustutkinto&nbsp;<\/li><li><strong>Tutkinnon osa:&nbsp;<\/strong>kirjoita tutkinnon osa, johon kurssitoteutus kuuluu, kuten kasvun ja osallisuuden edist\u00e4minen&nbsp;<\/li><li><strong>Opintojakson koodi:&nbsp;<\/strong>l\u00f6yd\u00e4t sen&nbsp;Wilmasta&nbsp;tai esimerkiksi vuosisuunnitelmastasi&nbsp;<\/li><li><strong>Teeman\/toteutuksen nimi<\/strong>: Virallisesti alalla k\u00e4yt\u00f6ss\u00e4 oleva toteutuksen nimi&nbsp;&nbsp;<\/li><\/ol><\/li><li>Siirry valitsemaan kurssipohja&nbsp;<\/li><\/ol>\n\n\n\n<figure class=\"wp-block-image\"><img decoding=\"async\" width=\"611\" height=\"556\" src=\"https:\/\/blogit.gradia.fi\/digipalvelut\/wp-content\/uploads\/sites\/99\/2019\/07\/image-30.png\" alt=\"\" class=\"wp-image-731\" srcset=\"https:\/\/blogit.gradia.fi\/digipalvelut\/wp-content\/uploads\/sites\/99\/2019\/07\/image-30.png 611w, https:\/\/blogit.gradia.fi\/digipalvelut\/wp-content\/uploads\/sites\/99\/2019\/07\/image-30-300x273.png 300w\" sizes=\"(max-width: 611px) 100vw, 611px\" \/><\/figure>\n\n\n\n<ul class=\"wp-block-list\"><li>Mik\u00e4li tarvitset&nbsp;kopion olemassa olevasta kurssipohjasta anna yll\u00e4pit\u00e4j\u00e4lle lis\u00e4tiedot olemassa olevasta pohjasta t\u00e4ss\u00e4. HUOM! <em>Mik\u00e4li teill\u00e4 on alalla k\u00e4yt\u00f6ss\u00e4 valmiita, yhdess\u00e4 rakennettuja teeman kurssipohjia, pyyd\u00e4 kopio siit\u00e4.&nbsp;<\/em><\/li><li>Mik\u00e4li tarvitset t\u00e4ysin uuden kurssipohjan valitset&nbsp;alasvetovalikosta&nbsp;etuk\u00e4teen valitsemasi kurssipohja.&nbsp;<\/li><li>Kurssipohjan valinnan lis\u00e4asetuksiin voit lis\u00e4t\u00e4 esimerkiksi tiedon toisesta opettajasta, joka lis\u00e4t\u00e4\u00e4n kurssia muokkaavaksi opettajaksi. T\u00e4m\u00e4n voit kuitenkin tehd\u00e4 my\u00f6hemmin my\u00f6s itse.&nbsp;&nbsp;<\/li><\/ul>\n\n\n\n<hr class=\"wp-block-separator\" \/>\n\n\n\n<figure class=\"wp-block-embed-youtube wp-block-embed is-type-video is-provider-youtube wp-embed-aspect-16-9 wp-has-aspect-ratio\"><div class=\"wp-block-embed__wrapper\">\n<iframe title=\"Moodle-ty\u00f6tilan tilaaminen Gradian ammatillisessa koulutuksessa\" width=\"750\" height=\"422\" src=\"https:\/\/www.youtube.com\/embed\/9ElbPEsw1m4?feature=oembed\" frameborder=\"0\" allow=\"accelerometer; autoplay; clipboard-write; encrypted-media; gyroscope; picture-in-picture; web-share\" allowfullscreen><\/iframe>\n<\/div><\/figure>\n","protected":false},"excerpt":{"rendered":"<p>Valitse haluamasi kurssipohja&nbsp; Mene&nbsp;Gradian&nbsp;palveluportaaliin&nbsp;&nbsp;http:\/\/palveluportaali.gradia.fi&nbsp; Valitse opetusteknologia&nbsp;&nbsp; T\u00e4yt\u00e4&nbsp;opintojakson&nbsp;tiedot&nbsp; Kategoria:&nbsp;valitse&nbsp;alasvetovalikosta&nbsp;kurssitoteuksesi&nbsp;kategoria,&nbsp;esimerkiksi Perustutkinto&nbsp; Tutkinto:&nbsp;kirjoita tutkinto, johon toteutus kuuluu, esimerkiksi Sosiaali- ja terveysalan perustutkinto&nbsp; Tutkinnon osa:&nbsp;kirjoita tutkinnon osa, johon kurssitoteutus kuuluu, kuten kasvun ja osallisuuden edist\u00e4minen&nbsp; Opintojakson koodi:&nbsp;l\u00f6yd\u00e4t sen&nbsp;Wilmasta&nbsp;tai esimerkiksi vuosisuunnitelmastasi&nbsp; Teeman\/toteutuksen nimi: Virallisesti alalla k\u00e4yt\u00f6ss\u00e4 oleva toteutuksen nimi&nbsp;&nbsp; Siirry valitsemaan kurssipohja&nbsp; Mik\u00e4li tarvitset&nbsp;kopion olemassa [&hellip;]<\/p>\n","protected":false},"author":421,"featured_media":0,"parent":76,"menu_order":0,"comment_status":"closed","ping_status":"closed","template":"","meta":{"_uag_custom_page_level_css":"","footnotes":""},"class_list":["post-714","page","type-page","status-publish","hentry"],"yoast_head":"<!-- This site is optimized with the Yoast SEO plugin v27.4 - https:\/\/yoast.com\/product\/yoast-seo-wordpress\/ -->\n<title>Kurssialueen tilaaminen - Gradia Digipalvelut<\/title>\n<meta name=\"robots\" content=\"index, follow, max-snippet:-1, max-image-preview:large, max-video-preview:-1\" \/>\n<link rel=\"canonical\" href=\"https:\/\/blogit.gradia.fi\/digipalvelut\/ohjeita-ja-vinkkeja\/moodle\/kurssialueen-tilaaminen\/\" \/>\n<meta property=\"og:locale\" content=\"fi_FI\" \/>\n<meta property=\"og:type\" content=\"article\" \/>\n<meta property=\"og:title\" content=\"Kurssialueen tilaaminen - Gradia Digipalvelut\" \/>\n<meta property=\"og:description\" content=\"Valitse haluamasi kurssipohja&nbsp; Mene&nbsp;Gradian&nbsp;palveluportaaliin&nbsp;&nbsp;http:\/\/palveluportaali.gradia.fi&nbsp; Valitse opetusteknologia&nbsp;&nbsp; T\u00e4yt\u00e4&nbsp;opintojakson&nbsp;tiedot&nbsp; Kategoria:&nbsp;valitse&nbsp;alasvetovalikosta&nbsp;kurssitoteuksesi&nbsp;kategoria,&nbsp;esimerkiksi Perustutkinto&nbsp; Tutkinto:&nbsp;kirjoita tutkinto, johon toteutus kuuluu, esimerkiksi Sosiaali- ja terveysalan perustutkinto&nbsp; Tutkinnon osa:&nbsp;kirjoita tutkinnon osa, johon kurssitoteutus kuuluu, kuten kasvun ja osallisuuden edist\u00e4minen&nbsp; Opintojakson koodi:&nbsp;l\u00f6yd\u00e4t sen&nbsp;Wilmasta&nbsp;tai esimerkiksi vuosisuunnitelmastasi&nbsp; Teeman\/toteutuksen nimi: Virallisesti alalla k\u00e4yt\u00f6ss\u00e4 oleva toteutuksen nimi&nbsp;&nbsp; Siirry valitsemaan kurssipohja&nbsp; Mik\u00e4li tarvitset&nbsp;kopion olemassa [&hellip;]\" \/>\n<meta property=\"og:url\" content=\"https:\/\/blogit.gradia.fi\/digipalvelut\/ohjeita-ja-vinkkeja\/moodle\/kurssialueen-tilaaminen\/\" \/>\n<meta property=\"og:site_name\" content=\"Gradia Digipalvelut\" \/>\n<meta property=\"article:modified_time\" content=\"2020-06-23T08:43:18+00:00\" \/>\n<meta property=\"og:image\" content=\"https:\/\/blogit.gradia.fi\/digipalvelut\/wp-content\/uploads\/sites\/99\/2019\/07\/palveluportaali.png\" \/>\n<meta name=\"twitter:card\" content=\"summary_large_image\" \/>\n<meta name=\"twitter:label1\" content=\"Arvioitu lukuaika\" \/>\n\t<meta name=\"twitter:data1\" content=\"1 minuutti\" \/>\n<script type=\"application\/ld+json\" class=\"yoast-schema-graph\">{\"@context\":\"https:\\\/\\\/schema.org\",\"@graph\":[{\"@type\":\"WebPage\",\"@id\":\"https:\\\/\\\/blogit.gradia.fi\\\/digipalvelut\\\/ohjeita-ja-vinkkeja\\\/moodle\\\/kurssialueen-tilaaminen\\\/\",\"url\":\"https:\\\/\\\/blogit.gradia.fi\\\/digipalvelut\\\/ohjeita-ja-vinkkeja\\\/moodle\\\/kurssialueen-tilaaminen\\\/\",\"name\":\"Kurssialueen tilaaminen - Gradia Digipalvelut\",\"isPartOf\":{\"@id\":\"https:\\\/\\\/blogit.gradia.fi\\\/digipalvelut\\\/#website\"},\"primaryImageOfPage\":{\"@id\":\"https:\\\/\\\/blogit.gradia.fi\\\/digipalvelut\\\/ohjeita-ja-vinkkeja\\\/moodle\\\/kurssialueen-tilaaminen\\\/#primaryimage\"},\"image\":{\"@id\":\"https:\\\/\\\/blogit.gradia.fi\\\/digipalvelut\\\/ohjeita-ja-vinkkeja\\\/moodle\\\/kurssialueen-tilaaminen\\\/#primaryimage\"},\"thumbnailUrl\":\"https:\\\/\\\/blogit.gradia.fi\\\/digipalvelut\\\/wp-content\\\/uploads\\\/sites\\\/99\\\/2019\\\/07\\\/palveluportaali.png\",\"datePublished\":\"2019-07-04T11:37:56+00:00\",\"dateModified\":\"2020-06-23T08:43:18+00:00\",\"breadcrumb\":{\"@id\":\"https:\\\/\\\/blogit.gradia.fi\\\/digipalvelut\\\/ohjeita-ja-vinkkeja\\\/moodle\\\/kurssialueen-tilaaminen\\\/#breadcrumb\"},\"inLanguage\":\"fi\",\"potentialAction\":[{\"@type\":\"ReadAction\",\"target\":[\"https:\\\/\\\/blogit.gradia.fi\\\/digipalvelut\\\/ohjeita-ja-vinkkeja\\\/moodle\\\/kurssialueen-tilaaminen\\\/\"]}]},{\"@type\":\"ImageObject\",\"inLanguage\":\"fi\",\"@id\":\"https:\\\/\\\/blogit.gradia.fi\\\/digipalvelut\\\/ohjeita-ja-vinkkeja\\\/moodle\\\/kurssialueen-tilaaminen\\\/#primaryimage\",\"url\":\"https:\\\/\\\/blogit.gradia.fi\\\/digipalvelut\\\/wp-content\\\/uploads\\\/sites\\\/99\\\/2019\\\/07\\\/palveluportaali.png\",\"contentUrl\":\"https:\\\/\\\/blogit.gradia.fi\\\/digipalvelut\\\/wp-content\\\/uploads\\\/sites\\\/99\\\/2019\\\/07\\\/palveluportaali.png\",\"width\":765,\"height\":692,\"caption\":\"kuva palveluportaalista\"},{\"@type\":\"BreadcrumbList\",\"@id\":\"https:\\\/\\\/blogit.gradia.fi\\\/digipalvelut\\\/ohjeita-ja-vinkkeja\\\/moodle\\\/kurssialueen-tilaaminen\\\/#breadcrumb\",\"itemListElement\":[{\"@type\":\"ListItem\",\"position\":1,\"name\":\"Ohjeita ja vinkkej\u00e4\",\"item\":\"https:\\\/\\\/blogit.gradia.fi\\\/digipalvelut\\\/ohjeita-ja-vinkkeja\\\/\"},{\"@type\":\"ListItem\",\"position\":2,\"name\":\"Moodle\",\"item\":\"https:\\\/\\\/blogit.gradia.fi\\\/digipalvelut\\\/ohjeita-ja-vinkkeja\\\/moodle\\\/\"},{\"@type\":\"ListItem\",\"position\":3,\"name\":\"Kurssialueen tilaaminen\"}]},{\"@type\":\"WebSite\",\"@id\":\"https:\\\/\\\/blogit.gradia.fi\\\/digipalvelut\\\/#website\",\"url\":\"https:\\\/\\\/blogit.gradia.fi\\\/digipalvelut\\\/\",\"name\":\"Gradia Digipalvelut\",\"description\":\"Astetta enemm\u00e4n digi\u00e4\",\"publisher\":{\"@id\":\"https:\\\/\\\/blogit.gradia.fi\\\/digipalvelut\\\/#organization\"},\"potentialAction\":[{\"@type\":\"SearchAction\",\"target\":{\"@type\":\"EntryPoint\",\"urlTemplate\":\"https:\\\/\\\/blogit.gradia.fi\\\/digipalvelut\\\/?s={search_term_string}\"},\"query-input\":{\"@type\":\"PropertyValueSpecification\",\"valueRequired\":true,\"valueName\":\"search_term_string\"}}],\"inLanguage\":\"fi\"},{\"@type\":\"Organization\",\"@id\":\"https:\\\/\\\/blogit.gradia.fi\\\/digipalvelut\\\/#organization\",\"name\":\"Gradia Digipalvelut\",\"url\":\"https:\\\/\\\/blogit.gradia.fi\\\/digipalvelut\\\/\",\"logo\":{\"@type\":\"ImageObject\",\"inLanguage\":\"fi\",\"@id\":\"https:\\\/\\\/blogit.gradia.fi\\\/digipalvelut\\\/#\\\/schema\\\/logo\\\/image\\\/\",\"url\":\"https:\\\/\\\/blogit.gradia.fi\\\/digipalvelut\\\/wp-content\\\/uploads\\\/sites\\\/99\\\/2019\\\/06\\\/cropped-Gradia_logo_Cyber_TRANSPARENT.png\",\"contentUrl\":\"https:\\\/\\\/blogit.gradia.fi\\\/digipalvelut\\\/wp-content\\\/uploads\\\/sites\\\/99\\\/2019\\\/06\\\/cropped-Gradia_logo_Cyber_TRANSPARENT.png\",\"width\":316,\"height\":382,\"caption\":\"Gradia Digipalvelut\"},\"image\":{\"@id\":\"https:\\\/\\\/blogit.gradia.fi\\\/digipalvelut\\\/#\\\/schema\\\/logo\\\/image\\\/\"}}]}<\/script>\n<!-- \/ Yoast SEO plugin. -->","yoast_head_json":{"title":"Kurssialueen tilaaminen - Gradia Digipalvelut","robots":{"index":"index","follow":"follow","max-snippet":"max-snippet:-1","max-image-preview":"max-image-preview:large","max-video-preview":"max-video-preview:-1"},"canonical":"https:\/\/blogit.gradia.fi\/digipalvelut\/ohjeita-ja-vinkkeja\/moodle\/kurssialueen-tilaaminen\/","og_locale":"fi_FI","og_type":"article","og_title":"Kurssialueen tilaaminen - Gradia Digipalvelut","og_description":"Valitse haluamasi kurssipohja&nbsp; Mene&nbsp;Gradian&nbsp;palveluportaaliin&nbsp;&nbsp;http:\/\/palveluportaali.gradia.fi&nbsp; Valitse opetusteknologia&nbsp;&nbsp; T\u00e4yt\u00e4&nbsp;opintojakson&nbsp;tiedot&nbsp; Kategoria:&nbsp;valitse&nbsp;alasvetovalikosta&nbsp;kurssitoteuksesi&nbsp;kategoria,&nbsp;esimerkiksi Perustutkinto&nbsp; Tutkinto:&nbsp;kirjoita tutkinto, johon toteutus kuuluu, esimerkiksi Sosiaali- ja terveysalan perustutkinto&nbsp; Tutkinnon osa:&nbsp;kirjoita tutkinnon osa, johon kurssitoteutus kuuluu, kuten kasvun ja osallisuuden edist\u00e4minen&nbsp; Opintojakson koodi:&nbsp;l\u00f6yd\u00e4t sen&nbsp;Wilmasta&nbsp;tai esimerkiksi vuosisuunnitelmastasi&nbsp; Teeman\/toteutuksen nimi: Virallisesti alalla k\u00e4yt\u00f6ss\u00e4 oleva toteutuksen nimi&nbsp;&nbsp; Siirry valitsemaan kurssipohja&nbsp; Mik\u00e4li tarvitset&nbsp;kopion olemassa [&hellip;]","og_url":"https:\/\/blogit.gradia.fi\/digipalvelut\/ohjeita-ja-vinkkeja\/moodle\/kurssialueen-tilaaminen\/","og_site_name":"Gradia Digipalvelut","article_modified_time":"2020-06-23T08:43:18+00:00","og_image":[{"url":"https:\/\/blogit.gradia.fi\/digipalvelut\/wp-content\/uploads\/sites\/99\/2019\/07\/palveluportaali.png","type":"","width":"","height":""}],"twitter_card":"summary_large_image","twitter_misc":{"Arvioitu lukuaika":"1 minuutti"},"schema":{"@context":"https:\/\/schema.org","@graph":[{"@type":"WebPage","@id":"https:\/\/blogit.gradia.fi\/digipalvelut\/ohjeita-ja-vinkkeja\/moodle\/kurssialueen-tilaaminen\/","url":"https:\/\/blogit.gradia.fi\/digipalvelut\/ohjeita-ja-vinkkeja\/moodle\/kurssialueen-tilaaminen\/","name":"Kurssialueen tilaaminen - Gradia Digipalvelut","isPartOf":{"@id":"https:\/\/blogit.gradia.fi\/digipalvelut\/#website"},"primaryImageOfPage":{"@id":"https:\/\/blogit.gradia.fi\/digipalvelut\/ohjeita-ja-vinkkeja\/moodle\/kurssialueen-tilaaminen\/#primaryimage"},"image":{"@id":"https:\/\/blogit.gradia.fi\/digipalvelut\/ohjeita-ja-vinkkeja\/moodle\/kurssialueen-tilaaminen\/#primaryimage"},"thumbnailUrl":"https:\/\/blogit.gradia.fi\/digipalvelut\/wp-content\/uploads\/sites\/99\/2019\/07\/palveluportaali.png","datePublished":"2019-07-04T11:37:56+00:00","dateModified":"2020-06-23T08:43:18+00:00","breadcrumb":{"@id":"https:\/\/blogit.gradia.fi\/digipalvelut\/ohjeita-ja-vinkkeja\/moodle\/kurssialueen-tilaaminen\/#breadcrumb"},"inLanguage":"fi","potentialAction":[{"@type":"ReadAction","target":["https:\/\/blogit.gradia.fi\/digipalvelut\/ohjeita-ja-vinkkeja\/moodle\/kurssialueen-tilaaminen\/"]}]},{"@type":"ImageObject","inLanguage":"fi","@id":"https:\/\/blogit.gradia.fi\/digipalvelut\/ohjeita-ja-vinkkeja\/moodle\/kurssialueen-tilaaminen\/#primaryimage","url":"https:\/\/blogit.gradia.fi\/digipalvelut\/wp-content\/uploads\/sites\/99\/2019\/07\/palveluportaali.png","contentUrl":"https:\/\/blogit.gradia.fi\/digipalvelut\/wp-content\/uploads\/sites\/99\/2019\/07\/palveluportaali.png","width":765,"height":692,"caption":"kuva palveluportaalista"},{"@type":"BreadcrumbList","@id":"https:\/\/blogit.gradia.fi\/digipalvelut\/ohjeita-ja-vinkkeja\/moodle\/kurssialueen-tilaaminen\/#breadcrumb","itemListElement":[{"@type":"ListItem","position":1,"name":"Ohjeita ja vinkkej\u00e4","item":"https:\/\/blogit.gradia.fi\/digipalvelut\/ohjeita-ja-vinkkeja\/"},{"@type":"ListItem","position":2,"name":"Moodle","item":"https:\/\/blogit.gradia.fi\/digipalvelut\/ohjeita-ja-vinkkeja\/moodle\/"},{"@type":"ListItem","position":3,"name":"Kurssialueen tilaaminen"}]},{"@type":"WebSite","@id":"https:\/\/blogit.gradia.fi\/digipalvelut\/#website","url":"https:\/\/blogit.gradia.fi\/digipalvelut\/","name":"Gradia Digipalvelut","description":"Astetta enemm\u00e4n digi\u00e4","publisher":{"@id":"https:\/\/blogit.gradia.fi\/digipalvelut\/#organization"},"potentialAction":[{"@type":"SearchAction","target":{"@type":"EntryPoint","urlTemplate":"https:\/\/blogit.gradia.fi\/digipalvelut\/?s={search_term_string}"},"query-input":{"@type":"PropertyValueSpecification","valueRequired":true,"valueName":"search_term_string"}}],"inLanguage":"fi"},{"@type":"Organization","@id":"https:\/\/blogit.gradia.fi\/digipalvelut\/#organization","name":"Gradia Digipalvelut","url":"https:\/\/blogit.gradia.fi\/digipalvelut\/","logo":{"@type":"ImageObject","inLanguage":"fi","@id":"https:\/\/blogit.gradia.fi\/digipalvelut\/#\/schema\/logo\/image\/","url":"https:\/\/blogit.gradia.fi\/digipalvelut\/wp-content\/uploads\/sites\/99\/2019\/06\/cropped-Gradia_logo_Cyber_TRANSPARENT.png","contentUrl":"https:\/\/blogit.gradia.fi\/digipalvelut\/wp-content\/uploads\/sites\/99\/2019\/06\/cropped-Gradia_logo_Cyber_TRANSPARENT.png","width":316,"height":382,"caption":"Gradia Digipalvelut"},"image":{"@id":"https:\/\/blogit.gradia.fi\/digipalvelut\/#\/schema\/logo\/image\/"}}]}},"uagb_featured_image_src":{"full":false,"thumbnail":false,"medium":false,"medium_large":false,"large":false,"1536x1536":false,"2048x2048":false,"hestia-blog":false},"uagb_author_info":{"display_name":"Merja Hakanen","author_link":"https:\/\/blogit.gradia.fi\/digipalvelut\/author\/hakanmer\/"},"uagb_comment_info":0,"uagb_excerpt":"Valitse haluamasi kurssipohja&nbsp; Mene&nbsp;Gradian&nbsp;palveluportaaliin&nbsp;&nbsp;http:\/\/palveluportaali.gradia.fi&nbsp; Valitse opetusteknologia&nbsp;&nbsp; T\u00e4yt\u00e4&nbsp;opintojakson&nbsp;tiedot&nbsp; Kategoria:&nbsp;valitse&nbsp;alasvetovalikosta&nbsp;kurssitoteuksesi&nbsp;kategoria,&nbsp;esimerkiksi Perustutkinto&nbsp; Tutkinto:&nbsp;kirjoita tutkinto, johon toteutus kuuluu, esimerkiksi Sosiaali- ja terveysalan perustutkinto&nbsp; Tutkinnon osa:&nbsp;kirjoita tutkinnon osa, johon kurssitoteutus kuuluu, kuten kasvun ja osallisuuden edist\u00e4minen&nbsp; Opintojakson koodi:&nbsp;l\u00f6yd\u00e4t sen&nbsp;Wilmasta&nbsp;tai esimerkiksi vuosisuunnitelmastasi&nbsp; Teeman\/toteutuksen nimi: Virallisesti alalla k\u00e4yt\u00f6ss\u00e4 oleva toteutuksen nimi&nbsp;&nbsp; Siirry valitsemaan kurssipohja&nbsp; Mik\u00e4li tarvitset&nbsp;kopion olemassa [&hellip;]","_links":{"self":[{"href":"https:\/\/blogit.gradia.fi\/digipalvelut\/wp-json\/wp\/v2\/pages\/714","targetHints":{"allow":["GET"]}}],"collection":[{"href":"https:\/\/blogit.gradia.fi\/digipalvelut\/wp-json\/wp\/v2\/pages"}],"about":[{"href":"https:\/\/blogit.gradia.fi\/digipalvelut\/wp-json\/wp\/v2\/types\/page"}],"author":[{"embeddable":true,"href":"https:\/\/blogit.gradia.fi\/digipalvelut\/wp-json\/wp\/v2\/users\/421"}],"replies":[{"embeddable":true,"href":"https:\/\/blogit.gradia.fi\/digipalvelut\/wp-json\/wp\/v2\/comments?post=714"}],"version-history":[{"count":4,"href":"https:\/\/blogit.gradia.fi\/digipalvelut\/wp-json\/wp\/v2\/pages\/714\/revisions"}],"predecessor-version":[{"id":1939,"href":"https:\/\/blogit.gradia.fi\/digipalvelut\/wp-json\/wp\/v2\/pages\/714\/revisions\/1939"}],"up":[{"embeddable":true,"href":"https:\/\/blogit.gradia.fi\/digipalvelut\/wp-json\/wp\/v2\/pages\/76"}],"wp:attachment":[{"href":"https:\/\/blogit.gradia.fi\/digipalvelut\/wp-json\/wp\/v2\/media?parent=714"}],"curies":[{"name":"wp","href":"https:\/\/api.w.org\/{rel}","templated":true}]}}