{"id":606,"date":"2019-07-03T14:59:04","date_gmt":"2019-07-03T11:59:04","guid":{"rendered":"https:\/\/blogit.gradia.fi\/digipalvelut\/?page_id=606"},"modified":"2020-06-23T11:45:23","modified_gmt":"2020-06-23T08:45:23","slug":"moodlen-kurssipohjien-esittely","status":"publish","type":"page","link":"https:\/\/blogit.gradia.fi\/digipalvelut\/ohjeita-ja-vinkkeja\/moodle\/moodlen-kurssipohjien-esittely\/","title":{"rendered":"Kurssipohjien vaihtoehdot"},"content":{"rendered":"\n<p>Gradian&nbsp;Moodlessa opettajilla on valittavana kolme erilaista kurssipohjaa.&nbsp;&nbsp;Kurssipohjia on kolmea erilaista p\u00e4\u00e4tyyppi\u00e4:&nbsp;<strong>ruudukko -malli, v\u00e4lilehti -malli ja otsake -malli<\/strong>. N\u00e4ist\u00e4 p\u00e4\u00e4tyypeist\u00e4 on valittavana kolme erilaista v\u00e4rivaihtoehtoa; rauhallinen, pirte\u00e4 ja vehre\u00e4.&nbsp;&nbsp; <br><br>Suosittelemme, ett\u00e4 aloilla samaa teemaa opettavat opettajat rakentavat valitsemaansa pohjaan Moodlessa yhden aihesis\u00e4ll\u00f6n ja rakentavat sinne opetus- ja ohjausk\u00e4yt\u00e4nteet kyseiseen teemaan.&nbsp;&nbsp;<strong>T\u00e4rke\u00e4\u00e4 olisi pohtia alan yhteiset k\u00e4yt\u00e4nteet opetettavien kokonaisuuksien sis\u00e4ll\u00e4<\/strong>.&nbsp; <\/p>\n\n\n\n<figure class=\"wp-block-embed-youtube wp-block-embed is-type-video is-provider-youtube wp-embed-aspect-16-9 wp-has-aspect-ratio\"><div class=\"wp-block-embed__wrapper\">\n<iframe title=\"Gradian Moodlen Kurssipohjien esittely\" width=\"750\" height=\"422\" src=\"https:\/\/www.youtube.com\/embed\/xhOvk2EQQHc?feature=oembed\" frameborder=\"0\" allow=\"accelerometer; autoplay; clipboard-write; encrypted-media; gyroscope; picture-in-picture; web-share\" allowfullscreen><\/iframe>\n<\/div><figcaption>Esittelyvideo Gradian kurssipohjista<\/figcaption><\/figure>\n\n\n\n<p><\/p>\n\n\n\n<p><a href=\"#kurssipohjat\">Kurssipohjien yleisesittely<\/a><br><a href=\"#ruudukko\">Ruudukko -mallit<\/a><br><a href=\"#otsake\">Otsake -mallit<\/a><br><a href=\"#v\u00e4lilehdet\">V\u00e4lilehtimallit<\/a><\/p>\n\n\n\n<h2 class=\"wp-block-heading\" id=\"kurssipohjat\"><strong>Kurssipohjan yleisesittely<\/strong><\/h2>\n\n\n\n<figure class=\"wp-block-image\"><img fetchpriority=\"high\" decoding=\"async\" width=\"1024\" height=\"703\" src=\"https:\/\/blogit.gradia.fi\/digipalvelut\/wp-content\/uploads\/sites\/99\/2019\/07\/Kurssipohjan-yleisesittely-1024x703.jpg\" alt=\"\" class=\"wp-image-607\" srcset=\"https:\/\/blogit.gradia.fi\/digipalvelut\/wp-content\/uploads\/sites\/99\/2019\/07\/Kurssipohjan-yleisesittely-1024x703.jpg 1024w, https:\/\/blogit.gradia.fi\/digipalvelut\/wp-content\/uploads\/sites\/99\/2019\/07\/Kurssipohjan-yleisesittely-300x206.jpg 300w, https:\/\/blogit.gradia.fi\/digipalvelut\/wp-content\/uploads\/sites\/99\/2019\/07\/Kurssipohjan-yleisesittely-768x527.jpg 768w, https:\/\/blogit.gradia.fi\/digipalvelut\/wp-content\/uploads\/sites\/99\/2019\/07\/Kurssipohjan-yleisesittely-620x426.jpg 620w, https:\/\/blogit.gradia.fi\/digipalvelut\/wp-content\/uploads\/sites\/99\/2019\/07\/Kurssipohjan-yleisesittely.jpg 1639w\" sizes=\"(max-width: 1024px) 100vw, 1024px\" \/><\/figure>\n\n\n\n<ol class=\"wp-block-list\"><li>Kurssin nimi, joka tulee Primuksesta ja luodaan kurssia tilattaessa&nbsp;<\/li><li>Opettajan muokattavissa oleva osio&nbsp;<\/li><li><strong>Opintojakson keskeinen sis\u00e4lt\u00f6<\/strong>. HUOM!<em>&nbsp;<\/em>Pid\u00e4 t\u00e4m\u00e4 osio hyvin lyhyen\u00e4<em>,<\/em>&nbsp;sill\u00e4 n\u00e4kyy opiskelijalle koko opintojakson ajan. Kerro enemm\u00e4n &#8221;opintojaksosta yleisesti&#8221; osiossa, joka on linkitetty&nbsp;&nbsp;<em>tarkemmat tiedot opintojaksosta<\/em>&nbsp;\u2013otsikon alle.&nbsp;&nbsp;<\/li><li>Kaikilla kurssialueilla on sivuston etusivulla automaattisesti k\u00e4yt\u00f6ss\u00e4&nbsp;<strong>Opintojakson uutiset<\/strong>&nbsp;\u2013osio yksisuuntaiseen viestint\u00e4\u00e4n kurssin ajankohtaisista asioista. Opettajan luomista uutisista kaksi viimeisint\u00e4 tulee n\u00e4kyviin my\u00f6s opintojakson etusivulla oikeassa palkissa olevaan&nbsp; viimeisimm\u00e4t&nbsp;<strong>uutiset \u2013lohkoon&nbsp;<\/strong>(kuvassa&nbsp; 8).&nbsp; Uutiset -aktiviteetissa on oletuksena pakotettuna keskusteluviestien tilaus s\u00e4hk\u00f6postiin.&nbsp;&nbsp;<\/li><li>T\u00e4m\u00e4n lis\u00e4ksi kurssipohjassa on&nbsp;<strong>Yleinen keskustelualue,&nbsp;<\/strong>jolla sek\u00e4 opiskelijat ett\u00e4 opettajat voivat aloittaa keskusteluja ja vastata niihin.&nbsp;&nbsp;<\/li><li>Opintojakson osiot, joihin kurssi varsinaisesti rakentuu erilaisten aktiviteettien ja aineistojen avulla.&nbsp;&nbsp; <\/li><li><strong>Hallintaty\u00f6kalut&nbsp;<\/strong>n\u00e4kyv\u00e4t vain opettajalle. Hallintaty\u00f6kalut esitell\u00e4\u00e4n omissa ohjeissaan. <a href=\"https:\/\/blogit.gradia.fi\/digipalvelut\/ohjeita-ja-vinkkeja\/moodle\/hallintatyokalut-kurssilla\/\">Lue lis\u00e4\u00e4 hallintaty\u00f6kalujen k\u00e4yt\u00f6st\u00e4. <\/a><strong><a href=\"https:\/\/blogit.gradia.fi\/digipalvelut\/ohjeita-ja-vinkkeja\/moodle\/hallintatyokalut-kurssilla\/\">&nbsp;<\/a><\/strong> <\/li><li><strong>Viimeisimm\u00e4t uutiset \u2013<\/strong>lohko tuo n\u00e4kyviin kaksi viimeisint\u00e4 uutista &#8221;opintojakson uutiset&#8221; -osiosta. Opettaja voi halutessaan poistaa t\u00e4m\u00e4n lohkon aktivoimalla hallintaty\u00f6kaluista muokkaustilan p\u00e4\u00e4lle ja painamalla hammasratasta ja valitse poista. <\/li><li>Edistymisen seuranta \u2013lohko n\u00e4ytt\u00e4\u00e4 opettajalle visuaalisen yleiskatsauksen opiskelijoiden etenemisest\u00e4. <\/li><li>Ohjaaja\/yhteystiedot -lohko: muokkaa t\u00e4h\u00e4n lohkoon oma kuvasi sek\u00e4 yhteystietosi opiskelijaa varten.&nbsp; <br><\/li><\/ol>\n\n\n\n<h2 class=\"wp-block-heading\">Kurssipohjien p\u00e4\u00e4tyypit<\/h2>\n\n\n\n<h3 class=\"wp-block-heading\" id=\"ruudukko\"><strong>Ruudukko \u2013mallit<\/strong><\/h3>\n\n\n\n<p>Erityispiirteen\u00e4 visuaalinen ilme, jossa kurssin aineistot ja aktiviteetit kootaan erilaisiksi osioiksi, jotka esitet\u00e4\u00e4n ruudukkomuodossa. Sopii hyvin kursseille, joilla materiaalia on runsaasti.&nbsp;<\/p>\n\n\n\n<h4 class=\"wp-block-heading\">Ruudukko 1 Rauhallinen<\/h4>\n\n\n\n<figure class=\"wp-block-image\"><img decoding=\"async\" width=\"1006\" height=\"905\" src=\"https:\/\/blogit.gradia.fi\/digipalvelut\/wp-content\/uploads\/sites\/99\/2019\/07\/KurssipohjaRuudukko1.png\" alt=\"\" class=\"wp-image-609\" srcset=\"https:\/\/blogit.gradia.fi\/digipalvelut\/wp-content\/uploads\/sites\/99\/2019\/07\/KurssipohjaRuudukko1.png 1006w, https:\/\/blogit.gradia.fi\/digipalvelut\/wp-content\/uploads\/sites\/99\/2019\/07\/KurssipohjaRuudukko1-300x270.png 300w, https:\/\/blogit.gradia.fi\/digipalvelut\/wp-content\/uploads\/sites\/99\/2019\/07\/KurssipohjaRuudukko1-768x691.png 768w, https:\/\/blogit.gradia.fi\/digipalvelut\/wp-content\/uploads\/sites\/99\/2019\/07\/KurssipohjaRuudukko1-620x558.png 620w\" sizes=\"(max-width: 1006px) 100vw, 1006px\" \/><\/figure>\n\n\n\n<h4 class=\"wp-block-heading\">Ruudukko 2 Vehre\u00e4<\/h4>\n\n\n\n<figure class=\"wp-block-image\"><img decoding=\"async\" width=\"1002\" height=\"897\" src=\"https:\/\/blogit.gradia.fi\/digipalvelut\/wp-content\/uploads\/sites\/99\/2019\/07\/Ruudukko2.png\" alt=\"\" class=\"wp-image-610\" srcset=\"https:\/\/blogit.gradia.fi\/digipalvelut\/wp-content\/uploads\/sites\/99\/2019\/07\/Ruudukko2.png 1002w, https:\/\/blogit.gradia.fi\/digipalvelut\/wp-content\/uploads\/sites\/99\/2019\/07\/Ruudukko2-300x269.png 300w, https:\/\/blogit.gradia.fi\/digipalvelut\/wp-content\/uploads\/sites\/99\/2019\/07\/Ruudukko2-768x688.png 768w, https:\/\/blogit.gradia.fi\/digipalvelut\/wp-content\/uploads\/sites\/99\/2019\/07\/Ruudukko2-620x555.png 620w\" sizes=\"(max-width: 1002px) 100vw, 1002px\" \/><\/figure>\n\n\n\n<h4 class=\"wp-block-heading\">Ruudukko 3 Pirte\u00e4<\/h4>\n\n\n\n<figure class=\"wp-block-image\"><img loading=\"lazy\" decoding=\"async\" width=\"1003\" height=\"898\" src=\"https:\/\/blogit.gradia.fi\/digipalvelut\/wp-content\/uploads\/sites\/99\/2019\/07\/Ruudukko3.png\" alt=\"\" class=\"wp-image-611\" srcset=\"https:\/\/blogit.gradia.fi\/digipalvelut\/wp-content\/uploads\/sites\/99\/2019\/07\/Ruudukko3.png 1003w, https:\/\/blogit.gradia.fi\/digipalvelut\/wp-content\/uploads\/sites\/99\/2019\/07\/Ruudukko3-300x269.png 300w, https:\/\/blogit.gradia.fi\/digipalvelut\/wp-content\/uploads\/sites\/99\/2019\/07\/Ruudukko3-768x688.png 768w, https:\/\/blogit.gradia.fi\/digipalvelut\/wp-content\/uploads\/sites\/99\/2019\/07\/Ruudukko3-620x555.png 620w\" sizes=\"(max-width: 1003px) 100vw, 1003px\" \/><\/figure>\n\n\n\n<h3 class=\"wp-block-heading\" id=\"otsake\">Laajennettavat Otsakkeet -malli (otsake -malli)<\/h3>\n\n\n\n<p>Mobiilik\u00e4ytt\u00f6\u00f6n hyvin soveltuva kurssipohja. Kurssin aineistot ja aktiviteetit kootaan osioiksi tai&nbsp;esim&nbsp;aiheiksi, joiden n\u00e4kym\u00e4 saadaan laajenemaan tai pienem\u00e4\u00e4n klikkaamalla kuten valikoissa.&nbsp;&nbsp;<\/p>\n\n\n\n<h4 class=\"wp-block-heading\">Otsake 1 Rauhallinen <\/h4>\n\n\n\n<figure class=\"wp-block-image\"><img loading=\"lazy\" decoding=\"async\" width=\"1012\" height=\"883\" src=\"https:\/\/blogit.gradia.fi\/digipalvelut\/wp-content\/uploads\/sites\/99\/2019\/07\/Otsake1Rauhallinen.jpg\" alt=\"\" class=\"wp-image-612\" srcset=\"https:\/\/blogit.gradia.fi\/digipalvelut\/wp-content\/uploads\/sites\/99\/2019\/07\/Otsake1Rauhallinen.jpg 1012w, https:\/\/blogit.gradia.fi\/digipalvelut\/wp-content\/uploads\/sites\/99\/2019\/07\/Otsake1Rauhallinen-300x262.jpg 300w, https:\/\/blogit.gradia.fi\/digipalvelut\/wp-content\/uploads\/sites\/99\/2019\/07\/Otsake1Rauhallinen-768x670.jpg 768w, https:\/\/blogit.gradia.fi\/digipalvelut\/wp-content\/uploads\/sites\/99\/2019\/07\/Otsake1Rauhallinen-620x541.jpg 620w\" sizes=\"(max-width: 1012px) 100vw, 1012px\" \/><\/figure>\n\n\n\n<h4 class=\"wp-block-heading\">Otsake 2 Vehre\u00e4<\/h4>\n\n\n\n<figure class=\"wp-block-image\"><img loading=\"lazy\" decoding=\"async\" width=\"999\" height=\"906\" src=\"https:\/\/blogit.gradia.fi\/digipalvelut\/wp-content\/uploads\/sites\/99\/2019\/07\/Otsake2Vehre\u00e4.jpg\" alt=\"\" class=\"wp-image-613\" srcset=\"https:\/\/blogit.gradia.fi\/digipalvelut\/wp-content\/uploads\/sites\/99\/2019\/07\/Otsake2Vehre\u00e4.jpg 999w, https:\/\/blogit.gradia.fi\/digipalvelut\/wp-content\/uploads\/sites\/99\/2019\/07\/Otsake2Vehre\u00e4-300x272.jpg 300w, https:\/\/blogit.gradia.fi\/digipalvelut\/wp-content\/uploads\/sites\/99\/2019\/07\/Otsake2Vehre\u00e4-768x697.jpg 768w, https:\/\/blogit.gradia.fi\/digipalvelut\/wp-content\/uploads\/sites\/99\/2019\/07\/Otsake2Vehre\u00e4-620x562.jpg 620w\" sizes=\"(max-width: 999px) 100vw, 999px\" \/><\/figure>\n\n\n\n<h4 class=\"wp-block-heading\">Otsake 3 Pirte\u00e4<\/h4>\n\n\n\n<figure class=\"wp-block-image\"><img loading=\"lazy\" decoding=\"async\" width=\"838\" height=\"892\" src=\"https:\/\/blogit.gradia.fi\/digipalvelut\/wp-content\/uploads\/sites\/99\/2019\/07\/Otsake3.png\" alt=\"\" class=\"wp-image-614\" srcset=\"https:\/\/blogit.gradia.fi\/digipalvelut\/wp-content\/uploads\/sites\/99\/2019\/07\/Otsake3.png 838w, https:\/\/blogit.gradia.fi\/digipalvelut\/wp-content\/uploads\/sites\/99\/2019\/07\/Otsake3-282x300.png 282w, https:\/\/blogit.gradia.fi\/digipalvelut\/wp-content\/uploads\/sites\/99\/2019\/07\/Otsake3-768x817.png 768w, https:\/\/blogit.gradia.fi\/digipalvelut\/wp-content\/uploads\/sites\/99\/2019\/07\/Otsake3-620x660.png 620w\" sizes=\"(max-width: 838px) 100vw, 838px\" \/><\/figure>\n\n\n\n<h3 class=\"wp-block-heading\" id=\"v\u00e4lilehdet\">V\u00e4lilehdet -malli<\/h3>\n\n\n\n<p>Selke\u00e4 ja yksinkertainen kurssipohja, jossa eri osiot sijaitsevat eri v\u00e4lilehdill\u00e4. T\u00e4llainen rakenne yleisesti tuttu verkkosivustoilta.\u00a0\u00a0 <\/p>\n\n\n\n<figure class=\"wp-block-image\"><img loading=\"lazy\" decoding=\"async\" width=\"1002\" height=\"844\" src=\"https:\/\/blogit.gradia.fi\/digipalvelut\/wp-content\/uploads\/sites\/99\/2019\/07\/V\u00e4lilehdet2.jpg\" alt=\"\" class=\"wp-image-616\" srcset=\"https:\/\/blogit.gradia.fi\/digipalvelut\/wp-content\/uploads\/sites\/99\/2019\/07\/V\u00e4lilehdet2.jpg 1002w, https:\/\/blogit.gradia.fi\/digipalvelut\/wp-content\/uploads\/sites\/99\/2019\/07\/V\u00e4lilehdet2-300x253.jpg 300w, https:\/\/blogit.gradia.fi\/digipalvelut\/wp-content\/uploads\/sites\/99\/2019\/07\/V\u00e4lilehdet2-768x647.jpg 768w, https:\/\/blogit.gradia.fi\/digipalvelut\/wp-content\/uploads\/sites\/99\/2019\/07\/V\u00e4lilehdet2-620x522.jpg 620w\" sizes=\"(max-width: 1002px) 100vw, 1002px\" \/><\/figure>\n","protected":false},"excerpt":{"rendered":"<p>Gradian&nbsp;Moodlessa opettajilla on valittavana kolme erilaista kurssipohjaa.&nbsp;&nbsp;Kurssipohjia on kolmea erilaista p\u00e4\u00e4tyyppi\u00e4:&nbsp;ruudukko -malli, v\u00e4lilehti -malli ja otsake -malli. N\u00e4ist\u00e4 p\u00e4\u00e4tyypeist\u00e4 on valittavana kolme erilaista v\u00e4rivaihtoehtoa; rauhallinen, pirte\u00e4 ja vehre\u00e4.&nbsp;&nbsp; Suosittelemme, ett\u00e4 aloilla samaa teemaa opettavat opettajat rakentavat valitsemaansa pohjaan Moodlessa yhden aihesis\u00e4ll\u00f6n ja rakentavat sinne opetus- ja ohjausk\u00e4yt\u00e4nteet kyseiseen teemaan.&nbsp;&nbsp;T\u00e4rke\u00e4\u00e4 olisi [&hellip;]<\/p>\n","protected":false},"author":165,"featured_media":0,"parent":76,"menu_order":0,"comment_status":"closed","ping_status":"closed","template":"","meta":{"_uag_custom_page_level_css":"","footnotes":""},"class_list":["post-606","page","type-page","status-publish","hentry"],"yoast_head":"<!-- This site is optimized with the Yoast SEO plugin v27.4 - https:\/\/yoast.com\/product\/yoast-seo-wordpress\/ -->\n<title>Kurssipohjien vaihtoehdot - Gradia Digipalvelut<\/title>\n<meta name=\"robots\" content=\"index, follow, max-snippet:-1, max-image-preview:large, max-video-preview:-1\" \/>\n<link rel=\"canonical\" href=\"https:\/\/blogit.gradia.fi\/digipalvelut\/ohjeita-ja-vinkkeja\/moodle\/moodlen-kurssipohjien-esittely\/\" \/>\n<meta property=\"og:locale\" content=\"fi_FI\" \/>\n<meta property=\"og:type\" content=\"article\" \/>\n<meta property=\"og:title\" content=\"Kurssipohjien vaihtoehdot - Gradia Digipalvelut\" \/>\n<meta property=\"og:description\" content=\"Gradian&nbsp;Moodlessa opettajilla on valittavana kolme erilaista kurssipohjaa.&nbsp;&nbsp;Kurssipohjia on kolmea erilaista p\u00e4\u00e4tyyppi\u00e4:&nbsp;ruudukko -malli, v\u00e4lilehti -malli ja otsake -malli. N\u00e4ist\u00e4 p\u00e4\u00e4tyypeist\u00e4 on valittavana kolme erilaista v\u00e4rivaihtoehtoa; rauhallinen, pirte\u00e4 ja vehre\u00e4.&nbsp;&nbsp; Suosittelemme, ett\u00e4 aloilla samaa teemaa opettavat opettajat rakentavat valitsemaansa pohjaan Moodlessa yhden aihesis\u00e4ll\u00f6n ja rakentavat sinne opetus- ja ohjausk\u00e4yt\u00e4nteet kyseiseen teemaan.&nbsp;&nbsp;T\u00e4rke\u00e4\u00e4 olisi [&hellip;]\" \/>\n<meta property=\"og:url\" content=\"https:\/\/blogit.gradia.fi\/digipalvelut\/ohjeita-ja-vinkkeja\/moodle\/moodlen-kurssipohjien-esittely\/\" \/>\n<meta property=\"og:site_name\" content=\"Gradia Digipalvelut\" \/>\n<meta property=\"article:modified_time\" content=\"2020-06-23T08:45:23+00:00\" \/>\n<meta property=\"og:image\" content=\"https:\/\/blogit.gradia.fi\/digipalvelut\/wp-content\/uploads\/sites\/99\/2019\/07\/Kurssipohjan-yleisesittely-1024x703.jpg\" \/>\n<meta name=\"twitter:card\" content=\"summary_large_image\" \/>\n<meta name=\"twitter:label1\" content=\"Arvioitu lukuaika\" \/>\n\t<meta name=\"twitter:data1\" content=\"2 minuuttia\" \/>\n<script type=\"application\/ld+json\" class=\"yoast-schema-graph\">{\"@context\":\"https:\\\/\\\/schema.org\",\"@graph\":[{\"@type\":\"WebPage\",\"@id\":\"https:\\\/\\\/blogit.gradia.fi\\\/digipalvelut\\\/ohjeita-ja-vinkkeja\\\/moodle\\\/moodlen-kurssipohjien-esittely\\\/\",\"url\":\"https:\\\/\\\/blogit.gradia.fi\\\/digipalvelut\\\/ohjeita-ja-vinkkeja\\\/moodle\\\/moodlen-kurssipohjien-esittely\\\/\",\"name\":\"Kurssipohjien vaihtoehdot - Gradia Digipalvelut\",\"isPartOf\":{\"@id\":\"https:\\\/\\\/blogit.gradia.fi\\\/digipalvelut\\\/#website\"},\"primaryImageOfPage\":{\"@id\":\"https:\\\/\\\/blogit.gradia.fi\\\/digipalvelut\\\/ohjeita-ja-vinkkeja\\\/moodle\\\/moodlen-kurssipohjien-esittely\\\/#primaryimage\"},\"image\":{\"@id\":\"https:\\\/\\\/blogit.gradia.fi\\\/digipalvelut\\\/ohjeita-ja-vinkkeja\\\/moodle\\\/moodlen-kurssipohjien-esittely\\\/#primaryimage\"},\"thumbnailUrl\":\"https:\\\/\\\/blogit.gradia.fi\\\/digipalvelut\\\/wp-content\\\/uploads\\\/sites\\\/99\\\/2019\\\/07\\\/Kurssipohjan-yleisesittely-1024x703.jpg\",\"datePublished\":\"2019-07-03T11:59:04+00:00\",\"dateModified\":\"2020-06-23T08:45:23+00:00\",\"breadcrumb\":{\"@id\":\"https:\\\/\\\/blogit.gradia.fi\\\/digipalvelut\\\/ohjeita-ja-vinkkeja\\\/moodle\\\/moodlen-kurssipohjien-esittely\\\/#breadcrumb\"},\"inLanguage\":\"fi\",\"potentialAction\":[{\"@type\":\"ReadAction\",\"target\":[\"https:\\\/\\\/blogit.gradia.fi\\\/digipalvelut\\\/ohjeita-ja-vinkkeja\\\/moodle\\\/moodlen-kurssipohjien-esittely\\\/\"]}]},{\"@type\":\"ImageObject\",\"inLanguage\":\"fi\",\"@id\":\"https:\\\/\\\/blogit.gradia.fi\\\/digipalvelut\\\/ohjeita-ja-vinkkeja\\\/moodle\\\/moodlen-kurssipohjien-esittely\\\/#primaryimage\",\"url\":\"https:\\\/\\\/blogit.gradia.fi\\\/digipalvelut\\\/wp-content\\\/uploads\\\/sites\\\/99\\\/2019\\\/07\\\/Kurssipohjan-yleisesittely.jpg\",\"contentUrl\":\"https:\\\/\\\/blogit.gradia.fi\\\/digipalvelut\\\/wp-content\\\/uploads\\\/sites\\\/99\\\/2019\\\/07\\\/Kurssipohjan-yleisesittely.jpg\",\"width\":1639,\"height\":1125},{\"@type\":\"BreadcrumbList\",\"@id\":\"https:\\\/\\\/blogit.gradia.fi\\\/digipalvelut\\\/ohjeita-ja-vinkkeja\\\/moodle\\\/moodlen-kurssipohjien-esittely\\\/#breadcrumb\",\"itemListElement\":[{\"@type\":\"ListItem\",\"position\":1,\"name\":\"Ohjeita ja vinkkej\u00e4\",\"item\":\"https:\\\/\\\/blogit.gradia.fi\\\/digipalvelut\\\/ohjeita-ja-vinkkeja\\\/\"},{\"@type\":\"ListItem\",\"position\":2,\"name\":\"Moodle\",\"item\":\"https:\\\/\\\/blogit.gradia.fi\\\/digipalvelut\\\/ohjeita-ja-vinkkeja\\\/moodle\\\/\"},{\"@type\":\"ListItem\",\"position\":3,\"name\":\"Kurssipohjien vaihtoehdot\"}]},{\"@type\":\"WebSite\",\"@id\":\"https:\\\/\\\/blogit.gradia.fi\\\/digipalvelut\\\/#website\",\"url\":\"https:\\\/\\\/blogit.gradia.fi\\\/digipalvelut\\\/\",\"name\":\"Gradia Digipalvelut\",\"description\":\"Astetta enemm\u00e4n digi\u00e4\",\"publisher\":{\"@id\":\"https:\\\/\\\/blogit.gradia.fi\\\/digipalvelut\\\/#organization\"},\"potentialAction\":[{\"@type\":\"SearchAction\",\"target\":{\"@type\":\"EntryPoint\",\"urlTemplate\":\"https:\\\/\\\/blogit.gradia.fi\\\/digipalvelut\\\/?s={search_term_string}\"},\"query-input\":{\"@type\":\"PropertyValueSpecification\",\"valueRequired\":true,\"valueName\":\"search_term_string\"}}],\"inLanguage\":\"fi\"},{\"@type\":\"Organization\",\"@id\":\"https:\\\/\\\/blogit.gradia.fi\\\/digipalvelut\\\/#organization\",\"name\":\"Gradia Digipalvelut\",\"url\":\"https:\\\/\\\/blogit.gradia.fi\\\/digipalvelut\\\/\",\"logo\":{\"@type\":\"ImageObject\",\"inLanguage\":\"fi\",\"@id\":\"https:\\\/\\\/blogit.gradia.fi\\\/digipalvelut\\\/#\\\/schema\\\/logo\\\/image\\\/\",\"url\":\"https:\\\/\\\/blogit.gradia.fi\\\/digipalvelut\\\/wp-content\\\/uploads\\\/sites\\\/99\\\/2019\\\/06\\\/cropped-Gradia_logo_Cyber_TRANSPARENT.png\",\"contentUrl\":\"https:\\\/\\\/blogit.gradia.fi\\\/digipalvelut\\\/wp-content\\\/uploads\\\/sites\\\/99\\\/2019\\\/06\\\/cropped-Gradia_logo_Cyber_TRANSPARENT.png\",\"width\":316,\"height\":382,\"caption\":\"Gradia Digipalvelut\"},\"image\":{\"@id\":\"https:\\\/\\\/blogit.gradia.fi\\\/digipalvelut\\\/#\\\/schema\\\/logo\\\/image\\\/\"}}]}<\/script>\n<!-- \/ Yoast SEO plugin. -->","yoast_head_json":{"title":"Kurssipohjien vaihtoehdot - Gradia Digipalvelut","robots":{"index":"index","follow":"follow","max-snippet":"max-snippet:-1","max-image-preview":"max-image-preview:large","max-video-preview":"max-video-preview:-1"},"canonical":"https:\/\/blogit.gradia.fi\/digipalvelut\/ohjeita-ja-vinkkeja\/moodle\/moodlen-kurssipohjien-esittely\/","og_locale":"fi_FI","og_type":"article","og_title":"Kurssipohjien vaihtoehdot - Gradia Digipalvelut","og_description":"Gradian&nbsp;Moodlessa opettajilla on valittavana kolme erilaista kurssipohjaa.&nbsp;&nbsp;Kurssipohjia on kolmea erilaista p\u00e4\u00e4tyyppi\u00e4:&nbsp;ruudukko -malli, v\u00e4lilehti -malli ja otsake -malli. N\u00e4ist\u00e4 p\u00e4\u00e4tyypeist\u00e4 on valittavana kolme erilaista v\u00e4rivaihtoehtoa; rauhallinen, pirte\u00e4 ja vehre\u00e4.&nbsp;&nbsp; Suosittelemme, ett\u00e4 aloilla samaa teemaa opettavat opettajat rakentavat valitsemaansa pohjaan Moodlessa yhden aihesis\u00e4ll\u00f6n ja rakentavat sinne opetus- ja ohjausk\u00e4yt\u00e4nteet kyseiseen teemaan.&nbsp;&nbsp;T\u00e4rke\u00e4\u00e4 olisi [&hellip;]","og_url":"https:\/\/blogit.gradia.fi\/digipalvelut\/ohjeita-ja-vinkkeja\/moodle\/moodlen-kurssipohjien-esittely\/","og_site_name":"Gradia Digipalvelut","article_modified_time":"2020-06-23T08:45:23+00:00","og_image":[{"url":"https:\/\/blogit.gradia.fi\/digipalvelut\/wp-content\/uploads\/sites\/99\/2019\/07\/Kurssipohjan-yleisesittely-1024x703.jpg","type":"","width":"","height":""}],"twitter_card":"summary_large_image","twitter_misc":{"Arvioitu lukuaika":"2 minuuttia"},"schema":{"@context":"https:\/\/schema.org","@graph":[{"@type":"WebPage","@id":"https:\/\/blogit.gradia.fi\/digipalvelut\/ohjeita-ja-vinkkeja\/moodle\/moodlen-kurssipohjien-esittely\/","url":"https:\/\/blogit.gradia.fi\/digipalvelut\/ohjeita-ja-vinkkeja\/moodle\/moodlen-kurssipohjien-esittely\/","name":"Kurssipohjien vaihtoehdot - Gradia Digipalvelut","isPartOf":{"@id":"https:\/\/blogit.gradia.fi\/digipalvelut\/#website"},"primaryImageOfPage":{"@id":"https:\/\/blogit.gradia.fi\/digipalvelut\/ohjeita-ja-vinkkeja\/moodle\/moodlen-kurssipohjien-esittely\/#primaryimage"},"image":{"@id":"https:\/\/blogit.gradia.fi\/digipalvelut\/ohjeita-ja-vinkkeja\/moodle\/moodlen-kurssipohjien-esittely\/#primaryimage"},"thumbnailUrl":"https:\/\/blogit.gradia.fi\/digipalvelut\/wp-content\/uploads\/sites\/99\/2019\/07\/Kurssipohjan-yleisesittely-1024x703.jpg","datePublished":"2019-07-03T11:59:04+00:00","dateModified":"2020-06-23T08:45:23+00:00","breadcrumb":{"@id":"https:\/\/blogit.gradia.fi\/digipalvelut\/ohjeita-ja-vinkkeja\/moodle\/moodlen-kurssipohjien-esittely\/#breadcrumb"},"inLanguage":"fi","potentialAction":[{"@type":"ReadAction","target":["https:\/\/blogit.gradia.fi\/digipalvelut\/ohjeita-ja-vinkkeja\/moodle\/moodlen-kurssipohjien-esittely\/"]}]},{"@type":"ImageObject","inLanguage":"fi","@id":"https:\/\/blogit.gradia.fi\/digipalvelut\/ohjeita-ja-vinkkeja\/moodle\/moodlen-kurssipohjien-esittely\/#primaryimage","url":"https:\/\/blogit.gradia.fi\/digipalvelut\/wp-content\/uploads\/sites\/99\/2019\/07\/Kurssipohjan-yleisesittely.jpg","contentUrl":"https:\/\/blogit.gradia.fi\/digipalvelut\/wp-content\/uploads\/sites\/99\/2019\/07\/Kurssipohjan-yleisesittely.jpg","width":1639,"height":1125},{"@type":"BreadcrumbList","@id":"https:\/\/blogit.gradia.fi\/digipalvelut\/ohjeita-ja-vinkkeja\/moodle\/moodlen-kurssipohjien-esittely\/#breadcrumb","itemListElement":[{"@type":"ListItem","position":1,"name":"Ohjeita ja vinkkej\u00e4","item":"https:\/\/blogit.gradia.fi\/digipalvelut\/ohjeita-ja-vinkkeja\/"},{"@type":"ListItem","position":2,"name":"Moodle","item":"https:\/\/blogit.gradia.fi\/digipalvelut\/ohjeita-ja-vinkkeja\/moodle\/"},{"@type":"ListItem","position":3,"name":"Kurssipohjien vaihtoehdot"}]},{"@type":"WebSite","@id":"https:\/\/blogit.gradia.fi\/digipalvelut\/#website","url":"https:\/\/blogit.gradia.fi\/digipalvelut\/","name":"Gradia Digipalvelut","description":"Astetta enemm\u00e4n digi\u00e4","publisher":{"@id":"https:\/\/blogit.gradia.fi\/digipalvelut\/#organization"},"potentialAction":[{"@type":"SearchAction","target":{"@type":"EntryPoint","urlTemplate":"https:\/\/blogit.gradia.fi\/digipalvelut\/?s={search_term_string}"},"query-input":{"@type":"PropertyValueSpecification","valueRequired":true,"valueName":"search_term_string"}}],"inLanguage":"fi"},{"@type":"Organization","@id":"https:\/\/blogit.gradia.fi\/digipalvelut\/#organization","name":"Gradia Digipalvelut","url":"https:\/\/blogit.gradia.fi\/digipalvelut\/","logo":{"@type":"ImageObject","inLanguage":"fi","@id":"https:\/\/blogit.gradia.fi\/digipalvelut\/#\/schema\/logo\/image\/","url":"https:\/\/blogit.gradia.fi\/digipalvelut\/wp-content\/uploads\/sites\/99\/2019\/06\/cropped-Gradia_logo_Cyber_TRANSPARENT.png","contentUrl":"https:\/\/blogit.gradia.fi\/digipalvelut\/wp-content\/uploads\/sites\/99\/2019\/06\/cropped-Gradia_logo_Cyber_TRANSPARENT.png","width":316,"height":382,"caption":"Gradia Digipalvelut"},"image":{"@id":"https:\/\/blogit.gradia.fi\/digipalvelut\/#\/schema\/logo\/image\/"}}]}},"uagb_featured_image_src":{"full":false,"thumbnail":false,"medium":false,"medium_large":false,"large":false,"1536x1536":false,"2048x2048":false,"hestia-blog":false},"uagb_author_info":{"display_name":"Heini Pennanen","author_link":"https:\/\/blogit.gradia.fi\/digipalvelut\/author\/pennahei\/"},"uagb_comment_info":0,"uagb_excerpt":"Gradian&nbsp;Moodlessa opettajilla on valittavana kolme erilaista kurssipohjaa.&nbsp;&nbsp;Kurssipohjia on kolmea erilaista p\u00e4\u00e4tyyppi\u00e4:&nbsp;ruudukko -malli, v\u00e4lilehti -malli ja otsake -malli. N\u00e4ist\u00e4 p\u00e4\u00e4tyypeist\u00e4 on valittavana kolme erilaista v\u00e4rivaihtoehtoa; rauhallinen, pirte\u00e4 ja vehre\u00e4.&nbsp;&nbsp; Suosittelemme, ett\u00e4 aloilla samaa teemaa opettavat opettajat rakentavat valitsemaansa pohjaan Moodlessa yhden aihesis\u00e4ll\u00f6n ja rakentavat sinne opetus- ja ohjausk\u00e4yt\u00e4nteet kyseiseen teemaan.&nbsp;&nbsp;T\u00e4rke\u00e4\u00e4 olisi [&hellip;]","_links":{"self":[{"href":"https:\/\/blogit.gradia.fi\/digipalvelut\/wp-json\/wp\/v2\/pages\/606","targetHints":{"allow":["GET"]}}],"collection":[{"href":"https:\/\/blogit.gradia.fi\/digipalvelut\/wp-json\/wp\/v2\/pages"}],"about":[{"href":"https:\/\/blogit.gradia.fi\/digipalvelut\/wp-json\/wp\/v2\/types\/page"}],"author":[{"embeddable":true,"href":"https:\/\/blogit.gradia.fi\/digipalvelut\/wp-json\/wp\/v2\/users\/165"}],"replies":[{"embeddable":true,"href":"https:\/\/blogit.gradia.fi\/digipalvelut\/wp-json\/wp\/v2\/comments?post=606"}],"version-history":[{"count":10,"href":"https:\/\/blogit.gradia.fi\/digipalvelut\/wp-json\/wp\/v2\/pages\/606\/revisions"}],"predecessor-version":[{"id":1941,"href":"https:\/\/blogit.gradia.fi\/digipalvelut\/wp-json\/wp\/v2\/pages\/606\/revisions\/1941"}],"up":[{"embeddable":true,"href":"https:\/\/blogit.gradia.fi\/digipalvelut\/wp-json\/wp\/v2\/pages\/76"}],"wp:attachment":[{"href":"https:\/\/blogit.gradia.fi\/digipalvelut\/wp-json\/wp\/v2\/media?parent=606"}],"curies":[{"name":"wp","href":"https:\/\/api.w.org\/{rel}","templated":true}]}}