{"id":478,"date":"2019-06-28T12:10:12","date_gmt":"2019-06-28T09:10:12","guid":{"rendered":"https:\/\/blogit.gradia.fi\/digipalvelut\/?page_id=478"},"modified":"2019-06-28T12:10:12","modified_gmt":"2019-06-28T09:10:12","slug":"tiedostojen-valitseminen","status":"publish","type":"page","link":"https:\/\/blogit.gradia.fi\/digipalvelut\/ohjeita-ja-vinkkeja\/moodle\/tiedostojen-valitseminen\/","title":{"rendered":"Tiedostojen valitseminen"},"content":{"rendered":"\n<p>Voit lis\u00e4t\u00e4 materiaaleja ja tiedostoja Gradian Moodleen eri sijainneista allaolevan listan mukaisesti: <\/p>\n\n\n\n<figure class=\"wp-block-image is-resized\"><img fetchpriority=\"high\" decoding=\"async\" src=\"https:\/\/blogit.gradia.fi\/digipalvelut\/wp-content\/uploads\/sites\/99\/2019\/06\/GetImage-4.jpg\" alt=\"Tiedostonvalitsin\" class=\"wp-image-435\" width=\"422\" height=\"312\" srcset=\"https:\/\/blogit.gradia.fi\/digipalvelut\/wp-content\/uploads\/sites\/99\/2019\/06\/GetImage-4.jpg 844w, https:\/\/blogit.gradia.fi\/digipalvelut\/wp-content\/uploads\/sites\/99\/2019\/06\/GetImage-4-300x221.jpg 300w, https:\/\/blogit.gradia.fi\/digipalvelut\/wp-content\/uploads\/sites\/99\/2019\/06\/GetImage-4-768x567.jpg 768w, https:\/\/blogit.gradia.fi\/digipalvelut\/wp-content\/uploads\/sites\/99\/2019\/06\/GetImage-4-620x458.jpg 620w\" sizes=\"(max-width: 422px) 100vw, 422px\" \/><\/figure>\n\n\n\n<ol class=\"wp-block-list\"><li>OneDrivessa\u00a0sijaisevia\u00a0tiedostoja (huom\u00a0vaatii O365 \u2013tilin yhdist\u00e4mist\u00e4, katso <a href=\"https:\/\/blogit.gradia.fi\/digipalvelut\/ohjeita-ja-vinkkeja\/moodle\/microsoft-tilin-yhdistaminen-moodleen\/\">Ohje Microsoft-tilin yhdist\u00e4misest\u00e4<\/a>)\u00a0<\/li><li>Kuvia materiaalipankista, johon Gradia Digipalvelut on rakentanut kuvapankin Moodlen ty\u00f6tilojen rakentamiseksi.\u00a0Materiaalipankissa on mm. valmiiksi muotoiltuja kurssibannereita sek\u00e4 ikonipankki.\u00a0<\/li><li>Ladata tiedoston henkil\u00f6kohtaiselta H-asemaltasi, henkil\u00f6kunnan yhteiselt\u00e4 Q-asemalta sek\u00e4 niilt\u00e4 levyasemilta, joille sinulla on k\u00e4ytt\u00f6oikeus.\u00a0<\/li><li>URL-lataajalla voit tallentaa haluamasi verkko-osoitteen kansioon tai oppimisymp\u00e4rist\u00f6\u00f6n yleens\u00e4.\u00a0\u00a0<\/li><li>Yksityisiin tiedostoihin voit tallentaa Moodlen sis\u00e4lle sellaisia tiedostoja, joita tarvitset usein ty\u00f6tilasta toiseen. HUOM! Muistathan tyhjent\u00e4\u00e4 t\u00e4t\u00e4 tilaa s\u00e4\u00e4nn\u00f6llisesti, mik\u00e4li tallennat tiedostoja t\u00e4nne. Ensisijainen tiedostojen tallennustila\u00a0Gradian\u00a0opiskelijoilla ja henkil\u00f6st\u00f6ll\u00e4 on O365-ymp\u00e4rist\u00f6n OneDrive.\u00a0\u00a0<\/li><li>Wikimedialla voit etsi\u00e4\u00a0wikipediasta\u00a0mm. valmiita selitt\u00e4vi\u00e4 kuvia tai kaavioita tarvitsemistasi aiheista. Kirjoita &#8221;koko teksti&#8221; -kohtaan esimerkiksi veden kiertokulku, paina l\u00e4het\u00e4 ja valitse kuva, jonka haluat lis\u00e4t\u00e4 kansioosi.\u00a0\u00a0<\/li><\/ol>\n","protected":false},"excerpt":{"rendered":"<p>Voit lis\u00e4t\u00e4 materiaaleja ja tiedostoja Gradian Moodleen eri sijainneista allaolevan listan mukaisesti: OneDrivessa\u00a0sijaisevia\u00a0tiedostoja (huom\u00a0vaatii O365 \u2013tilin yhdist\u00e4mist\u00e4, katso Ohje Microsoft-tilin yhdist\u00e4misest\u00e4)\u00a0 Kuvia materiaalipankista, johon Gradia Digipalvelut on rakentanut kuvapankin Moodlen ty\u00f6tilojen rakentamiseksi.\u00a0Materiaalipankissa on mm. valmiiksi muotoiltuja kurssibannereita sek\u00e4 ikonipankki.\u00a0 Ladata tiedoston henkil\u00f6kohtaiselta H-asemaltasi, henkil\u00f6kunnan yhteiselt\u00e4 Q-asemalta sek\u00e4 niilt\u00e4 levyasemilta, joille [&hellip;]<\/p>\n","protected":false},"author":421,"featured_media":0,"parent":76,"menu_order":0,"comment_status":"closed","ping_status":"closed","template":"","meta":{"_uag_custom_page_level_css":"","footnotes":""},"class_list":["post-478","page","type-page","status-publish","hentry"],"yoast_head":"<!-- This site is optimized with the Yoast SEO plugin v27.4 - https:\/\/yoast.com\/product\/yoast-seo-wordpress\/ -->\n<title>Tiedostojen valitseminen - Gradia Digipalvelut<\/title>\n<meta name=\"robots\" content=\"index, follow, max-snippet:-1, max-image-preview:large, max-video-preview:-1\" \/>\n<link rel=\"canonical\" href=\"https:\/\/blogit.gradia.fi\/digipalvelut\/ohjeita-ja-vinkkeja\/moodle\/tiedostojen-valitseminen\/\" \/>\n<meta property=\"og:locale\" content=\"fi_FI\" \/>\n<meta property=\"og:type\" content=\"article\" \/>\n<meta property=\"og:title\" content=\"Tiedostojen valitseminen - Gradia Digipalvelut\" \/>\n<meta property=\"og:description\" content=\"Voit lis\u00e4t\u00e4 materiaaleja ja tiedostoja Gradian Moodleen eri sijainneista allaolevan listan mukaisesti: OneDrivessa\u00a0sijaisevia\u00a0tiedostoja (huom\u00a0vaatii O365 \u2013tilin yhdist\u00e4mist\u00e4, katso Ohje Microsoft-tilin yhdist\u00e4misest\u00e4)\u00a0 Kuvia materiaalipankista, johon Gradia Digipalvelut on rakentanut kuvapankin Moodlen ty\u00f6tilojen rakentamiseksi.\u00a0Materiaalipankissa on mm. valmiiksi muotoiltuja kurssibannereita sek\u00e4 ikonipankki.\u00a0 Ladata tiedoston henkil\u00f6kohtaiselta H-asemaltasi, henkil\u00f6kunnan yhteiselt\u00e4 Q-asemalta sek\u00e4 niilt\u00e4 levyasemilta, joille [&hellip;]\" \/>\n<meta property=\"og:url\" content=\"https:\/\/blogit.gradia.fi\/digipalvelut\/ohjeita-ja-vinkkeja\/moodle\/tiedostojen-valitseminen\/\" \/>\n<meta property=\"og:site_name\" content=\"Gradia Digipalvelut\" \/>\n<meta property=\"og:image\" content=\"https:\/\/blogit.gradia.fi\/digipalvelut\/wp-content\/uploads\/sites\/99\/2019\/06\/GetImage-4.jpg\" \/>\n<meta name=\"twitter:card\" content=\"summary_large_image\" \/>\n<meta name=\"twitter:label1\" content=\"Arvioitu lukuaika\" \/>\n\t<meta name=\"twitter:data1\" content=\"1 minuutti\" \/>\n<script type=\"application\/ld+json\" class=\"yoast-schema-graph\">{\"@context\":\"https:\\\/\\\/schema.org\",\"@graph\":[{\"@type\":\"WebPage\",\"@id\":\"https:\\\/\\\/blogit.gradia.fi\\\/digipalvelut\\\/ohjeita-ja-vinkkeja\\\/moodle\\\/tiedostojen-valitseminen\\\/\",\"url\":\"https:\\\/\\\/blogit.gradia.fi\\\/digipalvelut\\\/ohjeita-ja-vinkkeja\\\/moodle\\\/tiedostojen-valitseminen\\\/\",\"name\":\"Tiedostojen valitseminen - Gradia Digipalvelut\",\"isPartOf\":{\"@id\":\"https:\\\/\\\/blogit.gradia.fi\\\/digipalvelut\\\/#website\"},\"primaryImageOfPage\":{\"@id\":\"https:\\\/\\\/blogit.gradia.fi\\\/digipalvelut\\\/ohjeita-ja-vinkkeja\\\/moodle\\\/tiedostojen-valitseminen\\\/#primaryimage\"},\"image\":{\"@id\":\"https:\\\/\\\/blogit.gradia.fi\\\/digipalvelut\\\/ohjeita-ja-vinkkeja\\\/moodle\\\/tiedostojen-valitseminen\\\/#primaryimage\"},\"thumbnailUrl\":\"https:\\\/\\\/blogit.gradia.fi\\\/digipalvelut\\\/wp-content\\\/uploads\\\/sites\\\/99\\\/2019\\\/06\\\/GetImage-4.jpg\",\"datePublished\":\"2019-06-28T09:10:12+00:00\",\"breadcrumb\":{\"@id\":\"https:\\\/\\\/blogit.gradia.fi\\\/digipalvelut\\\/ohjeita-ja-vinkkeja\\\/moodle\\\/tiedostojen-valitseminen\\\/#breadcrumb\"},\"inLanguage\":\"fi\",\"potentialAction\":[{\"@type\":\"ReadAction\",\"target\":[\"https:\\\/\\\/blogit.gradia.fi\\\/digipalvelut\\\/ohjeita-ja-vinkkeja\\\/moodle\\\/tiedostojen-valitseminen\\\/\"]}]},{\"@type\":\"ImageObject\",\"inLanguage\":\"fi\",\"@id\":\"https:\\\/\\\/blogit.gradia.fi\\\/digipalvelut\\\/ohjeita-ja-vinkkeja\\\/moodle\\\/tiedostojen-valitseminen\\\/#primaryimage\",\"url\":\"https:\\\/\\\/blogit.gradia.fi\\\/digipalvelut\\\/wp-content\\\/uploads\\\/sites\\\/99\\\/2019\\\/06\\\/GetImage-4.jpg\",\"contentUrl\":\"https:\\\/\\\/blogit.gradia.fi\\\/digipalvelut\\\/wp-content\\\/uploads\\\/sites\\\/99\\\/2019\\\/06\\\/GetImage-4.jpg\",\"width\":844,\"height\":623,\"caption\":\"Tiedostonvalitsin\"},{\"@type\":\"BreadcrumbList\",\"@id\":\"https:\\\/\\\/blogit.gradia.fi\\\/digipalvelut\\\/ohjeita-ja-vinkkeja\\\/moodle\\\/tiedostojen-valitseminen\\\/#breadcrumb\",\"itemListElement\":[{\"@type\":\"ListItem\",\"position\":1,\"name\":\"Ohjeita ja vinkkej\u00e4\",\"item\":\"https:\\\/\\\/blogit.gradia.fi\\\/digipalvelut\\\/ohjeita-ja-vinkkeja\\\/\"},{\"@type\":\"ListItem\",\"position\":2,\"name\":\"Moodle\",\"item\":\"https:\\\/\\\/blogit.gradia.fi\\\/digipalvelut\\\/ohjeita-ja-vinkkeja\\\/moodle\\\/\"},{\"@type\":\"ListItem\",\"position\":3,\"name\":\"Tiedostojen valitseminen\"}]},{\"@type\":\"WebSite\",\"@id\":\"https:\\\/\\\/blogit.gradia.fi\\\/digipalvelut\\\/#website\",\"url\":\"https:\\\/\\\/blogit.gradia.fi\\\/digipalvelut\\\/\",\"name\":\"Gradia Digipalvelut\",\"description\":\"Astetta enemm\u00e4n digi\u00e4\",\"publisher\":{\"@id\":\"https:\\\/\\\/blogit.gradia.fi\\\/digipalvelut\\\/#organization\"},\"potentialAction\":[{\"@type\":\"SearchAction\",\"target\":{\"@type\":\"EntryPoint\",\"urlTemplate\":\"https:\\\/\\\/blogit.gradia.fi\\\/digipalvelut\\\/?s={search_term_string}\"},\"query-input\":{\"@type\":\"PropertyValueSpecification\",\"valueRequired\":true,\"valueName\":\"search_term_string\"}}],\"inLanguage\":\"fi\"},{\"@type\":\"Organization\",\"@id\":\"https:\\\/\\\/blogit.gradia.fi\\\/digipalvelut\\\/#organization\",\"name\":\"Gradia Digipalvelut\",\"url\":\"https:\\\/\\\/blogit.gradia.fi\\\/digipalvelut\\\/\",\"logo\":{\"@type\":\"ImageObject\",\"inLanguage\":\"fi\",\"@id\":\"https:\\\/\\\/blogit.gradia.fi\\\/digipalvelut\\\/#\\\/schema\\\/logo\\\/image\\\/\",\"url\":\"https:\\\/\\\/blogit.gradia.fi\\\/digipalvelut\\\/wp-content\\\/uploads\\\/sites\\\/99\\\/2019\\\/06\\\/cropped-Gradia_logo_Cyber_TRANSPARENT.png\",\"contentUrl\":\"https:\\\/\\\/blogit.gradia.fi\\\/digipalvelut\\\/wp-content\\\/uploads\\\/sites\\\/99\\\/2019\\\/06\\\/cropped-Gradia_logo_Cyber_TRANSPARENT.png\",\"width\":316,\"height\":382,\"caption\":\"Gradia Digipalvelut\"},\"image\":{\"@id\":\"https:\\\/\\\/blogit.gradia.fi\\\/digipalvelut\\\/#\\\/schema\\\/logo\\\/image\\\/\"}}]}<\/script>\n<!-- \/ Yoast SEO plugin. -->","yoast_head_json":{"title":"Tiedostojen valitseminen - Gradia Digipalvelut","robots":{"index":"index","follow":"follow","max-snippet":"max-snippet:-1","max-image-preview":"max-image-preview:large","max-video-preview":"max-video-preview:-1"},"canonical":"https:\/\/blogit.gradia.fi\/digipalvelut\/ohjeita-ja-vinkkeja\/moodle\/tiedostojen-valitseminen\/","og_locale":"fi_FI","og_type":"article","og_title":"Tiedostojen valitseminen - Gradia Digipalvelut","og_description":"Voit lis\u00e4t\u00e4 materiaaleja ja tiedostoja Gradian Moodleen eri sijainneista allaolevan listan mukaisesti: OneDrivessa\u00a0sijaisevia\u00a0tiedostoja (huom\u00a0vaatii O365 \u2013tilin yhdist\u00e4mist\u00e4, katso Ohje Microsoft-tilin yhdist\u00e4misest\u00e4)\u00a0 Kuvia materiaalipankista, johon Gradia Digipalvelut on rakentanut kuvapankin Moodlen ty\u00f6tilojen rakentamiseksi.\u00a0Materiaalipankissa on mm. valmiiksi muotoiltuja kurssibannereita sek\u00e4 ikonipankki.\u00a0 Ladata tiedoston henkil\u00f6kohtaiselta H-asemaltasi, henkil\u00f6kunnan yhteiselt\u00e4 Q-asemalta sek\u00e4 niilt\u00e4 levyasemilta, joille [&hellip;]","og_url":"https:\/\/blogit.gradia.fi\/digipalvelut\/ohjeita-ja-vinkkeja\/moodle\/tiedostojen-valitseminen\/","og_site_name":"Gradia Digipalvelut","og_image":[{"url":"https:\/\/blogit.gradia.fi\/digipalvelut\/wp-content\/uploads\/sites\/99\/2019\/06\/GetImage-4.jpg","type":"","width":"","height":""}],"twitter_card":"summary_large_image","twitter_misc":{"Arvioitu lukuaika":"1 minuutti"},"schema":{"@context":"https:\/\/schema.org","@graph":[{"@type":"WebPage","@id":"https:\/\/blogit.gradia.fi\/digipalvelut\/ohjeita-ja-vinkkeja\/moodle\/tiedostojen-valitseminen\/","url":"https:\/\/blogit.gradia.fi\/digipalvelut\/ohjeita-ja-vinkkeja\/moodle\/tiedostojen-valitseminen\/","name":"Tiedostojen valitseminen - Gradia Digipalvelut","isPartOf":{"@id":"https:\/\/blogit.gradia.fi\/digipalvelut\/#website"},"primaryImageOfPage":{"@id":"https:\/\/blogit.gradia.fi\/digipalvelut\/ohjeita-ja-vinkkeja\/moodle\/tiedostojen-valitseminen\/#primaryimage"},"image":{"@id":"https:\/\/blogit.gradia.fi\/digipalvelut\/ohjeita-ja-vinkkeja\/moodle\/tiedostojen-valitseminen\/#primaryimage"},"thumbnailUrl":"https:\/\/blogit.gradia.fi\/digipalvelut\/wp-content\/uploads\/sites\/99\/2019\/06\/GetImage-4.jpg","datePublished":"2019-06-28T09:10:12+00:00","breadcrumb":{"@id":"https:\/\/blogit.gradia.fi\/digipalvelut\/ohjeita-ja-vinkkeja\/moodle\/tiedostojen-valitseminen\/#breadcrumb"},"inLanguage":"fi","potentialAction":[{"@type":"ReadAction","target":["https:\/\/blogit.gradia.fi\/digipalvelut\/ohjeita-ja-vinkkeja\/moodle\/tiedostojen-valitseminen\/"]}]},{"@type":"ImageObject","inLanguage":"fi","@id":"https:\/\/blogit.gradia.fi\/digipalvelut\/ohjeita-ja-vinkkeja\/moodle\/tiedostojen-valitseminen\/#primaryimage","url":"https:\/\/blogit.gradia.fi\/digipalvelut\/wp-content\/uploads\/sites\/99\/2019\/06\/GetImage-4.jpg","contentUrl":"https:\/\/blogit.gradia.fi\/digipalvelut\/wp-content\/uploads\/sites\/99\/2019\/06\/GetImage-4.jpg","width":844,"height":623,"caption":"Tiedostonvalitsin"},{"@type":"BreadcrumbList","@id":"https:\/\/blogit.gradia.fi\/digipalvelut\/ohjeita-ja-vinkkeja\/moodle\/tiedostojen-valitseminen\/#breadcrumb","itemListElement":[{"@type":"ListItem","position":1,"name":"Ohjeita ja vinkkej\u00e4","item":"https:\/\/blogit.gradia.fi\/digipalvelut\/ohjeita-ja-vinkkeja\/"},{"@type":"ListItem","position":2,"name":"Moodle","item":"https:\/\/blogit.gradia.fi\/digipalvelut\/ohjeita-ja-vinkkeja\/moodle\/"},{"@type":"ListItem","position":3,"name":"Tiedostojen valitseminen"}]},{"@type":"WebSite","@id":"https:\/\/blogit.gradia.fi\/digipalvelut\/#website","url":"https:\/\/blogit.gradia.fi\/digipalvelut\/","name":"Gradia Digipalvelut","description":"Astetta enemm\u00e4n digi\u00e4","publisher":{"@id":"https:\/\/blogit.gradia.fi\/digipalvelut\/#organization"},"potentialAction":[{"@type":"SearchAction","target":{"@type":"EntryPoint","urlTemplate":"https:\/\/blogit.gradia.fi\/digipalvelut\/?s={search_term_string}"},"query-input":{"@type":"PropertyValueSpecification","valueRequired":true,"valueName":"search_term_string"}}],"inLanguage":"fi"},{"@type":"Organization","@id":"https:\/\/blogit.gradia.fi\/digipalvelut\/#organization","name":"Gradia Digipalvelut","url":"https:\/\/blogit.gradia.fi\/digipalvelut\/","logo":{"@type":"ImageObject","inLanguage":"fi","@id":"https:\/\/blogit.gradia.fi\/digipalvelut\/#\/schema\/logo\/image\/","url":"https:\/\/blogit.gradia.fi\/digipalvelut\/wp-content\/uploads\/sites\/99\/2019\/06\/cropped-Gradia_logo_Cyber_TRANSPARENT.png","contentUrl":"https:\/\/blogit.gradia.fi\/digipalvelut\/wp-content\/uploads\/sites\/99\/2019\/06\/cropped-Gradia_logo_Cyber_TRANSPARENT.png","width":316,"height":382,"caption":"Gradia Digipalvelut"},"image":{"@id":"https:\/\/blogit.gradia.fi\/digipalvelut\/#\/schema\/logo\/image\/"}}]}},"uagb_featured_image_src":{"full":false,"thumbnail":false,"medium":false,"medium_large":false,"large":false,"1536x1536":false,"2048x2048":false,"hestia-blog":false},"uagb_author_info":{"display_name":"Merja Hakanen","author_link":"https:\/\/blogit.gradia.fi\/digipalvelut\/author\/hakanmer\/"},"uagb_comment_info":0,"uagb_excerpt":"Voit lis\u00e4t\u00e4 materiaaleja ja tiedostoja Gradian Moodleen eri sijainneista allaolevan listan mukaisesti: OneDrivessa\u00a0sijaisevia\u00a0tiedostoja (huom\u00a0vaatii O365 \u2013tilin yhdist\u00e4mist\u00e4, katso Ohje Microsoft-tilin yhdist\u00e4misest\u00e4)\u00a0 Kuvia materiaalipankista, johon Gradia Digipalvelut on rakentanut kuvapankin Moodlen ty\u00f6tilojen rakentamiseksi.\u00a0Materiaalipankissa on mm. valmiiksi muotoiltuja kurssibannereita sek\u00e4 ikonipankki.\u00a0 Ladata tiedoston henkil\u00f6kohtaiselta H-asemaltasi, henkil\u00f6kunnan yhteiselt\u00e4 Q-asemalta sek\u00e4 niilt\u00e4 levyasemilta, joille [&hellip;]","_links":{"self":[{"href":"https:\/\/blogit.gradia.fi\/digipalvelut\/wp-json\/wp\/v2\/pages\/478","targetHints":{"allow":["GET"]}}],"collection":[{"href":"https:\/\/blogit.gradia.fi\/digipalvelut\/wp-json\/wp\/v2\/pages"}],"about":[{"href":"https:\/\/blogit.gradia.fi\/digipalvelut\/wp-json\/wp\/v2\/types\/page"}],"author":[{"embeddable":true,"href":"https:\/\/blogit.gradia.fi\/digipalvelut\/wp-json\/wp\/v2\/users\/421"}],"replies":[{"embeddable":true,"href":"https:\/\/blogit.gradia.fi\/digipalvelut\/wp-json\/wp\/v2\/comments?post=478"}],"version-history":[{"count":1,"href":"https:\/\/blogit.gradia.fi\/digipalvelut\/wp-json\/wp\/v2\/pages\/478\/revisions"}],"predecessor-version":[{"id":480,"href":"https:\/\/blogit.gradia.fi\/digipalvelut\/wp-json\/wp\/v2\/pages\/478\/revisions\/480"}],"up":[{"embeddable":true,"href":"https:\/\/blogit.gradia.fi\/digipalvelut\/wp-json\/wp\/v2\/pages\/76"}],"wp:attachment":[{"href":"https:\/\/blogit.gradia.fi\/digipalvelut\/wp-json\/wp\/v2\/media?parent=478"}],"curies":[{"name":"wp","href":"https:\/\/api.w.org\/{rel}","templated":true}]}}