{"id":471,"date":"2019-06-28T11:30:42","date_gmt":"2019-06-28T08:30:42","guid":{"rendered":"https:\/\/blogit.gradia.fi\/digipalvelut\/?page_id=471"},"modified":"2020-04-21T10:54:44","modified_gmt":"2020-04-21T07:54:44","slug":"tuo-sisaltoa-toisesta-kurssista","status":"publish","type":"page","link":"https:\/\/blogit.gradia.fi\/digipalvelut\/ohjeita-ja-vinkkeja\/moodle\/tuo-sisaltoa-toisesta-kurssista\/","title":{"rendered":"Tuo sis\u00e4lt\u00f6\u00e4 toisesta kurssista"},"content":{"rendered":"\n<p>Sis\u00e4lt\u00f6\u00e4 voit kopioida opintojaksojesi v\u00e4lill\u00e4 kadellakin eri tavalla joko Sharing Cart -lohkon avulla tai Tuo -toiminnon avulla. <br>Ohjeet molemmista alla.<\/p>\n\n\n\n<p><a href=\"https:\/\/blogit.gradia.fi\/digipalvelut\/ohjeita-ja-vinkkeja\/moodle\/sharing-cart-lohko\/\"><strong>Lue ohje Sharing Cart -lohkon k\u00e4yt\u00f6st\u00e4<\/strong><\/a><\/p>\n\n\n\n<h3 class=\"wp-block-heading\">Tuo -toiminto<\/h3>\n\n\n\n<p>Voi tuoda nopeasti sis\u00e4lt\u00f6\u00e4, kuten yksitt\u00e4isi\u00e4 aktiviteetteja, muista omista kursseistasi  Tuo-toiminnon avulla. <\/p>\n\n\n\n<figure class=\"wp-block-image is-resized\"><img fetchpriority=\"high\" decoding=\"async\" src=\"https:\/\/blogit.gradia.fi\/digipalvelut\/wp-content\/uploads\/sites\/99\/2019\/06\/Hammasratasvalikko.png\" alt=\"Pikavalikko hammasrattaasta\" class=\"wp-image-472\" width=\"223\" height=\"270\" srcset=\"https:\/\/blogit.gradia.fi\/digipalvelut\/wp-content\/uploads\/sites\/99\/2019\/06\/Hammasratasvalikko.png 446w, https:\/\/blogit.gradia.fi\/digipalvelut\/wp-content\/uploads\/sites\/99\/2019\/06\/Hammasratasvalikko-248x300.png 248w\" sizes=\"(max-width: 223px) 100vw, 223px\" \/><\/figure>\n\n\n\n<ol class=\"wp-block-list\"><li>Siirry sille kurssialueelle, jolle haluat sis\u00e4lt\u00f6j\u00e4 tuoda.&nbsp;<\/li><li>Mene ty\u00f6tilassa oikeassa yl\u00e4kulmassa sijaitsevaan hammasrattaaseen. P\u00e4\u00e4set sen avulla nopeasti moniin toimintoihin.&nbsp;<\/li><li>Valitse&nbsp;<strong>Tuo<\/strong>. P\u00e4\u00e4set samaan valikkoon my\u00f6s kurssin yll\u00e4pito-sivulta.&nbsp;&nbsp;<\/li><li>Valitse kurssi, josta haluat tuoda sis\u00e4lt\u00f6\u00e4. Paina&nbsp;<strong>Jatka<\/strong>.&nbsp;&nbsp;<\/li><li>M\u00e4\u00e4rit\u00e4 tuonnin asetukset. Paina&nbsp;<strong>Seuraava<\/strong>.&nbsp;&nbsp;<\/li><li>Valitse mitk\u00e4 sis\u00e4ll\u00f6t (kaikki tai yksitt\u00e4isi\u00e4) haluat tuoda. Rastilla merkityt sis\u00e4ll\u00f6t tuodaan.&nbsp;&nbsp;<\/li><li>Tuonti etenee vaiheittain ja voit tarkistaa n\u00e4iss\u00e4 v\u00e4livaiheissa oletko tuomassa haluamaasi sis\u00e4lt\u00f6\u00e4. Suorita tuonti vaiheiden mukaan.&nbsp;&nbsp;<\/li><\/ol>\n\n\n\n<figure class=\"wp-block-image is-resized\"><img decoding=\"async\" src=\"https:\/\/blogit.gradia.fi\/digipalvelut\/wp-content\/uploads\/sites\/99\/2019\/06\/GetImage-19-1024x484.png\" alt=\"\" class=\"wp-image-473\" width=\"512\" height=\"242\" srcset=\"https:\/\/blogit.gradia.fi\/digipalvelut\/wp-content\/uploads\/sites\/99\/2019\/06\/GetImage-19-1024x484.png 1024w, https:\/\/blogit.gradia.fi\/digipalvelut\/wp-content\/uploads\/sites\/99\/2019\/06\/GetImage-19-300x142.png 300w, https:\/\/blogit.gradia.fi\/digipalvelut\/wp-content\/uploads\/sites\/99\/2019\/06\/GetImage-19-768x363.png 768w, https:\/\/blogit.gradia.fi\/digipalvelut\/wp-content\/uploads\/sites\/99\/2019\/06\/GetImage-19-620x293.png 620w, https:\/\/blogit.gradia.fi\/digipalvelut\/wp-content\/uploads\/sites\/99\/2019\/06\/GetImage-19.png 1258w\" sizes=\"(max-width: 512px) 100vw, 512px\" \/><\/figure>\n","protected":false},"excerpt":{"rendered":"<p>Sis\u00e4lt\u00f6\u00e4 voit kopioida opintojaksojesi v\u00e4lill\u00e4 kadellakin eri tavalla joko Sharing Cart -lohkon avulla tai Tuo -toiminnon avulla. Ohjeet molemmista alla. Lue ohje Sharing Cart -lohkon k\u00e4yt\u00f6st\u00e4 Tuo -toiminto Voi tuoda nopeasti sis\u00e4lt\u00f6\u00e4, kuten yksitt\u00e4isi\u00e4 aktiviteetteja, muista omista kursseistasi Tuo-toiminnon avulla. Siirry sille kurssialueelle, jolle haluat sis\u00e4lt\u00f6j\u00e4 tuoda.&nbsp; Mene ty\u00f6tilassa oikeassa [&hellip;]<\/p>\n","protected":false},"author":421,"featured_media":0,"parent":76,"menu_order":0,"comment_status":"closed","ping_status":"closed","template":"","meta":{"_uag_custom_page_level_css":"","footnotes":""},"class_list":["post-471","page","type-page","status-publish","hentry"],"yoast_head":"<!-- This site is optimized with the Yoast SEO plugin v27.4 - https:\/\/yoast.com\/product\/yoast-seo-wordpress\/ -->\n<title>Tuo sis\u00e4lt\u00f6\u00e4 toisesta kurssista - Gradia Digipalvelut<\/title>\n<meta name=\"robots\" content=\"index, follow, max-snippet:-1, max-image-preview:large, max-video-preview:-1\" \/>\n<link rel=\"canonical\" href=\"https:\/\/blogit.gradia.fi\/digipalvelut\/ohjeita-ja-vinkkeja\/moodle\/tuo-sisaltoa-toisesta-kurssista\/\" \/>\n<meta property=\"og:locale\" content=\"fi_FI\" \/>\n<meta property=\"og:type\" content=\"article\" \/>\n<meta property=\"og:title\" content=\"Tuo sis\u00e4lt\u00f6\u00e4 toisesta kurssista - Gradia Digipalvelut\" \/>\n<meta property=\"og:description\" content=\"Sis\u00e4lt\u00f6\u00e4 voit kopioida opintojaksojesi v\u00e4lill\u00e4 kadellakin eri tavalla joko Sharing Cart -lohkon avulla tai Tuo -toiminnon avulla. Ohjeet molemmista alla. Lue ohje Sharing Cart -lohkon k\u00e4yt\u00f6st\u00e4 Tuo -toiminto Voi tuoda nopeasti sis\u00e4lt\u00f6\u00e4, kuten yksitt\u00e4isi\u00e4 aktiviteetteja, muista omista kursseistasi Tuo-toiminnon avulla. Siirry sille kurssialueelle, jolle haluat sis\u00e4lt\u00f6j\u00e4 tuoda.&nbsp; Mene ty\u00f6tilassa oikeassa [&hellip;]\" \/>\n<meta property=\"og:url\" content=\"https:\/\/blogit.gradia.fi\/digipalvelut\/ohjeita-ja-vinkkeja\/moodle\/tuo-sisaltoa-toisesta-kurssista\/\" \/>\n<meta property=\"og:site_name\" content=\"Gradia Digipalvelut\" \/>\n<meta property=\"article:modified_time\" content=\"2020-04-21T07:54:44+00:00\" \/>\n<meta property=\"og:image\" content=\"https:\/\/blogit.gradia.fi\/digipalvelut\/wp-content\/uploads\/sites\/99\/2019\/06\/Hammasratasvalikko.png\" \/>\n<meta name=\"twitter:card\" content=\"summary_large_image\" \/>\n<meta name=\"twitter:label1\" content=\"Arvioitu lukuaika\" \/>\n\t<meta name=\"twitter:data1\" content=\"1 minuutti\" \/>\n<script type=\"application\/ld+json\" class=\"yoast-schema-graph\">{\"@context\":\"https:\\\/\\\/schema.org\",\"@graph\":[{\"@type\":\"WebPage\",\"@id\":\"https:\\\/\\\/blogit.gradia.fi\\\/digipalvelut\\\/ohjeita-ja-vinkkeja\\\/moodle\\\/tuo-sisaltoa-toisesta-kurssista\\\/\",\"url\":\"https:\\\/\\\/blogit.gradia.fi\\\/digipalvelut\\\/ohjeita-ja-vinkkeja\\\/moodle\\\/tuo-sisaltoa-toisesta-kurssista\\\/\",\"name\":\"Tuo sis\u00e4lt\u00f6\u00e4 toisesta kurssista - Gradia Digipalvelut\",\"isPartOf\":{\"@id\":\"https:\\\/\\\/blogit.gradia.fi\\\/digipalvelut\\\/#website\"},\"primaryImageOfPage\":{\"@id\":\"https:\\\/\\\/blogit.gradia.fi\\\/digipalvelut\\\/ohjeita-ja-vinkkeja\\\/moodle\\\/tuo-sisaltoa-toisesta-kurssista\\\/#primaryimage\"},\"image\":{\"@id\":\"https:\\\/\\\/blogit.gradia.fi\\\/digipalvelut\\\/ohjeita-ja-vinkkeja\\\/moodle\\\/tuo-sisaltoa-toisesta-kurssista\\\/#primaryimage\"},\"thumbnailUrl\":\"https:\\\/\\\/blogit.gradia.fi\\\/digipalvelut\\\/wp-content\\\/uploads\\\/sites\\\/99\\\/2019\\\/06\\\/Hammasratasvalikko.png\",\"datePublished\":\"2019-06-28T08:30:42+00:00\",\"dateModified\":\"2020-04-21T07:54:44+00:00\",\"breadcrumb\":{\"@id\":\"https:\\\/\\\/blogit.gradia.fi\\\/digipalvelut\\\/ohjeita-ja-vinkkeja\\\/moodle\\\/tuo-sisaltoa-toisesta-kurssista\\\/#breadcrumb\"},\"inLanguage\":\"fi\",\"potentialAction\":[{\"@type\":\"ReadAction\",\"target\":[\"https:\\\/\\\/blogit.gradia.fi\\\/digipalvelut\\\/ohjeita-ja-vinkkeja\\\/moodle\\\/tuo-sisaltoa-toisesta-kurssista\\\/\"]}]},{\"@type\":\"ImageObject\",\"inLanguage\":\"fi\",\"@id\":\"https:\\\/\\\/blogit.gradia.fi\\\/digipalvelut\\\/ohjeita-ja-vinkkeja\\\/moodle\\\/tuo-sisaltoa-toisesta-kurssista\\\/#primaryimage\",\"url\":\"https:\\\/\\\/blogit.gradia.fi\\\/digipalvelut\\\/wp-content\\\/uploads\\\/sites\\\/99\\\/2019\\\/06\\\/Hammasratasvalikko.png\",\"contentUrl\":\"https:\\\/\\\/blogit.gradia.fi\\\/digipalvelut\\\/wp-content\\\/uploads\\\/sites\\\/99\\\/2019\\\/06\\\/Hammasratasvalikko.png\",\"width\":446,\"height\":540,\"caption\":\"Pikavalikko hammasrattaasta\"},{\"@type\":\"BreadcrumbList\",\"@id\":\"https:\\\/\\\/blogit.gradia.fi\\\/digipalvelut\\\/ohjeita-ja-vinkkeja\\\/moodle\\\/tuo-sisaltoa-toisesta-kurssista\\\/#breadcrumb\",\"itemListElement\":[{\"@type\":\"ListItem\",\"position\":1,\"name\":\"Ohjeita ja vinkkej\u00e4\",\"item\":\"https:\\\/\\\/blogit.gradia.fi\\\/digipalvelut\\\/ohjeita-ja-vinkkeja\\\/\"},{\"@type\":\"ListItem\",\"position\":2,\"name\":\"Moodle\",\"item\":\"https:\\\/\\\/blogit.gradia.fi\\\/digipalvelut\\\/ohjeita-ja-vinkkeja\\\/moodle\\\/\"},{\"@type\":\"ListItem\",\"position\":3,\"name\":\"Tuo sis\u00e4lt\u00f6\u00e4 toisesta kurssista\"}]},{\"@type\":\"WebSite\",\"@id\":\"https:\\\/\\\/blogit.gradia.fi\\\/digipalvelut\\\/#website\",\"url\":\"https:\\\/\\\/blogit.gradia.fi\\\/digipalvelut\\\/\",\"name\":\"Gradia Digipalvelut\",\"description\":\"Astetta enemm\u00e4n digi\u00e4\",\"publisher\":{\"@id\":\"https:\\\/\\\/blogit.gradia.fi\\\/digipalvelut\\\/#organization\"},\"potentialAction\":[{\"@type\":\"SearchAction\",\"target\":{\"@type\":\"EntryPoint\",\"urlTemplate\":\"https:\\\/\\\/blogit.gradia.fi\\\/digipalvelut\\\/?s={search_term_string}\"},\"query-input\":{\"@type\":\"PropertyValueSpecification\",\"valueRequired\":true,\"valueName\":\"search_term_string\"}}],\"inLanguage\":\"fi\"},{\"@type\":\"Organization\",\"@id\":\"https:\\\/\\\/blogit.gradia.fi\\\/digipalvelut\\\/#organization\",\"name\":\"Gradia Digipalvelut\",\"url\":\"https:\\\/\\\/blogit.gradia.fi\\\/digipalvelut\\\/\",\"logo\":{\"@type\":\"ImageObject\",\"inLanguage\":\"fi\",\"@id\":\"https:\\\/\\\/blogit.gradia.fi\\\/digipalvelut\\\/#\\\/schema\\\/logo\\\/image\\\/\",\"url\":\"https:\\\/\\\/blogit.gradia.fi\\\/digipalvelut\\\/wp-content\\\/uploads\\\/sites\\\/99\\\/2019\\\/06\\\/cropped-Gradia_logo_Cyber_TRANSPARENT.png\",\"contentUrl\":\"https:\\\/\\\/blogit.gradia.fi\\\/digipalvelut\\\/wp-content\\\/uploads\\\/sites\\\/99\\\/2019\\\/06\\\/cropped-Gradia_logo_Cyber_TRANSPARENT.png\",\"width\":316,\"height\":382,\"caption\":\"Gradia Digipalvelut\"},\"image\":{\"@id\":\"https:\\\/\\\/blogit.gradia.fi\\\/digipalvelut\\\/#\\\/schema\\\/logo\\\/image\\\/\"}}]}<\/script>\n<!-- \/ Yoast SEO plugin. -->","yoast_head_json":{"title":"Tuo sis\u00e4lt\u00f6\u00e4 toisesta kurssista - Gradia Digipalvelut","robots":{"index":"index","follow":"follow","max-snippet":"max-snippet:-1","max-image-preview":"max-image-preview:large","max-video-preview":"max-video-preview:-1"},"canonical":"https:\/\/blogit.gradia.fi\/digipalvelut\/ohjeita-ja-vinkkeja\/moodle\/tuo-sisaltoa-toisesta-kurssista\/","og_locale":"fi_FI","og_type":"article","og_title":"Tuo sis\u00e4lt\u00f6\u00e4 toisesta kurssista - Gradia Digipalvelut","og_description":"Sis\u00e4lt\u00f6\u00e4 voit kopioida opintojaksojesi v\u00e4lill\u00e4 kadellakin eri tavalla joko Sharing Cart -lohkon avulla tai Tuo -toiminnon avulla. Ohjeet molemmista alla. Lue ohje Sharing Cart -lohkon k\u00e4yt\u00f6st\u00e4 Tuo -toiminto Voi tuoda nopeasti sis\u00e4lt\u00f6\u00e4, kuten yksitt\u00e4isi\u00e4 aktiviteetteja, muista omista kursseistasi Tuo-toiminnon avulla. Siirry sille kurssialueelle, jolle haluat sis\u00e4lt\u00f6j\u00e4 tuoda.&nbsp; Mene ty\u00f6tilassa oikeassa [&hellip;]","og_url":"https:\/\/blogit.gradia.fi\/digipalvelut\/ohjeita-ja-vinkkeja\/moodle\/tuo-sisaltoa-toisesta-kurssista\/","og_site_name":"Gradia Digipalvelut","article_modified_time":"2020-04-21T07:54:44+00:00","og_image":[{"url":"https:\/\/blogit.gradia.fi\/digipalvelut\/wp-content\/uploads\/sites\/99\/2019\/06\/Hammasratasvalikko.png","type":"","width":"","height":""}],"twitter_card":"summary_large_image","twitter_misc":{"Arvioitu lukuaika":"1 minuutti"},"schema":{"@context":"https:\/\/schema.org","@graph":[{"@type":"WebPage","@id":"https:\/\/blogit.gradia.fi\/digipalvelut\/ohjeita-ja-vinkkeja\/moodle\/tuo-sisaltoa-toisesta-kurssista\/","url":"https:\/\/blogit.gradia.fi\/digipalvelut\/ohjeita-ja-vinkkeja\/moodle\/tuo-sisaltoa-toisesta-kurssista\/","name":"Tuo sis\u00e4lt\u00f6\u00e4 toisesta kurssista - Gradia Digipalvelut","isPartOf":{"@id":"https:\/\/blogit.gradia.fi\/digipalvelut\/#website"},"primaryImageOfPage":{"@id":"https:\/\/blogit.gradia.fi\/digipalvelut\/ohjeita-ja-vinkkeja\/moodle\/tuo-sisaltoa-toisesta-kurssista\/#primaryimage"},"image":{"@id":"https:\/\/blogit.gradia.fi\/digipalvelut\/ohjeita-ja-vinkkeja\/moodle\/tuo-sisaltoa-toisesta-kurssista\/#primaryimage"},"thumbnailUrl":"https:\/\/blogit.gradia.fi\/digipalvelut\/wp-content\/uploads\/sites\/99\/2019\/06\/Hammasratasvalikko.png","datePublished":"2019-06-28T08:30:42+00:00","dateModified":"2020-04-21T07:54:44+00:00","breadcrumb":{"@id":"https:\/\/blogit.gradia.fi\/digipalvelut\/ohjeita-ja-vinkkeja\/moodle\/tuo-sisaltoa-toisesta-kurssista\/#breadcrumb"},"inLanguage":"fi","potentialAction":[{"@type":"ReadAction","target":["https:\/\/blogit.gradia.fi\/digipalvelut\/ohjeita-ja-vinkkeja\/moodle\/tuo-sisaltoa-toisesta-kurssista\/"]}]},{"@type":"ImageObject","inLanguage":"fi","@id":"https:\/\/blogit.gradia.fi\/digipalvelut\/ohjeita-ja-vinkkeja\/moodle\/tuo-sisaltoa-toisesta-kurssista\/#primaryimage","url":"https:\/\/blogit.gradia.fi\/digipalvelut\/wp-content\/uploads\/sites\/99\/2019\/06\/Hammasratasvalikko.png","contentUrl":"https:\/\/blogit.gradia.fi\/digipalvelut\/wp-content\/uploads\/sites\/99\/2019\/06\/Hammasratasvalikko.png","width":446,"height":540,"caption":"Pikavalikko hammasrattaasta"},{"@type":"BreadcrumbList","@id":"https:\/\/blogit.gradia.fi\/digipalvelut\/ohjeita-ja-vinkkeja\/moodle\/tuo-sisaltoa-toisesta-kurssista\/#breadcrumb","itemListElement":[{"@type":"ListItem","position":1,"name":"Ohjeita ja vinkkej\u00e4","item":"https:\/\/blogit.gradia.fi\/digipalvelut\/ohjeita-ja-vinkkeja\/"},{"@type":"ListItem","position":2,"name":"Moodle","item":"https:\/\/blogit.gradia.fi\/digipalvelut\/ohjeita-ja-vinkkeja\/moodle\/"},{"@type":"ListItem","position":3,"name":"Tuo sis\u00e4lt\u00f6\u00e4 toisesta kurssista"}]},{"@type":"WebSite","@id":"https:\/\/blogit.gradia.fi\/digipalvelut\/#website","url":"https:\/\/blogit.gradia.fi\/digipalvelut\/","name":"Gradia Digipalvelut","description":"Astetta enemm\u00e4n digi\u00e4","publisher":{"@id":"https:\/\/blogit.gradia.fi\/digipalvelut\/#organization"},"potentialAction":[{"@type":"SearchAction","target":{"@type":"EntryPoint","urlTemplate":"https:\/\/blogit.gradia.fi\/digipalvelut\/?s={search_term_string}"},"query-input":{"@type":"PropertyValueSpecification","valueRequired":true,"valueName":"search_term_string"}}],"inLanguage":"fi"},{"@type":"Organization","@id":"https:\/\/blogit.gradia.fi\/digipalvelut\/#organization","name":"Gradia Digipalvelut","url":"https:\/\/blogit.gradia.fi\/digipalvelut\/","logo":{"@type":"ImageObject","inLanguage":"fi","@id":"https:\/\/blogit.gradia.fi\/digipalvelut\/#\/schema\/logo\/image\/","url":"https:\/\/blogit.gradia.fi\/digipalvelut\/wp-content\/uploads\/sites\/99\/2019\/06\/cropped-Gradia_logo_Cyber_TRANSPARENT.png","contentUrl":"https:\/\/blogit.gradia.fi\/digipalvelut\/wp-content\/uploads\/sites\/99\/2019\/06\/cropped-Gradia_logo_Cyber_TRANSPARENT.png","width":316,"height":382,"caption":"Gradia Digipalvelut"},"image":{"@id":"https:\/\/blogit.gradia.fi\/digipalvelut\/#\/schema\/logo\/image\/"}}]}},"uagb_featured_image_src":{"full":false,"thumbnail":false,"medium":false,"medium_large":false,"large":false,"1536x1536":false,"2048x2048":false,"hestia-blog":false},"uagb_author_info":{"display_name":"Merja Hakanen","author_link":"https:\/\/blogit.gradia.fi\/digipalvelut\/author\/hakanmer\/"},"uagb_comment_info":0,"uagb_excerpt":"Sis\u00e4lt\u00f6\u00e4 voit kopioida opintojaksojesi v\u00e4lill\u00e4 kadellakin eri tavalla joko Sharing Cart -lohkon avulla tai Tuo -toiminnon avulla. Ohjeet molemmista alla. Lue ohje Sharing Cart -lohkon k\u00e4yt\u00f6st\u00e4 Tuo -toiminto Voi tuoda nopeasti sis\u00e4lt\u00f6\u00e4, kuten yksitt\u00e4isi\u00e4 aktiviteetteja, muista omista kursseistasi Tuo-toiminnon avulla. Siirry sille kurssialueelle, jolle haluat sis\u00e4lt\u00f6j\u00e4 tuoda.&nbsp; Mene ty\u00f6tilassa oikeassa [&hellip;]","_links":{"self":[{"href":"https:\/\/blogit.gradia.fi\/digipalvelut\/wp-json\/wp\/v2\/pages\/471","targetHints":{"allow":["GET"]}}],"collection":[{"href":"https:\/\/blogit.gradia.fi\/digipalvelut\/wp-json\/wp\/v2\/pages"}],"about":[{"href":"https:\/\/blogit.gradia.fi\/digipalvelut\/wp-json\/wp\/v2\/types\/page"}],"author":[{"embeddable":true,"href":"https:\/\/blogit.gradia.fi\/digipalvelut\/wp-json\/wp\/v2\/users\/421"}],"replies":[{"embeddable":true,"href":"https:\/\/blogit.gradia.fi\/digipalvelut\/wp-json\/wp\/v2\/comments?post=471"}],"version-history":[{"count":2,"href":"https:\/\/blogit.gradia.fi\/digipalvelut\/wp-json\/wp\/v2\/pages\/471\/revisions"}],"predecessor-version":[{"id":1834,"href":"https:\/\/blogit.gradia.fi\/digipalvelut\/wp-json\/wp\/v2\/pages\/471\/revisions\/1834"}],"up":[{"embeddable":true,"href":"https:\/\/blogit.gradia.fi\/digipalvelut\/wp-json\/wp\/v2\/pages\/76"}],"wp:attachment":[{"href":"https:\/\/blogit.gradia.fi\/digipalvelut\/wp-json\/wp\/v2\/media?parent=471"}],"curies":[{"name":"wp","href":"https:\/\/api.w.org\/{rel}","templated":true}]}}