{"id":393,"date":"2019-06-26T15:11:04","date_gmt":"2019-06-26T12:11:04","guid":{"rendered":"https:\/\/blogit.gradia.fi\/digipalvelut\/?page_id=393"},"modified":"2020-06-22T12:36:19","modified_gmt":"2020-06-22T09:36:19","slug":"aineistojen-yleisesittely","status":"publish","type":"page","link":"https:\/\/blogit.gradia.fi\/digipalvelut\/ohjeita-ja-vinkkeja\/moodle\/aineistojen-yleisesittely\/","title":{"rendered":"Aineistojen yleisesittely"},"content":{"rendered":"\n<p>Rakentaessasi Moodlen ty\u00f6tilaa voit lis\u00e4t\u00e4 sinne teksti\u00e4 mm. sivun ja kirjan avulla sek\u00e4 lis\u00e4t\u00e4 halutessasi tiedostoja ja linkkej\u00e4. Jokaisen aktiviteetin kohdalla opettaja voi p\u00e4\u00e4tt\u00e4\u00e4 huomioidaanko kyseinen aktiviteetti opiskelijan kurssin etenemisen seurannassa. <a href=\"https:\/\/blogit.gradia.fi\/digipalvelut\/ohjeita-ja-vinkkeja\/moodle\/edistymisen-seuranta\/\">Lue lis\u00e4\u00e4 edistymisen seurannasta.<\/a>&nbsp;&nbsp; <\/p>\n\n\n\n<ol class=\"wp-block-list\"><li>Mene kurssille&nbsp;<\/li><li>Aktivoi muokkaustila p\u00e4\u00e4lle hallintaty\u00f6kaluista&nbsp;<\/li><li>Valitse <strong>Lis\u00e4\u00e4 aktiviteetti tai aineisto<\/strong> haluamaasi osioon. Valitse haluamasi aineisto. <\/li><\/ol>\n\n\n\n<figure class=\"wp-block-image\"><img fetchpriority=\"high\" decoding=\"async\" width=\"211\" height=\"351\" src=\"https:\/\/blogit.gradia.fi\/digipalvelut\/wp-content\/uploads\/sites\/99\/2019\/06\/GetImage-1.jpg\" alt=\"Aineistojen valikko: IMS-sis\u00e4lt\u00f6paketti, kansio, kirja, ohjeteksti, sivu, tiedosto, verkko-osoite.\" class=\"wp-image-398\" srcset=\"https:\/\/blogit.gradia.fi\/digipalvelut\/wp-content\/uploads\/sites\/99\/2019\/06\/GetImage-1.jpg 211w, https:\/\/blogit.gradia.fi\/digipalvelut\/wp-content\/uploads\/sites\/99\/2019\/06\/GetImage-1-180x300.jpg 180w\" sizes=\"(max-width: 211px) 100vw, 211px\" \/><\/figure>\n\n\n\n<h2 class=\"wp-block-heading\">KANSIO&nbsp;<\/h2>\n\n\n\n<p>Kansio sopii hyvin tiedostojen ja materiaalin jakamiseen opiskelijoille teemaan liittyen. Opiskelija voi ladata kansion materiaalit&nbsp;zip&nbsp;-tiedostona koneelleen ja avata ne sen j\u00e4lkeen tarkempaa tarkastelua varten.&nbsp; Kansioon voi luoda my\u00f6s alikansioita.&nbsp;<\/p>\n\n\n\n<h2 class=\"wp-block-heading\">KIRJA&nbsp;<\/h2>\n\n\n\n<p>Kirja \u2013aineisto koostuu sivuista, jotka opettaja jakaa lukuihin ja alilukuihin. Kirjaa voi helposti selata sis\u00e4llysluettelosta tai nuolikuvakkeilla. Kirja-aineisto on hyv\u00e4 erityisesti kurssimateriaalin luomisessa, sill\u00e4 opiskelija voi lukea aineistoa suoraan Moodlesta, eik\u00e4 h\u00e4nen tarvitse ladata erillisi\u00e4 tiedostoja. (huom!&nbsp; kaikilla opiskelijoilla ei ole koneillaan esim. PowerPointia)&nbsp;<\/p>\n\n\n\n<h2 class=\"wp-block-heading\">OHJETEKSTI&nbsp;<\/h2>\n\n\n\n<p>Ohjetekstit sijoittuvat kurssisivulle ja avautuvat n\u00e4kym\u00e4n\u00e4. Opiskelijan kannalta selke\u00e4 k\u00e4yt\u00e4nt\u00f6 olisi luoda Moodle-kurssin osion etusivulle lyhyt ohjeistus tai sis\u00e4lt\u00f6kuvaus osiosta ohjetekstill\u00e4. Ohjetekstill\u00e4 voit luoda my\u00f6s v\u00e4liotsikoita osioon. <\/p>\n\n\n\n<h2 class=\"wp-block-heading\">SIVU&nbsp;<\/h2>\n\n\n\n<p>Sivu \u2013aineistolla voit luoda kurssillesi yksitt\u00e4isi\u00e4 tekstimuotoisia&nbsp;hmtl-sivuja. Sivuille voit lis\u00e4t\u00e4 tekstin lis\u00e4ksi tarvittaessa kuvia, \u00e4\u00e4nt\u00e4, videoita, linkkej\u00e4, upotuksia sek\u00e4 matemaattisia merkkej\u00e4.&nbsp;&nbsp;<\/p>\n\n\n\n<h2 class=\"wp-block-heading\">TIEDOSTO&nbsp;<\/h2>\n\n\n\n<p>Tiedostot aineistolla voit tuoda yksitt\u00e4isi\u00e4 tiedostolinkkej\u00e4 ty\u00f6tilaasi (esim. Pdf, PowerPoint, Excel, Word jne.). Tiedostot avautuvat suoraan Moodlessa. Jaa tiedostot mieluiten esim. Linkill\u00e4 omasta pilvipalvelustasi \u2013 <strong><a href=\"https:\/\/blogit.gradia.fi\/digipalvelut\/ohjeita-ja-vinkkeja\/office-365\/tiedoston-jakaminen-onedrivessa\/\">Ohje linkill\u00e4 jakamiseen&nbsp;<\/a><\/strong><\/p>\n\n\n\n<h2 class=\"wp-block-heading\">VERKKO-OSOITE&nbsp;<\/h2>\n\n\n\n<p>Verkko-osoitteella lis\u00e4\u00e4t linkin ulkoiselle nettisivulle. Voit luoda vaihtoehtoisesti linkin suoraan tekstieditorin linkki-painikkeella esim. Sivulle tai ohjetekstiin.&nbsp;&nbsp;<\/p>\n","protected":false},"excerpt":{"rendered":"<p>Rakentaessasi Moodlen ty\u00f6tilaa voit lis\u00e4t\u00e4 sinne teksti\u00e4 mm. sivun ja kirjan avulla sek\u00e4 lis\u00e4t\u00e4 halutessasi tiedostoja ja linkkej\u00e4. Jokaisen aktiviteetin kohdalla opettaja voi p\u00e4\u00e4tt\u00e4\u00e4 huomioidaanko kyseinen aktiviteetti opiskelijan kurssin etenemisen seurannassa. Lue lis\u00e4\u00e4 edistymisen seurannasta.&nbsp;&nbsp; Mene kurssille&nbsp; Aktivoi muokkaustila p\u00e4\u00e4lle hallintaty\u00f6kaluista&nbsp; Valitse Lis\u00e4\u00e4 aktiviteetti tai aineisto haluamaasi osioon. Valitse haluamasi [&hellip;]<\/p>\n","protected":false},"author":421,"featured_media":0,"parent":76,"menu_order":0,"comment_status":"closed","ping_status":"closed","template":"","meta":{"_uag_custom_page_level_css":"","footnotes":""},"class_list":["post-393","page","type-page","status-publish","hentry"],"yoast_head":"<!-- This site is optimized with the Yoast SEO plugin v27.4 - https:\/\/yoast.com\/product\/yoast-seo-wordpress\/ -->\n<title>Aineistojen yleisesittely - Gradia Digipalvelut<\/title>\n<meta name=\"robots\" content=\"index, follow, max-snippet:-1, max-image-preview:large, max-video-preview:-1\" \/>\n<link rel=\"canonical\" href=\"https:\/\/blogit.gradia.fi\/digipalvelut\/ohjeita-ja-vinkkeja\/moodle\/aineistojen-yleisesittely\/\" \/>\n<meta property=\"og:locale\" content=\"fi_FI\" \/>\n<meta property=\"og:type\" content=\"article\" \/>\n<meta property=\"og:title\" content=\"Aineistojen yleisesittely - Gradia Digipalvelut\" \/>\n<meta property=\"og:description\" content=\"Rakentaessasi Moodlen ty\u00f6tilaa voit lis\u00e4t\u00e4 sinne teksti\u00e4 mm. sivun ja kirjan avulla sek\u00e4 lis\u00e4t\u00e4 halutessasi tiedostoja ja linkkej\u00e4. Jokaisen aktiviteetin kohdalla opettaja voi p\u00e4\u00e4tt\u00e4\u00e4 huomioidaanko kyseinen aktiviteetti opiskelijan kurssin etenemisen seurannassa. Lue lis\u00e4\u00e4 edistymisen seurannasta.&nbsp;&nbsp; Mene kurssille&nbsp; Aktivoi muokkaustila p\u00e4\u00e4lle hallintaty\u00f6kaluista&nbsp; Valitse Lis\u00e4\u00e4 aktiviteetti tai aineisto haluamaasi osioon. Valitse haluamasi [&hellip;]\" \/>\n<meta property=\"og:url\" content=\"https:\/\/blogit.gradia.fi\/digipalvelut\/ohjeita-ja-vinkkeja\/moodle\/aineistojen-yleisesittely\/\" \/>\n<meta property=\"og:site_name\" content=\"Gradia Digipalvelut\" \/>\n<meta property=\"article:modified_time\" content=\"2020-06-22T09:36:19+00:00\" \/>\n<meta property=\"og:image\" content=\"https:\/\/blogit.gradia.fi\/digipalvelut\/wp-content\/uploads\/sites\/99\/2019\/06\/GetImage-1.jpg\" \/>\n<meta name=\"twitter:card\" content=\"summary_large_image\" \/>\n<meta name=\"twitter:label1\" content=\"Arvioitu lukuaika\" \/>\n\t<meta name=\"twitter:data1\" content=\"1 minuutti\" \/>\n<script type=\"application\/ld+json\" class=\"yoast-schema-graph\">{\"@context\":\"https:\\\/\\\/schema.org\",\"@graph\":[{\"@type\":\"WebPage\",\"@id\":\"https:\\\/\\\/blogit.gradia.fi\\\/digipalvelut\\\/ohjeita-ja-vinkkeja\\\/moodle\\\/aineistojen-yleisesittely\\\/\",\"url\":\"https:\\\/\\\/blogit.gradia.fi\\\/digipalvelut\\\/ohjeita-ja-vinkkeja\\\/moodle\\\/aineistojen-yleisesittely\\\/\",\"name\":\"Aineistojen yleisesittely - Gradia Digipalvelut\",\"isPartOf\":{\"@id\":\"https:\\\/\\\/blogit.gradia.fi\\\/digipalvelut\\\/#website\"},\"primaryImageOfPage\":{\"@id\":\"https:\\\/\\\/blogit.gradia.fi\\\/digipalvelut\\\/ohjeita-ja-vinkkeja\\\/moodle\\\/aineistojen-yleisesittely\\\/#primaryimage\"},\"image\":{\"@id\":\"https:\\\/\\\/blogit.gradia.fi\\\/digipalvelut\\\/ohjeita-ja-vinkkeja\\\/moodle\\\/aineistojen-yleisesittely\\\/#primaryimage\"},\"thumbnailUrl\":\"https:\\\/\\\/blogit.gradia.fi\\\/digipalvelut\\\/wp-content\\\/uploads\\\/sites\\\/99\\\/2019\\\/06\\\/GetImage-1.jpg\",\"datePublished\":\"2019-06-26T12:11:04+00:00\",\"dateModified\":\"2020-06-22T09:36:19+00:00\",\"breadcrumb\":{\"@id\":\"https:\\\/\\\/blogit.gradia.fi\\\/digipalvelut\\\/ohjeita-ja-vinkkeja\\\/moodle\\\/aineistojen-yleisesittely\\\/#breadcrumb\"},\"inLanguage\":\"fi\",\"potentialAction\":[{\"@type\":\"ReadAction\",\"target\":[\"https:\\\/\\\/blogit.gradia.fi\\\/digipalvelut\\\/ohjeita-ja-vinkkeja\\\/moodle\\\/aineistojen-yleisesittely\\\/\"]}]},{\"@type\":\"ImageObject\",\"inLanguage\":\"fi\",\"@id\":\"https:\\\/\\\/blogit.gradia.fi\\\/digipalvelut\\\/ohjeita-ja-vinkkeja\\\/moodle\\\/aineistojen-yleisesittely\\\/#primaryimage\",\"url\":\"https:\\\/\\\/blogit.gradia.fi\\\/digipalvelut\\\/wp-content\\\/uploads\\\/sites\\\/99\\\/2019\\\/06\\\/GetImage-1.jpg\",\"contentUrl\":\"https:\\\/\\\/blogit.gradia.fi\\\/digipalvelut\\\/wp-content\\\/uploads\\\/sites\\\/99\\\/2019\\\/06\\\/GetImage-1.jpg\",\"width\":211,\"height\":351,\"caption\":\"Aineistot-vaihtoehdot: IMS-sis\u00e4lt\u00f6paketti, kansio, kirja, ohjeteksti, sivu, tiedosto, verkko-osoite\"},{\"@type\":\"BreadcrumbList\",\"@id\":\"https:\\\/\\\/blogit.gradia.fi\\\/digipalvelut\\\/ohjeita-ja-vinkkeja\\\/moodle\\\/aineistojen-yleisesittely\\\/#breadcrumb\",\"itemListElement\":[{\"@type\":\"ListItem\",\"position\":1,\"name\":\"Ohjeita ja vinkkej\u00e4\",\"item\":\"https:\\\/\\\/blogit.gradia.fi\\\/digipalvelut\\\/ohjeita-ja-vinkkeja\\\/\"},{\"@type\":\"ListItem\",\"position\":2,\"name\":\"Moodle\",\"item\":\"https:\\\/\\\/blogit.gradia.fi\\\/digipalvelut\\\/ohjeita-ja-vinkkeja\\\/moodle\\\/\"},{\"@type\":\"ListItem\",\"position\":3,\"name\":\"Aineistojen yleisesittely\"}]},{\"@type\":\"WebSite\",\"@id\":\"https:\\\/\\\/blogit.gradia.fi\\\/digipalvelut\\\/#website\",\"url\":\"https:\\\/\\\/blogit.gradia.fi\\\/digipalvelut\\\/\",\"name\":\"Gradia Digipalvelut\",\"description\":\"Astetta enemm\u00e4n digi\u00e4\",\"publisher\":{\"@id\":\"https:\\\/\\\/blogit.gradia.fi\\\/digipalvelut\\\/#organization\"},\"potentialAction\":[{\"@type\":\"SearchAction\",\"target\":{\"@type\":\"EntryPoint\",\"urlTemplate\":\"https:\\\/\\\/blogit.gradia.fi\\\/digipalvelut\\\/?s={search_term_string}\"},\"query-input\":{\"@type\":\"PropertyValueSpecification\",\"valueRequired\":true,\"valueName\":\"search_term_string\"}}],\"inLanguage\":\"fi\"},{\"@type\":\"Organization\",\"@id\":\"https:\\\/\\\/blogit.gradia.fi\\\/digipalvelut\\\/#organization\",\"name\":\"Gradia Digipalvelut\",\"url\":\"https:\\\/\\\/blogit.gradia.fi\\\/digipalvelut\\\/\",\"logo\":{\"@type\":\"ImageObject\",\"inLanguage\":\"fi\",\"@id\":\"https:\\\/\\\/blogit.gradia.fi\\\/digipalvelut\\\/#\\\/schema\\\/logo\\\/image\\\/\",\"url\":\"https:\\\/\\\/blogit.gradia.fi\\\/digipalvelut\\\/wp-content\\\/uploads\\\/sites\\\/99\\\/2019\\\/06\\\/cropped-Gradia_logo_Cyber_TRANSPARENT.png\",\"contentUrl\":\"https:\\\/\\\/blogit.gradia.fi\\\/digipalvelut\\\/wp-content\\\/uploads\\\/sites\\\/99\\\/2019\\\/06\\\/cropped-Gradia_logo_Cyber_TRANSPARENT.png\",\"width\":316,\"height\":382,\"caption\":\"Gradia Digipalvelut\"},\"image\":{\"@id\":\"https:\\\/\\\/blogit.gradia.fi\\\/digipalvelut\\\/#\\\/schema\\\/logo\\\/image\\\/\"}}]}<\/script>\n<!-- \/ Yoast SEO plugin. -->","yoast_head_json":{"title":"Aineistojen yleisesittely - Gradia Digipalvelut","robots":{"index":"index","follow":"follow","max-snippet":"max-snippet:-1","max-image-preview":"max-image-preview:large","max-video-preview":"max-video-preview:-1"},"canonical":"https:\/\/blogit.gradia.fi\/digipalvelut\/ohjeita-ja-vinkkeja\/moodle\/aineistojen-yleisesittely\/","og_locale":"fi_FI","og_type":"article","og_title":"Aineistojen yleisesittely - Gradia Digipalvelut","og_description":"Rakentaessasi Moodlen ty\u00f6tilaa voit lis\u00e4t\u00e4 sinne teksti\u00e4 mm. sivun ja kirjan avulla sek\u00e4 lis\u00e4t\u00e4 halutessasi tiedostoja ja linkkej\u00e4. Jokaisen aktiviteetin kohdalla opettaja voi p\u00e4\u00e4tt\u00e4\u00e4 huomioidaanko kyseinen aktiviteetti opiskelijan kurssin etenemisen seurannassa. Lue lis\u00e4\u00e4 edistymisen seurannasta.&nbsp;&nbsp; Mene kurssille&nbsp; Aktivoi muokkaustila p\u00e4\u00e4lle hallintaty\u00f6kaluista&nbsp; Valitse Lis\u00e4\u00e4 aktiviteetti tai aineisto haluamaasi osioon. Valitse haluamasi [&hellip;]","og_url":"https:\/\/blogit.gradia.fi\/digipalvelut\/ohjeita-ja-vinkkeja\/moodle\/aineistojen-yleisesittely\/","og_site_name":"Gradia Digipalvelut","article_modified_time":"2020-06-22T09:36:19+00:00","og_image":[{"url":"https:\/\/blogit.gradia.fi\/digipalvelut\/wp-content\/uploads\/sites\/99\/2019\/06\/GetImage-1.jpg","type":"","width":"","height":""}],"twitter_card":"summary_large_image","twitter_misc":{"Arvioitu lukuaika":"1 minuutti"},"schema":{"@context":"https:\/\/schema.org","@graph":[{"@type":"WebPage","@id":"https:\/\/blogit.gradia.fi\/digipalvelut\/ohjeita-ja-vinkkeja\/moodle\/aineistojen-yleisesittely\/","url":"https:\/\/blogit.gradia.fi\/digipalvelut\/ohjeita-ja-vinkkeja\/moodle\/aineistojen-yleisesittely\/","name":"Aineistojen yleisesittely - Gradia Digipalvelut","isPartOf":{"@id":"https:\/\/blogit.gradia.fi\/digipalvelut\/#website"},"primaryImageOfPage":{"@id":"https:\/\/blogit.gradia.fi\/digipalvelut\/ohjeita-ja-vinkkeja\/moodle\/aineistojen-yleisesittely\/#primaryimage"},"image":{"@id":"https:\/\/blogit.gradia.fi\/digipalvelut\/ohjeita-ja-vinkkeja\/moodle\/aineistojen-yleisesittely\/#primaryimage"},"thumbnailUrl":"https:\/\/blogit.gradia.fi\/digipalvelut\/wp-content\/uploads\/sites\/99\/2019\/06\/GetImage-1.jpg","datePublished":"2019-06-26T12:11:04+00:00","dateModified":"2020-06-22T09:36:19+00:00","breadcrumb":{"@id":"https:\/\/blogit.gradia.fi\/digipalvelut\/ohjeita-ja-vinkkeja\/moodle\/aineistojen-yleisesittely\/#breadcrumb"},"inLanguage":"fi","potentialAction":[{"@type":"ReadAction","target":["https:\/\/blogit.gradia.fi\/digipalvelut\/ohjeita-ja-vinkkeja\/moodle\/aineistojen-yleisesittely\/"]}]},{"@type":"ImageObject","inLanguage":"fi","@id":"https:\/\/blogit.gradia.fi\/digipalvelut\/ohjeita-ja-vinkkeja\/moodle\/aineistojen-yleisesittely\/#primaryimage","url":"https:\/\/blogit.gradia.fi\/digipalvelut\/wp-content\/uploads\/sites\/99\/2019\/06\/GetImage-1.jpg","contentUrl":"https:\/\/blogit.gradia.fi\/digipalvelut\/wp-content\/uploads\/sites\/99\/2019\/06\/GetImage-1.jpg","width":211,"height":351,"caption":"Aineistot-vaihtoehdot: IMS-sis\u00e4lt\u00f6paketti, kansio, kirja, ohjeteksti, sivu, tiedosto, verkko-osoite"},{"@type":"BreadcrumbList","@id":"https:\/\/blogit.gradia.fi\/digipalvelut\/ohjeita-ja-vinkkeja\/moodle\/aineistojen-yleisesittely\/#breadcrumb","itemListElement":[{"@type":"ListItem","position":1,"name":"Ohjeita ja vinkkej\u00e4","item":"https:\/\/blogit.gradia.fi\/digipalvelut\/ohjeita-ja-vinkkeja\/"},{"@type":"ListItem","position":2,"name":"Moodle","item":"https:\/\/blogit.gradia.fi\/digipalvelut\/ohjeita-ja-vinkkeja\/moodle\/"},{"@type":"ListItem","position":3,"name":"Aineistojen yleisesittely"}]},{"@type":"WebSite","@id":"https:\/\/blogit.gradia.fi\/digipalvelut\/#website","url":"https:\/\/blogit.gradia.fi\/digipalvelut\/","name":"Gradia Digipalvelut","description":"Astetta enemm\u00e4n digi\u00e4","publisher":{"@id":"https:\/\/blogit.gradia.fi\/digipalvelut\/#organization"},"potentialAction":[{"@type":"SearchAction","target":{"@type":"EntryPoint","urlTemplate":"https:\/\/blogit.gradia.fi\/digipalvelut\/?s={search_term_string}"},"query-input":{"@type":"PropertyValueSpecification","valueRequired":true,"valueName":"search_term_string"}}],"inLanguage":"fi"},{"@type":"Organization","@id":"https:\/\/blogit.gradia.fi\/digipalvelut\/#organization","name":"Gradia Digipalvelut","url":"https:\/\/blogit.gradia.fi\/digipalvelut\/","logo":{"@type":"ImageObject","inLanguage":"fi","@id":"https:\/\/blogit.gradia.fi\/digipalvelut\/#\/schema\/logo\/image\/","url":"https:\/\/blogit.gradia.fi\/digipalvelut\/wp-content\/uploads\/sites\/99\/2019\/06\/cropped-Gradia_logo_Cyber_TRANSPARENT.png","contentUrl":"https:\/\/blogit.gradia.fi\/digipalvelut\/wp-content\/uploads\/sites\/99\/2019\/06\/cropped-Gradia_logo_Cyber_TRANSPARENT.png","width":316,"height":382,"caption":"Gradia Digipalvelut"},"image":{"@id":"https:\/\/blogit.gradia.fi\/digipalvelut\/#\/schema\/logo\/image\/"}}]}},"uagb_featured_image_src":{"full":false,"thumbnail":false,"medium":false,"medium_large":false,"large":false,"1536x1536":false,"2048x2048":false,"hestia-blog":false},"uagb_author_info":{"display_name":"Merja Hakanen","author_link":"https:\/\/blogit.gradia.fi\/digipalvelut\/author\/hakanmer\/"},"uagb_comment_info":0,"uagb_excerpt":"Rakentaessasi Moodlen ty\u00f6tilaa voit lis\u00e4t\u00e4 sinne teksti\u00e4 mm. sivun ja kirjan avulla sek\u00e4 lis\u00e4t\u00e4 halutessasi tiedostoja ja linkkej\u00e4. Jokaisen aktiviteetin kohdalla opettaja voi p\u00e4\u00e4tt\u00e4\u00e4 huomioidaanko kyseinen aktiviteetti opiskelijan kurssin etenemisen seurannassa. Lue lis\u00e4\u00e4 edistymisen seurannasta.&nbsp;&nbsp; Mene kurssille&nbsp; Aktivoi muokkaustila p\u00e4\u00e4lle hallintaty\u00f6kaluista&nbsp; Valitse Lis\u00e4\u00e4 aktiviteetti tai aineisto haluamaasi osioon. Valitse haluamasi [&hellip;]","_links":{"self":[{"href":"https:\/\/blogit.gradia.fi\/digipalvelut\/wp-json\/wp\/v2\/pages\/393","targetHints":{"allow":["GET"]}}],"collection":[{"href":"https:\/\/blogit.gradia.fi\/digipalvelut\/wp-json\/wp\/v2\/pages"}],"about":[{"href":"https:\/\/blogit.gradia.fi\/digipalvelut\/wp-json\/wp\/v2\/types\/page"}],"author":[{"embeddable":true,"href":"https:\/\/blogit.gradia.fi\/digipalvelut\/wp-json\/wp\/v2\/users\/421"}],"replies":[{"embeddable":true,"href":"https:\/\/blogit.gradia.fi\/digipalvelut\/wp-json\/wp\/v2\/comments?post=393"}],"version-history":[{"count":9,"href":"https:\/\/blogit.gradia.fi\/digipalvelut\/wp-json\/wp\/v2\/pages\/393\/revisions"}],"predecessor-version":[{"id":1928,"href":"https:\/\/blogit.gradia.fi\/digipalvelut\/wp-json\/wp\/v2\/pages\/393\/revisions\/1928"}],"up":[{"embeddable":true,"href":"https:\/\/blogit.gradia.fi\/digipalvelut\/wp-json\/wp\/v2\/pages\/76"}],"wp:attachment":[{"href":"https:\/\/blogit.gradia.fi\/digipalvelut\/wp-json\/wp\/v2\/media?parent=393"}],"curies":[{"name":"wp","href":"https:\/\/api.w.org\/{rel}","templated":true}]}}