{"id":391,"date":"2019-06-26T15:04:19","date_gmt":"2019-06-26T12:04:19","guid":{"rendered":"https:\/\/blogit.gradia.fi\/digipalvelut\/?page_id=391"},"modified":"2019-06-27T13:17:22","modified_gmt":"2019-06-27T10:17:22","slug":"nain-liityt-kurssille","status":"publish","type":"page","link":"https:\/\/blogit.gradia.fi\/digipalvelut\/ohjeita-ja-vinkkeja\/moodle\/nain-liityt-kurssille\/","title":{"rendered":"N\u00e4in liityt kurssille"},"content":{"rendered":"\n<p><strong>Moodle kurssille liityt\u00e4\u00e4n p\u00e4\u00e4s\u00e4\u00e4nt\u00f6isesti kurssiavaimella, jonka opiskelija saa opettajalta.&nbsp;<\/strong>&nbsp; <\/p>\n\n\n\n<ol class=\"wp-block-list\"><li>Klikkaa opettajaltasi saamaa kurssilinkki\u00e4 <\/li><li>Kirjaudu sis\u00e4\u00e4n Moodleen&nbsp;Gradian&nbsp;tunnuksillasi.&nbsp;&nbsp;<\/li><li>Ikkunaan avautuu kurssi, jolle sinun tulisi liitty\u00e4.&nbsp;&nbsp;<\/li><li>Sy\u00f6t\u00e4 opettajalta saamasi kurssiavain itserekister\u00f6itymisikkunaan.&nbsp;<\/li><\/ol>\n\n\n\n<figure class=\"wp-block-image is-resized\"><img fetchpriority=\"high\" decoding=\"async\" src=\"https:\/\/blogit.gradia.fi\/digipalvelut\/wp-content\/uploads\/sites\/99\/2019\/06\/Kurssille-liittyminen.png\" alt=\"Kurssille liittyminen\" class=\"wp-image-394\" width=\"348\" height=\"222\" srcset=\"https:\/\/blogit.gradia.fi\/digipalvelut\/wp-content\/uploads\/sites\/99\/2019\/06\/Kurssille-liittyminen.png 696w, https:\/\/blogit.gradia.fi\/digipalvelut\/wp-content\/uploads\/sites\/99\/2019\/06\/Kurssille-liittyminen-300x191.png 300w, https:\/\/blogit.gradia.fi\/digipalvelut\/wp-content\/uploads\/sites\/99\/2019\/06\/Kurssille-liittyminen-620x396.png 620w\" sizes=\"(max-width: 348px) 100vw, 348px\" \/><\/figure>\n\n\n\n<p><strong>Vaihtoehtoisesti<\/strong><br><\/p>\n\n\n\n<ol class=\"wp-block-list\"><li>Kirjaudu suoraan&nbsp;Gradian&nbsp;Moodleen.&nbsp;&nbsp;<\/li><li>Etsi hakutoiminnolla oikea kurssi kurssin nimen avulla.&nbsp;&nbsp;<\/li><li>Sy\u00f6t\u00e4 opettajaltasi saama kurssiavain itserekister\u00f6itymisikkunaan ja klikkaa &#8221;lis\u00e4\u00e4 minut kurssialueelle&#8221; -n\u00e4pp\u00e4int\u00e4. (Tunnistat kurssiavaimen vaativat kurssit avainsymbolista kurssin nimen per\u00e4ss\u00e4)&nbsp;<\/li><\/ol>\n\n\n\n<p><\/p>\n","protected":false},"excerpt":{"rendered":"<p>Moodle kurssille liityt\u00e4\u00e4n p\u00e4\u00e4s\u00e4\u00e4nt\u00f6isesti kurssiavaimella, jonka opiskelija saa opettajalta.&nbsp;&nbsp; Klikkaa opettajaltasi saamaa kurssilinkki\u00e4 Kirjaudu sis\u00e4\u00e4n Moodleen&nbsp;Gradian&nbsp;tunnuksillasi.&nbsp;&nbsp; Ikkunaan avautuu kurssi, jolle sinun tulisi liitty\u00e4.&nbsp;&nbsp; Sy\u00f6t\u00e4 opettajalta saamasi kurssiavain itserekister\u00f6itymisikkunaan.&nbsp; Vaihtoehtoisesti Kirjaudu suoraan&nbsp;Gradian&nbsp;Moodleen.&nbsp;&nbsp; Etsi hakutoiminnolla oikea kurssi kurssin nimen avulla.&nbsp;&nbsp; Sy\u00f6t\u00e4 opettajaltasi saama kurssiavain itserekister\u00f6itymisikkunaan ja klikkaa &#8221;lis\u00e4\u00e4 minut kurssialueelle&#8221; -n\u00e4pp\u00e4int\u00e4. (Tunnistat [&hellip;]<\/p>\n","protected":false},"author":165,"featured_media":0,"parent":76,"menu_order":0,"comment_status":"closed","ping_status":"closed","template":"","meta":{"_uag_custom_page_level_css":"","footnotes":""},"class_list":["post-391","page","type-page","status-publish","hentry"],"yoast_head":"<!-- This site is optimized with the Yoast SEO plugin v27.4 - https:\/\/yoast.com\/product\/yoast-seo-wordpress\/ -->\n<title>N\u00e4in liityt kurssille - Gradia Digipalvelut<\/title>\n<meta name=\"robots\" content=\"index, follow, max-snippet:-1, max-image-preview:large, max-video-preview:-1\" \/>\n<link rel=\"canonical\" href=\"https:\/\/blogit.gradia.fi\/digipalvelut\/ohjeita-ja-vinkkeja\/moodle\/nain-liityt-kurssille\/\" \/>\n<meta property=\"og:locale\" content=\"fi_FI\" \/>\n<meta property=\"og:type\" content=\"article\" \/>\n<meta property=\"og:title\" content=\"N\u00e4in liityt kurssille - Gradia Digipalvelut\" \/>\n<meta property=\"og:description\" content=\"Moodle kurssille liityt\u00e4\u00e4n p\u00e4\u00e4s\u00e4\u00e4nt\u00f6isesti kurssiavaimella, jonka opiskelija saa opettajalta.&nbsp;&nbsp; Klikkaa opettajaltasi saamaa kurssilinkki\u00e4 Kirjaudu sis\u00e4\u00e4n Moodleen&nbsp;Gradian&nbsp;tunnuksillasi.&nbsp;&nbsp; Ikkunaan avautuu kurssi, jolle sinun tulisi liitty\u00e4.&nbsp;&nbsp; Sy\u00f6t\u00e4 opettajalta saamasi kurssiavain itserekister\u00f6itymisikkunaan.&nbsp; Vaihtoehtoisesti Kirjaudu suoraan&nbsp;Gradian&nbsp;Moodleen.&nbsp;&nbsp; Etsi hakutoiminnolla oikea kurssi kurssin nimen avulla.&nbsp;&nbsp; Sy\u00f6t\u00e4 opettajaltasi saama kurssiavain itserekister\u00f6itymisikkunaan ja klikkaa &#8221;lis\u00e4\u00e4 minut kurssialueelle&#8221; -n\u00e4pp\u00e4int\u00e4. (Tunnistat [&hellip;]\" \/>\n<meta property=\"og:url\" content=\"https:\/\/blogit.gradia.fi\/digipalvelut\/ohjeita-ja-vinkkeja\/moodle\/nain-liityt-kurssille\/\" \/>\n<meta property=\"og:site_name\" content=\"Gradia Digipalvelut\" \/>\n<meta property=\"article:modified_time\" content=\"2019-06-27T10:17:22+00:00\" \/>\n<meta property=\"og:image\" content=\"https:\/\/blogit.gradia.fi\/digipalvelut\/wp-content\/uploads\/sites\/99\/2019\/06\/Kurssille-liittyminen.png\" \/>\n<meta name=\"twitter:card\" content=\"summary_large_image\" \/>\n<script type=\"application\/ld+json\" class=\"yoast-schema-graph\">{\"@context\":\"https:\\\/\\\/schema.org\",\"@graph\":[{\"@type\":\"WebPage\",\"@id\":\"https:\\\/\\\/blogit.gradia.fi\\\/digipalvelut\\\/ohjeita-ja-vinkkeja\\\/moodle\\\/nain-liityt-kurssille\\\/\",\"url\":\"https:\\\/\\\/blogit.gradia.fi\\\/digipalvelut\\\/ohjeita-ja-vinkkeja\\\/moodle\\\/nain-liityt-kurssille\\\/\",\"name\":\"N\u00e4in liityt kurssille - Gradia Digipalvelut\",\"isPartOf\":{\"@id\":\"https:\\\/\\\/blogit.gradia.fi\\\/digipalvelut\\\/#website\"},\"primaryImageOfPage\":{\"@id\":\"https:\\\/\\\/blogit.gradia.fi\\\/digipalvelut\\\/ohjeita-ja-vinkkeja\\\/moodle\\\/nain-liityt-kurssille\\\/#primaryimage\"},\"image\":{\"@id\":\"https:\\\/\\\/blogit.gradia.fi\\\/digipalvelut\\\/ohjeita-ja-vinkkeja\\\/moodle\\\/nain-liityt-kurssille\\\/#primaryimage\"},\"thumbnailUrl\":\"https:\\\/\\\/blogit.gradia.fi\\\/digipalvelut\\\/wp-content\\\/uploads\\\/sites\\\/99\\\/2019\\\/06\\\/Kurssille-liittyminen.png\",\"datePublished\":\"2019-06-26T12:04:19+00:00\",\"dateModified\":\"2019-06-27T10:17:22+00:00\",\"breadcrumb\":{\"@id\":\"https:\\\/\\\/blogit.gradia.fi\\\/digipalvelut\\\/ohjeita-ja-vinkkeja\\\/moodle\\\/nain-liityt-kurssille\\\/#breadcrumb\"},\"inLanguage\":\"fi\",\"potentialAction\":[{\"@type\":\"ReadAction\",\"target\":[\"https:\\\/\\\/blogit.gradia.fi\\\/digipalvelut\\\/ohjeita-ja-vinkkeja\\\/moodle\\\/nain-liityt-kurssille\\\/\"]}]},{\"@type\":\"ImageObject\",\"inLanguage\":\"fi\",\"@id\":\"https:\\\/\\\/blogit.gradia.fi\\\/digipalvelut\\\/ohjeita-ja-vinkkeja\\\/moodle\\\/nain-liityt-kurssille\\\/#primaryimage\",\"url\":\"https:\\\/\\\/blogit.gradia.fi\\\/digipalvelut\\\/wp-content\\\/uploads\\\/sites\\\/99\\\/2019\\\/06\\\/Kurssille-liittyminen.png\",\"contentUrl\":\"https:\\\/\\\/blogit.gradia.fi\\\/digipalvelut\\\/wp-content\\\/uploads\\\/sites\\\/99\\\/2019\\\/06\\\/Kurssille-liittyminen.png\",\"width\":696,\"height\":444,\"caption\":\"Kurssille liittyminen\"},{\"@type\":\"BreadcrumbList\",\"@id\":\"https:\\\/\\\/blogit.gradia.fi\\\/digipalvelut\\\/ohjeita-ja-vinkkeja\\\/moodle\\\/nain-liityt-kurssille\\\/#breadcrumb\",\"itemListElement\":[{\"@type\":\"ListItem\",\"position\":1,\"name\":\"Ohjeita ja vinkkej\u00e4\",\"item\":\"https:\\\/\\\/blogit.gradia.fi\\\/digipalvelut\\\/ohjeita-ja-vinkkeja\\\/\"},{\"@type\":\"ListItem\",\"position\":2,\"name\":\"Moodle\",\"item\":\"https:\\\/\\\/blogit.gradia.fi\\\/digipalvelut\\\/ohjeita-ja-vinkkeja\\\/moodle\\\/\"},{\"@type\":\"ListItem\",\"position\":3,\"name\":\"N\u00e4in liityt kurssille\"}]},{\"@type\":\"WebSite\",\"@id\":\"https:\\\/\\\/blogit.gradia.fi\\\/digipalvelut\\\/#website\",\"url\":\"https:\\\/\\\/blogit.gradia.fi\\\/digipalvelut\\\/\",\"name\":\"Gradia Digipalvelut\",\"description\":\"Astetta enemm\u00e4n digi\u00e4\",\"publisher\":{\"@id\":\"https:\\\/\\\/blogit.gradia.fi\\\/digipalvelut\\\/#organization\"},\"potentialAction\":[{\"@type\":\"SearchAction\",\"target\":{\"@type\":\"EntryPoint\",\"urlTemplate\":\"https:\\\/\\\/blogit.gradia.fi\\\/digipalvelut\\\/?s={search_term_string}\"},\"query-input\":{\"@type\":\"PropertyValueSpecification\",\"valueRequired\":true,\"valueName\":\"search_term_string\"}}],\"inLanguage\":\"fi\"},{\"@type\":\"Organization\",\"@id\":\"https:\\\/\\\/blogit.gradia.fi\\\/digipalvelut\\\/#organization\",\"name\":\"Gradia Digipalvelut\",\"url\":\"https:\\\/\\\/blogit.gradia.fi\\\/digipalvelut\\\/\",\"logo\":{\"@type\":\"ImageObject\",\"inLanguage\":\"fi\",\"@id\":\"https:\\\/\\\/blogit.gradia.fi\\\/digipalvelut\\\/#\\\/schema\\\/logo\\\/image\\\/\",\"url\":\"https:\\\/\\\/blogit.gradia.fi\\\/digipalvelut\\\/wp-content\\\/uploads\\\/sites\\\/99\\\/2019\\\/06\\\/cropped-Gradia_logo_Cyber_TRANSPARENT.png\",\"contentUrl\":\"https:\\\/\\\/blogit.gradia.fi\\\/digipalvelut\\\/wp-content\\\/uploads\\\/sites\\\/99\\\/2019\\\/06\\\/cropped-Gradia_logo_Cyber_TRANSPARENT.png\",\"width\":316,\"height\":382,\"caption\":\"Gradia Digipalvelut\"},\"image\":{\"@id\":\"https:\\\/\\\/blogit.gradia.fi\\\/digipalvelut\\\/#\\\/schema\\\/logo\\\/image\\\/\"}}]}<\/script>\n<!-- \/ Yoast SEO plugin. -->","yoast_head_json":{"title":"N\u00e4in liityt kurssille - Gradia Digipalvelut","robots":{"index":"index","follow":"follow","max-snippet":"max-snippet:-1","max-image-preview":"max-image-preview:large","max-video-preview":"max-video-preview:-1"},"canonical":"https:\/\/blogit.gradia.fi\/digipalvelut\/ohjeita-ja-vinkkeja\/moodle\/nain-liityt-kurssille\/","og_locale":"fi_FI","og_type":"article","og_title":"N\u00e4in liityt kurssille - Gradia Digipalvelut","og_description":"Moodle kurssille liityt\u00e4\u00e4n p\u00e4\u00e4s\u00e4\u00e4nt\u00f6isesti kurssiavaimella, jonka opiskelija saa opettajalta.&nbsp;&nbsp; Klikkaa opettajaltasi saamaa kurssilinkki\u00e4 Kirjaudu sis\u00e4\u00e4n Moodleen&nbsp;Gradian&nbsp;tunnuksillasi.&nbsp;&nbsp; Ikkunaan avautuu kurssi, jolle sinun tulisi liitty\u00e4.&nbsp;&nbsp; Sy\u00f6t\u00e4 opettajalta saamasi kurssiavain itserekister\u00f6itymisikkunaan.&nbsp; Vaihtoehtoisesti Kirjaudu suoraan&nbsp;Gradian&nbsp;Moodleen.&nbsp;&nbsp; Etsi hakutoiminnolla oikea kurssi kurssin nimen avulla.&nbsp;&nbsp; Sy\u00f6t\u00e4 opettajaltasi saama kurssiavain itserekister\u00f6itymisikkunaan ja klikkaa &#8221;lis\u00e4\u00e4 minut kurssialueelle&#8221; -n\u00e4pp\u00e4int\u00e4. (Tunnistat [&hellip;]","og_url":"https:\/\/blogit.gradia.fi\/digipalvelut\/ohjeita-ja-vinkkeja\/moodle\/nain-liityt-kurssille\/","og_site_name":"Gradia Digipalvelut","article_modified_time":"2019-06-27T10:17:22+00:00","og_image":[{"url":"https:\/\/blogit.gradia.fi\/digipalvelut\/wp-content\/uploads\/sites\/99\/2019\/06\/Kurssille-liittyminen.png","type":"","width":"","height":""}],"twitter_card":"summary_large_image","schema":{"@context":"https:\/\/schema.org","@graph":[{"@type":"WebPage","@id":"https:\/\/blogit.gradia.fi\/digipalvelut\/ohjeita-ja-vinkkeja\/moodle\/nain-liityt-kurssille\/","url":"https:\/\/blogit.gradia.fi\/digipalvelut\/ohjeita-ja-vinkkeja\/moodle\/nain-liityt-kurssille\/","name":"N\u00e4in liityt kurssille - Gradia Digipalvelut","isPartOf":{"@id":"https:\/\/blogit.gradia.fi\/digipalvelut\/#website"},"primaryImageOfPage":{"@id":"https:\/\/blogit.gradia.fi\/digipalvelut\/ohjeita-ja-vinkkeja\/moodle\/nain-liityt-kurssille\/#primaryimage"},"image":{"@id":"https:\/\/blogit.gradia.fi\/digipalvelut\/ohjeita-ja-vinkkeja\/moodle\/nain-liityt-kurssille\/#primaryimage"},"thumbnailUrl":"https:\/\/blogit.gradia.fi\/digipalvelut\/wp-content\/uploads\/sites\/99\/2019\/06\/Kurssille-liittyminen.png","datePublished":"2019-06-26T12:04:19+00:00","dateModified":"2019-06-27T10:17:22+00:00","breadcrumb":{"@id":"https:\/\/blogit.gradia.fi\/digipalvelut\/ohjeita-ja-vinkkeja\/moodle\/nain-liityt-kurssille\/#breadcrumb"},"inLanguage":"fi","potentialAction":[{"@type":"ReadAction","target":["https:\/\/blogit.gradia.fi\/digipalvelut\/ohjeita-ja-vinkkeja\/moodle\/nain-liityt-kurssille\/"]}]},{"@type":"ImageObject","inLanguage":"fi","@id":"https:\/\/blogit.gradia.fi\/digipalvelut\/ohjeita-ja-vinkkeja\/moodle\/nain-liityt-kurssille\/#primaryimage","url":"https:\/\/blogit.gradia.fi\/digipalvelut\/wp-content\/uploads\/sites\/99\/2019\/06\/Kurssille-liittyminen.png","contentUrl":"https:\/\/blogit.gradia.fi\/digipalvelut\/wp-content\/uploads\/sites\/99\/2019\/06\/Kurssille-liittyminen.png","width":696,"height":444,"caption":"Kurssille liittyminen"},{"@type":"BreadcrumbList","@id":"https:\/\/blogit.gradia.fi\/digipalvelut\/ohjeita-ja-vinkkeja\/moodle\/nain-liityt-kurssille\/#breadcrumb","itemListElement":[{"@type":"ListItem","position":1,"name":"Ohjeita ja vinkkej\u00e4","item":"https:\/\/blogit.gradia.fi\/digipalvelut\/ohjeita-ja-vinkkeja\/"},{"@type":"ListItem","position":2,"name":"Moodle","item":"https:\/\/blogit.gradia.fi\/digipalvelut\/ohjeita-ja-vinkkeja\/moodle\/"},{"@type":"ListItem","position":3,"name":"N\u00e4in liityt kurssille"}]},{"@type":"WebSite","@id":"https:\/\/blogit.gradia.fi\/digipalvelut\/#website","url":"https:\/\/blogit.gradia.fi\/digipalvelut\/","name":"Gradia Digipalvelut","description":"Astetta enemm\u00e4n digi\u00e4","publisher":{"@id":"https:\/\/blogit.gradia.fi\/digipalvelut\/#organization"},"potentialAction":[{"@type":"SearchAction","target":{"@type":"EntryPoint","urlTemplate":"https:\/\/blogit.gradia.fi\/digipalvelut\/?s={search_term_string}"},"query-input":{"@type":"PropertyValueSpecification","valueRequired":true,"valueName":"search_term_string"}}],"inLanguage":"fi"},{"@type":"Organization","@id":"https:\/\/blogit.gradia.fi\/digipalvelut\/#organization","name":"Gradia Digipalvelut","url":"https:\/\/blogit.gradia.fi\/digipalvelut\/","logo":{"@type":"ImageObject","inLanguage":"fi","@id":"https:\/\/blogit.gradia.fi\/digipalvelut\/#\/schema\/logo\/image\/","url":"https:\/\/blogit.gradia.fi\/digipalvelut\/wp-content\/uploads\/sites\/99\/2019\/06\/cropped-Gradia_logo_Cyber_TRANSPARENT.png","contentUrl":"https:\/\/blogit.gradia.fi\/digipalvelut\/wp-content\/uploads\/sites\/99\/2019\/06\/cropped-Gradia_logo_Cyber_TRANSPARENT.png","width":316,"height":382,"caption":"Gradia Digipalvelut"},"image":{"@id":"https:\/\/blogit.gradia.fi\/digipalvelut\/#\/schema\/logo\/image\/"}}]}},"uagb_featured_image_src":{"full":false,"thumbnail":false,"medium":false,"medium_large":false,"large":false,"1536x1536":false,"2048x2048":false,"hestia-blog":false},"uagb_author_info":{"display_name":"Heini Pennanen","author_link":"https:\/\/blogit.gradia.fi\/digipalvelut\/author\/pennahei\/"},"uagb_comment_info":0,"uagb_excerpt":"Moodle kurssille liityt\u00e4\u00e4n p\u00e4\u00e4s\u00e4\u00e4nt\u00f6isesti kurssiavaimella, jonka opiskelija saa opettajalta.&nbsp;&nbsp; Klikkaa opettajaltasi saamaa kurssilinkki\u00e4 Kirjaudu sis\u00e4\u00e4n Moodleen&nbsp;Gradian&nbsp;tunnuksillasi.&nbsp;&nbsp; Ikkunaan avautuu kurssi, jolle sinun tulisi liitty\u00e4.&nbsp;&nbsp; Sy\u00f6t\u00e4 opettajalta saamasi kurssiavain itserekister\u00f6itymisikkunaan.&nbsp; Vaihtoehtoisesti Kirjaudu suoraan&nbsp;Gradian&nbsp;Moodleen.&nbsp;&nbsp; Etsi hakutoiminnolla oikea kurssi kurssin nimen avulla.&nbsp;&nbsp; Sy\u00f6t\u00e4 opettajaltasi saama kurssiavain itserekister\u00f6itymisikkunaan ja klikkaa &#8221;lis\u00e4\u00e4 minut kurssialueelle&#8221; -n\u00e4pp\u00e4int\u00e4. (Tunnistat [&hellip;]","_links":{"self":[{"href":"https:\/\/blogit.gradia.fi\/digipalvelut\/wp-json\/wp\/v2\/pages\/391","targetHints":{"allow":["GET"]}}],"collection":[{"href":"https:\/\/blogit.gradia.fi\/digipalvelut\/wp-json\/wp\/v2\/pages"}],"about":[{"href":"https:\/\/blogit.gradia.fi\/digipalvelut\/wp-json\/wp\/v2\/types\/page"}],"author":[{"embeddable":true,"href":"https:\/\/blogit.gradia.fi\/digipalvelut\/wp-json\/wp\/v2\/users\/165"}],"replies":[{"embeddable":true,"href":"https:\/\/blogit.gradia.fi\/digipalvelut\/wp-json\/wp\/v2\/comments?post=391"}],"version-history":[{"count":4,"href":"https:\/\/blogit.gradia.fi\/digipalvelut\/wp-json\/wp\/v2\/pages\/391\/revisions"}],"predecessor-version":[{"id":429,"href":"https:\/\/blogit.gradia.fi\/digipalvelut\/wp-json\/wp\/v2\/pages\/391\/revisions\/429"}],"up":[{"embeddable":true,"href":"https:\/\/blogit.gradia.fi\/digipalvelut\/wp-json\/wp\/v2\/pages\/76"}],"wp:attachment":[{"href":"https:\/\/blogit.gradia.fi\/digipalvelut\/wp-json\/wp\/v2\/media?parent=391"}],"curies":[{"name":"wp","href":"https:\/\/api.w.org\/{rel}","templated":true}]}}