{"id":360,"date":"2019-06-26T08:09:23","date_gmt":"2019-06-26T05:09:23","guid":{"rendered":"https:\/\/blogit.gradia.fi\/digipalvelut\/?page_id=360"},"modified":"2020-09-04T12:26:20","modified_gmt":"2020-09-04T09:26:20","slug":"moodleen-kirjautuminen","status":"publish","type":"page","link":"https:\/\/blogit.gradia.fi\/digipalvelut\/ohjeita-ja-vinkkeja\/moodle\/moodleen-kirjautuminen\/","title":{"rendered":"Moodleen kirjautuminen"},"content":{"rendered":"\n<p><strong>Gradian henkil\u00f6st\u00f6 ja opiskelijat kirjautuvat Moodleen Gradian\u00a0k\u00e4ytt\u00e4j\u00e4tunnuksella ja salasanalla.\u00a0 Kirjautuessasi Moodleen koulun verkon ulkopuolelta k\u00e4ytt\u00e4j\u00e4n tulee tunnistautua kaksoistunnistautumisen avulla, joten varaathan puhelimen viereesi. \u00a0 <\/strong><\/p>\n\n\n\n<p><a href=\"https:\/\/blogit.gradia.fi\/digipalvelut\/opiskelijan-ohjeet\/opiskelijan-kaksoistunnistautuminen\/\">Tarkemmat Digipalveluiden ohjeet kaksoistunnistautumiseen<\/a><\/p>\n\n\n\n<p>Oppimisymp\u00e4rist\u00f6\u00f6n sis\u00e4lle k\u00e4ytt\u00e4j\u00e4 p\u00e4\u00e4see kirjautumaan p\u00e4\u00e4asiassa nelj\u00e4ll\u00e4 eri tavalla.&nbsp;<\/p>\n\n\n\n<ul class=\"wp-block-list\"><li><strong>Gradian\u00a0k\u00e4ytt\u00e4j\u00e4tunnuksella\u00a0<\/strong><\/li><li>HAKA-kirjautumisella ( korkeakoulujen opettajat ja opiskelijat)\u00a0<\/li><li>MPASS \u2013tunnuksilla\u00a0<\/li><li>Erillisill\u00e4 Moodle tunnuksilla = Helppolinkki tunnus<\/li><li>Vierailijatunnuksella <\/li><\/ul>\n\n\n\n<figure class=\"wp-block-gallery columns-1 is-cropped wp-block-gallery-1 is-layout-flex wp-block-gallery-is-layout-flex\"><ul class=\"blocks-gallery-grid\"><li class=\"blocks-gallery-item\"><figure><img fetchpriority=\"high\" decoding=\"async\" width=\"984\" height=\"584\" src=\"https:\/\/blogit.gradia.fi\/digipalvelut\/wp-content\/uploads\/sites\/99\/2020\/09\/kirjautuminenMoodleen.jpg\" alt=\"Gradian Moodlen kirjautumisikkuna\" data-id=\"2002\" class=\"wp-image-2002\" srcset=\"https:\/\/blogit.gradia.fi\/digipalvelut\/wp-content\/uploads\/sites\/99\/2020\/09\/kirjautuminenMoodleen.jpg 984w, https:\/\/blogit.gradia.fi\/digipalvelut\/wp-content\/uploads\/sites\/99\/2020\/09\/kirjautuminenMoodleen-300x178.jpg 300w, https:\/\/blogit.gradia.fi\/digipalvelut\/wp-content\/uploads\/sites\/99\/2020\/09\/kirjautuminenMoodleen-768x456.jpg 768w, https:\/\/blogit.gradia.fi\/digipalvelut\/wp-content\/uploads\/sites\/99\/2020\/09\/kirjautuminenMoodleen-620x368.jpg 620w\" sizes=\"(max-width: 984px) 100vw, 984px\" \/><figcaption class=\"blocks-gallery-item__caption\">Moodlen kirjautumisikkuna<\/figcaption><\/figure><\/li><\/ul><\/figure>\n\n\n\n<p>K\u00e4ytt\u00e4j\u00e4lle muodostuu tunnus Moodleen h\u00e4nen kirjauduttuaan ensimm\u00e4isen kerran oppimisymp\u00e4rist\u00f6\u00f6n omalla gradia-tunnuksellaan. T\u00e4m\u00e4n j\u00e4lkeen k\u00e4ytt\u00e4j\u00e4 on l\u00f6ydett\u00e4viss\u00e4 tarvittaessa mm. haun avulla.\u00a0<\/p>\n\n\n\n<h4 class=\"wp-block-heading\">HelppoLinkki-tunnus eli <strong>Erillinen kirjautuminen Moodleen<\/strong>\u00a0 <\/h4>\n\n\n\n<p>Opettaja voi luoda HelppoLinkki-painikkeella omalle opintojaksolleen <strong>m\u00e4\u00e4r\u00e4aikaisen k\u00e4ytt\u00e4j\u00e4tunnuksen<\/strong> esimerkiksi vierailevalle luennoitsijalle tai ty\u00f6paikkaohjaajalle. <\/p>\n\n\n\n<p><strong>Luo tunnus p\u00e4\u00e4asiassa opiskelija-roolilla<\/strong> ellei ole v\u00e4ltt\u00e4m\u00e4t\u00f6nt\u00e4, ett\u00e4 ulkopuolinen henkil\u00f6 osallistuu arviointiin Moodlessa. Opettaja-roolia tarvitaan vain ty\u00f6tilan rakentamiseen, arviointiin tai piilotetun materiaalin hallintaan. Henkil\u00f6n roolia voi my\u00f6s muuttaa. <br><a href=\"https:\/\/ohjeet.mediamaisteri.com\/helppolinkki\"><br>Katso tarkemmat ohjeet Mediamaisterin sivuilta.<\/a> <\/p>\n\n\n\n<p><strong>Avoin kurssi = Salli vierailija p\u00e4\u00e4sy<\/strong><\/p>\n\n\n\n<p>Opettaja voi halutessaan lis\u00e4t\u00e4 kurssille ns, vierailijap\u00e4\u00e4syn (<a href=\"https:\/\/blogit.gradia.fi\/digipalvelut\/ohjeita-ja-vinkkeja\/moodle\/vierailijapaasyn-salliminen-kurssille\/\">Lue tarkempi ohje vierailijap\u00e4\u00e4syst\u00e4<\/a>). Vierailijat p\u00e4\u00e4sev\u00e4t t\u00e4ll\u00f6in ilman tunnuksia tarkastelemaan kurssin sis\u00e4lt\u00f6\u00e4. He n\u00e4kev\u00e4t aineistot sek\u00e4 mm. H5P-aktiviteetit, mutta eiv\u00e4t voi esimerkiksi palauttaa materiaalia tai vastauksia keskustelualueelle tai Teht\u00e4v\u00e4-aktiviteettiin. Vierailijat eiv\u00e4t my\u00f6sk\u00e4\u00e4n n\u00e4e Q-kyselyll\u00e4toteuttuja kysymyksi\u00e4.\u00a0 <\/p>\n\n\n\n<p>Alla lyhyt video-ohje Moodleen kirjautumisesta<\/p>\n\n\n\n<figure class=\"wp-block-embed-youtube wp-block-embed is-type-video is-provider-youtube wp-embed-aspect-16-9 wp-has-aspect-ratio\"><div class=\"wp-block-embed__wrapper\">\n<iframe title=\"Gradian Moodleen kirjautuminen\" width=\"750\" height=\"422\" src=\"https:\/\/www.youtube.com\/embed\/UufA2vv-8TU?feature=oembed\" frameborder=\"0\" allow=\"accelerometer; autoplay; clipboard-write; encrypted-media; gyroscope; picture-in-picture; web-share\" allowfullscreen><\/iframe>\n<\/div><\/figure>\n","protected":false},"excerpt":{"rendered":"<p>Gradian henkil\u00f6st\u00f6 ja opiskelijat kirjautuvat Moodleen Gradian\u00a0k\u00e4ytt\u00e4j\u00e4tunnuksella ja salasanalla.\u00a0 Kirjautuessasi Moodleen koulun verkon ulkopuolelta k\u00e4ytt\u00e4j\u00e4n tulee tunnistautua kaksoistunnistautumisen avulla, joten varaathan puhelimen viereesi. \u00a0 Tarkemmat Digipalveluiden ohjeet kaksoistunnistautumiseen Oppimisymp\u00e4rist\u00f6\u00f6n sis\u00e4lle k\u00e4ytt\u00e4j\u00e4 p\u00e4\u00e4see kirjautumaan p\u00e4\u00e4asiassa nelj\u00e4ll\u00e4 eri tavalla.&nbsp; Gradian\u00a0k\u00e4ytt\u00e4j\u00e4tunnuksella\u00a0 HAKA-kirjautumisella ( korkeakoulujen opettajat ja opiskelijat)\u00a0 MPASS \u2013tunnuksilla\u00a0 Erillisill\u00e4 Moodle tunnuksilla = [&hellip;]<\/p>\n","protected":false},"author":165,"featured_media":0,"parent":76,"menu_order":0,"comment_status":"closed","ping_status":"closed","template":"","meta":{"_uag_custom_page_level_css":"","footnotes":""},"class_list":["post-360","page","type-page","status-publish","hentry"],"yoast_head":"<!-- This site is optimized with the Yoast SEO plugin v27.4 - https:\/\/yoast.com\/product\/yoast-seo-wordpress\/ -->\n<title>Moodleen kirjautuminen - Gradia Digipalvelut<\/title>\n<meta name=\"robots\" content=\"index, follow, max-snippet:-1, max-image-preview:large, max-video-preview:-1\" \/>\n<link rel=\"canonical\" href=\"https:\/\/blogit.gradia.fi\/digipalvelut\/ohjeita-ja-vinkkeja\/moodle\/moodleen-kirjautuminen\/\" \/>\n<meta property=\"og:locale\" content=\"fi_FI\" \/>\n<meta property=\"og:type\" content=\"article\" \/>\n<meta property=\"og:title\" content=\"Moodleen kirjautuminen - Gradia Digipalvelut\" \/>\n<meta property=\"og:description\" content=\"Gradian henkil\u00f6st\u00f6 ja opiskelijat kirjautuvat Moodleen Gradian\u00a0k\u00e4ytt\u00e4j\u00e4tunnuksella ja salasanalla.\u00a0 Kirjautuessasi Moodleen koulun verkon ulkopuolelta k\u00e4ytt\u00e4j\u00e4n tulee tunnistautua kaksoistunnistautumisen avulla, joten varaathan puhelimen viereesi. \u00a0 Tarkemmat Digipalveluiden ohjeet kaksoistunnistautumiseen Oppimisymp\u00e4rist\u00f6\u00f6n sis\u00e4lle k\u00e4ytt\u00e4j\u00e4 p\u00e4\u00e4see kirjautumaan p\u00e4\u00e4asiassa nelj\u00e4ll\u00e4 eri tavalla.&nbsp; Gradian\u00a0k\u00e4ytt\u00e4j\u00e4tunnuksella\u00a0 HAKA-kirjautumisella ( korkeakoulujen opettajat ja opiskelijat)\u00a0 MPASS \u2013tunnuksilla\u00a0 Erillisill\u00e4 Moodle tunnuksilla = [&hellip;]\" \/>\n<meta property=\"og:url\" content=\"https:\/\/blogit.gradia.fi\/digipalvelut\/ohjeita-ja-vinkkeja\/moodle\/moodleen-kirjautuminen\/\" \/>\n<meta property=\"og:site_name\" content=\"Gradia Digipalvelut\" \/>\n<meta property=\"article:modified_time\" content=\"2020-09-04T09:26:20+00:00\" \/>\n<meta property=\"og:image\" content=\"https:\/\/blogit.gradia.fi\/digipalvelut\/wp-content\/uploads\/sites\/99\/2020\/09\/kirjautuminenMoodleen.jpg\" \/>\n<meta name=\"twitter:card\" content=\"summary_large_image\" \/>\n<meta name=\"twitter:label1\" content=\"Arvioitu lukuaika\" \/>\n\t<meta name=\"twitter:data1\" content=\"1 minuutti\" \/>\n<script type=\"application\/ld+json\" class=\"yoast-schema-graph\">{\"@context\":\"https:\\\/\\\/schema.org\",\"@graph\":[{\"@type\":\"WebPage\",\"@id\":\"https:\\\/\\\/blogit.gradia.fi\\\/digipalvelut\\\/ohjeita-ja-vinkkeja\\\/moodle\\\/moodleen-kirjautuminen\\\/\",\"url\":\"https:\\\/\\\/blogit.gradia.fi\\\/digipalvelut\\\/ohjeita-ja-vinkkeja\\\/moodle\\\/moodleen-kirjautuminen\\\/\",\"name\":\"Moodleen kirjautuminen - Gradia Digipalvelut\",\"isPartOf\":{\"@id\":\"https:\\\/\\\/blogit.gradia.fi\\\/digipalvelut\\\/#website\"},\"primaryImageOfPage\":{\"@id\":\"https:\\\/\\\/blogit.gradia.fi\\\/digipalvelut\\\/ohjeita-ja-vinkkeja\\\/moodle\\\/moodleen-kirjautuminen\\\/#primaryimage\"},\"image\":{\"@id\":\"https:\\\/\\\/blogit.gradia.fi\\\/digipalvelut\\\/ohjeita-ja-vinkkeja\\\/moodle\\\/moodleen-kirjautuminen\\\/#primaryimage\"},\"thumbnailUrl\":\"https:\\\/\\\/blogit.gradia.fi\\\/digipalvelut\\\/wp-content\\\/uploads\\\/sites\\\/99\\\/2020\\\/09\\\/kirjautuminenMoodleen.jpg\",\"datePublished\":\"2019-06-26T05:09:23+00:00\",\"dateModified\":\"2020-09-04T09:26:20+00:00\",\"breadcrumb\":{\"@id\":\"https:\\\/\\\/blogit.gradia.fi\\\/digipalvelut\\\/ohjeita-ja-vinkkeja\\\/moodle\\\/moodleen-kirjautuminen\\\/#breadcrumb\"},\"inLanguage\":\"fi\",\"potentialAction\":[{\"@type\":\"ReadAction\",\"target\":[\"https:\\\/\\\/blogit.gradia.fi\\\/digipalvelut\\\/ohjeita-ja-vinkkeja\\\/moodle\\\/moodleen-kirjautuminen\\\/\"]}]},{\"@type\":\"ImageObject\",\"inLanguage\":\"fi\",\"@id\":\"https:\\\/\\\/blogit.gradia.fi\\\/digipalvelut\\\/ohjeita-ja-vinkkeja\\\/moodle\\\/moodleen-kirjautuminen\\\/#primaryimage\",\"url\":\"https:\\\/\\\/blogit.gradia.fi\\\/digipalvelut\\\/wp-content\\\/uploads\\\/sites\\\/99\\\/2020\\\/09\\\/kirjautuminenMoodleen.jpg\",\"contentUrl\":\"https:\\\/\\\/blogit.gradia.fi\\\/digipalvelut\\\/wp-content\\\/uploads\\\/sites\\\/99\\\/2020\\\/09\\\/kirjautuminenMoodleen.jpg\",\"width\":984,\"height\":584,\"caption\":\"Moodlen kirjautumisikkuna\"},{\"@type\":\"BreadcrumbList\",\"@id\":\"https:\\\/\\\/blogit.gradia.fi\\\/digipalvelut\\\/ohjeita-ja-vinkkeja\\\/moodle\\\/moodleen-kirjautuminen\\\/#breadcrumb\",\"itemListElement\":[{\"@type\":\"ListItem\",\"position\":1,\"name\":\"Ohjeita ja vinkkej\u00e4\",\"item\":\"https:\\\/\\\/blogit.gradia.fi\\\/digipalvelut\\\/ohjeita-ja-vinkkeja\\\/\"},{\"@type\":\"ListItem\",\"position\":2,\"name\":\"Moodle\",\"item\":\"https:\\\/\\\/blogit.gradia.fi\\\/digipalvelut\\\/ohjeita-ja-vinkkeja\\\/moodle\\\/\"},{\"@type\":\"ListItem\",\"position\":3,\"name\":\"Moodleen kirjautuminen\"}]},{\"@type\":\"WebSite\",\"@id\":\"https:\\\/\\\/blogit.gradia.fi\\\/digipalvelut\\\/#website\",\"url\":\"https:\\\/\\\/blogit.gradia.fi\\\/digipalvelut\\\/\",\"name\":\"Gradia Digipalvelut\",\"description\":\"Astetta enemm\u00e4n digi\u00e4\",\"publisher\":{\"@id\":\"https:\\\/\\\/blogit.gradia.fi\\\/digipalvelut\\\/#organization\"},\"potentialAction\":[{\"@type\":\"SearchAction\",\"target\":{\"@type\":\"EntryPoint\",\"urlTemplate\":\"https:\\\/\\\/blogit.gradia.fi\\\/digipalvelut\\\/?s={search_term_string}\"},\"query-input\":{\"@type\":\"PropertyValueSpecification\",\"valueRequired\":true,\"valueName\":\"search_term_string\"}}],\"inLanguage\":\"fi\"},{\"@type\":\"Organization\",\"@id\":\"https:\\\/\\\/blogit.gradia.fi\\\/digipalvelut\\\/#organization\",\"name\":\"Gradia Digipalvelut\",\"url\":\"https:\\\/\\\/blogit.gradia.fi\\\/digipalvelut\\\/\",\"logo\":{\"@type\":\"ImageObject\",\"inLanguage\":\"fi\",\"@id\":\"https:\\\/\\\/blogit.gradia.fi\\\/digipalvelut\\\/#\\\/schema\\\/logo\\\/image\\\/\",\"url\":\"https:\\\/\\\/blogit.gradia.fi\\\/digipalvelut\\\/wp-content\\\/uploads\\\/sites\\\/99\\\/2019\\\/06\\\/cropped-Gradia_logo_Cyber_TRANSPARENT.png\",\"contentUrl\":\"https:\\\/\\\/blogit.gradia.fi\\\/digipalvelut\\\/wp-content\\\/uploads\\\/sites\\\/99\\\/2019\\\/06\\\/cropped-Gradia_logo_Cyber_TRANSPARENT.png\",\"width\":316,\"height\":382,\"caption\":\"Gradia Digipalvelut\"},\"image\":{\"@id\":\"https:\\\/\\\/blogit.gradia.fi\\\/digipalvelut\\\/#\\\/schema\\\/logo\\\/image\\\/\"}}]}<\/script>\n<!-- \/ Yoast SEO plugin. -->","yoast_head_json":{"title":"Moodleen kirjautuminen - Gradia Digipalvelut","robots":{"index":"index","follow":"follow","max-snippet":"max-snippet:-1","max-image-preview":"max-image-preview:large","max-video-preview":"max-video-preview:-1"},"canonical":"https:\/\/blogit.gradia.fi\/digipalvelut\/ohjeita-ja-vinkkeja\/moodle\/moodleen-kirjautuminen\/","og_locale":"fi_FI","og_type":"article","og_title":"Moodleen kirjautuminen - Gradia Digipalvelut","og_description":"Gradian henkil\u00f6st\u00f6 ja opiskelijat kirjautuvat Moodleen Gradian\u00a0k\u00e4ytt\u00e4j\u00e4tunnuksella ja salasanalla.\u00a0 Kirjautuessasi Moodleen koulun verkon ulkopuolelta k\u00e4ytt\u00e4j\u00e4n tulee tunnistautua kaksoistunnistautumisen avulla, joten varaathan puhelimen viereesi. \u00a0 Tarkemmat Digipalveluiden ohjeet kaksoistunnistautumiseen Oppimisymp\u00e4rist\u00f6\u00f6n sis\u00e4lle k\u00e4ytt\u00e4j\u00e4 p\u00e4\u00e4see kirjautumaan p\u00e4\u00e4asiassa nelj\u00e4ll\u00e4 eri tavalla.&nbsp; Gradian\u00a0k\u00e4ytt\u00e4j\u00e4tunnuksella\u00a0 HAKA-kirjautumisella ( korkeakoulujen opettajat ja opiskelijat)\u00a0 MPASS \u2013tunnuksilla\u00a0 Erillisill\u00e4 Moodle tunnuksilla = [&hellip;]","og_url":"https:\/\/blogit.gradia.fi\/digipalvelut\/ohjeita-ja-vinkkeja\/moodle\/moodleen-kirjautuminen\/","og_site_name":"Gradia Digipalvelut","article_modified_time":"2020-09-04T09:26:20+00:00","og_image":[{"url":"https:\/\/blogit.gradia.fi\/digipalvelut\/wp-content\/uploads\/sites\/99\/2020\/09\/kirjautuminenMoodleen.jpg","type":"","width":"","height":""}],"twitter_card":"summary_large_image","twitter_misc":{"Arvioitu lukuaika":"1 minuutti"},"schema":{"@context":"https:\/\/schema.org","@graph":[{"@type":"WebPage","@id":"https:\/\/blogit.gradia.fi\/digipalvelut\/ohjeita-ja-vinkkeja\/moodle\/moodleen-kirjautuminen\/","url":"https:\/\/blogit.gradia.fi\/digipalvelut\/ohjeita-ja-vinkkeja\/moodle\/moodleen-kirjautuminen\/","name":"Moodleen kirjautuminen - Gradia Digipalvelut","isPartOf":{"@id":"https:\/\/blogit.gradia.fi\/digipalvelut\/#website"},"primaryImageOfPage":{"@id":"https:\/\/blogit.gradia.fi\/digipalvelut\/ohjeita-ja-vinkkeja\/moodle\/moodleen-kirjautuminen\/#primaryimage"},"image":{"@id":"https:\/\/blogit.gradia.fi\/digipalvelut\/ohjeita-ja-vinkkeja\/moodle\/moodleen-kirjautuminen\/#primaryimage"},"thumbnailUrl":"https:\/\/blogit.gradia.fi\/digipalvelut\/wp-content\/uploads\/sites\/99\/2020\/09\/kirjautuminenMoodleen.jpg","datePublished":"2019-06-26T05:09:23+00:00","dateModified":"2020-09-04T09:26:20+00:00","breadcrumb":{"@id":"https:\/\/blogit.gradia.fi\/digipalvelut\/ohjeita-ja-vinkkeja\/moodle\/moodleen-kirjautuminen\/#breadcrumb"},"inLanguage":"fi","potentialAction":[{"@type":"ReadAction","target":["https:\/\/blogit.gradia.fi\/digipalvelut\/ohjeita-ja-vinkkeja\/moodle\/moodleen-kirjautuminen\/"]}]},{"@type":"ImageObject","inLanguage":"fi","@id":"https:\/\/blogit.gradia.fi\/digipalvelut\/ohjeita-ja-vinkkeja\/moodle\/moodleen-kirjautuminen\/#primaryimage","url":"https:\/\/blogit.gradia.fi\/digipalvelut\/wp-content\/uploads\/sites\/99\/2020\/09\/kirjautuminenMoodleen.jpg","contentUrl":"https:\/\/blogit.gradia.fi\/digipalvelut\/wp-content\/uploads\/sites\/99\/2020\/09\/kirjautuminenMoodleen.jpg","width":984,"height":584,"caption":"Moodlen kirjautumisikkuna"},{"@type":"BreadcrumbList","@id":"https:\/\/blogit.gradia.fi\/digipalvelut\/ohjeita-ja-vinkkeja\/moodle\/moodleen-kirjautuminen\/#breadcrumb","itemListElement":[{"@type":"ListItem","position":1,"name":"Ohjeita ja vinkkej\u00e4","item":"https:\/\/blogit.gradia.fi\/digipalvelut\/ohjeita-ja-vinkkeja\/"},{"@type":"ListItem","position":2,"name":"Moodle","item":"https:\/\/blogit.gradia.fi\/digipalvelut\/ohjeita-ja-vinkkeja\/moodle\/"},{"@type":"ListItem","position":3,"name":"Moodleen kirjautuminen"}]},{"@type":"WebSite","@id":"https:\/\/blogit.gradia.fi\/digipalvelut\/#website","url":"https:\/\/blogit.gradia.fi\/digipalvelut\/","name":"Gradia Digipalvelut","description":"Astetta enemm\u00e4n digi\u00e4","publisher":{"@id":"https:\/\/blogit.gradia.fi\/digipalvelut\/#organization"},"potentialAction":[{"@type":"SearchAction","target":{"@type":"EntryPoint","urlTemplate":"https:\/\/blogit.gradia.fi\/digipalvelut\/?s={search_term_string}"},"query-input":{"@type":"PropertyValueSpecification","valueRequired":true,"valueName":"search_term_string"}}],"inLanguage":"fi"},{"@type":"Organization","@id":"https:\/\/blogit.gradia.fi\/digipalvelut\/#organization","name":"Gradia Digipalvelut","url":"https:\/\/blogit.gradia.fi\/digipalvelut\/","logo":{"@type":"ImageObject","inLanguage":"fi","@id":"https:\/\/blogit.gradia.fi\/digipalvelut\/#\/schema\/logo\/image\/","url":"https:\/\/blogit.gradia.fi\/digipalvelut\/wp-content\/uploads\/sites\/99\/2019\/06\/cropped-Gradia_logo_Cyber_TRANSPARENT.png","contentUrl":"https:\/\/blogit.gradia.fi\/digipalvelut\/wp-content\/uploads\/sites\/99\/2019\/06\/cropped-Gradia_logo_Cyber_TRANSPARENT.png","width":316,"height":382,"caption":"Gradia Digipalvelut"},"image":{"@id":"https:\/\/blogit.gradia.fi\/digipalvelut\/#\/schema\/logo\/image\/"}}]}},"uagb_featured_image_src":{"full":false,"thumbnail":false,"medium":false,"medium_large":false,"large":false,"1536x1536":false,"2048x2048":false,"hestia-blog":false},"uagb_author_info":{"display_name":"Heini Pennanen","author_link":"https:\/\/blogit.gradia.fi\/digipalvelut\/author\/pennahei\/"},"uagb_comment_info":0,"uagb_excerpt":"Gradian henkil\u00f6st\u00f6 ja opiskelijat kirjautuvat Moodleen Gradian\u00a0k\u00e4ytt\u00e4j\u00e4tunnuksella ja salasanalla.\u00a0 Kirjautuessasi Moodleen koulun verkon ulkopuolelta k\u00e4ytt\u00e4j\u00e4n tulee tunnistautua kaksoistunnistautumisen avulla, joten varaathan puhelimen viereesi. \u00a0 Tarkemmat Digipalveluiden ohjeet kaksoistunnistautumiseen Oppimisymp\u00e4rist\u00f6\u00f6n sis\u00e4lle k\u00e4ytt\u00e4j\u00e4 p\u00e4\u00e4see kirjautumaan p\u00e4\u00e4asiassa nelj\u00e4ll\u00e4 eri tavalla.&nbsp; Gradian\u00a0k\u00e4ytt\u00e4j\u00e4tunnuksella\u00a0 HAKA-kirjautumisella ( korkeakoulujen opettajat ja opiskelijat)\u00a0 MPASS \u2013tunnuksilla\u00a0 Erillisill\u00e4 Moodle tunnuksilla = [&hellip;]","_links":{"self":[{"href":"https:\/\/blogit.gradia.fi\/digipalvelut\/wp-json\/wp\/v2\/pages\/360","targetHints":{"allow":["GET"]}}],"collection":[{"href":"https:\/\/blogit.gradia.fi\/digipalvelut\/wp-json\/wp\/v2\/pages"}],"about":[{"href":"https:\/\/blogit.gradia.fi\/digipalvelut\/wp-json\/wp\/v2\/types\/page"}],"author":[{"embeddable":true,"href":"https:\/\/blogit.gradia.fi\/digipalvelut\/wp-json\/wp\/v2\/users\/165"}],"replies":[{"embeddable":true,"href":"https:\/\/blogit.gradia.fi\/digipalvelut\/wp-json\/wp\/v2\/comments?post=360"}],"version-history":[{"count":7,"href":"https:\/\/blogit.gradia.fi\/digipalvelut\/wp-json\/wp\/v2\/pages\/360\/revisions"}],"predecessor-version":[{"id":2004,"href":"https:\/\/blogit.gradia.fi\/digipalvelut\/wp-json\/wp\/v2\/pages\/360\/revisions\/2004"}],"up":[{"embeddable":true,"href":"https:\/\/blogit.gradia.fi\/digipalvelut\/wp-json\/wp\/v2\/pages\/76"}],"wp:attachment":[{"href":"https:\/\/blogit.gradia.fi\/digipalvelut\/wp-json\/wp\/v2\/media?parent=360"}],"curies":[{"name":"wp","href":"https:\/\/api.w.org\/{rel}","templated":true}]}}