{"id":2239,"date":"2023-06-20T10:22:51","date_gmt":"2023-06-20T07:22:51","guid":{"rendered":"https:\/\/blogit.gradia.fi\/digipalvelut\/?page_id=2239"},"modified":"2023-08-15T10:47:38","modified_gmt":"2023-08-15T07:47:38","slug":"sahkoinen-allekirjoitus","status":"publish","type":"page","link":"https:\/\/blogit.gradia.fi\/digipalvelut\/sahkoinen-allekirjoitus\/","title":{"rendered":"S\u00e4hk\u00f6inen allekirjoitus"},"content":{"rendered":"\n<p>Ohessa ohje s\u00e4hk\u00f6isen allekirjoituksen hyv\u00e4ksymiseen. Saat ohjeen isommaksi valitsemalla alle avautuvasta valikosta <em>Full Screen<\/em> (toinen painike oikealta).<\/p>\n\n\n<div class=\"_3d-flip-book  fb3d-fullscreen-mode full-size\" data-id=\"2330\" data-mode=\"fullscreen\" data-title=\"false\" data-template=\"short-white-book-view\" data-lightbox=\"dark-shadow\" data-urlparam=\"fb3d-page\" data-page-n=\"0\" data-pdf=\"\" data-tax=\"null\" data-thumbnail=\"\" data-cols=\"3\" data-book-template=\"default\" data-trigger=\"\"><\/div><script type=\"text\/javascript\">window.FB3D_CLIENT_DATA = window.FB3D_CLIENT_DATA || [];FB3D_CLIENT_DATA.push('eyJwb3N0cyI6eyIyMzMwIjp7IklEIjoyMzMwLCJ0aXRsZSI6IlNcdTAwZTRoa1x1MDBmNmluZW4gYWxsZWtpcmpvaXR1cyIsInR5cGUiOiJwZGYiLCJyZWFkeV9mdW5jdGlvbiI6IiIsImJvb2tfc3R5bGUiOiJ2b2x1bWUiLCJib29rX3RlbXBsYXRlIjoibm9uZSIsIm91dGxpbmUiOltdLCJkYXRhIjp7InBvc3RfSUQiOiIyMjQ1IiwiZ3VpZCI6Imh0dHBzOlwvXC9ibG9naXQuZ3JhZGlhLmZpXC9kaWdpcGFsdmVsdXRcL3dwLWNvbnRlbnRcL3VwbG9hZHNcL3NpdGVzXC85OVwvMjAyM1wvMDZcL0dyYWRpYS1TaWduLXZhc3RhYW5vdHRhamFuLW9oamVldC0yMDIzLnBkZiIsInBkZl9wYWdlcyI6IjEyIiwicGFnZXNfY3VzdG9taXphdGlvbiI6Im5vbmUifSwidGh1bWJuYWlsIjp7ImRhdGEiOnsicG9zdF9JRCI6IjAifSwidHlwZSI6ImF1dG8ifSwicHJvcHMiOnsiYmFja2dyb3VuZENvbG9yIjoiYXV0byIsImJhY2tncm91bmRJbWFnZSI6ImF1dG8iLCJiYWNrZ3JvdW5kU3R5bGUiOiJhdXRvIiwiaGlnaGxpZ2h0TGlua3MiOiJhdXRvIiwibGlnaHRpbmciOiJhdXRvIiwiY2FjaGVkUGFnZXMiOiJhdXRvIiwicmVuZGVySW5hY3RpdmVQYWdlcyI6ImF1dG8iLCJyZW5kZXJJbmFjdGl2ZVBhZ2VzT25Nb2JpbGUiOiJhdXRvIiwicmVuZGVyV2hpbGVGbGlwcGluZyI6ImF1dG8iLCJwcmVsb2FkUGFnZXMiOiJhdXRvIiwiYXV0b1BsYXlEdXJhdGlvbiI6ImF1dG8iLCJydGwiOiJhdXRvIiwiaW50ZXJhY3RpdmVDb3JuZXJzIjoiYXV0byIsIm1heERlcHRoIjoiYXV0byIsInNoZWV0Ijp7InN0YXJ0VmVsb2NpdHkiOiJhdXRvIiwid2F2ZSI6ImF1dG8iLCJzaGFwZSI6ImF1dG8iLCJ3aWR0aFRleGVscyI6ImF1dG8iLCJjb2xvciI6ImF1dG8iLCJzaWRlIjoiYXV0byIsImNvcm5lckRldmlhdGlvbiI6ImF1dG8iLCJmbGV4aWJpbGl0eSI6ImF1dG8iLCJmbGV4aWJsZUNvcm5lciI6ImF1dG8iLCJiZW5kaW5nIjoiYXV0byIsImhlaWdodFRleGVscyI6ImF1dG8ifSwiY292ZXIiOnsid2F2ZSI6ImF1dG8iLCJjb2xvciI6ImF1dG8iLCJzaWRlIjoiYXV0byIsImJpbmRlclRleHR1cmUiOiJhdXRvIiwiZGVwdGgiOiJhdXRvIiwicGFkZGluZyI6ImF1dG8iLCJzdGFydFZlbG9jaXR5IjoiYXV0byIsImZsZXhpYmlsaXR5IjoiYXV0byIsImZsZXhpYmxlQ29ybmVyIjoiYXV0byIsImJlbmRpbmciOiJhdXRvIiwid2lkdGhUZXhlbHMiOiJhdXRvIiwiaGVpZ2h0VGV4ZWxzIjoiYXV0byIsIm1hc3MiOiJhdXRvIiwic2hhcGUiOiJhdXRvIn0sInBhZ2UiOnsid2F2ZSI6ImF1dG8iLCJjb2xvciI6ImF1dG8iLCJzaWRlIjoiYXV0byIsImRlcHRoIjoiYXV0byIsInN0YXJ0VmVsb2NpdHkiOiJhdXRvIiwiZmxleGliaWxpdHkiOiJhdXRvIiwiZmxleGlibGVDb3JuZXIiOiJhdXRvIiwiYmVuZGluZyI6ImF1dG8iLCJ3aWR0aFRleGVscyI6ImF1dG8iLCJoZWlnaHRUZXhlbHMiOiJhdXRvIiwibWFzcyI6ImF1dG8iLCJzaGFwZSI6ImF1dG8ifSwiaGVpZ2h0IjoiYXV0byIsIndpZHRoIjoiYXV0byIsImdyYXZpdHkiOiJhdXRvIiwicGFnZXNGb3JQcmVkaWN0aW5nIjoiYXV0byJ9LCJjb250cm9sUHJvcHMiOnsiYWN0aW9ucyI6eyJjbWRUb2MiOnsiZW5hYmxlZCI6ImF1dG8iLCJlbmFibGVkSW5OYXJyb3ciOiJhdXRvIiwiYWN0aXZlIjoiYXV0byIsImRlZmF1bHRUYWIiOiJhdXRvIn0sImNtZEF1dG9QbGF5Ijp7ImVuYWJsZWQiOiJhdXRvIiwiZW5hYmxlZEluTmFycm93IjoiYXV0byIsImFjdGl2ZSI6ImF1dG8ifSwiY21kU2F2ZSI6eyJlbmFibGVkIjoiYXV0byIsImVuYWJsZWRJbk5hcnJvdyI6ImF1dG8ifSwiY21kUHJpbnQiOnsiZW5hYmxlZCI6ImF1dG8iLCJlbmFibGVkSW5OYXJyb3ciOiJhdXRvIn0sImNtZFNpbmdsZVBhZ2UiOnsiZW5hYmxlZCI6ImF1dG8iLCJlbmFibGVkSW5OYXJyb3ciOiJhdXRvIiwiYWN0aXZlIjoiYXV0byIsImFjdGl2ZUZvck1vYmlsZSI6ImF1dG8ifSwid2lkVG9vbGJhciI6eyJlbmFibGVkIjoiYXV0byIsImVuYWJsZWRJbk5hcnJvdyI6ImF1dG8ifX19LCJhdXRvVGh1bWJuYWlsIjoiaHR0cHM6XC9cL2Jsb2dpdC5ncmFkaWEuZmlcL2RpZ2lwYWx2ZWx1dFwvd3AtY29udGVudFwvdXBsb2Fkc1wvc2l0ZXNcLzk5XC8zZC1mbGlwLWJvb2tcL2F1dG8tdGh1bWJuYWlsc1wvMjMzMC5wbmciLCJwb3N0X25hbWUiOiJzYWhrb2luZW4tYWxsZWtpcmpvaXR1cyIsInBvc3RfdHlwZSI6IjNkLWZsaXAtYm9vayJ9fSwicGFnZXMiOltdLCJmaXJzdFBhZ2VzIjpbXX0=');window.FB3D_CLIENT_LOCALE && FB3D_CLIENT_LOCALE.render && FB3D_CLIENT_LOCALE.render();<\/script>\n\n\n\n<p><strong>Alla ohjeet my\u00f6s listattuna<\/strong><\/p>\n\n\n\n<p>Avaa nettiselain tietokoneella yksityisess\u00e4 ikkunassa ja kirjaudu s\u00e4hk\u00f6postiisi:<\/p>\n\n\n\n<ul class=\"wp-block-list\">\n<li>Allekirjoituspyynt\u00f6 tulee s\u00e4hk\u00f6postilla<\/li>\n\n\n\n<li>Viestiss\u00e4 on painike \u201dAvaa pyynt\u00f6\u201d<\/li>\n\n\n\n<li>K\u00e4ytt\u00e4j\u00e4tunnus-kentt\u00e4\u00e4n pit\u00e4isi tulla automaattisesti kutsutunnus (pitk\u00e4 kirjain-numerosarja) Kentt\u00e4\u00e4n ei siis itse tarvitse kirjoittaa mit\u00e4\u00e4n. Painetaan Seuraava-painiketta.<\/li>\n\n\n\n<li>Klikkaa painiketta SMS J\u00e4rjestelm\u00e4 l\u00e4hett\u00e4\u00e4 sinulle tekstiviestin jossa on numerokoodi (kest\u00e4\u00e4 normaalisti vain muutaman sekunnin)<\/li>\n\n\n\n<li>Sy\u00f6t\u00e4 numerokoodi pyydettyyn kentt\u00e4\u00e4n<\/li>\n\n\n\n<li>\u201dTarkista tietosi..\u201d &#8211; sivulla kenttien pit\u00e4isi olla kunnossa eli niit\u00e4k\u00e4\u00e4n ei tarvitse muuttaa eik\u00e4 t\u00e4ydent\u00e4\u00e4 klikkaa Seuraava<\/li>\n\n\n\n<li>Nyt p\u00e4\u00e4set allekirjoitettavaan dokumenttiin, jota voi katsella klikkaamalla dokumenttia<\/li>\n\n\n\n<li>Paina Allekirjoita -painiketta (l\u00f6ytyy yl\u00e4reunasta)<\/li>\n\n\n\n<li>Paina SMS-painiketta<\/li>\n\n\n\n<li>J\u00e4rjestelm\u00e4 l\u00e4hett\u00e4\u00e4 sinulle viel\u00e4 tekstiviestin, jonka sy\u00f6t\u00e4t pyydettyyn kentt\u00e4\u00e4n<\/li>\n\n\n\n<li>Klikkaa Allekirjoita<\/li>\n\n\n\n<li>J\u00e4rjestelm\u00e4 ilmoittaa allekirjoituksen onnistumisesta<\/li>\n\n\n\n<li>Klikkaamalla painiketta, jossa on nimesi, p\u00e4\u00e4set kirjautumaan ulos Signista<\/li>\n<\/ul>\n\n\n\n<p><strong>Instructions in english<\/strong><\/p>\n\n\n\n<p>Open a web browser on a computer in a private window and log in to your email:<\/p>\n\n\n\n<ul class=\"wp-block-list\">\n<li>The signature request comes via email<\/li>\n\n\n\n<li>The message has a button &#8221;Open request&#8221;<\/li>\n\n\n\n<li>The ID field should be automatically filled (a long letter-number sequence) So you don&#8217;t need to write anything in the field yourself. press the &#8221;Next&#8221; button.<\/li>\n\n\n\n<li>Click the button &#8221;SMS&#8221; The system will send you a text message with a number code (normally it only takes a few seconds)<\/li>\n\n\n\n<li>Enter the numeric code in the requested field<\/li>\n\n\n\n<li>&#8221;Check your information..&#8221; &#8211; the fields on the page should be in order, i.e. They should not have to be changed click &#8221;Next&#8221;<\/li>\n\n\n\n<li>Now you get to the document to be signed, which can be viewed by clicking on the document<\/li>\n\n\n\n<li>Press the Sign button (found at the top)<\/li>\n\n\n\n<li>Press the &#8221;SMS&#8221; button<\/li>\n\n\n\n<li>The system sends you a text message again, which you enter in the requested field<\/li>\n\n\n\n<li>Click &#8221;Sign&#8221;<\/li>\n\n\n\n<li>The system informs you about the success of the signature<\/li>\n\n\n\n<li>By clicking the button with your name you can log out of Sign.<\/li>\n<\/ul>\n","protected":false},"excerpt":{"rendered":"<p>Ohessa ohje s\u00e4hk\u00f6isen allekirjoituksen hyv\u00e4ksymiseen. Saat ohjeen isommaksi valitsemalla alle avautuvasta valikosta Full Screen (toinen painike oikealta). Alla ohjeet my\u00f6s listattuna Avaa nettiselain tietokoneella yksityisess\u00e4 ikkunassa ja kirjaudu s\u00e4hk\u00f6postiisi: Instructions in english Open a web browser on a computer in a private window and log in to your email:<\/p>\n","protected":false},"author":589,"featured_media":0,"parent":0,"menu_order":0,"comment_status":"closed","ping_status":"closed","template":"","meta":{"_uag_custom_page_level_css":"","footnotes":""},"class_list":["post-2239","page","type-page","status-publish","hentry"],"yoast_head":"<!-- This site is optimized with the Yoast SEO plugin v27.4 - https:\/\/yoast.com\/product\/yoast-seo-wordpress\/ -->\n<title>S\u00e4hk\u00f6inen allekirjoitus - Gradia Digipalvelut<\/title>\n<meta name=\"description\" content=\"Vastaanottajan ohjeet s\u00e4hk\u00f6iseen allekirjoitukseen Gradia Signilla\" \/>\n<meta name=\"robots\" content=\"index, follow, max-snippet:-1, max-image-preview:large, max-video-preview:-1\" \/>\n<link rel=\"canonical\" href=\"https:\/\/blogit.gradia.fi\/digipalvelut\/sahkoinen-allekirjoitus\/\" \/>\n<meta property=\"og:locale\" content=\"fi_FI\" \/>\n<meta property=\"og:type\" content=\"article\" \/>\n<meta property=\"og:title\" content=\"S\u00e4hk\u00f6inen allekirjoitus - Gradia Digipalvelut\" \/>\n<meta property=\"og:description\" content=\"Vastaanottajan ohjeet s\u00e4hk\u00f6iseen allekirjoitukseen Gradia Signilla\" \/>\n<meta property=\"og:url\" content=\"https:\/\/blogit.gradia.fi\/digipalvelut\/sahkoinen-allekirjoitus\/\" \/>\n<meta property=\"og:site_name\" content=\"Gradia Digipalvelut\" \/>\n<meta property=\"article:modified_time\" content=\"2023-08-15T07:47:38+00:00\" \/>\n<meta name=\"twitter:card\" content=\"summary_large_image\" \/>\n<meta name=\"twitter:label1\" content=\"Arvioitu lukuaika\" \/>\n\t<meta name=\"twitter:data1\" content=\"2 minuuttia\" \/>\n<script type=\"application\/ld+json\" class=\"yoast-schema-graph\">{\"@context\":\"https:\\\/\\\/schema.org\",\"@graph\":[{\"@type\":\"WebPage\",\"@id\":\"https:\\\/\\\/blogit.gradia.fi\\\/digipalvelut\\\/sahkoinen-allekirjoitus\\\/\",\"url\":\"https:\\\/\\\/blogit.gradia.fi\\\/digipalvelut\\\/sahkoinen-allekirjoitus\\\/\",\"name\":\"S\u00e4hk\u00f6inen allekirjoitus - Gradia Digipalvelut\",\"isPartOf\":{\"@id\":\"https:\\\/\\\/blogit.gradia.fi\\\/digipalvelut\\\/#website\"},\"datePublished\":\"2023-06-20T07:22:51+00:00\",\"dateModified\":\"2023-08-15T07:47:38+00:00\",\"description\":\"Vastaanottajan ohjeet s\u00e4hk\u00f6iseen allekirjoitukseen Gradia Signilla\",\"inLanguage\":\"fi\",\"potentialAction\":[{\"@type\":\"ReadAction\",\"target\":[\"https:\\\/\\\/blogit.gradia.fi\\\/digipalvelut\\\/sahkoinen-allekirjoitus\\\/\"]}]},{\"@type\":\"WebSite\",\"@id\":\"https:\\\/\\\/blogit.gradia.fi\\\/digipalvelut\\\/#website\",\"url\":\"https:\\\/\\\/blogit.gradia.fi\\\/digipalvelut\\\/\",\"name\":\"Gradia Digipalvelut\",\"description\":\"Astetta enemm\u00e4n digi\u00e4\",\"publisher\":{\"@id\":\"https:\\\/\\\/blogit.gradia.fi\\\/digipalvelut\\\/#organization\"},\"potentialAction\":[{\"@type\":\"SearchAction\",\"target\":{\"@type\":\"EntryPoint\",\"urlTemplate\":\"https:\\\/\\\/blogit.gradia.fi\\\/digipalvelut\\\/?s={search_term_string}\"},\"query-input\":{\"@type\":\"PropertyValueSpecification\",\"valueRequired\":true,\"valueName\":\"search_term_string\"}}],\"inLanguage\":\"fi\"},{\"@type\":\"Organization\",\"@id\":\"https:\\\/\\\/blogit.gradia.fi\\\/digipalvelut\\\/#organization\",\"name\":\"Gradia Digipalvelut\",\"url\":\"https:\\\/\\\/blogit.gradia.fi\\\/digipalvelut\\\/\",\"logo\":{\"@type\":\"ImageObject\",\"inLanguage\":\"fi\",\"@id\":\"https:\\\/\\\/blogit.gradia.fi\\\/digipalvelut\\\/#\\\/schema\\\/logo\\\/image\\\/\",\"url\":\"https:\\\/\\\/blogit.gradia.fi\\\/digipalvelut\\\/wp-content\\\/uploads\\\/sites\\\/99\\\/2019\\\/06\\\/cropped-Gradia_logo_Cyber_TRANSPARENT.png\",\"contentUrl\":\"https:\\\/\\\/blogit.gradia.fi\\\/digipalvelut\\\/wp-content\\\/uploads\\\/sites\\\/99\\\/2019\\\/06\\\/cropped-Gradia_logo_Cyber_TRANSPARENT.png\",\"width\":316,\"height\":382,\"caption\":\"Gradia Digipalvelut\"},\"image\":{\"@id\":\"https:\\\/\\\/blogit.gradia.fi\\\/digipalvelut\\\/#\\\/schema\\\/logo\\\/image\\\/\"}}]}<\/script>\n<!-- \/ Yoast SEO plugin. -->","yoast_head_json":{"title":"S\u00e4hk\u00f6inen allekirjoitus - Gradia Digipalvelut","description":"Vastaanottajan ohjeet s\u00e4hk\u00f6iseen allekirjoitukseen Gradia Signilla","robots":{"index":"index","follow":"follow","max-snippet":"max-snippet:-1","max-image-preview":"max-image-preview:large","max-video-preview":"max-video-preview:-1"},"canonical":"https:\/\/blogit.gradia.fi\/digipalvelut\/sahkoinen-allekirjoitus\/","og_locale":"fi_FI","og_type":"article","og_title":"S\u00e4hk\u00f6inen allekirjoitus - Gradia Digipalvelut","og_description":"Vastaanottajan ohjeet s\u00e4hk\u00f6iseen allekirjoitukseen Gradia Signilla","og_url":"https:\/\/blogit.gradia.fi\/digipalvelut\/sahkoinen-allekirjoitus\/","og_site_name":"Gradia Digipalvelut","article_modified_time":"2023-08-15T07:47:38+00:00","twitter_card":"summary_large_image","twitter_misc":{"Arvioitu lukuaika":"2 minuuttia"},"schema":{"@context":"https:\/\/schema.org","@graph":[{"@type":"WebPage","@id":"https:\/\/blogit.gradia.fi\/digipalvelut\/sahkoinen-allekirjoitus\/","url":"https:\/\/blogit.gradia.fi\/digipalvelut\/sahkoinen-allekirjoitus\/","name":"S\u00e4hk\u00f6inen allekirjoitus - Gradia Digipalvelut","isPartOf":{"@id":"https:\/\/blogit.gradia.fi\/digipalvelut\/#website"},"datePublished":"2023-06-20T07:22:51+00:00","dateModified":"2023-08-15T07:47:38+00:00","description":"Vastaanottajan ohjeet s\u00e4hk\u00f6iseen allekirjoitukseen Gradia Signilla","inLanguage":"fi","potentialAction":[{"@type":"ReadAction","target":["https:\/\/blogit.gradia.fi\/digipalvelut\/sahkoinen-allekirjoitus\/"]}]},{"@type":"WebSite","@id":"https:\/\/blogit.gradia.fi\/digipalvelut\/#website","url":"https:\/\/blogit.gradia.fi\/digipalvelut\/","name":"Gradia Digipalvelut","description":"Astetta enemm\u00e4n digi\u00e4","publisher":{"@id":"https:\/\/blogit.gradia.fi\/digipalvelut\/#organization"},"potentialAction":[{"@type":"SearchAction","target":{"@type":"EntryPoint","urlTemplate":"https:\/\/blogit.gradia.fi\/digipalvelut\/?s={search_term_string}"},"query-input":{"@type":"PropertyValueSpecification","valueRequired":true,"valueName":"search_term_string"}}],"inLanguage":"fi"},{"@type":"Organization","@id":"https:\/\/blogit.gradia.fi\/digipalvelut\/#organization","name":"Gradia Digipalvelut","url":"https:\/\/blogit.gradia.fi\/digipalvelut\/","logo":{"@type":"ImageObject","inLanguage":"fi","@id":"https:\/\/blogit.gradia.fi\/digipalvelut\/#\/schema\/logo\/image\/","url":"https:\/\/blogit.gradia.fi\/digipalvelut\/wp-content\/uploads\/sites\/99\/2019\/06\/cropped-Gradia_logo_Cyber_TRANSPARENT.png","contentUrl":"https:\/\/blogit.gradia.fi\/digipalvelut\/wp-content\/uploads\/sites\/99\/2019\/06\/cropped-Gradia_logo_Cyber_TRANSPARENT.png","width":316,"height":382,"caption":"Gradia Digipalvelut"},"image":{"@id":"https:\/\/blogit.gradia.fi\/digipalvelut\/#\/schema\/logo\/image\/"}}]}},"uagb_featured_image_src":{"full":false,"thumbnail":false,"medium":false,"medium_large":false,"large":false,"1536x1536":false,"2048x2048":false,"hestia-blog":false},"uagb_author_info":{"display_name":"Noora Arela","author_link":"https:\/\/blogit.gradia.fi\/digipalvelut\/author\/arelanoo\/"},"uagb_comment_info":0,"uagb_excerpt":"Ohessa ohje s\u00e4hk\u00f6isen allekirjoituksen hyv\u00e4ksymiseen. Saat ohjeen isommaksi valitsemalla alle avautuvasta valikosta Full Screen (toinen painike oikealta). Alla ohjeet my\u00f6s listattuna Avaa nettiselain tietokoneella yksityisess\u00e4 ikkunassa ja kirjaudu s\u00e4hk\u00f6postiisi: Instructions in english Open a web browser on a computer in a private window and log in to your email:","_links":{"self":[{"href":"https:\/\/blogit.gradia.fi\/digipalvelut\/wp-json\/wp\/v2\/pages\/2239","targetHints":{"allow":["GET"]}}],"collection":[{"href":"https:\/\/blogit.gradia.fi\/digipalvelut\/wp-json\/wp\/v2\/pages"}],"about":[{"href":"https:\/\/blogit.gradia.fi\/digipalvelut\/wp-json\/wp\/v2\/types\/page"}],"author":[{"embeddable":true,"href":"https:\/\/blogit.gradia.fi\/digipalvelut\/wp-json\/wp\/v2\/users\/589"}],"replies":[{"embeddable":true,"href":"https:\/\/blogit.gradia.fi\/digipalvelut\/wp-json\/wp\/v2\/comments?post=2239"}],"version-history":[{"count":44,"href":"https:\/\/blogit.gradia.fi\/digipalvelut\/wp-json\/wp\/v2\/pages\/2239\/revisions"}],"predecessor-version":[{"id":2486,"href":"https:\/\/blogit.gradia.fi\/digipalvelut\/wp-json\/wp\/v2\/pages\/2239\/revisions\/2486"}],"wp:attachment":[{"href":"https:\/\/blogit.gradia.fi\/digipalvelut\/wp-json\/wp\/v2\/media?parent=2239"}],"curies":[{"name":"wp","href":"https:\/\/api.w.org\/{rel}","templated":true}]}}