{"id":1819,"date":"2020-04-07T16:44:05","date_gmt":"2020-04-07T13:44:05","guid":{"rendered":"https:\/\/blogit.gradia.fi\/digipalvelut\/?page_id=1819"},"modified":"2020-04-08T16:21:12","modified_gmt":"2020-04-08T13:21:12","slug":"h5p-monivalintatehtava-tenttina-quiz-tenttina","status":"publish","type":"page","link":"https:\/\/blogit.gradia.fi\/digipalvelut\/ohjeita-ja-vinkkeja\/moodle\/h5p-monivalintatehtava-tenttina-quiz-tenttina\/","title":{"rendered":"H5P monivalintateht\u00e4v\u00e4 tenttin\u00e4 (Quiz tenttin\u00e4)"},"content":{"rendered":"\n<p>H5P-teht\u00e4v\u00e4tyypin avulla voit luoda sek\u00e4 harjoitusteht\u00e4vi\u00e4 ett\u00e4 kokeen omaisia teht\u00e4vi\u00e4. T\u00e4ss\u00e4 teht\u00e4v\u00e4tyypiss\u00e4 opiskelijalle voidaan antaa v\u00e4lit\u00f6nt\u00e4 palautetta h\u00e4nen oikeista tai v\u00e4\u00e4rist\u00e4 vastauksistaan. <\/p>\n\n\n\n<p>Harjoitukseksi suunnitellussa teht\u00e4v\u00e4ss\u00e4 voimme n\u00e4ytt\u00e4\u00e4 vastaamisen j\u00e4lkeen kysymysten oikeat vastaukset. Tenttim\u00e4isess\u00e4 teht\u00e4v\u00e4ss\u00e4 voimme puolestaan asettaa vaatimukseksi tietyn pistem\u00e4\u00e4r\u00e4n saavuttamisen. <\/p>\n\n\n\n<p>Alla olevassa ohjevideossa tehd\u00e4\u00e4n H5P monivalintateht\u00e4v\u00e4 tenttim\u00e4iseksi siten, ett\u00e4 opiskelijalle ei n\u00e4ytet\u00e4 automaattisesti oikeita vastauksia teht\u00e4v\u00e4n suorittamisen j\u00e4lkeen ja h\u00e4nelt\u00e4 vaaditaan 80%:a vastauksista oikein. <\/p>\n\n\n\n<hr class=\"wp-block-separator\" \/>\n\n\n\n<figure class=\"wp-block-embed-youtube wp-block-embed is-type-video is-provider-youtube wp-embed-aspect-16-9 wp-has-aspect-ratio\"><div class=\"wp-block-embed__wrapper\">\n<iframe title=\"H5P monivalintatentti\" width=\"750\" height=\"422\" src=\"https:\/\/www.youtube.com\/embed\/eYpCnA1Nx0U?feature=oembed\" frameborder=\"0\" allow=\"accelerometer; autoplay; clipboard-write; encrypted-media; gyroscope; picture-in-picture; web-share\" allowfullscreen><\/iframe>\n<\/div><\/figure>\n","protected":false},"excerpt":{"rendered":"<p>H5P-teht\u00e4v\u00e4tyypin avulla voit luoda sek\u00e4 harjoitusteht\u00e4vi\u00e4 ett\u00e4 kokeen omaisia teht\u00e4vi\u00e4. T\u00e4ss\u00e4 teht\u00e4v\u00e4tyypiss\u00e4 opiskelijalle voidaan antaa v\u00e4lit\u00f6nt\u00e4 palautetta h\u00e4nen oikeista tai v\u00e4\u00e4rist\u00e4 vastauksistaan. Harjoitukseksi suunnitellussa teht\u00e4v\u00e4ss\u00e4 voimme n\u00e4ytt\u00e4\u00e4 vastaamisen j\u00e4lkeen kysymysten oikeat vastaukset. Tenttim\u00e4isess\u00e4 teht\u00e4v\u00e4ss\u00e4 voimme puolestaan asettaa vaatimukseksi tietyn pistem\u00e4\u00e4r\u00e4n saavuttamisen. Alla olevassa ohjevideossa tehd\u00e4\u00e4n H5P monivalintateht\u00e4v\u00e4 tenttim\u00e4iseksi siten, ett\u00e4 [&hellip;]<\/p>\n","protected":false},"author":165,"featured_media":0,"parent":76,"menu_order":0,"comment_status":"closed","ping_status":"closed","template":"","meta":{"_uag_custom_page_level_css":"","footnotes":""},"class_list":["post-1819","page","type-page","status-publish","hentry"],"yoast_head":"<!-- This site is optimized with the Yoast SEO plugin v27.4 - https:\/\/yoast.com\/product\/yoast-seo-wordpress\/ -->\n<title>H5P monivalintateht\u00e4v\u00e4 tenttin\u00e4 (Quiz tenttin\u00e4) - Gradia Digipalvelut<\/title>\n<meta name=\"robots\" content=\"index, follow, max-snippet:-1, max-image-preview:large, max-video-preview:-1\" \/>\n<link rel=\"canonical\" href=\"https:\/\/blogit.gradia.fi\/digipalvelut\/ohjeita-ja-vinkkeja\/moodle\/h5p-monivalintatehtava-tenttina-quiz-tenttina\/\" \/>\n<meta property=\"og:locale\" content=\"fi_FI\" \/>\n<meta property=\"og:type\" content=\"article\" \/>\n<meta property=\"og:title\" content=\"H5P monivalintateht\u00e4v\u00e4 tenttin\u00e4 (Quiz tenttin\u00e4) - Gradia Digipalvelut\" \/>\n<meta property=\"og:description\" content=\"H5P-teht\u00e4v\u00e4tyypin avulla voit luoda sek\u00e4 harjoitusteht\u00e4vi\u00e4 ett\u00e4 kokeen omaisia teht\u00e4vi\u00e4. T\u00e4ss\u00e4 teht\u00e4v\u00e4tyypiss\u00e4 opiskelijalle voidaan antaa v\u00e4lit\u00f6nt\u00e4 palautetta h\u00e4nen oikeista tai v\u00e4\u00e4rist\u00e4 vastauksistaan. Harjoitukseksi suunnitellussa teht\u00e4v\u00e4ss\u00e4 voimme n\u00e4ytt\u00e4\u00e4 vastaamisen j\u00e4lkeen kysymysten oikeat vastaukset. Tenttim\u00e4isess\u00e4 teht\u00e4v\u00e4ss\u00e4 voimme puolestaan asettaa vaatimukseksi tietyn pistem\u00e4\u00e4r\u00e4n saavuttamisen. Alla olevassa ohjevideossa tehd\u00e4\u00e4n H5P monivalintateht\u00e4v\u00e4 tenttim\u00e4iseksi siten, ett\u00e4 [&hellip;]\" \/>\n<meta property=\"og:url\" content=\"https:\/\/blogit.gradia.fi\/digipalvelut\/ohjeita-ja-vinkkeja\/moodle\/h5p-monivalintatehtava-tenttina-quiz-tenttina\/\" \/>\n<meta property=\"og:site_name\" content=\"Gradia Digipalvelut\" \/>\n<meta property=\"article:modified_time\" content=\"2020-04-08T13:21:12+00:00\" \/>\n<meta name=\"twitter:card\" content=\"summary_large_image\" \/>\n<meta name=\"twitter:label1\" content=\"Arvioitu lukuaika\" \/>\n\t<meta name=\"twitter:data1\" content=\"1 minuutti\" \/>\n<script type=\"application\/ld+json\" class=\"yoast-schema-graph\">{\"@context\":\"https:\\\/\\\/schema.org\",\"@graph\":[{\"@type\":\"WebPage\",\"@id\":\"https:\\\/\\\/blogit.gradia.fi\\\/digipalvelut\\\/ohjeita-ja-vinkkeja\\\/moodle\\\/h5p-monivalintatehtava-tenttina-quiz-tenttina\\\/\",\"url\":\"https:\\\/\\\/blogit.gradia.fi\\\/digipalvelut\\\/ohjeita-ja-vinkkeja\\\/moodle\\\/h5p-monivalintatehtava-tenttina-quiz-tenttina\\\/\",\"name\":\"H5P monivalintateht\u00e4v\u00e4 tenttin\u00e4 (Quiz tenttin\u00e4) - Gradia Digipalvelut\",\"isPartOf\":{\"@id\":\"https:\\\/\\\/blogit.gradia.fi\\\/digipalvelut\\\/#website\"},\"datePublished\":\"2020-04-07T13:44:05+00:00\",\"dateModified\":\"2020-04-08T13:21:12+00:00\",\"breadcrumb\":{\"@id\":\"https:\\\/\\\/blogit.gradia.fi\\\/digipalvelut\\\/ohjeita-ja-vinkkeja\\\/moodle\\\/h5p-monivalintatehtava-tenttina-quiz-tenttina\\\/#breadcrumb\"},\"inLanguage\":\"fi\",\"potentialAction\":[{\"@type\":\"ReadAction\",\"target\":[\"https:\\\/\\\/blogit.gradia.fi\\\/digipalvelut\\\/ohjeita-ja-vinkkeja\\\/moodle\\\/h5p-monivalintatehtava-tenttina-quiz-tenttina\\\/\"]}]},{\"@type\":\"BreadcrumbList\",\"@id\":\"https:\\\/\\\/blogit.gradia.fi\\\/digipalvelut\\\/ohjeita-ja-vinkkeja\\\/moodle\\\/h5p-monivalintatehtava-tenttina-quiz-tenttina\\\/#breadcrumb\",\"itemListElement\":[{\"@type\":\"ListItem\",\"position\":1,\"name\":\"Ohjeita ja vinkkej\u00e4\",\"item\":\"https:\\\/\\\/blogit.gradia.fi\\\/digipalvelut\\\/ohjeita-ja-vinkkeja\\\/\"},{\"@type\":\"ListItem\",\"position\":2,\"name\":\"Moodle\",\"item\":\"https:\\\/\\\/blogit.gradia.fi\\\/digipalvelut\\\/ohjeita-ja-vinkkeja\\\/moodle\\\/\"},{\"@type\":\"ListItem\",\"position\":3,\"name\":\"H5P monivalintateht\u00e4v\u00e4 tenttin\u00e4 (Quiz tenttin\u00e4)\"}]},{\"@type\":\"WebSite\",\"@id\":\"https:\\\/\\\/blogit.gradia.fi\\\/digipalvelut\\\/#website\",\"url\":\"https:\\\/\\\/blogit.gradia.fi\\\/digipalvelut\\\/\",\"name\":\"Gradia Digipalvelut\",\"description\":\"Astetta enemm\u00e4n digi\u00e4\",\"publisher\":{\"@id\":\"https:\\\/\\\/blogit.gradia.fi\\\/digipalvelut\\\/#organization\"},\"potentialAction\":[{\"@type\":\"SearchAction\",\"target\":{\"@type\":\"EntryPoint\",\"urlTemplate\":\"https:\\\/\\\/blogit.gradia.fi\\\/digipalvelut\\\/?s={search_term_string}\"},\"query-input\":{\"@type\":\"PropertyValueSpecification\",\"valueRequired\":true,\"valueName\":\"search_term_string\"}}],\"inLanguage\":\"fi\"},{\"@type\":\"Organization\",\"@id\":\"https:\\\/\\\/blogit.gradia.fi\\\/digipalvelut\\\/#organization\",\"name\":\"Gradia Digipalvelut\",\"url\":\"https:\\\/\\\/blogit.gradia.fi\\\/digipalvelut\\\/\",\"logo\":{\"@type\":\"ImageObject\",\"inLanguage\":\"fi\",\"@id\":\"https:\\\/\\\/blogit.gradia.fi\\\/digipalvelut\\\/#\\\/schema\\\/logo\\\/image\\\/\",\"url\":\"https:\\\/\\\/blogit.gradia.fi\\\/digipalvelut\\\/wp-content\\\/uploads\\\/sites\\\/99\\\/2019\\\/06\\\/cropped-Gradia_logo_Cyber_TRANSPARENT.png\",\"contentUrl\":\"https:\\\/\\\/blogit.gradia.fi\\\/digipalvelut\\\/wp-content\\\/uploads\\\/sites\\\/99\\\/2019\\\/06\\\/cropped-Gradia_logo_Cyber_TRANSPARENT.png\",\"width\":316,\"height\":382,\"caption\":\"Gradia Digipalvelut\"},\"image\":{\"@id\":\"https:\\\/\\\/blogit.gradia.fi\\\/digipalvelut\\\/#\\\/schema\\\/logo\\\/image\\\/\"}}]}<\/script>\n<!-- \/ Yoast SEO plugin. -->","yoast_head_json":{"title":"H5P monivalintateht\u00e4v\u00e4 tenttin\u00e4 (Quiz tenttin\u00e4) - Gradia Digipalvelut","robots":{"index":"index","follow":"follow","max-snippet":"max-snippet:-1","max-image-preview":"max-image-preview:large","max-video-preview":"max-video-preview:-1"},"canonical":"https:\/\/blogit.gradia.fi\/digipalvelut\/ohjeita-ja-vinkkeja\/moodle\/h5p-monivalintatehtava-tenttina-quiz-tenttina\/","og_locale":"fi_FI","og_type":"article","og_title":"H5P monivalintateht\u00e4v\u00e4 tenttin\u00e4 (Quiz tenttin\u00e4) - Gradia Digipalvelut","og_description":"H5P-teht\u00e4v\u00e4tyypin avulla voit luoda sek\u00e4 harjoitusteht\u00e4vi\u00e4 ett\u00e4 kokeen omaisia teht\u00e4vi\u00e4. T\u00e4ss\u00e4 teht\u00e4v\u00e4tyypiss\u00e4 opiskelijalle voidaan antaa v\u00e4lit\u00f6nt\u00e4 palautetta h\u00e4nen oikeista tai v\u00e4\u00e4rist\u00e4 vastauksistaan. Harjoitukseksi suunnitellussa teht\u00e4v\u00e4ss\u00e4 voimme n\u00e4ytt\u00e4\u00e4 vastaamisen j\u00e4lkeen kysymysten oikeat vastaukset. Tenttim\u00e4isess\u00e4 teht\u00e4v\u00e4ss\u00e4 voimme puolestaan asettaa vaatimukseksi tietyn pistem\u00e4\u00e4r\u00e4n saavuttamisen. Alla olevassa ohjevideossa tehd\u00e4\u00e4n H5P monivalintateht\u00e4v\u00e4 tenttim\u00e4iseksi siten, ett\u00e4 [&hellip;]","og_url":"https:\/\/blogit.gradia.fi\/digipalvelut\/ohjeita-ja-vinkkeja\/moodle\/h5p-monivalintatehtava-tenttina-quiz-tenttina\/","og_site_name":"Gradia Digipalvelut","article_modified_time":"2020-04-08T13:21:12+00:00","twitter_card":"summary_large_image","twitter_misc":{"Arvioitu lukuaika":"1 minuutti"},"schema":{"@context":"https:\/\/schema.org","@graph":[{"@type":"WebPage","@id":"https:\/\/blogit.gradia.fi\/digipalvelut\/ohjeita-ja-vinkkeja\/moodle\/h5p-monivalintatehtava-tenttina-quiz-tenttina\/","url":"https:\/\/blogit.gradia.fi\/digipalvelut\/ohjeita-ja-vinkkeja\/moodle\/h5p-monivalintatehtava-tenttina-quiz-tenttina\/","name":"H5P monivalintateht\u00e4v\u00e4 tenttin\u00e4 (Quiz tenttin\u00e4) - Gradia Digipalvelut","isPartOf":{"@id":"https:\/\/blogit.gradia.fi\/digipalvelut\/#website"},"datePublished":"2020-04-07T13:44:05+00:00","dateModified":"2020-04-08T13:21:12+00:00","breadcrumb":{"@id":"https:\/\/blogit.gradia.fi\/digipalvelut\/ohjeita-ja-vinkkeja\/moodle\/h5p-monivalintatehtava-tenttina-quiz-tenttina\/#breadcrumb"},"inLanguage":"fi","potentialAction":[{"@type":"ReadAction","target":["https:\/\/blogit.gradia.fi\/digipalvelut\/ohjeita-ja-vinkkeja\/moodle\/h5p-monivalintatehtava-tenttina-quiz-tenttina\/"]}]},{"@type":"BreadcrumbList","@id":"https:\/\/blogit.gradia.fi\/digipalvelut\/ohjeita-ja-vinkkeja\/moodle\/h5p-monivalintatehtava-tenttina-quiz-tenttina\/#breadcrumb","itemListElement":[{"@type":"ListItem","position":1,"name":"Ohjeita ja vinkkej\u00e4","item":"https:\/\/blogit.gradia.fi\/digipalvelut\/ohjeita-ja-vinkkeja\/"},{"@type":"ListItem","position":2,"name":"Moodle","item":"https:\/\/blogit.gradia.fi\/digipalvelut\/ohjeita-ja-vinkkeja\/moodle\/"},{"@type":"ListItem","position":3,"name":"H5P monivalintateht\u00e4v\u00e4 tenttin\u00e4 (Quiz tenttin\u00e4)"}]},{"@type":"WebSite","@id":"https:\/\/blogit.gradia.fi\/digipalvelut\/#website","url":"https:\/\/blogit.gradia.fi\/digipalvelut\/","name":"Gradia Digipalvelut","description":"Astetta enemm\u00e4n digi\u00e4","publisher":{"@id":"https:\/\/blogit.gradia.fi\/digipalvelut\/#organization"},"potentialAction":[{"@type":"SearchAction","target":{"@type":"EntryPoint","urlTemplate":"https:\/\/blogit.gradia.fi\/digipalvelut\/?s={search_term_string}"},"query-input":{"@type":"PropertyValueSpecification","valueRequired":true,"valueName":"search_term_string"}}],"inLanguage":"fi"},{"@type":"Organization","@id":"https:\/\/blogit.gradia.fi\/digipalvelut\/#organization","name":"Gradia Digipalvelut","url":"https:\/\/blogit.gradia.fi\/digipalvelut\/","logo":{"@type":"ImageObject","inLanguage":"fi","@id":"https:\/\/blogit.gradia.fi\/digipalvelut\/#\/schema\/logo\/image\/","url":"https:\/\/blogit.gradia.fi\/digipalvelut\/wp-content\/uploads\/sites\/99\/2019\/06\/cropped-Gradia_logo_Cyber_TRANSPARENT.png","contentUrl":"https:\/\/blogit.gradia.fi\/digipalvelut\/wp-content\/uploads\/sites\/99\/2019\/06\/cropped-Gradia_logo_Cyber_TRANSPARENT.png","width":316,"height":382,"caption":"Gradia Digipalvelut"},"image":{"@id":"https:\/\/blogit.gradia.fi\/digipalvelut\/#\/schema\/logo\/image\/"}}]}},"uagb_featured_image_src":{"full":false,"thumbnail":false,"medium":false,"medium_large":false,"large":false,"1536x1536":false,"2048x2048":false,"hestia-blog":false},"uagb_author_info":{"display_name":"Heini Pennanen","author_link":"https:\/\/blogit.gradia.fi\/digipalvelut\/author\/pennahei\/"},"uagb_comment_info":0,"uagb_excerpt":"H5P-teht\u00e4v\u00e4tyypin avulla voit luoda sek\u00e4 harjoitusteht\u00e4vi\u00e4 ett\u00e4 kokeen omaisia teht\u00e4vi\u00e4. T\u00e4ss\u00e4 teht\u00e4v\u00e4tyypiss\u00e4 opiskelijalle voidaan antaa v\u00e4lit\u00f6nt\u00e4 palautetta h\u00e4nen oikeista tai v\u00e4\u00e4rist\u00e4 vastauksistaan. Harjoitukseksi suunnitellussa teht\u00e4v\u00e4ss\u00e4 voimme n\u00e4ytt\u00e4\u00e4 vastaamisen j\u00e4lkeen kysymysten oikeat vastaukset. Tenttim\u00e4isess\u00e4 teht\u00e4v\u00e4ss\u00e4 voimme puolestaan asettaa vaatimukseksi tietyn pistem\u00e4\u00e4r\u00e4n saavuttamisen. Alla olevassa ohjevideossa tehd\u00e4\u00e4n H5P monivalintateht\u00e4v\u00e4 tenttim\u00e4iseksi siten, ett\u00e4 [&hellip;]","_links":{"self":[{"href":"https:\/\/blogit.gradia.fi\/digipalvelut\/wp-json\/wp\/v2\/pages\/1819","targetHints":{"allow":["GET"]}}],"collection":[{"href":"https:\/\/blogit.gradia.fi\/digipalvelut\/wp-json\/wp\/v2\/pages"}],"about":[{"href":"https:\/\/blogit.gradia.fi\/digipalvelut\/wp-json\/wp\/v2\/types\/page"}],"author":[{"embeddable":true,"href":"https:\/\/blogit.gradia.fi\/digipalvelut\/wp-json\/wp\/v2\/users\/165"}],"replies":[{"embeddable":true,"href":"https:\/\/blogit.gradia.fi\/digipalvelut\/wp-json\/wp\/v2\/comments?post=1819"}],"version-history":[{"count":3,"href":"https:\/\/blogit.gradia.fi\/digipalvelut\/wp-json\/wp\/v2\/pages\/1819\/revisions"}],"predecessor-version":[{"id":1823,"href":"https:\/\/blogit.gradia.fi\/digipalvelut\/wp-json\/wp\/v2\/pages\/1819\/revisions\/1823"}],"up":[{"embeddable":true,"href":"https:\/\/blogit.gradia.fi\/digipalvelut\/wp-json\/wp\/v2\/pages\/76"}],"wp:attachment":[{"href":"https:\/\/blogit.gradia.fi\/digipalvelut\/wp-json\/wp\/v2\/media?parent=1819"}],"curies":[{"name":"wp","href":"https:\/\/api.w.org\/{rel}","templated":true}]}}