{"id":1664,"date":"2020-03-18T12:59:47","date_gmt":"2020-03-18T10:59:47","guid":{"rendered":"https:\/\/blogit.gradia.fi\/digipalvelut\/?page_id=1664"},"modified":"2020-03-18T13:37:23","modified_gmt":"2020-03-18T11:37:23","slug":"teams-kokouksen-luonti","status":"publish","type":"page","link":"https:\/\/blogit.gradia.fi\/digipalvelut\/ohjeita-ja-vinkkeja\/office-365\/teams-kokouksen-luonti\/","title":{"rendered":"Teams -kokouksen luonti"},"content":{"rendered":"\n<p><a href=\"#Teamsoutlook\">Teams kokouksen lunti Outlook -sovelluksessa<\/a><br><a href=\"#teamspikalinkki\">Teams -kokouslinkin luominen<\/a><\/p>\n\n\n\n<hr class=\"wp-block-separator\" \/>\n\n\n\n<h3 class=\"wp-block-heading\" id=\"Teamsoutlook\">Teams kokouksen luominen Outlook-ty\u00f6p\u00f6yt\u00e4sovelluksen kautta<\/h3>\n\n\n\n<ol class=\"wp-block-list\"><li>Avaa kalenteri ja maalaa haluamasi kokouksen ajankohta kalenterista.<\/li><li>Klikkaa &#8221;uusi Teams -kokous&#8221;<\/li><\/ol>\n\n\n\n<figure class=\"wp-block-image size-large\"><img fetchpriority=\"high\" decoding=\"async\" width=\"1024\" height=\"380\" src=\"https:\/\/blogit.gradia.fi\/digipalvelut\/wp-content\/uploads\/sites\/99\/2020\/03\/Outlook-kalenterikuva-1024x380.jpg\" alt=\"\" class=\"wp-image-1665\" srcset=\"https:\/\/blogit.gradia.fi\/digipalvelut\/wp-content\/uploads\/sites\/99\/2020\/03\/Outlook-kalenterikuva-1024x380.jpg 1024w, https:\/\/blogit.gradia.fi\/digipalvelut\/wp-content\/uploads\/sites\/99\/2020\/03\/Outlook-kalenterikuva-300x111.jpg 300w, https:\/\/blogit.gradia.fi\/digipalvelut\/wp-content\/uploads\/sites\/99\/2020\/03\/Outlook-kalenterikuva-768x285.jpg 768w, https:\/\/blogit.gradia.fi\/digipalvelut\/wp-content\/uploads\/sites\/99\/2020\/03\/Outlook-kalenterikuva-620x230.jpg 620w, https:\/\/blogit.gradia.fi\/digipalvelut\/wp-content\/uploads\/sites\/99\/2020\/03\/Outlook-kalenterikuva.jpg 1446w\" sizes=\"(max-width: 1024px) 100vw, 1024px\" \/><\/figure>\n\n\n\n<p>3. Anna kokoukselle nimi ja kutsu osanottajat. Voit m\u00e4\u00e4ritt\u00e4\u00e4 kutsuun, kenelle osallistuminen on pakollinen ja kenelle valinnainen. Tarkasta viel\u00e4 aika ja p\u00e4iv\u00e4m\u00e4\u00e4r\u00e4.<\/p>\n\n\n\n<figure class=\"wp-block-image size-large\"><img decoding=\"async\" width=\"1024\" height=\"585\" src=\"https:\/\/blogit.gradia.fi\/digipalvelut\/wp-content\/uploads\/sites\/99\/2020\/03\/Teams-kokous-kutsu-1024x585.jpg\" alt=\"\" class=\"wp-image-1669\" srcset=\"https:\/\/blogit.gradia.fi\/digipalvelut\/wp-content\/uploads\/sites\/99\/2020\/03\/Teams-kokous-kutsu-1024x585.jpg 1024w, https:\/\/blogit.gradia.fi\/digipalvelut\/wp-content\/uploads\/sites\/99\/2020\/03\/Teams-kokous-kutsu-300x172.jpg 300w, https:\/\/blogit.gradia.fi\/digipalvelut\/wp-content\/uploads\/sites\/99\/2020\/03\/Teams-kokous-kutsu-768x439.jpg 768w, https:\/\/blogit.gradia.fi\/digipalvelut\/wp-content\/uploads\/sites\/99\/2020\/03\/Teams-kokous-kutsu-620x354.jpg 620w, https:\/\/blogit.gradia.fi\/digipalvelut\/wp-content\/uploads\/sites\/99\/2020\/03\/Teams-kokous-kutsu.jpg 1247w\" sizes=\"(max-width: 1024px) 100vw, 1024px\" \/><\/figure>\n\n\n\n<p>4. <strong>Kokousasetukset<\/strong><br>Luotuasi kokouksen, voit s\u00e4\u00e4t\u00e4\u00e4 kokouksen asetuksista: <strong>ketk\u00e4 henkil\u00f6t voivat ohittaa kokouksen odotustilan<\/strong>. Oletuksena kaikki tunnistetut oman organisaation henkil\u00f6t p\u00e4\u00e4sev\u00e4t kokoustilaan suoraan ilman hyv\u00e4ksynt\u00e4\u00e4. Lis\u00e4ksi voit valita, <strong>ketk\u00e4 henkil\u00f6t voivat esitt\u00e4\u00e4 kokouksessa<\/strong>. T\u00e4m\u00e4 voi olla tarpeen vaihtaa &#8221;vain min\u00e4&#8221;, jolloin esim. opiskelijat eiv\u00e4t voi ottaa esitysoikeuksia itselleen.<\/p>\n\n\n\n<figure class=\"wp-block-image size-large\"><img decoding=\"async\" width=\"455\" height=\"145\" src=\"https:\/\/blogit.gradia.fi\/digipalvelut\/wp-content\/uploads\/sites\/99\/2020\/03\/kokousasetukset.jpg\" alt=\"\" class=\"wp-image-1672\" srcset=\"https:\/\/blogit.gradia.fi\/digipalvelut\/wp-content\/uploads\/sites\/99\/2020\/03\/kokousasetukset.jpg 455w, https:\/\/blogit.gradia.fi\/digipalvelut\/wp-content\/uploads\/sites\/99\/2020\/03\/kokousasetukset-300x96.jpg 300w\" sizes=\"(max-width: 455px) 100vw, 455px\" \/><\/figure>\n\n\n\n<figure class=\"wp-block-image size-large\"><img loading=\"lazy\" decoding=\"async\" width=\"789\" height=\"270\" src=\"https:\/\/blogit.gradia.fi\/digipalvelut\/wp-content\/uploads\/sites\/99\/2020\/03\/kokouksen-asetukset-1.jpg\" alt=\"\" class=\"wp-image-1674\" srcset=\"https:\/\/blogit.gradia.fi\/digipalvelut\/wp-content\/uploads\/sites\/99\/2020\/03\/kokouksen-asetukset-1.jpg 789w, https:\/\/blogit.gradia.fi\/digipalvelut\/wp-content\/uploads\/sites\/99\/2020\/03\/kokouksen-asetukset-1-300x103.jpg 300w, https:\/\/blogit.gradia.fi\/digipalvelut\/wp-content\/uploads\/sites\/99\/2020\/03\/kokouksen-asetukset-1-768x263.jpg 768w, https:\/\/blogit.gradia.fi\/digipalvelut\/wp-content\/uploads\/sites\/99\/2020\/03\/kokouksen-asetukset-1-620x212.jpg 620w\" sizes=\"(max-width: 789px) 100vw, 789px\" \/><\/figure>\n\n\n\n<hr class=\"wp-block-separator\" \/>\n\n\n\n<h2 class=\"wp-block-heading\" id=\"teamspikalinkki\">Teams -kokouksen linkin luominen <\/h2>\n\n\n\n<ol class=\"wp-block-list\"><li>Avaa Teams -ty\u00f6p\u00f6yt\u00e4sovellus ja klikkaa vasemmassa kalenteri<\/li><li>Valitse  aloita kokous<\/li><\/ol>\n\n\n\n<figure class=\"wp-block-image size-large is-resized\"><img loading=\"lazy\" decoding=\"async\" src=\"https:\/\/blogit.gradia.fi\/digipalvelut\/wp-content\/uploads\/sites\/99\/2020\/03\/teams-pikakokous-1024x235.jpg\" alt=\"\" class=\"wp-image-1678\" width=\"512\" height=\"118\" srcset=\"https:\/\/blogit.gradia.fi\/digipalvelut\/wp-content\/uploads\/sites\/99\/2020\/03\/teams-pikakokous-1024x235.jpg 1024w, https:\/\/blogit.gradia.fi\/digipalvelut\/wp-content\/uploads\/sites\/99\/2020\/03\/teams-pikakokous-300x69.jpg 300w, https:\/\/blogit.gradia.fi\/digipalvelut\/wp-content\/uploads\/sites\/99\/2020\/03\/teams-pikakokous-768x176.jpg 768w, https:\/\/blogit.gradia.fi\/digipalvelut\/wp-content\/uploads\/sites\/99\/2020\/03\/teams-pikakokous-1536x352.jpg 1536w, https:\/\/blogit.gradia.fi\/digipalvelut\/wp-content\/uploads\/sites\/99\/2020\/03\/teams-pikakokous-620x142.jpg 620w, https:\/\/blogit.gradia.fi\/digipalvelut\/wp-content\/uploads\/sites\/99\/2020\/03\/teams-pikakokous.jpg 1894w\" sizes=\"(max-width: 512px) 100vw, 512px\" \/><\/figure>\n\n\n\n<p>3. Aloita kokous ja  liity siihen itse<br>4. Klikkaa kokouksen hallintakuvakkeista <strong>kolme pistett\u00e4 <\/strong>ja valitse <strong>N\u00e4yt\u00e4 kokouksen tiedot<\/strong><\/p>\n\n\n\n<figure class=\"wp-block-image size-large is-resized\"><img loading=\"lazy\" decoding=\"async\" src=\"https:\/\/blogit.gradia.fi\/digipalvelut\/wp-content\/uploads\/sites\/99\/2020\/03\/kokouksen-tiedot-1.png\" alt=\"\" class=\"wp-image-1681\" width=\"302\" height=\"302\" srcset=\"https:\/\/blogit.gradia.fi\/digipalvelut\/wp-content\/uploads\/sites\/99\/2020\/03\/kokouksen-tiedot-1.png 402w, https:\/\/blogit.gradia.fi\/digipalvelut\/wp-content\/uploads\/sites\/99\/2020\/03\/kokouksen-tiedot-1-300x300.png 300w, https:\/\/blogit.gradia.fi\/digipalvelut\/wp-content\/uploads\/sites\/99\/2020\/03\/kokouksen-tiedot-1-150x150.png 150w\" sizes=\"(max-width: 302px) 100vw, 302px\" \/><\/figure>\n\n\n\n<p>5. Kopioi liittymistiedot ja jaa se opiskelijoille esim. Wilman kautta tai oppimisymp\u00e4rist\u00f6ss\u00e4<\/p>\n","protected":false},"excerpt":{"rendered":"<p>Teams kokouksen lunti Outlook -sovelluksessaTeams -kokouslinkin luominen Teams kokouksen luominen Outlook-ty\u00f6p\u00f6yt\u00e4sovelluksen kautta Avaa kalenteri ja maalaa haluamasi kokouksen ajankohta kalenterista. Klikkaa &#8221;uusi Teams -kokous&#8221; 3. Anna kokoukselle nimi ja kutsu osanottajat. Voit m\u00e4\u00e4ritt\u00e4\u00e4 kutsuun, kenelle osallistuminen on pakollinen ja kenelle valinnainen. Tarkasta viel\u00e4 aika ja p\u00e4iv\u00e4m\u00e4\u00e4r\u00e4. 4. KokousasetuksetLuotuasi kokouksen, voit [&hellip;]<\/p>\n","protected":false},"author":165,"featured_media":0,"parent":73,"menu_order":0,"comment_status":"closed","ping_status":"closed","template":"","meta":{"_uag_custom_page_level_css":"","footnotes":""},"class_list":["post-1664","page","type-page","status-publish","hentry"],"yoast_head":"<!-- This site is optimized with the Yoast SEO plugin v27.4 - https:\/\/yoast.com\/product\/yoast-seo-wordpress\/ -->\n<title>Teams -kokouksen luonti - Gradia Digipalvelut<\/title>\n<meta name=\"robots\" content=\"index, follow, max-snippet:-1, max-image-preview:large, max-video-preview:-1\" \/>\n<link rel=\"canonical\" href=\"https:\/\/blogit.gradia.fi\/digipalvelut\/ohjeita-ja-vinkkeja\/office-365\/teams-kokouksen-luonti\/\" \/>\n<meta property=\"og:locale\" content=\"fi_FI\" \/>\n<meta property=\"og:type\" content=\"article\" \/>\n<meta property=\"og:title\" content=\"Teams -kokouksen luonti - Gradia Digipalvelut\" \/>\n<meta property=\"og:description\" content=\"Teams kokouksen lunti Outlook -sovelluksessaTeams -kokouslinkin luominen Teams kokouksen luominen Outlook-ty\u00f6p\u00f6yt\u00e4sovelluksen kautta Avaa kalenteri ja maalaa haluamasi kokouksen ajankohta kalenterista. Klikkaa &#8221;uusi Teams -kokous&#8221; 3. Anna kokoukselle nimi ja kutsu osanottajat. Voit m\u00e4\u00e4ritt\u00e4\u00e4 kutsuun, kenelle osallistuminen on pakollinen ja kenelle valinnainen. Tarkasta viel\u00e4 aika ja p\u00e4iv\u00e4m\u00e4\u00e4r\u00e4. 4. KokousasetuksetLuotuasi kokouksen, voit [&hellip;]\" \/>\n<meta property=\"og:url\" content=\"https:\/\/blogit.gradia.fi\/digipalvelut\/ohjeita-ja-vinkkeja\/office-365\/teams-kokouksen-luonti\/\" \/>\n<meta property=\"og:site_name\" content=\"Gradia Digipalvelut\" \/>\n<meta property=\"article:modified_time\" content=\"2020-03-18T11:37:23+00:00\" \/>\n<meta property=\"og:image\" content=\"https:\/\/blogit.gradia.fi\/digipalvelut\/wp-content\/uploads\/sites\/99\/2020\/03\/Outlook-kalenterikuva-1024x380.jpg\" \/>\n<meta name=\"twitter:card\" content=\"summary_large_image\" \/>\n<meta name=\"twitter:label1\" content=\"Arvioitu lukuaika\" \/>\n\t<meta name=\"twitter:data1\" content=\"1 minuutti\" \/>\n<script type=\"application\/ld+json\" class=\"yoast-schema-graph\">{\"@context\":\"https:\\\/\\\/schema.org\",\"@graph\":[{\"@type\":\"WebPage\",\"@id\":\"https:\\\/\\\/blogit.gradia.fi\\\/digipalvelut\\\/ohjeita-ja-vinkkeja\\\/office-365\\\/teams-kokouksen-luonti\\\/\",\"url\":\"https:\\\/\\\/blogit.gradia.fi\\\/digipalvelut\\\/ohjeita-ja-vinkkeja\\\/office-365\\\/teams-kokouksen-luonti\\\/\",\"name\":\"Teams -kokouksen luonti - Gradia Digipalvelut\",\"isPartOf\":{\"@id\":\"https:\\\/\\\/blogit.gradia.fi\\\/digipalvelut\\\/#website\"},\"primaryImageOfPage\":{\"@id\":\"https:\\\/\\\/blogit.gradia.fi\\\/digipalvelut\\\/ohjeita-ja-vinkkeja\\\/office-365\\\/teams-kokouksen-luonti\\\/#primaryimage\"},\"image\":{\"@id\":\"https:\\\/\\\/blogit.gradia.fi\\\/digipalvelut\\\/ohjeita-ja-vinkkeja\\\/office-365\\\/teams-kokouksen-luonti\\\/#primaryimage\"},\"thumbnailUrl\":\"https:\\\/\\\/blogit.gradia.fi\\\/digipalvelut\\\/wp-content\\\/uploads\\\/sites\\\/99\\\/2020\\\/03\\\/Outlook-kalenterikuva-1024x380.jpg\",\"datePublished\":\"2020-03-18T10:59:47+00:00\",\"dateModified\":\"2020-03-18T11:37:23+00:00\",\"breadcrumb\":{\"@id\":\"https:\\\/\\\/blogit.gradia.fi\\\/digipalvelut\\\/ohjeita-ja-vinkkeja\\\/office-365\\\/teams-kokouksen-luonti\\\/#breadcrumb\"},\"inLanguage\":\"fi\",\"potentialAction\":[{\"@type\":\"ReadAction\",\"target\":[\"https:\\\/\\\/blogit.gradia.fi\\\/digipalvelut\\\/ohjeita-ja-vinkkeja\\\/office-365\\\/teams-kokouksen-luonti\\\/\"]}]},{\"@type\":\"ImageObject\",\"inLanguage\":\"fi\",\"@id\":\"https:\\\/\\\/blogit.gradia.fi\\\/digipalvelut\\\/ohjeita-ja-vinkkeja\\\/office-365\\\/teams-kokouksen-luonti\\\/#primaryimage\",\"url\":\"https:\\\/\\\/blogit.gradia.fi\\\/digipalvelut\\\/wp-content\\\/uploads\\\/sites\\\/99\\\/2020\\\/03\\\/Outlook-kalenterikuva.jpg\",\"contentUrl\":\"https:\\\/\\\/blogit.gradia.fi\\\/digipalvelut\\\/wp-content\\\/uploads\\\/sites\\\/99\\\/2020\\\/03\\\/Outlook-kalenterikuva.jpg\",\"width\":1446,\"height\":537},{\"@type\":\"BreadcrumbList\",\"@id\":\"https:\\\/\\\/blogit.gradia.fi\\\/digipalvelut\\\/ohjeita-ja-vinkkeja\\\/office-365\\\/teams-kokouksen-luonti\\\/#breadcrumb\",\"itemListElement\":[{\"@type\":\"ListItem\",\"position\":1,\"name\":\"Ohjeita ja vinkkej\u00e4\",\"item\":\"https:\\\/\\\/blogit.gradia.fi\\\/digipalvelut\\\/ohjeita-ja-vinkkeja\\\/\"},{\"@type\":\"ListItem\",\"position\":2,\"name\":\"Office 365\",\"item\":\"https:\\\/\\\/blogit.gradia.fi\\\/digipalvelut\\\/ohjeita-ja-vinkkeja\\\/office-365\\\/\"},{\"@type\":\"ListItem\",\"position\":3,\"name\":\"Teams -kokouksen luonti\"}]},{\"@type\":\"WebSite\",\"@id\":\"https:\\\/\\\/blogit.gradia.fi\\\/digipalvelut\\\/#website\",\"url\":\"https:\\\/\\\/blogit.gradia.fi\\\/digipalvelut\\\/\",\"name\":\"Gradia Digipalvelut\",\"description\":\"Astetta enemm\u00e4n digi\u00e4\",\"publisher\":{\"@id\":\"https:\\\/\\\/blogit.gradia.fi\\\/digipalvelut\\\/#organization\"},\"potentialAction\":[{\"@type\":\"SearchAction\",\"target\":{\"@type\":\"EntryPoint\",\"urlTemplate\":\"https:\\\/\\\/blogit.gradia.fi\\\/digipalvelut\\\/?s={search_term_string}\"},\"query-input\":{\"@type\":\"PropertyValueSpecification\",\"valueRequired\":true,\"valueName\":\"search_term_string\"}}],\"inLanguage\":\"fi\"},{\"@type\":\"Organization\",\"@id\":\"https:\\\/\\\/blogit.gradia.fi\\\/digipalvelut\\\/#organization\",\"name\":\"Gradia Digipalvelut\",\"url\":\"https:\\\/\\\/blogit.gradia.fi\\\/digipalvelut\\\/\",\"logo\":{\"@type\":\"ImageObject\",\"inLanguage\":\"fi\",\"@id\":\"https:\\\/\\\/blogit.gradia.fi\\\/digipalvelut\\\/#\\\/schema\\\/logo\\\/image\\\/\",\"url\":\"https:\\\/\\\/blogit.gradia.fi\\\/digipalvelut\\\/wp-content\\\/uploads\\\/sites\\\/99\\\/2019\\\/06\\\/cropped-Gradia_logo_Cyber_TRANSPARENT.png\",\"contentUrl\":\"https:\\\/\\\/blogit.gradia.fi\\\/digipalvelut\\\/wp-content\\\/uploads\\\/sites\\\/99\\\/2019\\\/06\\\/cropped-Gradia_logo_Cyber_TRANSPARENT.png\",\"width\":316,\"height\":382,\"caption\":\"Gradia Digipalvelut\"},\"image\":{\"@id\":\"https:\\\/\\\/blogit.gradia.fi\\\/digipalvelut\\\/#\\\/schema\\\/logo\\\/image\\\/\"}}]}<\/script>\n<!-- \/ Yoast SEO plugin. -->","yoast_head_json":{"title":"Teams -kokouksen luonti - Gradia Digipalvelut","robots":{"index":"index","follow":"follow","max-snippet":"max-snippet:-1","max-image-preview":"max-image-preview:large","max-video-preview":"max-video-preview:-1"},"canonical":"https:\/\/blogit.gradia.fi\/digipalvelut\/ohjeita-ja-vinkkeja\/office-365\/teams-kokouksen-luonti\/","og_locale":"fi_FI","og_type":"article","og_title":"Teams -kokouksen luonti - Gradia Digipalvelut","og_description":"Teams kokouksen lunti Outlook -sovelluksessaTeams -kokouslinkin luominen Teams kokouksen luominen Outlook-ty\u00f6p\u00f6yt\u00e4sovelluksen kautta Avaa kalenteri ja maalaa haluamasi kokouksen ajankohta kalenterista. Klikkaa &#8221;uusi Teams -kokous&#8221; 3. Anna kokoukselle nimi ja kutsu osanottajat. Voit m\u00e4\u00e4ritt\u00e4\u00e4 kutsuun, kenelle osallistuminen on pakollinen ja kenelle valinnainen. Tarkasta viel\u00e4 aika ja p\u00e4iv\u00e4m\u00e4\u00e4r\u00e4. 4. KokousasetuksetLuotuasi kokouksen, voit [&hellip;]","og_url":"https:\/\/blogit.gradia.fi\/digipalvelut\/ohjeita-ja-vinkkeja\/office-365\/teams-kokouksen-luonti\/","og_site_name":"Gradia Digipalvelut","article_modified_time":"2020-03-18T11:37:23+00:00","og_image":[{"url":"https:\/\/blogit.gradia.fi\/digipalvelut\/wp-content\/uploads\/sites\/99\/2020\/03\/Outlook-kalenterikuva-1024x380.jpg","type":"","width":"","height":""}],"twitter_card":"summary_large_image","twitter_misc":{"Arvioitu lukuaika":"1 minuutti"},"schema":{"@context":"https:\/\/schema.org","@graph":[{"@type":"WebPage","@id":"https:\/\/blogit.gradia.fi\/digipalvelut\/ohjeita-ja-vinkkeja\/office-365\/teams-kokouksen-luonti\/","url":"https:\/\/blogit.gradia.fi\/digipalvelut\/ohjeita-ja-vinkkeja\/office-365\/teams-kokouksen-luonti\/","name":"Teams -kokouksen luonti - Gradia Digipalvelut","isPartOf":{"@id":"https:\/\/blogit.gradia.fi\/digipalvelut\/#website"},"primaryImageOfPage":{"@id":"https:\/\/blogit.gradia.fi\/digipalvelut\/ohjeita-ja-vinkkeja\/office-365\/teams-kokouksen-luonti\/#primaryimage"},"image":{"@id":"https:\/\/blogit.gradia.fi\/digipalvelut\/ohjeita-ja-vinkkeja\/office-365\/teams-kokouksen-luonti\/#primaryimage"},"thumbnailUrl":"https:\/\/blogit.gradia.fi\/digipalvelut\/wp-content\/uploads\/sites\/99\/2020\/03\/Outlook-kalenterikuva-1024x380.jpg","datePublished":"2020-03-18T10:59:47+00:00","dateModified":"2020-03-18T11:37:23+00:00","breadcrumb":{"@id":"https:\/\/blogit.gradia.fi\/digipalvelut\/ohjeita-ja-vinkkeja\/office-365\/teams-kokouksen-luonti\/#breadcrumb"},"inLanguage":"fi","potentialAction":[{"@type":"ReadAction","target":["https:\/\/blogit.gradia.fi\/digipalvelut\/ohjeita-ja-vinkkeja\/office-365\/teams-kokouksen-luonti\/"]}]},{"@type":"ImageObject","inLanguage":"fi","@id":"https:\/\/blogit.gradia.fi\/digipalvelut\/ohjeita-ja-vinkkeja\/office-365\/teams-kokouksen-luonti\/#primaryimage","url":"https:\/\/blogit.gradia.fi\/digipalvelut\/wp-content\/uploads\/sites\/99\/2020\/03\/Outlook-kalenterikuva.jpg","contentUrl":"https:\/\/blogit.gradia.fi\/digipalvelut\/wp-content\/uploads\/sites\/99\/2020\/03\/Outlook-kalenterikuva.jpg","width":1446,"height":537},{"@type":"BreadcrumbList","@id":"https:\/\/blogit.gradia.fi\/digipalvelut\/ohjeita-ja-vinkkeja\/office-365\/teams-kokouksen-luonti\/#breadcrumb","itemListElement":[{"@type":"ListItem","position":1,"name":"Ohjeita ja vinkkej\u00e4","item":"https:\/\/blogit.gradia.fi\/digipalvelut\/ohjeita-ja-vinkkeja\/"},{"@type":"ListItem","position":2,"name":"Office 365","item":"https:\/\/blogit.gradia.fi\/digipalvelut\/ohjeita-ja-vinkkeja\/office-365\/"},{"@type":"ListItem","position":3,"name":"Teams -kokouksen luonti"}]},{"@type":"WebSite","@id":"https:\/\/blogit.gradia.fi\/digipalvelut\/#website","url":"https:\/\/blogit.gradia.fi\/digipalvelut\/","name":"Gradia Digipalvelut","description":"Astetta enemm\u00e4n digi\u00e4","publisher":{"@id":"https:\/\/blogit.gradia.fi\/digipalvelut\/#organization"},"potentialAction":[{"@type":"SearchAction","target":{"@type":"EntryPoint","urlTemplate":"https:\/\/blogit.gradia.fi\/digipalvelut\/?s={search_term_string}"},"query-input":{"@type":"PropertyValueSpecification","valueRequired":true,"valueName":"search_term_string"}}],"inLanguage":"fi"},{"@type":"Organization","@id":"https:\/\/blogit.gradia.fi\/digipalvelut\/#organization","name":"Gradia Digipalvelut","url":"https:\/\/blogit.gradia.fi\/digipalvelut\/","logo":{"@type":"ImageObject","inLanguage":"fi","@id":"https:\/\/blogit.gradia.fi\/digipalvelut\/#\/schema\/logo\/image\/","url":"https:\/\/blogit.gradia.fi\/digipalvelut\/wp-content\/uploads\/sites\/99\/2019\/06\/cropped-Gradia_logo_Cyber_TRANSPARENT.png","contentUrl":"https:\/\/blogit.gradia.fi\/digipalvelut\/wp-content\/uploads\/sites\/99\/2019\/06\/cropped-Gradia_logo_Cyber_TRANSPARENT.png","width":316,"height":382,"caption":"Gradia Digipalvelut"},"image":{"@id":"https:\/\/blogit.gradia.fi\/digipalvelut\/#\/schema\/logo\/image\/"}}]}},"uagb_featured_image_src":{"full":false,"thumbnail":false,"medium":false,"medium_large":false,"large":false,"1536x1536":false,"2048x2048":false,"hestia-blog":false},"uagb_author_info":{"display_name":"Heini Pennanen","author_link":"https:\/\/blogit.gradia.fi\/digipalvelut\/author\/pennahei\/"},"uagb_comment_info":0,"uagb_excerpt":"Teams kokouksen lunti Outlook -sovelluksessaTeams -kokouslinkin luominen Teams kokouksen luominen Outlook-ty\u00f6p\u00f6yt\u00e4sovelluksen kautta Avaa kalenteri ja maalaa haluamasi kokouksen ajankohta kalenterista. Klikkaa &#8221;uusi Teams -kokous&#8221; 3. Anna kokoukselle nimi ja kutsu osanottajat. Voit m\u00e4\u00e4ritt\u00e4\u00e4 kutsuun, kenelle osallistuminen on pakollinen ja kenelle valinnainen. Tarkasta viel\u00e4 aika ja p\u00e4iv\u00e4m\u00e4\u00e4r\u00e4. 4. KokousasetuksetLuotuasi kokouksen, voit [&hellip;]","_links":{"self":[{"href":"https:\/\/blogit.gradia.fi\/digipalvelut\/wp-json\/wp\/v2\/pages\/1664","targetHints":{"allow":["GET"]}}],"collection":[{"href":"https:\/\/blogit.gradia.fi\/digipalvelut\/wp-json\/wp\/v2\/pages"}],"about":[{"href":"https:\/\/blogit.gradia.fi\/digipalvelut\/wp-json\/wp\/v2\/types\/page"}],"author":[{"embeddable":true,"href":"https:\/\/blogit.gradia.fi\/digipalvelut\/wp-json\/wp\/v2\/users\/165"}],"replies":[{"embeddable":true,"href":"https:\/\/blogit.gradia.fi\/digipalvelut\/wp-json\/wp\/v2\/comments?post=1664"}],"version-history":[{"count":8,"href":"https:\/\/blogit.gradia.fi\/digipalvelut\/wp-json\/wp\/v2\/pages\/1664\/revisions"}],"predecessor-version":[{"id":1687,"href":"https:\/\/blogit.gradia.fi\/digipalvelut\/wp-json\/wp\/v2\/pages\/1664\/revisions\/1687"}],"up":[{"embeddable":true,"href":"https:\/\/blogit.gradia.fi\/digipalvelut\/wp-json\/wp\/v2\/pages\/73"}],"wp:attachment":[{"href":"https:\/\/blogit.gradia.fi\/digipalvelut\/wp-json\/wp\/v2\/media?parent=1664"}],"curies":[{"name":"wp","href":"https:\/\/api.w.org\/{rel}","templated":true}]}}