{"id":1622,"date":"2020-03-17T14:28:17","date_gmt":"2020-03-17T12:28:17","guid":{"rendered":"https:\/\/blogit.gradia.fi\/digipalvelut\/?page_id=1622"},"modified":"2024-08-20T09:57:45","modified_gmt":"2024-08-20T06:57:45","slug":"opiskelijan-ohjeet","status":"publish","type":"page","link":"https:\/\/blogit.gradia.fi\/digipalvelut\/opiskelijan-ohjeet\/","title":{"rendered":"Ohjeita opiskelijoille"},"content":{"rendered":"\n<p>Sis\u00e4llys:  <\/p>\n\n\n\n<p><a href=\"#etaOpiskelu\">Et\u00e4opiskeluun valmistautuminen<\/a>  <\/p>\n\n\n\n<p><a href=\"#lataaOffice\">N\u00e4in lataat Officen omalle koneellesi <\/a> <br><a href=\"#liitykokous\">Teams -kokoukseen liittyminen<\/a><br><a href=\"#ulkopuolinen\">Gradian ulkopuolisen henkil\u00f6n liitt\u00e4minen <\/a><br><a href=\"https:\/\/blogit.gradia.fi\/digipalvelut\/wp-content\/uploads\/sites\/99\/2024\/08\/Wilma-sovelluksen-kayttoonotto-Android-laitteella.pdf\">Wilma-sovelluksen asentaminen Android puhelimeen ja sen k\u00e4ytt\u00f6\u00f6notto Gradian tunnuksella<\/a><br><a href=\"https:\/\/blogit.gradia.fi\/digipalvelut\/opiskelijan-ohjeet\/opiskelijan-kaksoistunnistautuminen\/\" target=\"_blank\" rel=\"noreferrer noopener\">Kaksivaiheisen tunnistaumisen k\u00e4ytt\u00f6\u00f6notto<\/a><br><a href=\"https:\/\/youtu.be\/jVoeMoBTQoI\" target=\"_blank\" rel=\"noreferrer noopener\">Ohjevideo Kaksoistunnistauminen Moodleen kirjauduttaessa<\/a><\/p>\n\n\n\n<h3 id=\"etaOpiskelu\">Et\u00e4opiskeluun valmistautuminen<\/h3>\n\n\n\n<ul class=\"wp-block-list\">\n<li>Etsi itsellesi mahdollisimman rauhallinen paikka, jossa voit keskitty\u00e4 opetukseen.<\/li>\n\n\n\n<li>Seuraa aktiivisesti Wilma-viestittely\u00e4. Se on oppilaitoksemme virallinen viestint\u00e4kanava oppilaillemme. <\/li>\n\n\n\n<li>Osallistu mahdolliseen j\u00e4rjestettyyn et\u00e4opetukseen. <\/li>\n\n\n\n<li>Ole\n ymm\u00e4rt\u00e4v\u00e4inen ja k\u00e4rsiv\u00e4llinen mahdollisten muutosten sek\u00e4 teknisten \nhaasteiden suhteen. Pyyd\u00e4 rohkeasti apua opettajalta tai \nopiskelukavereilta!<\/li>\n<\/ul>\n\n\n\n<p><strong>Etiketti Et\u00e4oppitunnilla<\/strong><\/p>\n\n\n\n<ul class=\"wp-block-list\">\n<li>Osallistu et\u00e4opetukseen ja ole aktiivinen tunnilla.<\/li>\n\n\n\n<li>Kuuntele ohjeita ja toisten puheenvuoroja.<\/li>\n\n\n\n<li>Pid\u00e4 mikrofoni suljettuna ellei sinulla ole puheenvuoroa.<\/li>\n\n\n\n<li>K\u00e4ytt\u00e4ydy asiallisesti sovellusten chateiss\u00e4.<\/li>\n\n\n\n<li> Jos tekniikka pett\u00e4\u00e4, ole k\u00e4rsiv\u00e4llinen. Ilmoita opettajalle  tilanteesta ja jatka opiskelua itsen\u00e4isesti, kunnes tekninen haaste  ratkeaa. <\/li>\n\n\n\n<li>Muista sulkea keskustelu- tai videoyhteydet, kun tunti loppuu.  <\/li>\n<\/ul>\n\n\n\n<p>Opiskelijana voit ottaa Microsoft Office 365 \u2013pilvipalvelun\nilmaiseksi k\u00e4ytt\u00f6\u00f6n opintojen ajaksi.<\/p>\n\n\n\n<h3 class=\"wp-block-heading\" id=\"lataaOffice\">N\u00e4in lataat Officen omalle koneellesi<\/h3>\n\n\n\n<p><a href=\"https:\/\/blogit.gradia.fi\/digipalvelut\/ohjeita-ja-vinkkeja\/office-365\/office-paketin-lataaminen-omalle-koneelle\/\" target=\"_blank\" rel=\"noreferrer noopener\">Katso ohjeet, kuinka lataat Microsoftin Office 365 -sovellukset omalle koneellesi. <\/a><\/p>\n\n\n\n<hr class=\"wp-block-separator has-css-opacity\" \/>\n\n\n\n<h2 class=\"wp-block-heading\" id=\"liitykokous\">Opiskelijan liittyminen Teams-kokoukseen<\/h2>\n\n\n\n<p>Alla olevalla videolla n\u00e4ytet\u00e4\u00e4n, kuinka opiskelija liittyy Teams -kokoukseen Wilmaan tulleella linkill\u00e4. <\/p>\n\n\n\n<figure class=\"wp-block-embed is-type-video is-provider-youtube wp-block-embed-youtube wp-embed-aspect-16-9 wp-has-aspect-ratio\"><div class=\"wp-block-embed__wrapper\">\n<iframe title=\"Opiskelijan liittyminen Teams kokoukseen\" width=\"750\" height=\"422\" src=\"https:\/\/www.youtube.com\/embed\/hraFMgorduE?feature=oembed\" frameborder=\"0\" allow=\"accelerometer; autoplay; clipboard-write; encrypted-media; gyroscope; picture-in-picture; web-share\" referrerpolicy=\"strict-origin-when-cross-origin\" allowfullscreen><\/iframe>\n<\/div><\/figure>\n\n\n\n<hr class=\"wp-block-separator has-css-opacity\" \/>\n\n\n\n<h3 class=\"wp-block-heading\" id=\"ulkopuolinen\">Ohje Gradian ulkopuolisen henkil\u00f6n liittymiseen Teams-kokoukseen<\/h3>\n\n\n\n<p>My\u00f6s Gradian ulkopuoliset henkil\u00f6t voivat helposti liitty\u00e4 j\u00e4rjestett\u00e4viin Teams-kokouksiin. Katso alla oleva ohje <\/p>\n\n\n\n<div class=\"wp-block-file\"><a id=\"wp-block-file--media-ffcc2ea1-32c1-4543-a998-458e715d7125\" href=\"https:\/\/blogit.gradia.fi\/digipalvelut\/wp-content\/uploads\/sites\/99\/2020\/04\/N\u00e4in-liityt-Teams-kokoukseen-ulkopuolinen.pdf\">N\u00e4in-liityt-Teams-kokoukseen-ulkopuolinen<\/a><a href=\"https:\/\/blogit.gradia.fi\/digipalvelut\/wp-content\/uploads\/sites\/99\/2020\/04\/N\u00e4in-liityt-Teams-kokoukseen-ulkopuolinen.pdf\" class=\"wp-block-file__button wp-element-button\" download aria-describedby=\"wp-block-file--media-ffcc2ea1-32c1-4543-a998-458e715d7125\">Lataa<\/a><\/div>\n","protected":false},"excerpt":{"rendered":"<p>Sis\u00e4llys: Et\u00e4opiskeluun valmistautuminen N\u00e4in lataat Officen omalle koneellesi Teams -kokoukseen liittyminenGradian ulkopuolisen henkil\u00f6n liitt\u00e4minen Wilma-sovelluksen asentaminen Android puhelimeen ja sen k\u00e4ytt\u00f6\u00f6notto Gradian tunnuksellaKaksivaiheisen tunnistaumisen k\u00e4ytt\u00f6\u00f6nottoOhjevideo Kaksoistunnistauminen Moodleen kirjauduttaessa Et\u00e4opiskeluun valmistautuminen Etiketti Et\u00e4oppitunnilla Opiskelijana voit ottaa Microsoft Office 365 \u2013pilvipalvelun ilmaiseksi k\u00e4ytt\u00f6\u00f6n opintojen ajaksi. N\u00e4in lataat Officen omalle koneellesi Katso ohjeet, [&hellip;]<\/p>\n","protected":false},"author":161,"featured_media":0,"parent":0,"menu_order":0,"comment_status":"closed","ping_status":"closed","template":"","meta":{"_uag_custom_page_level_css":"","footnotes":""},"class_list":["post-1622","page","type-page","status-publish","hentry"],"yoast_head":"<!-- This site is optimized with the Yoast SEO plugin v27.4 - https:\/\/yoast.com\/product\/yoast-seo-wordpress\/ -->\n<title>Ohjeita opiskelijoille - Gradia Digipalvelut<\/title>\n<meta name=\"robots\" content=\"index, follow, max-snippet:-1, max-image-preview:large, max-video-preview:-1\" \/>\n<link rel=\"canonical\" href=\"https:\/\/blogit.gradia.fi\/digipalvelut\/opiskelijan-ohjeet\/\" \/>\n<meta property=\"og:locale\" content=\"fi_FI\" \/>\n<meta property=\"og:type\" content=\"article\" \/>\n<meta property=\"og:title\" content=\"Ohjeita opiskelijoille - Gradia Digipalvelut\" \/>\n<meta property=\"og:description\" content=\"Sis\u00e4llys: Et\u00e4opiskeluun valmistautuminen N\u00e4in lataat Officen omalle koneellesi Teams -kokoukseen liittyminenGradian ulkopuolisen henkil\u00f6n liitt\u00e4minen Wilma-sovelluksen asentaminen Android puhelimeen ja sen k\u00e4ytt\u00f6\u00f6notto Gradian tunnuksellaKaksivaiheisen tunnistaumisen k\u00e4ytt\u00f6\u00f6nottoOhjevideo Kaksoistunnistauminen Moodleen kirjauduttaessa Et\u00e4opiskeluun valmistautuminen Etiketti Et\u00e4oppitunnilla Opiskelijana voit ottaa Microsoft Office 365 \u2013pilvipalvelun ilmaiseksi k\u00e4ytt\u00f6\u00f6n opintojen ajaksi. N\u00e4in lataat Officen omalle koneellesi Katso ohjeet, [&hellip;]\" \/>\n<meta property=\"og:url\" content=\"https:\/\/blogit.gradia.fi\/digipalvelut\/opiskelijan-ohjeet\/\" \/>\n<meta property=\"og:site_name\" content=\"Gradia Digipalvelut\" \/>\n<meta property=\"article:modified_time\" content=\"2024-08-20T06:57:45+00:00\" \/>\n<meta name=\"twitter:card\" content=\"summary_large_image\" \/>\n<meta name=\"twitter:label1\" content=\"Arvioitu lukuaika\" \/>\n\t<meta name=\"twitter:data1\" content=\"2 minuuttia\" \/>\n<script type=\"application\/ld+json\" class=\"yoast-schema-graph\">{\"@context\":\"https:\\\/\\\/schema.org\",\"@graph\":[{\"@type\":\"WebPage\",\"@id\":\"https:\\\/\\\/blogit.gradia.fi\\\/digipalvelut\\\/opiskelijan-ohjeet\\\/\",\"url\":\"https:\\\/\\\/blogit.gradia.fi\\\/digipalvelut\\\/opiskelijan-ohjeet\\\/\",\"name\":\"Ohjeita opiskelijoille - Gradia Digipalvelut\",\"isPartOf\":{\"@id\":\"https:\\\/\\\/blogit.gradia.fi\\\/digipalvelut\\\/#website\"},\"datePublished\":\"2020-03-17T12:28:17+00:00\",\"dateModified\":\"2024-08-20T06:57:45+00:00\",\"inLanguage\":\"fi\",\"potentialAction\":[{\"@type\":\"ReadAction\",\"target\":[\"https:\\\/\\\/blogit.gradia.fi\\\/digipalvelut\\\/opiskelijan-ohjeet\\\/\"]}]},{\"@type\":\"WebSite\",\"@id\":\"https:\\\/\\\/blogit.gradia.fi\\\/digipalvelut\\\/#website\",\"url\":\"https:\\\/\\\/blogit.gradia.fi\\\/digipalvelut\\\/\",\"name\":\"Gradia Digipalvelut\",\"description\":\"Astetta enemm\u00e4n digi\u00e4\",\"publisher\":{\"@id\":\"https:\\\/\\\/blogit.gradia.fi\\\/digipalvelut\\\/#organization\"},\"potentialAction\":[{\"@type\":\"SearchAction\",\"target\":{\"@type\":\"EntryPoint\",\"urlTemplate\":\"https:\\\/\\\/blogit.gradia.fi\\\/digipalvelut\\\/?s={search_term_string}\"},\"query-input\":{\"@type\":\"PropertyValueSpecification\",\"valueRequired\":true,\"valueName\":\"search_term_string\"}}],\"inLanguage\":\"fi\"},{\"@type\":\"Organization\",\"@id\":\"https:\\\/\\\/blogit.gradia.fi\\\/digipalvelut\\\/#organization\",\"name\":\"Gradia Digipalvelut\",\"url\":\"https:\\\/\\\/blogit.gradia.fi\\\/digipalvelut\\\/\",\"logo\":{\"@type\":\"ImageObject\",\"inLanguage\":\"fi\",\"@id\":\"https:\\\/\\\/blogit.gradia.fi\\\/digipalvelut\\\/#\\\/schema\\\/logo\\\/image\\\/\",\"url\":\"https:\\\/\\\/blogit.gradia.fi\\\/digipalvelut\\\/wp-content\\\/uploads\\\/sites\\\/99\\\/2019\\\/06\\\/cropped-Gradia_logo_Cyber_TRANSPARENT.png\",\"contentUrl\":\"https:\\\/\\\/blogit.gradia.fi\\\/digipalvelut\\\/wp-content\\\/uploads\\\/sites\\\/99\\\/2019\\\/06\\\/cropped-Gradia_logo_Cyber_TRANSPARENT.png\",\"width\":316,\"height\":382,\"caption\":\"Gradia Digipalvelut\"},\"image\":{\"@id\":\"https:\\\/\\\/blogit.gradia.fi\\\/digipalvelut\\\/#\\\/schema\\\/logo\\\/image\\\/\"}}]}<\/script>\n<!-- \/ Yoast SEO plugin. -->","yoast_head_json":{"title":"Ohjeita opiskelijoille - Gradia Digipalvelut","robots":{"index":"index","follow":"follow","max-snippet":"max-snippet:-1","max-image-preview":"max-image-preview:large","max-video-preview":"max-video-preview:-1"},"canonical":"https:\/\/blogit.gradia.fi\/digipalvelut\/opiskelijan-ohjeet\/","og_locale":"fi_FI","og_type":"article","og_title":"Ohjeita opiskelijoille - Gradia Digipalvelut","og_description":"Sis\u00e4llys: Et\u00e4opiskeluun valmistautuminen N\u00e4in lataat Officen omalle koneellesi Teams -kokoukseen liittyminenGradian ulkopuolisen henkil\u00f6n liitt\u00e4minen Wilma-sovelluksen asentaminen Android puhelimeen ja sen k\u00e4ytt\u00f6\u00f6notto Gradian tunnuksellaKaksivaiheisen tunnistaumisen k\u00e4ytt\u00f6\u00f6nottoOhjevideo Kaksoistunnistauminen Moodleen kirjauduttaessa Et\u00e4opiskeluun valmistautuminen Etiketti Et\u00e4oppitunnilla Opiskelijana voit ottaa Microsoft Office 365 \u2013pilvipalvelun ilmaiseksi k\u00e4ytt\u00f6\u00f6n opintojen ajaksi. N\u00e4in lataat Officen omalle koneellesi Katso ohjeet, [&hellip;]","og_url":"https:\/\/blogit.gradia.fi\/digipalvelut\/opiskelijan-ohjeet\/","og_site_name":"Gradia Digipalvelut","article_modified_time":"2024-08-20T06:57:45+00:00","twitter_card":"summary_large_image","twitter_misc":{"Arvioitu lukuaika":"2 minuuttia"},"schema":{"@context":"https:\/\/schema.org","@graph":[{"@type":"WebPage","@id":"https:\/\/blogit.gradia.fi\/digipalvelut\/opiskelijan-ohjeet\/","url":"https:\/\/blogit.gradia.fi\/digipalvelut\/opiskelijan-ohjeet\/","name":"Ohjeita opiskelijoille - Gradia Digipalvelut","isPartOf":{"@id":"https:\/\/blogit.gradia.fi\/digipalvelut\/#website"},"datePublished":"2020-03-17T12:28:17+00:00","dateModified":"2024-08-20T06:57:45+00:00","inLanguage":"fi","potentialAction":[{"@type":"ReadAction","target":["https:\/\/blogit.gradia.fi\/digipalvelut\/opiskelijan-ohjeet\/"]}]},{"@type":"WebSite","@id":"https:\/\/blogit.gradia.fi\/digipalvelut\/#website","url":"https:\/\/blogit.gradia.fi\/digipalvelut\/","name":"Gradia Digipalvelut","description":"Astetta enemm\u00e4n digi\u00e4","publisher":{"@id":"https:\/\/blogit.gradia.fi\/digipalvelut\/#organization"},"potentialAction":[{"@type":"SearchAction","target":{"@type":"EntryPoint","urlTemplate":"https:\/\/blogit.gradia.fi\/digipalvelut\/?s={search_term_string}"},"query-input":{"@type":"PropertyValueSpecification","valueRequired":true,"valueName":"search_term_string"}}],"inLanguage":"fi"},{"@type":"Organization","@id":"https:\/\/blogit.gradia.fi\/digipalvelut\/#organization","name":"Gradia Digipalvelut","url":"https:\/\/blogit.gradia.fi\/digipalvelut\/","logo":{"@type":"ImageObject","inLanguage":"fi","@id":"https:\/\/blogit.gradia.fi\/digipalvelut\/#\/schema\/logo\/image\/","url":"https:\/\/blogit.gradia.fi\/digipalvelut\/wp-content\/uploads\/sites\/99\/2019\/06\/cropped-Gradia_logo_Cyber_TRANSPARENT.png","contentUrl":"https:\/\/blogit.gradia.fi\/digipalvelut\/wp-content\/uploads\/sites\/99\/2019\/06\/cropped-Gradia_logo_Cyber_TRANSPARENT.png","width":316,"height":382,"caption":"Gradia Digipalvelut"},"image":{"@id":"https:\/\/blogit.gradia.fi\/digipalvelut\/#\/schema\/logo\/image\/"}}]}},"uagb_featured_image_src":{"full":false,"thumbnail":false,"medium":false,"medium_large":false,"large":false,"1536x1536":false,"2048x2048":false,"hestia-blog":false},"uagb_author_info":{"display_name":"Hanna Frilander","author_link":"https:\/\/blogit.gradia.fi\/digipalvelut\/author\/frilahan\/"},"uagb_comment_info":0,"uagb_excerpt":"Sis\u00e4llys: Et\u00e4opiskeluun valmistautuminen N\u00e4in lataat Officen omalle koneellesi Teams -kokoukseen liittyminenGradian ulkopuolisen henkil\u00f6n liitt\u00e4minen Wilma-sovelluksen asentaminen Android puhelimeen ja sen k\u00e4ytt\u00f6\u00f6notto Gradian tunnuksellaKaksivaiheisen tunnistaumisen k\u00e4ytt\u00f6\u00f6nottoOhjevideo Kaksoistunnistauminen Moodleen kirjauduttaessa Et\u00e4opiskeluun valmistautuminen Etiketti Et\u00e4oppitunnilla Opiskelijana voit ottaa Microsoft Office 365 \u2013pilvipalvelun ilmaiseksi k\u00e4ytt\u00f6\u00f6n opintojen ajaksi. N\u00e4in lataat Officen omalle koneellesi Katso ohjeet, [&hellip;]","_links":{"self":[{"href":"https:\/\/blogit.gradia.fi\/digipalvelut\/wp-json\/wp\/v2\/pages\/1622","targetHints":{"allow":["GET"]}}],"collection":[{"href":"https:\/\/blogit.gradia.fi\/digipalvelut\/wp-json\/wp\/v2\/pages"}],"about":[{"href":"https:\/\/blogit.gradia.fi\/digipalvelut\/wp-json\/wp\/v2\/types\/page"}],"author":[{"embeddable":true,"href":"https:\/\/blogit.gradia.fi\/digipalvelut\/wp-json\/wp\/v2\/users\/161"}],"replies":[{"embeddable":true,"href":"https:\/\/blogit.gradia.fi\/digipalvelut\/wp-json\/wp\/v2\/comments?post=1622"}],"version-history":[{"count":19,"href":"https:\/\/blogit.gradia.fi\/digipalvelut\/wp-json\/wp\/v2\/pages\/1622\/revisions"}],"predecessor-version":[{"id":2515,"href":"https:\/\/blogit.gradia.fi\/digipalvelut\/wp-json\/wp\/v2\/pages\/1622\/revisions\/2515"}],"wp:attachment":[{"href":"https:\/\/blogit.gradia.fi\/digipalvelut\/wp-json\/wp\/v2\/media?parent=1622"}],"curies":[{"name":"wp","href":"https:\/\/api.w.org\/{rel}","templated":true}]}}