{"id":1608,"date":"2020-03-17T10:49:01","date_gmt":"2020-03-17T08:49:01","guid":{"rendered":"https:\/\/blogit.gradia.fi\/digipalvelut\/?page_id=1608"},"modified":"2020-03-25T15:31:46","modified_gmt":"2020-03-25T13:31:46","slug":"etaopetus","status":"publish","type":"page","link":"https:\/\/blogit.gradia.fi\/digipalvelut\/ohjeita-ja-vinkkeja\/etaopetus\/","title":{"rendered":"Et\u00e4opetus"},"content":{"rendered":"\n<p>Et\u00e4opetus on verkon kautta toteutettua opetusta. Opetus voi olla reaaliaikaista tai ajasta ja\/tai paikasta riippumatonta. Et\u00e4opetusta voidaan toteuttaa monilla erilaisilla v\u00e4lineill\u00e4 ja ty\u00f6kaluilla. <\/p>\n\n\n\n<p><strong>RAKENTUMASSA<\/strong><\/p>\n\n\n\n<p>Alla noin 35min mittainen video vinkeist\u00e4 Et\u00e4opetuksen totetuttamiseen Gradiassa.<\/p>\n\n\n\n<figure class=\"wp-block-embed-youtube wp-block-embed is-type-video is-provider-youtube wp-embed-aspect-16-9 wp-has-aspect-ratio\"><div class=\"wp-block-embed__wrapper\">\n<iframe title=\"Et\u00e4opetuksen ty\u00f6v\u00e4lineit\u00e4\" width=\"750\" height=\"422\" src=\"https:\/\/www.youtube.com\/embed\/koSkZvew9rc?feature=oembed\" frameborder=\"0\" allow=\"accelerometer; autoplay; clipboard-write; encrypted-media; gyroscope; picture-in-picture; web-share\" allowfullscreen><\/iframe>\n<\/div><figcaption>Vinkkej\u00e4 et\u00e4opetuksen toteuttamiseen Gradiassa Heini Pennanen ja Merja Hakanen<\/figcaption><\/figure>\n\n\n\n<h2 class=\"wp-block-heading\">Et\u00e4opetuksen aloittaminen poikkeustilanteessa<\/h2>\n\n\n\n<h3 class=\"wp-block-heading\"><strong>Et\u00e4opetustunnin valmistelu ja suunnittelu<\/strong><\/h3>\n\n\n\n<ul class=\"wp-block-list\"><li>Valitse v\u00e4line. Hy\u00f6dynn\u00e4 et\u00e4opetuksessa itsellesi tuttuja organisaation tukemia v\u00e4lineit\u00e4.<\/li><li>Suunnittele opetustuokion sis\u00e4lt\u00f6; miss\u00e4 ja mit\u00e4 tietoa jaat oppilaille, miten jaat ohjeita ja miss\u00e4 vastaat opiskelijoiden kysymyksiin.<\/li><li>Rakenna opetus mahdollisuuksien mukaan olemassa olevan lukuj\u00e4rjestyksen ajoille. N\u00e4in tuet opiskelijoiden p\u00e4iv\u00e4n rakennetta.<\/li><li>Aikatauluta opetustuokio itsellesi. Huomioi, ett\u00e4 kaikki voi olla uutta opiskelijoille, joten varaa aikaa.<\/li><li>Ohjeista teht\u00e4v\u00e4t, niiden tekeminen ja palautus mahdollisimman selke\u00e4sti.<\/li><li>Aikatauluta itsen\u00e4inen ty\u00f6skentely<\/li><li>Ole opiskelijoiden tavoitettavissa <\/li><\/ul>\n\n\n\n<h3 class=\"wp-block-heading\"><strong>Et\u00e4opetuksen toteutus<\/strong><\/h3>\n\n\n\n<ul class=\"wp-block-list\"><li>L\u00e4het\u00e4 opiskelijoille linkki et\u00e4yhteyteen Wilma kautta. Muistuta tarvittaessa kaksivaiheisessa tunnistautumisessa. <a href=\"https:\/\/blogit.gradia.fi\/digipalvelut\/ohjeita-ja-vinkkeja\/laitteet\/kaksivaiheisen-tunnistautumisen-mfa-kayttoonotto\/\">Ohjeet opiskelijoille<\/a> <\/li><li>Aloita opetustuokio yhteisell\u00e4 et\u00e4yhteydell\u00e4, mik\u00e4li mahdollista. Kerro opetustuokion aikataulu. <\/li><li>Ohjeista itsen\u00e4isen teht\u00e4v\u00e4n tekeminen ja palautus. Huom. muista, ett\u00e4 opiskelijat voivat ty\u00f6skennell\u00e4 et\u00e4n\u00e4kin yhdess\u00e4 esim. yhteiskirjoittamalla jakamalla PowerPoint- tai Word -tiedoston toisilleen. <\/li><li>Antaessasi opiskelijoille teht\u00e4vi\u00e4, niin huomioi, ett\u00e4 tekninen puoli voi olla opiskelijoille uutta ja vied\u00e4 aikaa enemm\u00e4n kuin normaalisti, joten varaa riitt\u00e4v\u00e4sti aikaa teht\u00e4v\u00e4n tekemiseen. <\/li><li>Hyv\u00e4 olisi my\u00f6s pohtia, ett\u00e4 et\u00e4opetuksen my\u00f6t\u00e4 opiskelijoiden kirjallisten teht\u00e4vien m\u00e4\u00e4r\u00e4 kasvaa helposti. Huomioi t\u00e4m\u00e4 teht\u00e4vien mitoituksessa. <\/li><li>Sovi yhteinen aika, jolloin palaatte yhteiseen et\u00e4yhteyteen.<\/li><li>Ole opiskelijoiden tavoitettavissa et\u00e4yhteyden p\u00e4\u00e4ss\u00e4 mahdollisia kysymyksi\u00e4 varten. <\/li><li>Palatkaa  lopuksi viel\u00e4 yhteiseen verkkokoukseen. Tee yhteenveto yhteisest\u00e4 ty\u00f6skentelyst\u00e4 ja sovi jatkosta. <\/li><li>Muista tauot! Oma ja oppilaiden ty\u00f6n tauottaminen on t\u00e4rke\u00e4\u00e4. P\u00e4iv\u00e4n aikana tulee paljon istumista, joten kannusta oppilaita liikkumaan ja muista liikkua my\u00f6s itse. <\/li><\/ul>\n\n\n\n<h2 class=\"wp-block-heading\">Gradian oppimisymp\u00e4rist\u00f6t<\/h2>\n\n\n\n<p> Virallinen viestint\u00e4kanava Wilma (https:\/\/wilma.gradia.fi) <br><strong>Oppimisymp\u00e4rist\u00f6t<\/strong><br>Moodle (https:\/\/moodle.gradia.fi)<br>Peda.net (https:\/\/peda.net\/jao)<br>Optima (https:\/\/optima.gradia.fi)<br>O365 ymp\u00e4rist\u00f6 (https:\/\/office.gradia.fi)<\/p>\n\n\n\n<h2 class=\"wp-block-heading\">Teamsin k\u00e4ytt\u00f6 et\u00e4opetuksessa<\/h2>\n\n\n\n<p>Voit k\u00e4ytt\u00e4\u00e4 Teamsi\u00e4 et\u00e4opetuksessa joko Teams -kokouksina tai Teamsin luokkamuotoisina tiimein\u00e4. <\/p>\n\n\n\n<p><strong>Teams -kokoukset<\/strong><\/p>\n\n\n\n<ul class=\"wp-block-list\"><li>matalan kynnyksen yhteydenpito opiskelijaryhm\u00e4\u00e4n<\/li><li>esitysmateriaalin ja teht\u00e4vien esitt\u00e4minen ryhm\u00e4lle<\/li><li>yksitt\u00e4isen opiskelijan ohjaus tai ty\u00f6el\u00e4m\u00e4ss\u00e4tapahtuvan opiskelun ohjaus<\/li><li>Kokoukseen mahtuu jop 250 henkil\u00f6\u00e4, voivat olla my\u00f6s organisaatiomme ulkopuolelta.<\/li><\/ul>\n\n\n\n<p><strong>Teams -luokkamutoinen tiimi<\/strong><\/p>\n\n\n\n<ul class=\"wp-block-list\"><li>opintojakson sis\u00e4lt\u00f6 ja eteneminen<\/li><li>teht\u00e4v\u00e4nannot ja palautukset<\/li><li>keskustelut  ja ohjaus<\/li><\/ul>\n\n\n\n<p>Alla ohje luokkamuotoisen tiimin rakentamiseen ja opintojakson pit\u00e4miseen.<\/p>\n\n\n\n<div class=\"wp-block-file\"><a href=\"https:\/\/blogit.gradia.fi\/digipalvelut\/wp-content\/uploads\/sites\/99\/2020\/03\/Teams-opetuksessa.pdf\">Teams-opetuksessa<\/a><a href=\"https:\/\/blogit.gradia.fi\/digipalvelut\/wp-content\/uploads\/sites\/99\/2020\/03\/Teams-opetuksessa.pdf\" class=\"wp-block-file__button\" download>Lataa<\/a><\/div>\n\n\n\n<p>Katso video, kuinka Teamsia voi k\u00e4ytt\u00e4\u00e4 laajemmin et\u00e4opetuksen tukena luomalla opiskelijaryhm\u00e4lle luokkamuotoisen tiimin.  Kesto 31 minuuttia. <\/p>\n\n\n\n<figure class=\"wp-block-embed-youtube wp-block-embed is-type-video is-provider-youtube wp-embed-aspect-16-9 wp-has-aspect-ratio\"><div class=\"wp-block-embed__wrapper\">\n<iframe title=\"Teams luokkatiimit ja tehtavat\" width=\"750\" height=\"422\" src=\"https:\/\/www.youtube.com\/embed\/kH1Y_RWm91A?feature=oembed\" frameborder=\"0\" allow=\"accelerometer; autoplay; clipboard-write; encrypted-media; gyroscope; picture-in-picture; web-share\" allowfullscreen><\/iframe>\n<\/div><\/figure>\n\n\n\n<p>Hy\u00f6dynn\u00e4 Teamsin opetusk\u00e4yt\u00f6ss\u00e4 erilaisia kanavia, joita voit jaotella esimerkiksi teemojen mukaan. Kanavat voivat olla tiimin sis\u00e4ll\u00e4 julkisia, jolloin kaikki tiimin j\u00e4senet p\u00e4\u00e4sev\u00e4t niihin. Kanavat voivat olla my\u00f6s yksityisi\u00e4, jolloin voit rajoittaa kuinka moni tiimin j\u00e4senist\u00e4 p\u00e4\u00e4see yksitt\u00e4iseen yksityiskanavaan. Yksityis- eli privaattikanavia voi yhdess\u00e4 tiimiss\u00e4 olla 30, mutta niiss\u00e4kin kunkin kanavan sis\u00e4ll\u00e4 voi olla 250 j\u00e4sent\u00e4. <\/p>\n","protected":false},"excerpt":{"rendered":"<p>Et\u00e4opetus on verkon kautta toteutettua opetusta. Opetus voi olla reaaliaikaista tai ajasta ja\/tai paikasta riippumatonta. Et\u00e4opetusta voidaan toteuttaa monilla erilaisilla v\u00e4lineill\u00e4 ja ty\u00f6kaluilla. RAKENTUMASSA Alla noin 35min mittainen video vinkeist\u00e4 Et\u00e4opetuksen totetuttamiseen Gradiassa. Et\u00e4opetuksen aloittaminen poikkeustilanteessa Et\u00e4opetustunnin valmistelu ja suunnittelu Valitse v\u00e4line. Hy\u00f6dynn\u00e4 et\u00e4opetuksessa itsellesi tuttuja organisaation tukemia v\u00e4lineit\u00e4. Suunnittele [&hellip;]<\/p>\n","protected":false},"author":165,"featured_media":0,"parent":37,"menu_order":0,"comment_status":"closed","ping_status":"closed","template":"","meta":{"_uag_custom_page_level_css":"","footnotes":""},"class_list":["post-1608","page","type-page","status-publish","hentry"],"yoast_head":"<!-- This site is optimized with the Yoast SEO plugin v27.4 - https:\/\/yoast.com\/product\/yoast-seo-wordpress\/ -->\n<title>Et\u00e4opetus - Gradia Digipalvelut<\/title>\n<meta name=\"robots\" content=\"index, follow, max-snippet:-1, max-image-preview:large, max-video-preview:-1\" \/>\n<link rel=\"canonical\" href=\"https:\/\/blogit.gradia.fi\/digipalvelut\/ohjeita-ja-vinkkeja\/etaopetus\/\" \/>\n<meta property=\"og:locale\" content=\"fi_FI\" \/>\n<meta property=\"og:type\" content=\"article\" \/>\n<meta property=\"og:title\" content=\"Et\u00e4opetus - Gradia Digipalvelut\" \/>\n<meta property=\"og:description\" content=\"Et\u00e4opetus on verkon kautta toteutettua opetusta. Opetus voi olla reaaliaikaista tai ajasta ja\/tai paikasta riippumatonta. Et\u00e4opetusta voidaan toteuttaa monilla erilaisilla v\u00e4lineill\u00e4 ja ty\u00f6kaluilla. RAKENTUMASSA Alla noin 35min mittainen video vinkeist\u00e4 Et\u00e4opetuksen totetuttamiseen Gradiassa. Et\u00e4opetuksen aloittaminen poikkeustilanteessa Et\u00e4opetustunnin valmistelu ja suunnittelu Valitse v\u00e4line. Hy\u00f6dynn\u00e4 et\u00e4opetuksessa itsellesi tuttuja organisaation tukemia v\u00e4lineit\u00e4. Suunnittele [&hellip;]\" \/>\n<meta property=\"og:url\" content=\"https:\/\/blogit.gradia.fi\/digipalvelut\/ohjeita-ja-vinkkeja\/etaopetus\/\" \/>\n<meta property=\"og:site_name\" content=\"Gradia Digipalvelut\" \/>\n<meta property=\"article:modified_time\" content=\"2020-03-25T13:31:46+00:00\" \/>\n<meta name=\"twitter:card\" content=\"summary_large_image\" \/>\n<meta name=\"twitter:label1\" content=\"Arvioitu lukuaika\" \/>\n\t<meta name=\"twitter:data1\" content=\"3 minuuttia\" \/>\n<script type=\"application\/ld+json\" class=\"yoast-schema-graph\">{\"@context\":\"https:\\\/\\\/schema.org\",\"@graph\":[{\"@type\":\"WebPage\",\"@id\":\"https:\\\/\\\/blogit.gradia.fi\\\/digipalvelut\\\/ohjeita-ja-vinkkeja\\\/etaopetus\\\/\",\"url\":\"https:\\\/\\\/blogit.gradia.fi\\\/digipalvelut\\\/ohjeita-ja-vinkkeja\\\/etaopetus\\\/\",\"name\":\"Et\u00e4opetus - Gradia Digipalvelut\",\"isPartOf\":{\"@id\":\"https:\\\/\\\/blogit.gradia.fi\\\/digipalvelut\\\/#website\"},\"datePublished\":\"2020-03-17T08:49:01+00:00\",\"dateModified\":\"2020-03-25T13:31:46+00:00\",\"breadcrumb\":{\"@id\":\"https:\\\/\\\/blogit.gradia.fi\\\/digipalvelut\\\/ohjeita-ja-vinkkeja\\\/etaopetus\\\/#breadcrumb\"},\"inLanguage\":\"fi\",\"potentialAction\":[{\"@type\":\"ReadAction\",\"target\":[\"https:\\\/\\\/blogit.gradia.fi\\\/digipalvelut\\\/ohjeita-ja-vinkkeja\\\/etaopetus\\\/\"]}]},{\"@type\":\"BreadcrumbList\",\"@id\":\"https:\\\/\\\/blogit.gradia.fi\\\/digipalvelut\\\/ohjeita-ja-vinkkeja\\\/etaopetus\\\/#breadcrumb\",\"itemListElement\":[{\"@type\":\"ListItem\",\"position\":1,\"name\":\"Ohjeita ja vinkkej\u00e4\",\"item\":\"https:\\\/\\\/blogit.gradia.fi\\\/digipalvelut\\\/ohjeita-ja-vinkkeja\\\/\"},{\"@type\":\"ListItem\",\"position\":2,\"name\":\"Et\u00e4opetus\"}]},{\"@type\":\"WebSite\",\"@id\":\"https:\\\/\\\/blogit.gradia.fi\\\/digipalvelut\\\/#website\",\"url\":\"https:\\\/\\\/blogit.gradia.fi\\\/digipalvelut\\\/\",\"name\":\"Gradia Digipalvelut\",\"description\":\"Astetta enemm\u00e4n digi\u00e4\",\"publisher\":{\"@id\":\"https:\\\/\\\/blogit.gradia.fi\\\/digipalvelut\\\/#organization\"},\"potentialAction\":[{\"@type\":\"SearchAction\",\"target\":{\"@type\":\"EntryPoint\",\"urlTemplate\":\"https:\\\/\\\/blogit.gradia.fi\\\/digipalvelut\\\/?s={search_term_string}\"},\"query-input\":{\"@type\":\"PropertyValueSpecification\",\"valueRequired\":true,\"valueName\":\"search_term_string\"}}],\"inLanguage\":\"fi\"},{\"@type\":\"Organization\",\"@id\":\"https:\\\/\\\/blogit.gradia.fi\\\/digipalvelut\\\/#organization\",\"name\":\"Gradia Digipalvelut\",\"url\":\"https:\\\/\\\/blogit.gradia.fi\\\/digipalvelut\\\/\",\"logo\":{\"@type\":\"ImageObject\",\"inLanguage\":\"fi\",\"@id\":\"https:\\\/\\\/blogit.gradia.fi\\\/digipalvelut\\\/#\\\/schema\\\/logo\\\/image\\\/\",\"url\":\"https:\\\/\\\/blogit.gradia.fi\\\/digipalvelut\\\/wp-content\\\/uploads\\\/sites\\\/99\\\/2019\\\/06\\\/cropped-Gradia_logo_Cyber_TRANSPARENT.png\",\"contentUrl\":\"https:\\\/\\\/blogit.gradia.fi\\\/digipalvelut\\\/wp-content\\\/uploads\\\/sites\\\/99\\\/2019\\\/06\\\/cropped-Gradia_logo_Cyber_TRANSPARENT.png\",\"width\":316,\"height\":382,\"caption\":\"Gradia Digipalvelut\"},\"image\":{\"@id\":\"https:\\\/\\\/blogit.gradia.fi\\\/digipalvelut\\\/#\\\/schema\\\/logo\\\/image\\\/\"}}]}<\/script>\n<!-- \/ Yoast SEO plugin. -->","yoast_head_json":{"title":"Et\u00e4opetus - Gradia Digipalvelut","robots":{"index":"index","follow":"follow","max-snippet":"max-snippet:-1","max-image-preview":"max-image-preview:large","max-video-preview":"max-video-preview:-1"},"canonical":"https:\/\/blogit.gradia.fi\/digipalvelut\/ohjeita-ja-vinkkeja\/etaopetus\/","og_locale":"fi_FI","og_type":"article","og_title":"Et\u00e4opetus - Gradia Digipalvelut","og_description":"Et\u00e4opetus on verkon kautta toteutettua opetusta. Opetus voi olla reaaliaikaista tai ajasta ja\/tai paikasta riippumatonta. Et\u00e4opetusta voidaan toteuttaa monilla erilaisilla v\u00e4lineill\u00e4 ja ty\u00f6kaluilla. RAKENTUMASSA Alla noin 35min mittainen video vinkeist\u00e4 Et\u00e4opetuksen totetuttamiseen Gradiassa. Et\u00e4opetuksen aloittaminen poikkeustilanteessa Et\u00e4opetustunnin valmistelu ja suunnittelu Valitse v\u00e4line. Hy\u00f6dynn\u00e4 et\u00e4opetuksessa itsellesi tuttuja organisaation tukemia v\u00e4lineit\u00e4. Suunnittele [&hellip;]","og_url":"https:\/\/blogit.gradia.fi\/digipalvelut\/ohjeita-ja-vinkkeja\/etaopetus\/","og_site_name":"Gradia Digipalvelut","article_modified_time":"2020-03-25T13:31:46+00:00","twitter_card":"summary_large_image","twitter_misc":{"Arvioitu lukuaika":"3 minuuttia"},"schema":{"@context":"https:\/\/schema.org","@graph":[{"@type":"WebPage","@id":"https:\/\/blogit.gradia.fi\/digipalvelut\/ohjeita-ja-vinkkeja\/etaopetus\/","url":"https:\/\/blogit.gradia.fi\/digipalvelut\/ohjeita-ja-vinkkeja\/etaopetus\/","name":"Et\u00e4opetus - Gradia Digipalvelut","isPartOf":{"@id":"https:\/\/blogit.gradia.fi\/digipalvelut\/#website"},"datePublished":"2020-03-17T08:49:01+00:00","dateModified":"2020-03-25T13:31:46+00:00","breadcrumb":{"@id":"https:\/\/blogit.gradia.fi\/digipalvelut\/ohjeita-ja-vinkkeja\/etaopetus\/#breadcrumb"},"inLanguage":"fi","potentialAction":[{"@type":"ReadAction","target":["https:\/\/blogit.gradia.fi\/digipalvelut\/ohjeita-ja-vinkkeja\/etaopetus\/"]}]},{"@type":"BreadcrumbList","@id":"https:\/\/blogit.gradia.fi\/digipalvelut\/ohjeita-ja-vinkkeja\/etaopetus\/#breadcrumb","itemListElement":[{"@type":"ListItem","position":1,"name":"Ohjeita ja vinkkej\u00e4","item":"https:\/\/blogit.gradia.fi\/digipalvelut\/ohjeita-ja-vinkkeja\/"},{"@type":"ListItem","position":2,"name":"Et\u00e4opetus"}]},{"@type":"WebSite","@id":"https:\/\/blogit.gradia.fi\/digipalvelut\/#website","url":"https:\/\/blogit.gradia.fi\/digipalvelut\/","name":"Gradia Digipalvelut","description":"Astetta enemm\u00e4n digi\u00e4","publisher":{"@id":"https:\/\/blogit.gradia.fi\/digipalvelut\/#organization"},"potentialAction":[{"@type":"SearchAction","target":{"@type":"EntryPoint","urlTemplate":"https:\/\/blogit.gradia.fi\/digipalvelut\/?s={search_term_string}"},"query-input":{"@type":"PropertyValueSpecification","valueRequired":true,"valueName":"search_term_string"}}],"inLanguage":"fi"},{"@type":"Organization","@id":"https:\/\/blogit.gradia.fi\/digipalvelut\/#organization","name":"Gradia Digipalvelut","url":"https:\/\/blogit.gradia.fi\/digipalvelut\/","logo":{"@type":"ImageObject","inLanguage":"fi","@id":"https:\/\/blogit.gradia.fi\/digipalvelut\/#\/schema\/logo\/image\/","url":"https:\/\/blogit.gradia.fi\/digipalvelut\/wp-content\/uploads\/sites\/99\/2019\/06\/cropped-Gradia_logo_Cyber_TRANSPARENT.png","contentUrl":"https:\/\/blogit.gradia.fi\/digipalvelut\/wp-content\/uploads\/sites\/99\/2019\/06\/cropped-Gradia_logo_Cyber_TRANSPARENT.png","width":316,"height":382,"caption":"Gradia Digipalvelut"},"image":{"@id":"https:\/\/blogit.gradia.fi\/digipalvelut\/#\/schema\/logo\/image\/"}}]}},"uagb_featured_image_src":{"full":false,"thumbnail":false,"medium":false,"medium_large":false,"large":false,"1536x1536":false,"2048x2048":false,"hestia-blog":false},"uagb_author_info":{"display_name":"Heini Pennanen","author_link":"https:\/\/blogit.gradia.fi\/digipalvelut\/author\/pennahei\/"},"uagb_comment_info":0,"uagb_excerpt":"Et\u00e4opetus on verkon kautta toteutettua opetusta. Opetus voi olla reaaliaikaista tai ajasta ja\/tai paikasta riippumatonta. Et\u00e4opetusta voidaan toteuttaa monilla erilaisilla v\u00e4lineill\u00e4 ja ty\u00f6kaluilla. RAKENTUMASSA Alla noin 35min mittainen video vinkeist\u00e4 Et\u00e4opetuksen totetuttamiseen Gradiassa. Et\u00e4opetuksen aloittaminen poikkeustilanteessa Et\u00e4opetustunnin valmistelu ja suunnittelu Valitse v\u00e4line. Hy\u00f6dynn\u00e4 et\u00e4opetuksessa itsellesi tuttuja organisaation tukemia v\u00e4lineit\u00e4. Suunnittele [&hellip;]","_links":{"self":[{"href":"https:\/\/blogit.gradia.fi\/digipalvelut\/wp-json\/wp\/v2\/pages\/1608","targetHints":{"allow":["GET"]}}],"collection":[{"href":"https:\/\/blogit.gradia.fi\/digipalvelut\/wp-json\/wp\/v2\/pages"}],"about":[{"href":"https:\/\/blogit.gradia.fi\/digipalvelut\/wp-json\/wp\/v2\/types\/page"}],"author":[{"embeddable":true,"href":"https:\/\/blogit.gradia.fi\/digipalvelut\/wp-json\/wp\/v2\/users\/165"}],"replies":[{"embeddable":true,"href":"https:\/\/blogit.gradia.fi\/digipalvelut\/wp-json\/wp\/v2\/comments?post=1608"}],"version-history":[{"count":22,"href":"https:\/\/blogit.gradia.fi\/digipalvelut\/wp-json\/wp\/v2\/pages\/1608\/revisions"}],"predecessor-version":[{"id":1781,"href":"https:\/\/blogit.gradia.fi\/digipalvelut\/wp-json\/wp\/v2\/pages\/1608\/revisions\/1781"}],"up":[{"embeddable":true,"href":"https:\/\/blogit.gradia.fi\/digipalvelut\/wp-json\/wp\/v2\/pages\/37"}],"wp:attachment":[{"href":"https:\/\/blogit.gradia.fi\/digipalvelut\/wp-json\/wp\/v2\/media?parent=1608"}],"curies":[{"name":"wp","href":"https:\/\/api.w.org\/{rel}","templated":true}]}}