{"id":1162,"date":"2019-09-24T15:28:10","date_gmt":"2019-09-24T12:28:10","guid":{"rendered":"https:\/\/blogit.gradia.fi\/digipalvelut\/?page_id=1162"},"modified":"2019-12-10T13:17:32","modified_gmt":"2019-12-10T11:17:32","slug":"saavutettavuus","status":"publish","type":"page","link":"https:\/\/blogit.gradia.fi\/digipalvelut\/ohjeita-ja-vinkkeja\/saavutettavuus\/","title":{"rendered":"Saavutettavuus"},"content":{"rendered":"\n<p>Gradian sis\u00e4ll\u00e4 j\u00e4rjestet\u00e4\u00e4n syksyll\u00e4 2019 webinaarisarja saavutettavuudesta oppilaitoksessa. Tallenteet webinaarista tulevat t\u00e4h\u00e4n sivustoon kunkin tapahtuman j\u00e4lkeen. <\/p>\n\n\n\n<h2 class=\"wp-block-heading\">OSA 1: Saavutettavuudesta yleisesti<\/h2>\n\n\n\n<p>Webinaarin ensimm\u00e4isess\u00e4 osassa kerrotaan, ett\u00e4 <a href=\"https:\/\/www.finlex.fi\/fi\/laki\/alkup\/2019\/20190306\">laki digitaalisten palveluiden tarjoamisesta<\/a> ohjaa mm. julkisen sektorin verkkosivujen saavutettavuutta. Laki on tullut voimaan kev\u00e4\u00e4ll\u00e4 2019 ja sis\u00e4lt\u00e4\u00e4 erilaisia siirtym\u00e4aikoja verkkosivujen ja mobiilisovellusten saavutettavuusvaatimusten t\u00e4ytt\u00e4misen suhteen.  <\/p>\n\n\n\n<figure class=\"wp-block-embed-youtube wp-block-embed is-type-video is-provider-youtube wp-embed-aspect-16-9 wp-has-aspect-ratio\"><div class=\"wp-block-embed__wrapper\">\n<iframe title=\"Saavutettavuuswebinaari osa 1\/4\" width=\"750\" height=\"422\" src=\"https:\/\/www.youtube.com\/embed\/p_UhLx3iuTY?feature=oembed\" frameborder=\"0\" allow=\"accelerometer; autoplay; clipboard-write; encrypted-media; gyroscope; picture-in-picture; web-share\" allowfullscreen><\/iframe>\n<\/div><figcaption>Saavutettavuuswebinaari osa 1\/4 11.10.2019 Merja Hakanen &amp; Hanna Frilander<\/figcaption><\/figure>\n\n\n\n<p>Webinaarin tekstivastine on saatavilla oheisesta pdf-tiedostosta: <\/p>\n\n\n\n<div class=\"wp-block-file\"><a href=\"https:\/\/blogit.gradia.fi\/digipalvelut\/wp-content\/uploads\/sites\/99\/2019\/10\/Tekstivastine_webinaari-osa-1.pdf\">Tekstivastine_webinaari-osa-1<\/a><a href=\"https:\/\/blogit.gradia.fi\/digipalvelut\/wp-content\/uploads\/sites\/99\/2019\/10\/Tekstivastine_webinaari-osa-1.pdf\" class=\"wp-block-file__button\" download>Lataa<\/a><\/div>\n\n\n\n<h2 class=\"wp-block-heading\">Osa 2: Saavutettavat asiakirjat<\/h2>\n\n\n\n<p>Webinaarisarjan toisessa osassa tutustutaan, kuinka Microsoft Word:ll\u00e4 voi tehd\u00e4 saavutettavia asiakirjoja. Lis\u00e4ksi tallenteessa keskustellaan saavutettavien pdf-asiakirjojen sek\u00e4 Power Point-esitysten laatimisesta. Tallenteessa my\u00f6s n\u00e4ytet\u00e4\u00e4n k\u00e4yt\u00e4nn\u00f6n esimerkkej\u00e4, kuinka Microsoftin sovellusten helppok\u00e4ytt\u00f6toimintoja k\u00e4ytet\u00e4\u00e4n. <\/p>\n\n\n\n<figure class=\"wp-block-embed-youtube wp-block-embed is-type-video is-provider-youtube wp-embed-aspect-16-9 wp-has-aspect-ratio\"><div class=\"wp-block-embed__wrapper\">\n<iframe title=\"Saavutettavuuswebinaari osa 2\/4: saavutettavuus asiakirjoissa\" width=\"750\" height=\"422\" src=\"https:\/\/www.youtube.com\/embed\/vpp2EH920mw?feature=oembed\" frameborder=\"0\" allow=\"accelerometer; autoplay; clipboard-write; encrypted-media; gyroscope; picture-in-picture; web-share\" allowfullscreen><\/iframe>\n<\/div><figcaption>Saavutettavuuswebinaari 2\/4 21.10.2019 Merja Hakanen ja Hanna Frilander<\/figcaption><\/figure>\n\n\n\n<div class=\"wp-block-file\"><a href=\"https:\/\/blogit.gradia.fi\/digipalvelut\/wp-content\/uploads\/sites\/99\/2019\/10\/Tekstivastine-webinaari-osa2.pdf\">Tekstivastine-webinaari-osa2<\/a><a href=\"https:\/\/blogit.gradia.fi\/digipalvelut\/wp-content\/uploads\/sites\/99\/2019\/10\/Tekstivastine-webinaari-osa2.pdf\" class=\"wp-block-file__button\" download>Lataa<\/a><\/div>\n\n\n\n<h2 class=\"wp-block-heading\">Osa 3: Saavutettavuus verkkosivuilla ja oppimisymp\u00e4rist\u00f6ss\u00e4<\/h2>\n\n\n\n<p>Webinaarisarjan kolmannessa osassa tutustutaan miten saavutettavuutta voidaan edist\u00e4\u00e4 verkkosivuilla ja oppimisymp\u00e4rist\u00f6ss\u00e4. Asiaa tarkastellaan sis\u00e4ll\u00f6ntuottajan, kuten opettajan, n\u00e4k\u00f6kulmasta. Esimerkkein\u00e4 k\u00e4yt\u00e4nn\u00f6n toteutuksissa esitell\u00e4\u00e4n saavutettavuustoimintoja WordPressiss\u00e4 sek\u00e4 Moodlessa. <\/p>\n\n\n\n<figure class=\"wp-block-embed-youtube wp-block-embed is-type-video is-provider-youtube wp-embed-aspect-16-9 wp-has-aspect-ratio\"><div class=\"wp-block-embed__wrapper\">\n<iframe title=\"Saavutettavuuswebinaari osa 3\/4: saavutettavuus verkkosivuilla ja oppimisymp\u00e4rist\u00f6ss\u00e4\" width=\"750\" height=\"422\" src=\"https:\/\/www.youtube.com\/embed\/LDC4BbGR03c?feature=oembed\" frameborder=\"0\" allow=\"accelerometer; autoplay; clipboard-write; encrypted-media; gyroscope; picture-in-picture; web-share\" allowfullscreen><\/iframe>\n<\/div><figcaption>Saavutettavuuswebinaari 3\/4 4.11.2019 Merja Hakanen ja Hanna Frilander<\/figcaption><\/figure>\n\n\n\n<div class=\"wp-block-file\"><a href=\"https:\/\/blogit.gradia.fi\/digipalvelut\/wp-content\/uploads\/sites\/99\/2019\/11\/Tekstivastine-webinaari-osa3.pdf\">Tekstivastine-webinaari-osa3<\/a><a href=\"https:\/\/blogit.gradia.fi\/digipalvelut\/wp-content\/uploads\/sites\/99\/2019\/11\/Tekstivastine-webinaari-osa3.pdf\" class=\"wp-block-file__button\" download>Lataa<\/a><\/div>\n\n\n\n<h2 class=\"wp-block-heading\">Osa 4: Saavutettavat videot<\/h2>\n\n\n\n<p>Webinaarisarjan nelj\u00e4nness\u00e4 ja viimeiss\u00e4 osassa k\u00e4yd\u00e4\u00e4n l\u00e4pi saavutettavia videoita ja \u00e4\u00e4nitallenteita. Mit\u00e4 tarkoittaa tekstivastine ja millaisia keinoja on olemassa sen laatimiseksi?<\/p>\n\n\n\n<figure class=\"wp-block-embed-youtube wp-block-embed is-type-video is-provider-youtube wp-embed-aspect-16-9 wp-has-aspect-ratio\"><div class=\"wp-block-embed__wrapper\">\n<iframe title=\"Saavutettavuuswebinaari osa 4\/4\" width=\"750\" height=\"422\" src=\"https:\/\/www.youtube.com\/embed\/7KyLMq7Mp0U?feature=oembed\" frameborder=\"0\" allow=\"accelerometer; autoplay; clipboard-write; encrypted-media; gyroscope; picture-in-picture; web-share\" allowfullscreen><\/iframe>\n<\/div><figcaption>Saavutettavuuswebinaari 4\/4 26.11.2019 Merja Hakanen ja Hanna Frilander<\/figcaption><\/figure>\n\n\n\n<div class=\"wp-block-file\"><a href=\"https:\/\/blogit.gradia.fi\/digipalvelut\/wp-content\/uploads\/sites\/99\/2019\/12\/Tekstivastine-webinaari-osa4.pdf\">Tekstivastine-webinaari-osa4<\/a><a href=\"https:\/\/blogit.gradia.fi\/digipalvelut\/wp-content\/uploads\/sites\/99\/2019\/12\/Tekstivastine-webinaari-osa4.pdf\" class=\"wp-block-file__button\" download>Lataa<\/a><\/div>\n","protected":false},"excerpt":{"rendered":"<p>Gradian sis\u00e4ll\u00e4 j\u00e4rjestet\u00e4\u00e4n syksyll\u00e4 2019 webinaarisarja saavutettavuudesta oppilaitoksessa. Tallenteet webinaarista tulevat t\u00e4h\u00e4n sivustoon kunkin tapahtuman j\u00e4lkeen. OSA 1: Saavutettavuudesta yleisesti Webinaarin ensimm\u00e4isess\u00e4 osassa kerrotaan, ett\u00e4 laki digitaalisten palveluiden tarjoamisesta ohjaa mm. julkisen sektorin verkkosivujen saavutettavuutta. Laki on tullut voimaan kev\u00e4\u00e4ll\u00e4 2019 ja sis\u00e4lt\u00e4\u00e4 erilaisia siirtym\u00e4aikoja verkkosivujen ja mobiilisovellusten saavutettavuusvaatimusten t\u00e4ytt\u00e4misen [&hellip;]<\/p>\n","protected":false},"author":421,"featured_media":0,"parent":37,"menu_order":0,"comment_status":"closed","ping_status":"closed","template":"","meta":{"_uag_custom_page_level_css":"","footnotes":""},"class_list":["post-1162","page","type-page","status-publish","hentry"],"yoast_head":"<!-- This site is optimized with the Yoast SEO plugin v27.4 - https:\/\/yoast.com\/product\/yoast-seo-wordpress\/ -->\n<title>Saavutettavuus - Gradia Digipalvelut<\/title>\n<meta name=\"robots\" content=\"index, follow, max-snippet:-1, max-image-preview:large, max-video-preview:-1\" \/>\n<link rel=\"canonical\" href=\"https:\/\/blogit.gradia.fi\/digipalvelut\/ohjeita-ja-vinkkeja\/saavutettavuus\/\" \/>\n<meta property=\"og:locale\" content=\"fi_FI\" \/>\n<meta property=\"og:type\" content=\"article\" \/>\n<meta property=\"og:title\" content=\"Saavutettavuus - Gradia Digipalvelut\" \/>\n<meta property=\"og:description\" content=\"Gradian sis\u00e4ll\u00e4 j\u00e4rjestet\u00e4\u00e4n syksyll\u00e4 2019 webinaarisarja saavutettavuudesta oppilaitoksessa. Tallenteet webinaarista tulevat t\u00e4h\u00e4n sivustoon kunkin tapahtuman j\u00e4lkeen. OSA 1: Saavutettavuudesta yleisesti Webinaarin ensimm\u00e4isess\u00e4 osassa kerrotaan, ett\u00e4 laki digitaalisten palveluiden tarjoamisesta ohjaa mm. julkisen sektorin verkkosivujen saavutettavuutta. Laki on tullut voimaan kev\u00e4\u00e4ll\u00e4 2019 ja sis\u00e4lt\u00e4\u00e4 erilaisia siirtym\u00e4aikoja verkkosivujen ja mobiilisovellusten saavutettavuusvaatimusten t\u00e4ytt\u00e4misen [&hellip;]\" \/>\n<meta property=\"og:url\" content=\"https:\/\/blogit.gradia.fi\/digipalvelut\/ohjeita-ja-vinkkeja\/saavutettavuus\/\" \/>\n<meta property=\"og:site_name\" content=\"Gradia Digipalvelut\" \/>\n<meta property=\"article:modified_time\" content=\"2019-12-10T11:17:32+00:00\" \/>\n<meta name=\"twitter:card\" content=\"summary_large_image\" \/>\n<meta name=\"twitter:label1\" content=\"Arvioitu lukuaika\" \/>\n\t<meta name=\"twitter:data1\" content=\"1 minuutti\" \/>\n<script type=\"application\/ld+json\" class=\"yoast-schema-graph\">{\"@context\":\"https:\\\/\\\/schema.org\",\"@graph\":[{\"@type\":\"WebPage\",\"@id\":\"https:\\\/\\\/blogit.gradia.fi\\\/digipalvelut\\\/ohjeita-ja-vinkkeja\\\/saavutettavuus\\\/\",\"url\":\"https:\\\/\\\/blogit.gradia.fi\\\/digipalvelut\\\/ohjeita-ja-vinkkeja\\\/saavutettavuus\\\/\",\"name\":\"Saavutettavuus - Gradia Digipalvelut\",\"isPartOf\":{\"@id\":\"https:\\\/\\\/blogit.gradia.fi\\\/digipalvelut\\\/#website\"},\"datePublished\":\"2019-09-24T12:28:10+00:00\",\"dateModified\":\"2019-12-10T11:17:32+00:00\",\"breadcrumb\":{\"@id\":\"https:\\\/\\\/blogit.gradia.fi\\\/digipalvelut\\\/ohjeita-ja-vinkkeja\\\/saavutettavuus\\\/#breadcrumb\"},\"inLanguage\":\"fi\",\"potentialAction\":[{\"@type\":\"ReadAction\",\"target\":[\"https:\\\/\\\/blogit.gradia.fi\\\/digipalvelut\\\/ohjeita-ja-vinkkeja\\\/saavutettavuus\\\/\"]}]},{\"@type\":\"BreadcrumbList\",\"@id\":\"https:\\\/\\\/blogit.gradia.fi\\\/digipalvelut\\\/ohjeita-ja-vinkkeja\\\/saavutettavuus\\\/#breadcrumb\",\"itemListElement\":[{\"@type\":\"ListItem\",\"position\":1,\"name\":\"Ohjeita ja vinkkej\u00e4\",\"item\":\"https:\\\/\\\/blogit.gradia.fi\\\/digipalvelut\\\/ohjeita-ja-vinkkeja\\\/\"},{\"@type\":\"ListItem\",\"position\":2,\"name\":\"Saavutettavuus\"}]},{\"@type\":\"WebSite\",\"@id\":\"https:\\\/\\\/blogit.gradia.fi\\\/digipalvelut\\\/#website\",\"url\":\"https:\\\/\\\/blogit.gradia.fi\\\/digipalvelut\\\/\",\"name\":\"Gradia Digipalvelut\",\"description\":\"Astetta enemm\u00e4n digi\u00e4\",\"publisher\":{\"@id\":\"https:\\\/\\\/blogit.gradia.fi\\\/digipalvelut\\\/#organization\"},\"potentialAction\":[{\"@type\":\"SearchAction\",\"target\":{\"@type\":\"EntryPoint\",\"urlTemplate\":\"https:\\\/\\\/blogit.gradia.fi\\\/digipalvelut\\\/?s={search_term_string}\"},\"query-input\":{\"@type\":\"PropertyValueSpecification\",\"valueRequired\":true,\"valueName\":\"search_term_string\"}}],\"inLanguage\":\"fi\"},{\"@type\":\"Organization\",\"@id\":\"https:\\\/\\\/blogit.gradia.fi\\\/digipalvelut\\\/#organization\",\"name\":\"Gradia Digipalvelut\",\"url\":\"https:\\\/\\\/blogit.gradia.fi\\\/digipalvelut\\\/\",\"logo\":{\"@type\":\"ImageObject\",\"inLanguage\":\"fi\",\"@id\":\"https:\\\/\\\/blogit.gradia.fi\\\/digipalvelut\\\/#\\\/schema\\\/logo\\\/image\\\/\",\"url\":\"https:\\\/\\\/blogit.gradia.fi\\\/digipalvelut\\\/wp-content\\\/uploads\\\/sites\\\/99\\\/2019\\\/06\\\/cropped-Gradia_logo_Cyber_TRANSPARENT.png\",\"contentUrl\":\"https:\\\/\\\/blogit.gradia.fi\\\/digipalvelut\\\/wp-content\\\/uploads\\\/sites\\\/99\\\/2019\\\/06\\\/cropped-Gradia_logo_Cyber_TRANSPARENT.png\",\"width\":316,\"height\":382,\"caption\":\"Gradia Digipalvelut\"},\"image\":{\"@id\":\"https:\\\/\\\/blogit.gradia.fi\\\/digipalvelut\\\/#\\\/schema\\\/logo\\\/image\\\/\"}}]}<\/script>\n<!-- \/ Yoast SEO plugin. -->","yoast_head_json":{"title":"Saavutettavuus - Gradia Digipalvelut","robots":{"index":"index","follow":"follow","max-snippet":"max-snippet:-1","max-image-preview":"max-image-preview:large","max-video-preview":"max-video-preview:-1"},"canonical":"https:\/\/blogit.gradia.fi\/digipalvelut\/ohjeita-ja-vinkkeja\/saavutettavuus\/","og_locale":"fi_FI","og_type":"article","og_title":"Saavutettavuus - Gradia Digipalvelut","og_description":"Gradian sis\u00e4ll\u00e4 j\u00e4rjestet\u00e4\u00e4n syksyll\u00e4 2019 webinaarisarja saavutettavuudesta oppilaitoksessa. Tallenteet webinaarista tulevat t\u00e4h\u00e4n sivustoon kunkin tapahtuman j\u00e4lkeen. OSA 1: Saavutettavuudesta yleisesti Webinaarin ensimm\u00e4isess\u00e4 osassa kerrotaan, ett\u00e4 laki digitaalisten palveluiden tarjoamisesta ohjaa mm. julkisen sektorin verkkosivujen saavutettavuutta. Laki on tullut voimaan kev\u00e4\u00e4ll\u00e4 2019 ja sis\u00e4lt\u00e4\u00e4 erilaisia siirtym\u00e4aikoja verkkosivujen ja mobiilisovellusten saavutettavuusvaatimusten t\u00e4ytt\u00e4misen [&hellip;]","og_url":"https:\/\/blogit.gradia.fi\/digipalvelut\/ohjeita-ja-vinkkeja\/saavutettavuus\/","og_site_name":"Gradia Digipalvelut","article_modified_time":"2019-12-10T11:17:32+00:00","twitter_card":"summary_large_image","twitter_misc":{"Arvioitu lukuaika":"1 minuutti"},"schema":{"@context":"https:\/\/schema.org","@graph":[{"@type":"WebPage","@id":"https:\/\/blogit.gradia.fi\/digipalvelut\/ohjeita-ja-vinkkeja\/saavutettavuus\/","url":"https:\/\/blogit.gradia.fi\/digipalvelut\/ohjeita-ja-vinkkeja\/saavutettavuus\/","name":"Saavutettavuus - Gradia Digipalvelut","isPartOf":{"@id":"https:\/\/blogit.gradia.fi\/digipalvelut\/#website"},"datePublished":"2019-09-24T12:28:10+00:00","dateModified":"2019-12-10T11:17:32+00:00","breadcrumb":{"@id":"https:\/\/blogit.gradia.fi\/digipalvelut\/ohjeita-ja-vinkkeja\/saavutettavuus\/#breadcrumb"},"inLanguage":"fi","potentialAction":[{"@type":"ReadAction","target":["https:\/\/blogit.gradia.fi\/digipalvelut\/ohjeita-ja-vinkkeja\/saavutettavuus\/"]}]},{"@type":"BreadcrumbList","@id":"https:\/\/blogit.gradia.fi\/digipalvelut\/ohjeita-ja-vinkkeja\/saavutettavuus\/#breadcrumb","itemListElement":[{"@type":"ListItem","position":1,"name":"Ohjeita ja vinkkej\u00e4","item":"https:\/\/blogit.gradia.fi\/digipalvelut\/ohjeita-ja-vinkkeja\/"},{"@type":"ListItem","position":2,"name":"Saavutettavuus"}]},{"@type":"WebSite","@id":"https:\/\/blogit.gradia.fi\/digipalvelut\/#website","url":"https:\/\/blogit.gradia.fi\/digipalvelut\/","name":"Gradia Digipalvelut","description":"Astetta enemm\u00e4n digi\u00e4","publisher":{"@id":"https:\/\/blogit.gradia.fi\/digipalvelut\/#organization"},"potentialAction":[{"@type":"SearchAction","target":{"@type":"EntryPoint","urlTemplate":"https:\/\/blogit.gradia.fi\/digipalvelut\/?s={search_term_string}"},"query-input":{"@type":"PropertyValueSpecification","valueRequired":true,"valueName":"search_term_string"}}],"inLanguage":"fi"},{"@type":"Organization","@id":"https:\/\/blogit.gradia.fi\/digipalvelut\/#organization","name":"Gradia Digipalvelut","url":"https:\/\/blogit.gradia.fi\/digipalvelut\/","logo":{"@type":"ImageObject","inLanguage":"fi","@id":"https:\/\/blogit.gradia.fi\/digipalvelut\/#\/schema\/logo\/image\/","url":"https:\/\/blogit.gradia.fi\/digipalvelut\/wp-content\/uploads\/sites\/99\/2019\/06\/cropped-Gradia_logo_Cyber_TRANSPARENT.png","contentUrl":"https:\/\/blogit.gradia.fi\/digipalvelut\/wp-content\/uploads\/sites\/99\/2019\/06\/cropped-Gradia_logo_Cyber_TRANSPARENT.png","width":316,"height":382,"caption":"Gradia Digipalvelut"},"image":{"@id":"https:\/\/blogit.gradia.fi\/digipalvelut\/#\/schema\/logo\/image\/"}}]}},"uagb_featured_image_src":{"full":false,"thumbnail":false,"medium":false,"medium_large":false,"large":false,"1536x1536":false,"2048x2048":false,"hestia-blog":false},"uagb_author_info":{"display_name":"Merja Hakanen","author_link":"https:\/\/blogit.gradia.fi\/digipalvelut\/author\/hakanmer\/"},"uagb_comment_info":0,"uagb_excerpt":"Gradian sis\u00e4ll\u00e4 j\u00e4rjestet\u00e4\u00e4n syksyll\u00e4 2019 webinaarisarja saavutettavuudesta oppilaitoksessa. Tallenteet webinaarista tulevat t\u00e4h\u00e4n sivustoon kunkin tapahtuman j\u00e4lkeen. OSA 1: Saavutettavuudesta yleisesti Webinaarin ensimm\u00e4isess\u00e4 osassa kerrotaan, ett\u00e4 laki digitaalisten palveluiden tarjoamisesta ohjaa mm. julkisen sektorin verkkosivujen saavutettavuutta. Laki on tullut voimaan kev\u00e4\u00e4ll\u00e4 2019 ja sis\u00e4lt\u00e4\u00e4 erilaisia siirtym\u00e4aikoja verkkosivujen ja mobiilisovellusten saavutettavuusvaatimusten t\u00e4ytt\u00e4misen [&hellip;]","_links":{"self":[{"href":"https:\/\/blogit.gradia.fi\/digipalvelut\/wp-json\/wp\/v2\/pages\/1162","targetHints":{"allow":["GET"]}}],"collection":[{"href":"https:\/\/blogit.gradia.fi\/digipalvelut\/wp-json\/wp\/v2\/pages"}],"about":[{"href":"https:\/\/blogit.gradia.fi\/digipalvelut\/wp-json\/wp\/v2\/types\/page"}],"author":[{"embeddable":true,"href":"https:\/\/blogit.gradia.fi\/digipalvelut\/wp-json\/wp\/v2\/users\/421"}],"replies":[{"embeddable":true,"href":"https:\/\/blogit.gradia.fi\/digipalvelut\/wp-json\/wp\/v2\/comments?post=1162"}],"version-history":[{"count":9,"href":"https:\/\/blogit.gradia.fi\/digipalvelut\/wp-json\/wp\/v2\/pages\/1162\/revisions"}],"predecessor-version":[{"id":1384,"href":"https:\/\/blogit.gradia.fi\/digipalvelut\/wp-json\/wp\/v2\/pages\/1162\/revisions\/1384"}],"up":[{"embeddable":true,"href":"https:\/\/blogit.gradia.fi\/digipalvelut\/wp-json\/wp\/v2\/pages\/37"}],"wp:attachment":[{"href":"https:\/\/blogit.gradia.fi\/digipalvelut\/wp-json\/wp\/v2\/media?parent=1162"}],"curies":[{"name":"wp","href":"https:\/\/api.w.org\/{rel}","templated":true}]}}