{"id":1114,"date":"2019-09-16T19:46:35","date_gmt":"2019-09-16T16:46:35","guid":{"rendered":"https:\/\/blogit.gradia.fi\/digipalvelut\/?page_id=1114"},"modified":"2019-12-27T10:17:49","modified_gmt":"2019-12-27T08:17:49","slug":"tentin-eri-kysymystyypit","status":"publish","type":"page","link":"https:\/\/blogit.gradia.fi\/digipalvelut\/ohjeita-ja-vinkkeja\/moodle\/tentin-eri-kysymystyypit\/","title":{"rendered":"Tentin eri kysymystyypit"},"content":{"rendered":"\n<p><strong>Tentti-aktiviteetissa on useita erilaisia kysymystyyppej\u00e4, kuten monivalinta, tosi\/ep\u00e4tosi, essee, lyhytvastaus, aukkoteht\u00e4v\u00e4 sek\u00e4 erilaiset matemaattiset teht\u00e4v\u00e4muodot. Moodle arvioi ja pisteytt\u00e4\u00e4 automaattisesti opettajan antamien ehtojen mukaan kaikki paitsi essee teht\u00e4v\u00e4t, jotka opettajan tulee k\u00e4yd\u00e4 k\u00e4sin arvioimassa.<\/strong><\/p>\n\n\n\n<p>Tarkemmat esimerkit ja tenttikysymysten ohjeet l\u00f6yd\u00e4t Gradian Moodlesta Moodlen perusteet opettajille -ty\u00f6tilasta. <\/p>\n\n\n\n<p><strong>Monivalinta<\/strong><br>Monivalintateht\u00e4v\u00e4ss\u00e4 opiskelija valitsee vastauksensa valmiiden vastausvaihtoehtojen joukosta. Teht\u00e4v\u00e4\u00e4n voi olla yksi tai useampi oikea vastaus.  Mik\u00e4li teht\u00e4v\u00e4\u00e4n on useita oikeita vastauksia on opiskelijan vastattava kaikki oikeat vastaukset saadakseen t\u00e4ydet pisteet teht\u00e4v\u00e4st\u00e4. <\/p>\n\n\n\n<figure class=\"wp-block-image is-resized\"><img decoding=\"async\" src=\"https:\/\/blogit.gradia.fi\/digipalvelut\/wp-content\/uploads\/sites\/99\/2019\/09\/kuva.png\" alt=\"\" class=\"wp-image-1119\" width=\"239\" height=\"175\" srcset=\"https:\/\/blogit.gradia.fi\/digipalvelut\/wp-content\/uploads\/sites\/99\/2019\/09\/kuva.png 318w, https:\/\/blogit.gradia.fi\/digipalvelut\/wp-content\/uploads\/sites\/99\/2019\/09\/kuva-300x220.png 300w\" sizes=\"(max-width: 239px) 100vw, 239px\" \/><figcaption>Monivalinta tentti-aktiviteetissa<\/figcaption><\/figure>\n\n\n\n<p><strong>Tosi\/Ep\u00e4tosi<\/strong><br>T\u00e4ss\u00e4 teht\u00e4v\u00e4muodossa esitet\u00e4\u00e4n v\u00e4itt\u00e4mi\u00e4, jotka opiskelija toteaa vastauksissaan joko todeksi tai ep\u00e4todeksi. <br><br><strong>Yhdist\u00e4misteht\u00e4v\u00e4<\/strong><br>Opiskelijan on yhdistett\u00e4v\u00e4 oikeat sanaparit esim. vieraskielinen sana ja k\u00e4\u00e4nn\u00f6s.<\/p>\n\n\n\n<figure class=\"wp-block-image is-resized\"><img decoding=\"async\" src=\"https:\/\/blogit.gradia.fi\/digipalvelut\/wp-content\/uploads\/sites\/99\/2019\/09\/kuva-1.png\" alt=\"\" class=\"wp-image-1120\" width=\"299\" height=\"155\" srcset=\"https:\/\/blogit.gradia.fi\/digipalvelut\/wp-content\/uploads\/sites\/99\/2019\/09\/kuva-1.png 398w, https:\/\/blogit.gradia.fi\/digipalvelut\/wp-content\/uploads\/sites\/99\/2019\/09\/kuva-1-300x156.png 300w\" sizes=\"(max-width: 299px) 100vw, 299px\" \/><figcaption>yhdist\u00e4misteht\u00e4v\u00e4<\/figcaption><\/figure>\n\n\n\n<p><strong>Lyhytvastaus<\/strong><br>T\u00e4ss\u00e4 teht\u00e4v\u00e4tyypiss\u00e4 opiskelija vastaa yhdell\u00e4 sanalla tai lyhyll\u00e4 fraasilla kysymykseen. Moodle vertaa vastausta opettajan antamaan mallivastaukseen merkki merkilt\u00e4 ja hyv\u00e4ksyy vastauksen, mik\u00e4li se vastaa opettajan antamaa mallivastausta. Mallivastauksessa voi olla jokerimerkkej\u00e4 <strong>&#8221; * &#8221;<\/strong>, jotka sallivat erilaiset kirjoitustavat. Esim. oikeavastaus &#8221;koivu*&#8221; hyv\u00e4ksyy vastaukseksi sek\u00e4 &#8221;koivu&#8221; ett\u00e4 &#8221;koivut&#8221;. Opettaja voi my\u00f6s m\u00e4\u00e4ritell\u00e4, onko kirjain koolla merkityst\u00e4.<br><br><strong>Numeerinen kysymys<\/strong><br>Numeerinen kysymys muistuttaa pitk\u00e4lti lyhytvastausta, mutta vastauksena on numero. Vastaukselle voi m\u00e4\u00e4ritt\u00e4\u00e4 virhemarginaalin. <br><br><strong>Essee<\/strong><br>Essee teht\u00e4v\u00e4ss\u00e4 opiskelija vastaa annettuun kysymykseen kirjoittamalla Moodlessa avautuvaan tekstikentt\u00e4\u00e4n. Moodle ker\u00e4\u00e4 opiskelijoiden essee vastaukset, mutta opettajan on arvioitava ne k\u00e4sin Moodlessa. Opettaja voi halutessaan my\u00f6s sallia tiedostojen lataamisen essee -teht\u00e4v\u00e4tyyppiin.<br><br><strong>Aukkoteht\u00e4v\u00e4<\/strong><br>Aukkoteht\u00e4vill\u00e4 voit luoda kysymyksi\u00e4, joissa osa tekstist\u00e4 j\u00e4tet\u00e4\u00e4n opiskelijan t\u00e4ytett\u00e4v\u00e4ksi. Kysymykset voivat olla muodoltaan esimerkiksi monivalintakysymyksi\u00e4 tai lyhytvastauksia. Kysymykset muodostetaan erityisill\u00e4 merkinn\u00f6ill\u00e4 eli notaatioilla (kts. alla). <br> <br>Mik\u00e4li haluat k\u00e4ytt\u00e4\u00e4 omissa tenteiss\u00e4si aukkoteht\u00e4vi\u00e4, kirjoita kysymysteksti kohtaan seuraavan tyyppinen teksti aukkokohtaan. Yksi aukkoteht\u00e4v\u00e4 voi sis\u00e4lt\u00e4\u00e4 useita eri kysymyksi\u00e4.<br><br>Voit kopioida alla olevan esimerkin  mukaisen tekstinotaation omalle kurssillesi kysymystekstikohtaan ja korvata tekstiin oman kysymyksesi sek\u00e4 vastauksesi. <br><br>Vuoden toinen kuukausi on <strong>{1:MULTICHOICE:tammi#vastasit   v\u00e4\u00e4rin~maalis#vastasit v\u00e4\u00e4rin~=helmikuu#oikein meni}<\/strong> ja silloin on   Suomessa aina lunta.  <\/p>\n\n\n\n<figure class=\"wp-block-image is-resized\"><img decoding=\"async\" src=\"https:\/\/blogit.gradia.fi\/digipalvelut\/wp-content\/uploads\/sites\/99\/2019\/09\/kuva-2.png\" alt=\"aukkoteht\u00e4v\u00e4\" class=\"wp-image-1121\" width=\"439\" height=\"113\" srcset=\"https:\/\/blogit.gradia.fi\/digipalvelut\/wp-content\/uploads\/sites\/99\/2019\/09\/kuva-2.png 585w, https:\/\/blogit.gradia.fi\/digipalvelut\/wp-content\/uploads\/sites\/99\/2019\/09\/kuva-2-300x77.png 300w\" sizes=\"(max-width: 439px) 100vw, 439px\" \/><figcaption>Esimerkki Aukkoteht\u00e4v\u00e4st\u00e4<\/figcaption><\/figure>\n\n\n\n<p><strong><em>Kysymyksen notaation kuvaus aukkoteht\u00e4v\u00e4ss\u00e4<\/em><\/strong><br>{pistem\u00e4\u00e4r\u00e4:kysymystyyppi:v\u00e4\u00e4r\u00e4 vastausvaihtoehto#palaute<br> vastauksesta~=oikea vastausvaihtoehto#palaute vastauksesta}<br><strong><br><em>Aukkoteht\u00e4v\u00e4n kysymystyypit:<\/em><\/strong><em> <\/em><br>lyhytteht\u00e4v\u00e4 &#8211; notaatio: SHORTANSWER, ei erottelua isojen ja pienten kirjainten v\u00e4lill\u00e4<br>lyhytteht\u00e4v\u00e4 &#8211; notaatio: SHORTANSWER_C, isojen ja pienten kirjainten tulee t\u00e4sm\u00e4t\u00e4<br>numeerinen kysymys &#8211; notaatio: NUMERICAL<br>monivalintateht\u00e4v\u00e4 &#8211; notaatio: MULTICHOICE, n\u00e4kyy pudotusvalikkona tekstin seassa<br>monivalintateht\u00e4v\u00e4 &#8211; notaatio: MULTICHOICE_V, n\u00e4kyy pystysuorana valintanappirivin\u00e4<\/p>\n\n\n\n<p><strong>Laskuteht\u00e4v\u00e4<\/strong><br>Laskuteht\u00e4v\u00e4   kysymyksess\u00e4 opiskelija vastaa teht\u00e4v\u00e4nantoon lukuna ja haluttaessa   my\u00f6s yksikk\u00f6 voidaan arvioida. Muuttujina k\u00e4ytetyt luvut arvotaan   annetusta lukujoukosta.  <br><br><strong>Matemaattinen monivalintateht\u00e4v\u00e4<\/strong><br>T\u00e4ss\u00e4 teht\u00e4v\u00e4tyypiss\u00e4 sek\u00e4 kysymykseen ett\u00e4 vastausvaihtoehtoihin voi lis\u00e4t\u00e4 laskukaavoja. Laskuissa k\u00e4ytetyt muuttujat korvataan lukujoukosta arvotuilla luvuilla, kun teht\u00e4v\u00e4 n\u00e4ytet\u00e4\u00e4n opiskelijoille. <br><br><strong>Valitse puuttuvat sanat<\/strong><br>T\u00e4ss\u00e4 kysymysmuodossa k\u00e4ytt\u00e4j\u00e4 valitsee alasvetovalikosta puuttuvan sanan tekstiin.<br><\/p>\n\n\n\n<figure class=\"wp-block-image is-resized\"><img loading=\"lazy\" decoding=\"async\" src=\"https:\/\/blogit.gradia.fi\/digipalvelut\/wp-content\/uploads\/sites\/99\/2019\/09\/kuva-3.png\" alt=\"\" class=\"wp-image-1126\" width=\"367\" height=\"216\" srcset=\"https:\/\/blogit.gradia.fi\/digipalvelut\/wp-content\/uploads\/sites\/99\/2019\/09\/kuva-3.png 489w, https:\/\/blogit.gradia.fi\/digipalvelut\/wp-content\/uploads\/sites\/99\/2019\/09\/kuva-3-300x177.png 300w\" sizes=\"(max-width: 367px) 100vw, 367px\" \/><figcaption>Esimerkki &#8221;valitse puuttuvat sanat&#8221; teht\u00e4v\u00e4st\u00e4<\/figcaption><\/figure>\n\n\n\n<p><strong>Ved\u00e4 kohde kuvan p\u00e4\u00e4lle<\/strong><br>Ved\u00e4 kuvat tai tekstilohkot oikeille paikoilleen taustakuvaan.<br><br><strong>Ved\u00e4 merkki kuvan p\u00e4\u00e4lle<\/strong><br>Ved\u00e4 merkit oikeille paikoille taustakuvaan.<br><br><strong>Ved\u00e4 sanat tekstiin<\/strong><br>Ved\u00e4 puuttuvat sanat oikeille paikoille kysymystektiss\u00e4 oleviin aukkoihin. <br><br><strong>Yhdist\u00e4misteht\u00e4v\u00e4<\/strong><br>Yhdist\u00e4misteht\u00e4v\u00e4ss\u00e4 vastaajan tulee yhdist\u00e4\u00e4 v\u00e4itteet eli kysymykset oikein toisen listan v\u00e4itteisiin (vastaukset).<br><br><strong>Yhdist\u00e4misteht\u00e4v\u00e4t lyhytvastauksista<br><\/strong>Opiskelijalle t\u00e4m\u00e4 kysymys n\u00e4ytt\u00e4ytyy kuten yhdist\u00e4misteht\u00e4v\u00e4, mutta v\u00e4itt\u00e4m\u00e4t eli kysymykset arvotaan satunnaisesti valitun kysymyskategorian lyhytvastaus -kysymysten joukosta. Huomaa, ett\u00e4 kategoriassa tulee olla useampia lyhytvastaus -kysymyksi\u00e4 t\u00e4t\u00e4 teht\u00e4v\u00e4\u00e4 varten.<br><strong><br>Yksinkertainen<\/strong> l<strong>askuteht\u00e4v\u00e4<\/strong><br>Yksinkertaisessa laskuteht\u00e4v\u00e4ss\u00e4 opiskelijat vastaavat teht\u00e4v\u00e4nantoon lukuna. J\u00e4rjestelm\u00e4 arpoo kysymyksen muuttujien luvut, kun teht\u00e4v\u00e4 n\u00e4ytet\u00e4\u00e4n opiskelijoille. Muuttujat tulevat kysymystekstin sekaan aaltosulkujen sis\u00e4\u00e4n. <br><br><strong>Ohjeteksti<\/strong><br>Tentin Ohjetekstin avulla voi lis\u00e4t\u00e4 tenttiin v\u00e4liotsikoita tai ohjeita, kuten kurssialueellakin. Sit\u00e4 voit hy\u00f6dynt\u00e4\u00e4 esim. tentin t\u00e4ytt\u00f6ohjeiden antamiseen.<\/p>\n","protected":false},"excerpt":{"rendered":"<p>Tentti-aktiviteetissa on useita erilaisia kysymystyyppej\u00e4, kuten monivalinta, tosi\/ep\u00e4tosi, essee, lyhytvastaus, aukkoteht\u00e4v\u00e4 sek\u00e4 erilaiset matemaattiset teht\u00e4v\u00e4muodot. Moodle arvioi ja pisteytt\u00e4\u00e4 automaattisesti opettajan antamien ehtojen mukaan kaikki paitsi essee teht\u00e4v\u00e4t, jotka opettajan tulee k\u00e4yd\u00e4 k\u00e4sin arvioimassa. Tarkemmat esimerkit ja tenttikysymysten ohjeet l\u00f6yd\u00e4t Gradian Moodlesta Moodlen perusteet opettajille -ty\u00f6tilasta. MonivalintaMonivalintateht\u00e4v\u00e4ss\u00e4 opiskelija valitsee vastauksensa [&hellip;]<\/p>\n","protected":false},"author":165,"featured_media":0,"parent":76,"menu_order":0,"comment_status":"closed","ping_status":"closed","template":"","meta":{"_uag_custom_page_level_css":"","footnotes":""},"class_list":["post-1114","page","type-page","status-publish","hentry"],"yoast_head":"<!-- This site is optimized with the Yoast SEO plugin v27.4 - https:\/\/yoast.com\/product\/yoast-seo-wordpress\/ -->\n<title>Tentin eri kysymystyypit - Gradia Digipalvelut<\/title>\n<meta name=\"robots\" content=\"index, follow, max-snippet:-1, max-image-preview:large, max-video-preview:-1\" \/>\n<link rel=\"canonical\" href=\"https:\/\/blogit.gradia.fi\/digipalvelut\/ohjeita-ja-vinkkeja\/moodle\/tentin-eri-kysymystyypit\/\" \/>\n<meta property=\"og:locale\" content=\"fi_FI\" \/>\n<meta property=\"og:type\" content=\"article\" \/>\n<meta property=\"og:title\" content=\"Tentin eri kysymystyypit - Gradia Digipalvelut\" \/>\n<meta property=\"og:description\" content=\"Tentti-aktiviteetissa on useita erilaisia kysymystyyppej\u00e4, kuten monivalinta, tosi\/ep\u00e4tosi, essee, lyhytvastaus, aukkoteht\u00e4v\u00e4 sek\u00e4 erilaiset matemaattiset teht\u00e4v\u00e4muodot. Moodle arvioi ja pisteytt\u00e4\u00e4 automaattisesti opettajan antamien ehtojen mukaan kaikki paitsi essee teht\u00e4v\u00e4t, jotka opettajan tulee k\u00e4yd\u00e4 k\u00e4sin arvioimassa. Tarkemmat esimerkit ja tenttikysymysten ohjeet l\u00f6yd\u00e4t Gradian Moodlesta Moodlen perusteet opettajille -ty\u00f6tilasta. MonivalintaMonivalintateht\u00e4v\u00e4ss\u00e4 opiskelija valitsee vastauksensa [&hellip;]\" \/>\n<meta property=\"og:url\" content=\"https:\/\/blogit.gradia.fi\/digipalvelut\/ohjeita-ja-vinkkeja\/moodle\/tentin-eri-kysymystyypit\/\" \/>\n<meta property=\"og:site_name\" content=\"Gradia Digipalvelut\" \/>\n<meta property=\"article:modified_time\" content=\"2019-12-27T08:17:49+00:00\" \/>\n<meta property=\"og:image\" content=\"https:\/\/blogit.gradia.fi\/digipalvelut\/wp-content\/uploads\/sites\/99\/2019\/09\/kuva.png\" \/>\n<meta name=\"twitter:card\" content=\"summary_large_image\" \/>\n<meta name=\"twitter:label1\" content=\"Arvioitu lukuaika\" \/>\n\t<meta name=\"twitter:data1\" content=\"3 minuuttia\" \/>\n<script type=\"application\/ld+json\" class=\"yoast-schema-graph\">{\"@context\":\"https:\\\/\\\/schema.org\",\"@graph\":[{\"@type\":\"WebPage\",\"@id\":\"https:\\\/\\\/blogit.gradia.fi\\\/digipalvelut\\\/ohjeita-ja-vinkkeja\\\/moodle\\\/tentin-eri-kysymystyypit\\\/\",\"url\":\"https:\\\/\\\/blogit.gradia.fi\\\/digipalvelut\\\/ohjeita-ja-vinkkeja\\\/moodle\\\/tentin-eri-kysymystyypit\\\/\",\"name\":\"Tentin eri kysymystyypit - Gradia Digipalvelut\",\"isPartOf\":{\"@id\":\"https:\\\/\\\/blogit.gradia.fi\\\/digipalvelut\\\/#website\"},\"primaryImageOfPage\":{\"@id\":\"https:\\\/\\\/blogit.gradia.fi\\\/digipalvelut\\\/ohjeita-ja-vinkkeja\\\/moodle\\\/tentin-eri-kysymystyypit\\\/#primaryimage\"},\"image\":{\"@id\":\"https:\\\/\\\/blogit.gradia.fi\\\/digipalvelut\\\/ohjeita-ja-vinkkeja\\\/moodle\\\/tentin-eri-kysymystyypit\\\/#primaryimage\"},\"thumbnailUrl\":\"https:\\\/\\\/blogit.gradia.fi\\\/digipalvelut\\\/wp-content\\\/uploads\\\/sites\\\/99\\\/2019\\\/09\\\/kuva.png\",\"datePublished\":\"2019-09-16T16:46:35+00:00\",\"dateModified\":\"2019-12-27T08:17:49+00:00\",\"breadcrumb\":{\"@id\":\"https:\\\/\\\/blogit.gradia.fi\\\/digipalvelut\\\/ohjeita-ja-vinkkeja\\\/moodle\\\/tentin-eri-kysymystyypit\\\/#breadcrumb\"},\"inLanguage\":\"fi\",\"potentialAction\":[{\"@type\":\"ReadAction\",\"target\":[\"https:\\\/\\\/blogit.gradia.fi\\\/digipalvelut\\\/ohjeita-ja-vinkkeja\\\/moodle\\\/tentin-eri-kysymystyypit\\\/\"]}]},{\"@type\":\"ImageObject\",\"inLanguage\":\"fi\",\"@id\":\"https:\\\/\\\/blogit.gradia.fi\\\/digipalvelut\\\/ohjeita-ja-vinkkeja\\\/moodle\\\/tentin-eri-kysymystyypit\\\/#primaryimage\",\"url\":\"https:\\\/\\\/blogit.gradia.fi\\\/digipalvelut\\\/wp-content\\\/uploads\\\/sites\\\/99\\\/2019\\\/09\\\/kuva.png\",\"contentUrl\":\"https:\\\/\\\/blogit.gradia.fi\\\/digipalvelut\\\/wp-content\\\/uploads\\\/sites\\\/99\\\/2019\\\/09\\\/kuva.png\",\"width\":318,\"height\":233},{\"@type\":\"BreadcrumbList\",\"@id\":\"https:\\\/\\\/blogit.gradia.fi\\\/digipalvelut\\\/ohjeita-ja-vinkkeja\\\/moodle\\\/tentin-eri-kysymystyypit\\\/#breadcrumb\",\"itemListElement\":[{\"@type\":\"ListItem\",\"position\":1,\"name\":\"Ohjeita ja vinkkej\u00e4\",\"item\":\"https:\\\/\\\/blogit.gradia.fi\\\/digipalvelut\\\/ohjeita-ja-vinkkeja\\\/\"},{\"@type\":\"ListItem\",\"position\":2,\"name\":\"Moodle\",\"item\":\"https:\\\/\\\/blogit.gradia.fi\\\/digipalvelut\\\/ohjeita-ja-vinkkeja\\\/moodle\\\/\"},{\"@type\":\"ListItem\",\"position\":3,\"name\":\"Tentin eri kysymystyypit\"}]},{\"@type\":\"WebSite\",\"@id\":\"https:\\\/\\\/blogit.gradia.fi\\\/digipalvelut\\\/#website\",\"url\":\"https:\\\/\\\/blogit.gradia.fi\\\/digipalvelut\\\/\",\"name\":\"Gradia Digipalvelut\",\"description\":\"Astetta enemm\u00e4n digi\u00e4\",\"publisher\":{\"@id\":\"https:\\\/\\\/blogit.gradia.fi\\\/digipalvelut\\\/#organization\"},\"potentialAction\":[{\"@type\":\"SearchAction\",\"target\":{\"@type\":\"EntryPoint\",\"urlTemplate\":\"https:\\\/\\\/blogit.gradia.fi\\\/digipalvelut\\\/?s={search_term_string}\"},\"query-input\":{\"@type\":\"PropertyValueSpecification\",\"valueRequired\":true,\"valueName\":\"search_term_string\"}}],\"inLanguage\":\"fi\"},{\"@type\":\"Organization\",\"@id\":\"https:\\\/\\\/blogit.gradia.fi\\\/digipalvelut\\\/#organization\",\"name\":\"Gradia Digipalvelut\",\"url\":\"https:\\\/\\\/blogit.gradia.fi\\\/digipalvelut\\\/\",\"logo\":{\"@type\":\"ImageObject\",\"inLanguage\":\"fi\",\"@id\":\"https:\\\/\\\/blogit.gradia.fi\\\/digipalvelut\\\/#\\\/schema\\\/logo\\\/image\\\/\",\"url\":\"https:\\\/\\\/blogit.gradia.fi\\\/digipalvelut\\\/wp-content\\\/uploads\\\/sites\\\/99\\\/2019\\\/06\\\/cropped-Gradia_logo_Cyber_TRANSPARENT.png\",\"contentUrl\":\"https:\\\/\\\/blogit.gradia.fi\\\/digipalvelut\\\/wp-content\\\/uploads\\\/sites\\\/99\\\/2019\\\/06\\\/cropped-Gradia_logo_Cyber_TRANSPARENT.png\",\"width\":316,\"height\":382,\"caption\":\"Gradia Digipalvelut\"},\"image\":{\"@id\":\"https:\\\/\\\/blogit.gradia.fi\\\/digipalvelut\\\/#\\\/schema\\\/logo\\\/image\\\/\"}}]}<\/script>\n<!-- \/ Yoast SEO plugin. -->","yoast_head_json":{"title":"Tentin eri kysymystyypit - Gradia Digipalvelut","robots":{"index":"index","follow":"follow","max-snippet":"max-snippet:-1","max-image-preview":"max-image-preview:large","max-video-preview":"max-video-preview:-1"},"canonical":"https:\/\/blogit.gradia.fi\/digipalvelut\/ohjeita-ja-vinkkeja\/moodle\/tentin-eri-kysymystyypit\/","og_locale":"fi_FI","og_type":"article","og_title":"Tentin eri kysymystyypit - Gradia Digipalvelut","og_description":"Tentti-aktiviteetissa on useita erilaisia kysymystyyppej\u00e4, kuten monivalinta, tosi\/ep\u00e4tosi, essee, lyhytvastaus, aukkoteht\u00e4v\u00e4 sek\u00e4 erilaiset matemaattiset teht\u00e4v\u00e4muodot. Moodle arvioi ja pisteytt\u00e4\u00e4 automaattisesti opettajan antamien ehtojen mukaan kaikki paitsi essee teht\u00e4v\u00e4t, jotka opettajan tulee k\u00e4yd\u00e4 k\u00e4sin arvioimassa. Tarkemmat esimerkit ja tenttikysymysten ohjeet l\u00f6yd\u00e4t Gradian Moodlesta Moodlen perusteet opettajille -ty\u00f6tilasta. MonivalintaMonivalintateht\u00e4v\u00e4ss\u00e4 opiskelija valitsee vastauksensa [&hellip;]","og_url":"https:\/\/blogit.gradia.fi\/digipalvelut\/ohjeita-ja-vinkkeja\/moodle\/tentin-eri-kysymystyypit\/","og_site_name":"Gradia Digipalvelut","article_modified_time":"2019-12-27T08:17:49+00:00","og_image":[{"url":"https:\/\/blogit.gradia.fi\/digipalvelut\/wp-content\/uploads\/sites\/99\/2019\/09\/kuva.png","type":"","width":"","height":""}],"twitter_card":"summary_large_image","twitter_misc":{"Arvioitu lukuaika":"3 minuuttia"},"schema":{"@context":"https:\/\/schema.org","@graph":[{"@type":"WebPage","@id":"https:\/\/blogit.gradia.fi\/digipalvelut\/ohjeita-ja-vinkkeja\/moodle\/tentin-eri-kysymystyypit\/","url":"https:\/\/blogit.gradia.fi\/digipalvelut\/ohjeita-ja-vinkkeja\/moodle\/tentin-eri-kysymystyypit\/","name":"Tentin eri kysymystyypit - Gradia Digipalvelut","isPartOf":{"@id":"https:\/\/blogit.gradia.fi\/digipalvelut\/#website"},"primaryImageOfPage":{"@id":"https:\/\/blogit.gradia.fi\/digipalvelut\/ohjeita-ja-vinkkeja\/moodle\/tentin-eri-kysymystyypit\/#primaryimage"},"image":{"@id":"https:\/\/blogit.gradia.fi\/digipalvelut\/ohjeita-ja-vinkkeja\/moodle\/tentin-eri-kysymystyypit\/#primaryimage"},"thumbnailUrl":"https:\/\/blogit.gradia.fi\/digipalvelut\/wp-content\/uploads\/sites\/99\/2019\/09\/kuva.png","datePublished":"2019-09-16T16:46:35+00:00","dateModified":"2019-12-27T08:17:49+00:00","breadcrumb":{"@id":"https:\/\/blogit.gradia.fi\/digipalvelut\/ohjeita-ja-vinkkeja\/moodle\/tentin-eri-kysymystyypit\/#breadcrumb"},"inLanguage":"fi","potentialAction":[{"@type":"ReadAction","target":["https:\/\/blogit.gradia.fi\/digipalvelut\/ohjeita-ja-vinkkeja\/moodle\/tentin-eri-kysymystyypit\/"]}]},{"@type":"ImageObject","inLanguage":"fi","@id":"https:\/\/blogit.gradia.fi\/digipalvelut\/ohjeita-ja-vinkkeja\/moodle\/tentin-eri-kysymystyypit\/#primaryimage","url":"https:\/\/blogit.gradia.fi\/digipalvelut\/wp-content\/uploads\/sites\/99\/2019\/09\/kuva.png","contentUrl":"https:\/\/blogit.gradia.fi\/digipalvelut\/wp-content\/uploads\/sites\/99\/2019\/09\/kuva.png","width":318,"height":233},{"@type":"BreadcrumbList","@id":"https:\/\/blogit.gradia.fi\/digipalvelut\/ohjeita-ja-vinkkeja\/moodle\/tentin-eri-kysymystyypit\/#breadcrumb","itemListElement":[{"@type":"ListItem","position":1,"name":"Ohjeita ja vinkkej\u00e4","item":"https:\/\/blogit.gradia.fi\/digipalvelut\/ohjeita-ja-vinkkeja\/"},{"@type":"ListItem","position":2,"name":"Moodle","item":"https:\/\/blogit.gradia.fi\/digipalvelut\/ohjeita-ja-vinkkeja\/moodle\/"},{"@type":"ListItem","position":3,"name":"Tentin eri kysymystyypit"}]},{"@type":"WebSite","@id":"https:\/\/blogit.gradia.fi\/digipalvelut\/#website","url":"https:\/\/blogit.gradia.fi\/digipalvelut\/","name":"Gradia Digipalvelut","description":"Astetta enemm\u00e4n digi\u00e4","publisher":{"@id":"https:\/\/blogit.gradia.fi\/digipalvelut\/#organization"},"potentialAction":[{"@type":"SearchAction","target":{"@type":"EntryPoint","urlTemplate":"https:\/\/blogit.gradia.fi\/digipalvelut\/?s={search_term_string}"},"query-input":{"@type":"PropertyValueSpecification","valueRequired":true,"valueName":"search_term_string"}}],"inLanguage":"fi"},{"@type":"Organization","@id":"https:\/\/blogit.gradia.fi\/digipalvelut\/#organization","name":"Gradia Digipalvelut","url":"https:\/\/blogit.gradia.fi\/digipalvelut\/","logo":{"@type":"ImageObject","inLanguage":"fi","@id":"https:\/\/blogit.gradia.fi\/digipalvelut\/#\/schema\/logo\/image\/","url":"https:\/\/blogit.gradia.fi\/digipalvelut\/wp-content\/uploads\/sites\/99\/2019\/06\/cropped-Gradia_logo_Cyber_TRANSPARENT.png","contentUrl":"https:\/\/blogit.gradia.fi\/digipalvelut\/wp-content\/uploads\/sites\/99\/2019\/06\/cropped-Gradia_logo_Cyber_TRANSPARENT.png","width":316,"height":382,"caption":"Gradia Digipalvelut"},"image":{"@id":"https:\/\/blogit.gradia.fi\/digipalvelut\/#\/schema\/logo\/image\/"}}]}},"uagb_featured_image_src":{"full":false,"thumbnail":false,"medium":false,"medium_large":false,"large":false,"1536x1536":false,"2048x2048":false,"hestia-blog":false},"uagb_author_info":{"display_name":"Heini Pennanen","author_link":"https:\/\/blogit.gradia.fi\/digipalvelut\/author\/pennahei\/"},"uagb_comment_info":0,"uagb_excerpt":"Tentti-aktiviteetissa on useita erilaisia kysymystyyppej\u00e4, kuten monivalinta, tosi\/ep\u00e4tosi, essee, lyhytvastaus, aukkoteht\u00e4v\u00e4 sek\u00e4 erilaiset matemaattiset teht\u00e4v\u00e4muodot. Moodle arvioi ja pisteytt\u00e4\u00e4 automaattisesti opettajan antamien ehtojen mukaan kaikki paitsi essee teht\u00e4v\u00e4t, jotka opettajan tulee k\u00e4yd\u00e4 k\u00e4sin arvioimassa. Tarkemmat esimerkit ja tenttikysymysten ohjeet l\u00f6yd\u00e4t Gradian Moodlesta Moodlen perusteet opettajille -ty\u00f6tilasta. MonivalintaMonivalintateht\u00e4v\u00e4ss\u00e4 opiskelija valitsee vastauksensa [&hellip;]","_links":{"self":[{"href":"https:\/\/blogit.gradia.fi\/digipalvelut\/wp-json\/wp\/v2\/pages\/1114","targetHints":{"allow":["GET"]}}],"collection":[{"href":"https:\/\/blogit.gradia.fi\/digipalvelut\/wp-json\/wp\/v2\/pages"}],"about":[{"href":"https:\/\/blogit.gradia.fi\/digipalvelut\/wp-json\/wp\/v2\/types\/page"}],"author":[{"embeddable":true,"href":"https:\/\/blogit.gradia.fi\/digipalvelut\/wp-json\/wp\/v2\/users\/165"}],"replies":[{"embeddable":true,"href":"https:\/\/blogit.gradia.fi\/digipalvelut\/wp-json\/wp\/v2\/comments?post=1114"}],"version-history":[{"count":10,"href":"https:\/\/blogit.gradia.fi\/digipalvelut\/wp-json\/wp\/v2\/pages\/1114\/revisions"}],"predecessor-version":[{"id":1401,"href":"https:\/\/blogit.gradia.fi\/digipalvelut\/wp-json\/wp\/v2\/pages\/1114\/revisions\/1401"}],"up":[{"embeddable":true,"href":"https:\/\/blogit.gradia.fi\/digipalvelut\/wp-json\/wp\/v2\/pages\/76"}],"wp:attachment":[{"href":"https:\/\/blogit.gradia.fi\/digipalvelut\/wp-json\/wp\/v2\/media?parent=1114"}],"curies":[{"name":"wp","href":"https:\/\/api.w.org\/{rel}","templated":true}]}}