{"id":1086,"date":"2019-09-16T12:54:48","date_gmt":"2019-09-16T09:54:48","guid":{"rendered":"https:\/\/blogit.gradia.fi\/digipalvelut\/?page_id=1086"},"modified":"2020-12-07T11:34:01","modified_gmt":"2020-12-07T09:34:01","slug":"opiskelijan-kirjautuminen-moodleen","status":"publish","type":"page","link":"https:\/\/blogit.gradia.fi\/digipalvelut\/ohjeita-ja-vinkkeja\/moodle\/opiskelijan-kirjautuminen-moodleen\/","title":{"rendered":"Opiskelijan kirjautuminen Moodleen"},"content":{"rendered":"\n<p><strong>Gradian opiskelijat kirjautuvat Moodleen Gradian&nbsp;k\u00e4ytt\u00e4j\u00e4tunnuksella ja salasanalla.&nbsp;&nbsp; <\/strong><\/p>\n\n\n\n<p>Moodleen p\u00e4\u00e4see osoitteesta <a href=\"http:\/\/moodle.gradia.fi\">moodle.gradia.fi<\/a>. Kirjautuaksesi sis\u00e4lle klikkaa oikeassa yl\u00e4kulmassa &#8221;<strong>Kirjaudu sis\u00e4\u00e4n<\/strong>&#8221; painiketta. T\u00e4st\u00e4 avautuu alla oleva kirjautumisikkuna.<br><\/p>\n\n\n\n<figure class=\"wp-block-image size-large\"><img fetchpriority=\"high\" decoding=\"async\" width=\"984\" height=\"584\" src=\"https:\/\/blogit.gradia.fi\/digipalvelut\/wp-content\/uploads\/sites\/99\/2020\/09\/kirjautuminenMoodleen.jpg\" alt=\"Gradian Moodlen kirjautumisikkuna\" class=\"wp-image-2002\" srcset=\"https:\/\/blogit.gradia.fi\/digipalvelut\/wp-content\/uploads\/sites\/99\/2020\/09\/kirjautuminenMoodleen.jpg 984w, https:\/\/blogit.gradia.fi\/digipalvelut\/wp-content\/uploads\/sites\/99\/2020\/09\/kirjautuminenMoodleen-300x178.jpg 300w, https:\/\/blogit.gradia.fi\/digipalvelut\/wp-content\/uploads\/sites\/99\/2020\/09\/kirjautuminenMoodleen-768x456.jpg 768w, https:\/\/blogit.gradia.fi\/digipalvelut\/wp-content\/uploads\/sites\/99\/2020\/09\/kirjautuminenMoodleen-620x368.jpg 620w\" sizes=\"(max-width: 984px) 100vw, 984px\" \/><figcaption>Moodlen kirjautumisikkuna<\/figcaption><\/figure>\n\n\n\n<ol class=\"wp-block-list\"><li><strong>klikkaa Gradia -tunnusta<\/strong>  ja kirjaudu sis\u00e4\u00e4n omilla Gradia -tunnuksillasi, jotka ovat yleens\u00e4 muotoa grxxxxxx@gradia.fi sek\u00e4 omalla salasanallasi. <\/li><li>Ikkuna johtaa <strong>Microsoft -kirjautumiseen<\/strong>, johon voit joutua sy\u00f6tt\u00e4m\u00e4\u00e4n Gradia -tunnuksesi uudelleen. Gradia-tunnus on t\u00e4ss\u00e4 tapauksessa Microsoft -tunnuksesi. <\/li><li>Mik\u00e4li kirjaudut koulun ulkopuolisesta verkosta, kuten kotoa, niin sinun tulee hyv\u00e4ksy\u00e4 kirjautuminen kaksoistunnistautumisen yhteydess\u00e4 joko lataamallasi sovelluksella tai viestill\u00e4. Lis\u00e4ohjeita kaksoistunnistautumisen (MFA) k\u00e4ytt\u00f6\u00f6nottoon l\u00f6yd\u00e4t <a aria-label=\"t\u00e4st\u00e4 linkist\u00e4 (avautuu uudessa v\u00e4lilehdess\u00e4)\" rel=\"noreferrer noopener\" href=\"https:\/\/blogit.gradia.fi\/digipalvelut\/ohjeita-ja-vinkkeja\/laitteet\/kaksivaiheisen-tunnistautumisen-mfa-kayttoonotto\/\" target=\"_blank\">Digipalveluiden ohjeista<\/a>. <\/li><li>Kirjautuessasi ensimm\u00e4ist\u00e4 kertaa Moodleen, tulee k\u00e4ytt\u00e4j\u00e4n hyv\u00e4ksytt\u00e4v\u00e4ksi j\u00e4rjestelm\u00e4n tietosuojaseloste. Lue se l\u00e4pi ennen hyv\u00e4ksymist\u00e4. T\u00e4m\u00e4 tulee tehd\u00e4 <strong>vain<\/strong> ensimm\u00e4isell\u00e4 kirjautumiskerralla. <\/li><li>J\u00e4rjestelm\u00e4 pyyt\u00e4\u00e4 k\u00e4ytt\u00e4j\u00e4\u00e4 tarkistamaan profiilitietonsa. Huomaathan, ett\u00e4 s\u00e4hk\u00f6postina tulee olla j\u00e4rjestelm\u00e4n tarjoama Gradian s\u00e4hk\u00f6postiosoite. Tallenna tiedot ja voit aloittaa Moodlen k\u00e4yt\u00f6n.<br><br>Jatkossa l\u00f6yd\u00e4t kaikki meneill\u00e4\u00e4n olevat opintojaksot, joissa Moodlea k\u00e4ytet\u00e4\u00e4n, Moodlen ty\u00f6p\u00f6yd\u00e4lt\u00e4. <\/li><\/ol>\n\n\n\n<p><strong>Katso lyhyt video-ohje Moodleen kirjautumisesta Gradia -tunnuksella. Videossa k\u00e4yd\u00e4\u00e4n l\u00e4pi kaksointunnistautumisella tunnistautuminen <\/strong><\/p>\n\n\n\n<figure class=\"wp-block-embed-youtube wp-block-embed is-type-video is-provider-youtube wp-embed-aspect-16-9 wp-has-aspect-ratio\"><div class=\"wp-block-embed__wrapper\">\n<iframe title=\"Kaksoistunnistautuminen Gradian Moodleen\" width=\"750\" height=\"422\" src=\"https:\/\/www.youtube.com\/embed\/jVoeMoBTQoI?feature=oembed\" frameborder=\"0\" allow=\"accelerometer; autoplay; clipboard-write; encrypted-media; gyroscope; picture-in-picture; web-share\" allowfullscreen><\/iframe>\n<\/div><figcaption>Ohje kaksoistunnistautumiseen Moodleen kirjautumisen yhteydess\u00e4<\/figcaption><\/figure>\n","protected":false},"excerpt":{"rendered":"<p>Gradian opiskelijat kirjautuvat Moodleen Gradian&nbsp;k\u00e4ytt\u00e4j\u00e4tunnuksella ja salasanalla.&nbsp;&nbsp; Moodleen p\u00e4\u00e4see osoitteesta moodle.gradia.fi. Kirjautuaksesi sis\u00e4lle klikkaa oikeassa yl\u00e4kulmassa &#8221;Kirjaudu sis\u00e4\u00e4n&#8221; painiketta. T\u00e4st\u00e4 avautuu alla oleva kirjautumisikkuna. klikkaa Gradia -tunnusta ja kirjaudu sis\u00e4\u00e4n omilla Gradia -tunnuksillasi, jotka ovat yleens\u00e4 muotoa grxxxxxx@gradia.fi sek\u00e4 omalla salasanallasi. Ikkuna johtaa Microsoft -kirjautumiseen, johon voit joutua sy\u00f6tt\u00e4m\u00e4\u00e4n Gradia [&hellip;]<\/p>\n","protected":false},"author":165,"featured_media":0,"parent":76,"menu_order":0,"comment_status":"closed","ping_status":"closed","template":"","meta":{"_uag_custom_page_level_css":"","footnotes":""},"class_list":["post-1086","page","type-page","status-publish","hentry"],"yoast_head":"<!-- This site is optimized with the Yoast SEO plugin v27.4 - https:\/\/yoast.com\/product\/yoast-seo-wordpress\/ -->\n<title>Opiskelijan kirjautuminen Moodleen - Gradia Digipalvelut<\/title>\n<meta name=\"robots\" content=\"index, follow, max-snippet:-1, max-image-preview:large, max-video-preview:-1\" \/>\n<link rel=\"canonical\" href=\"https:\/\/blogit.gradia.fi\/digipalvelut\/ohjeita-ja-vinkkeja\/moodle\/opiskelijan-kirjautuminen-moodleen\/\" \/>\n<meta property=\"og:locale\" content=\"fi_FI\" \/>\n<meta property=\"og:type\" content=\"article\" \/>\n<meta property=\"og:title\" content=\"Opiskelijan kirjautuminen Moodleen - Gradia Digipalvelut\" \/>\n<meta property=\"og:description\" content=\"Gradian opiskelijat kirjautuvat Moodleen Gradian&nbsp;k\u00e4ytt\u00e4j\u00e4tunnuksella ja salasanalla.&nbsp;&nbsp; Moodleen p\u00e4\u00e4see osoitteesta moodle.gradia.fi. Kirjautuaksesi sis\u00e4lle klikkaa oikeassa yl\u00e4kulmassa &#8221;Kirjaudu sis\u00e4\u00e4n&#8221; painiketta. T\u00e4st\u00e4 avautuu alla oleva kirjautumisikkuna. klikkaa Gradia -tunnusta ja kirjaudu sis\u00e4\u00e4n omilla Gradia -tunnuksillasi, jotka ovat yleens\u00e4 muotoa grxxxxxx@gradia.fi sek\u00e4 omalla salasanallasi. Ikkuna johtaa Microsoft -kirjautumiseen, johon voit joutua sy\u00f6tt\u00e4m\u00e4\u00e4n Gradia [&hellip;]\" \/>\n<meta property=\"og:url\" content=\"https:\/\/blogit.gradia.fi\/digipalvelut\/ohjeita-ja-vinkkeja\/moodle\/opiskelijan-kirjautuminen-moodleen\/\" \/>\n<meta property=\"og:site_name\" content=\"Gradia Digipalvelut\" \/>\n<meta property=\"article:modified_time\" content=\"2020-12-07T09:34:01+00:00\" \/>\n<meta property=\"og:image\" content=\"https:\/\/blogit.gradia.fi\/digipalvelut\/wp-content\/uploads\/sites\/99\/2020\/09\/kirjautuminenMoodleen.jpg\" \/>\n<meta name=\"twitter:card\" content=\"summary_large_image\" \/>\n<meta name=\"twitter:label1\" content=\"Arvioitu lukuaika\" \/>\n\t<meta name=\"twitter:data1\" content=\"1 minuutti\" \/>\n<script type=\"application\/ld+json\" class=\"yoast-schema-graph\">{\"@context\":\"https:\\\/\\\/schema.org\",\"@graph\":[{\"@type\":\"WebPage\",\"@id\":\"https:\\\/\\\/blogit.gradia.fi\\\/digipalvelut\\\/ohjeita-ja-vinkkeja\\\/moodle\\\/opiskelijan-kirjautuminen-moodleen\\\/\",\"url\":\"https:\\\/\\\/blogit.gradia.fi\\\/digipalvelut\\\/ohjeita-ja-vinkkeja\\\/moodle\\\/opiskelijan-kirjautuminen-moodleen\\\/\",\"name\":\"Opiskelijan kirjautuminen Moodleen - Gradia Digipalvelut\",\"isPartOf\":{\"@id\":\"https:\\\/\\\/blogit.gradia.fi\\\/digipalvelut\\\/#website\"},\"primaryImageOfPage\":{\"@id\":\"https:\\\/\\\/blogit.gradia.fi\\\/digipalvelut\\\/ohjeita-ja-vinkkeja\\\/moodle\\\/opiskelijan-kirjautuminen-moodleen\\\/#primaryimage\"},\"image\":{\"@id\":\"https:\\\/\\\/blogit.gradia.fi\\\/digipalvelut\\\/ohjeita-ja-vinkkeja\\\/moodle\\\/opiskelijan-kirjautuminen-moodleen\\\/#primaryimage\"},\"thumbnailUrl\":\"https:\\\/\\\/blogit.gradia.fi\\\/digipalvelut\\\/wp-content\\\/uploads\\\/sites\\\/99\\\/2020\\\/09\\\/kirjautuminenMoodleen.jpg\",\"datePublished\":\"2019-09-16T09:54:48+00:00\",\"dateModified\":\"2020-12-07T09:34:01+00:00\",\"breadcrumb\":{\"@id\":\"https:\\\/\\\/blogit.gradia.fi\\\/digipalvelut\\\/ohjeita-ja-vinkkeja\\\/moodle\\\/opiskelijan-kirjautuminen-moodleen\\\/#breadcrumb\"},\"inLanguage\":\"fi\",\"potentialAction\":[{\"@type\":\"ReadAction\",\"target\":[\"https:\\\/\\\/blogit.gradia.fi\\\/digipalvelut\\\/ohjeita-ja-vinkkeja\\\/moodle\\\/opiskelijan-kirjautuminen-moodleen\\\/\"]}]},{\"@type\":\"ImageObject\",\"inLanguage\":\"fi\",\"@id\":\"https:\\\/\\\/blogit.gradia.fi\\\/digipalvelut\\\/ohjeita-ja-vinkkeja\\\/moodle\\\/opiskelijan-kirjautuminen-moodleen\\\/#primaryimage\",\"url\":\"https:\\\/\\\/blogit.gradia.fi\\\/digipalvelut\\\/wp-content\\\/uploads\\\/sites\\\/99\\\/2020\\\/09\\\/kirjautuminenMoodleen.jpg\",\"contentUrl\":\"https:\\\/\\\/blogit.gradia.fi\\\/digipalvelut\\\/wp-content\\\/uploads\\\/sites\\\/99\\\/2020\\\/09\\\/kirjautuminenMoodleen.jpg\",\"width\":984,\"height\":584,\"caption\":\"Moodlen kirjautumisikkuna\"},{\"@type\":\"BreadcrumbList\",\"@id\":\"https:\\\/\\\/blogit.gradia.fi\\\/digipalvelut\\\/ohjeita-ja-vinkkeja\\\/moodle\\\/opiskelijan-kirjautuminen-moodleen\\\/#breadcrumb\",\"itemListElement\":[{\"@type\":\"ListItem\",\"position\":1,\"name\":\"Ohjeita ja vinkkej\u00e4\",\"item\":\"https:\\\/\\\/blogit.gradia.fi\\\/digipalvelut\\\/ohjeita-ja-vinkkeja\\\/\"},{\"@type\":\"ListItem\",\"position\":2,\"name\":\"Moodle\",\"item\":\"https:\\\/\\\/blogit.gradia.fi\\\/digipalvelut\\\/ohjeita-ja-vinkkeja\\\/moodle\\\/\"},{\"@type\":\"ListItem\",\"position\":3,\"name\":\"Opiskelijan kirjautuminen Moodleen\"}]},{\"@type\":\"WebSite\",\"@id\":\"https:\\\/\\\/blogit.gradia.fi\\\/digipalvelut\\\/#website\",\"url\":\"https:\\\/\\\/blogit.gradia.fi\\\/digipalvelut\\\/\",\"name\":\"Gradia Digipalvelut\",\"description\":\"Astetta enemm\u00e4n digi\u00e4\",\"publisher\":{\"@id\":\"https:\\\/\\\/blogit.gradia.fi\\\/digipalvelut\\\/#organization\"},\"potentialAction\":[{\"@type\":\"SearchAction\",\"target\":{\"@type\":\"EntryPoint\",\"urlTemplate\":\"https:\\\/\\\/blogit.gradia.fi\\\/digipalvelut\\\/?s={search_term_string}\"},\"query-input\":{\"@type\":\"PropertyValueSpecification\",\"valueRequired\":true,\"valueName\":\"search_term_string\"}}],\"inLanguage\":\"fi\"},{\"@type\":\"Organization\",\"@id\":\"https:\\\/\\\/blogit.gradia.fi\\\/digipalvelut\\\/#organization\",\"name\":\"Gradia Digipalvelut\",\"url\":\"https:\\\/\\\/blogit.gradia.fi\\\/digipalvelut\\\/\",\"logo\":{\"@type\":\"ImageObject\",\"inLanguage\":\"fi\",\"@id\":\"https:\\\/\\\/blogit.gradia.fi\\\/digipalvelut\\\/#\\\/schema\\\/logo\\\/image\\\/\",\"url\":\"https:\\\/\\\/blogit.gradia.fi\\\/digipalvelut\\\/wp-content\\\/uploads\\\/sites\\\/99\\\/2019\\\/06\\\/cropped-Gradia_logo_Cyber_TRANSPARENT.png\",\"contentUrl\":\"https:\\\/\\\/blogit.gradia.fi\\\/digipalvelut\\\/wp-content\\\/uploads\\\/sites\\\/99\\\/2019\\\/06\\\/cropped-Gradia_logo_Cyber_TRANSPARENT.png\",\"width\":316,\"height\":382,\"caption\":\"Gradia Digipalvelut\"},\"image\":{\"@id\":\"https:\\\/\\\/blogit.gradia.fi\\\/digipalvelut\\\/#\\\/schema\\\/logo\\\/image\\\/\"}}]}<\/script>\n<!-- \/ Yoast SEO plugin. -->","yoast_head_json":{"title":"Opiskelijan kirjautuminen Moodleen - Gradia Digipalvelut","robots":{"index":"index","follow":"follow","max-snippet":"max-snippet:-1","max-image-preview":"max-image-preview:large","max-video-preview":"max-video-preview:-1"},"canonical":"https:\/\/blogit.gradia.fi\/digipalvelut\/ohjeita-ja-vinkkeja\/moodle\/opiskelijan-kirjautuminen-moodleen\/","og_locale":"fi_FI","og_type":"article","og_title":"Opiskelijan kirjautuminen Moodleen - Gradia Digipalvelut","og_description":"Gradian opiskelijat kirjautuvat Moodleen Gradian&nbsp;k\u00e4ytt\u00e4j\u00e4tunnuksella ja salasanalla.&nbsp;&nbsp; Moodleen p\u00e4\u00e4see osoitteesta moodle.gradia.fi. Kirjautuaksesi sis\u00e4lle klikkaa oikeassa yl\u00e4kulmassa &#8221;Kirjaudu sis\u00e4\u00e4n&#8221; painiketta. T\u00e4st\u00e4 avautuu alla oleva kirjautumisikkuna. klikkaa Gradia -tunnusta ja kirjaudu sis\u00e4\u00e4n omilla Gradia -tunnuksillasi, jotka ovat yleens\u00e4 muotoa grxxxxxx@gradia.fi sek\u00e4 omalla salasanallasi. Ikkuna johtaa Microsoft -kirjautumiseen, johon voit joutua sy\u00f6tt\u00e4m\u00e4\u00e4n Gradia [&hellip;]","og_url":"https:\/\/blogit.gradia.fi\/digipalvelut\/ohjeita-ja-vinkkeja\/moodle\/opiskelijan-kirjautuminen-moodleen\/","og_site_name":"Gradia Digipalvelut","article_modified_time":"2020-12-07T09:34:01+00:00","og_image":[{"url":"https:\/\/blogit.gradia.fi\/digipalvelut\/wp-content\/uploads\/sites\/99\/2020\/09\/kirjautuminenMoodleen.jpg","type":"","width":"","height":""}],"twitter_card":"summary_large_image","twitter_misc":{"Arvioitu lukuaika":"1 minuutti"},"schema":{"@context":"https:\/\/schema.org","@graph":[{"@type":"WebPage","@id":"https:\/\/blogit.gradia.fi\/digipalvelut\/ohjeita-ja-vinkkeja\/moodle\/opiskelijan-kirjautuminen-moodleen\/","url":"https:\/\/blogit.gradia.fi\/digipalvelut\/ohjeita-ja-vinkkeja\/moodle\/opiskelijan-kirjautuminen-moodleen\/","name":"Opiskelijan kirjautuminen Moodleen - Gradia Digipalvelut","isPartOf":{"@id":"https:\/\/blogit.gradia.fi\/digipalvelut\/#website"},"primaryImageOfPage":{"@id":"https:\/\/blogit.gradia.fi\/digipalvelut\/ohjeita-ja-vinkkeja\/moodle\/opiskelijan-kirjautuminen-moodleen\/#primaryimage"},"image":{"@id":"https:\/\/blogit.gradia.fi\/digipalvelut\/ohjeita-ja-vinkkeja\/moodle\/opiskelijan-kirjautuminen-moodleen\/#primaryimage"},"thumbnailUrl":"https:\/\/blogit.gradia.fi\/digipalvelut\/wp-content\/uploads\/sites\/99\/2020\/09\/kirjautuminenMoodleen.jpg","datePublished":"2019-09-16T09:54:48+00:00","dateModified":"2020-12-07T09:34:01+00:00","breadcrumb":{"@id":"https:\/\/blogit.gradia.fi\/digipalvelut\/ohjeita-ja-vinkkeja\/moodle\/opiskelijan-kirjautuminen-moodleen\/#breadcrumb"},"inLanguage":"fi","potentialAction":[{"@type":"ReadAction","target":["https:\/\/blogit.gradia.fi\/digipalvelut\/ohjeita-ja-vinkkeja\/moodle\/opiskelijan-kirjautuminen-moodleen\/"]}]},{"@type":"ImageObject","inLanguage":"fi","@id":"https:\/\/blogit.gradia.fi\/digipalvelut\/ohjeita-ja-vinkkeja\/moodle\/opiskelijan-kirjautuminen-moodleen\/#primaryimage","url":"https:\/\/blogit.gradia.fi\/digipalvelut\/wp-content\/uploads\/sites\/99\/2020\/09\/kirjautuminenMoodleen.jpg","contentUrl":"https:\/\/blogit.gradia.fi\/digipalvelut\/wp-content\/uploads\/sites\/99\/2020\/09\/kirjautuminenMoodleen.jpg","width":984,"height":584,"caption":"Moodlen kirjautumisikkuna"},{"@type":"BreadcrumbList","@id":"https:\/\/blogit.gradia.fi\/digipalvelut\/ohjeita-ja-vinkkeja\/moodle\/opiskelijan-kirjautuminen-moodleen\/#breadcrumb","itemListElement":[{"@type":"ListItem","position":1,"name":"Ohjeita ja vinkkej\u00e4","item":"https:\/\/blogit.gradia.fi\/digipalvelut\/ohjeita-ja-vinkkeja\/"},{"@type":"ListItem","position":2,"name":"Moodle","item":"https:\/\/blogit.gradia.fi\/digipalvelut\/ohjeita-ja-vinkkeja\/moodle\/"},{"@type":"ListItem","position":3,"name":"Opiskelijan kirjautuminen Moodleen"}]},{"@type":"WebSite","@id":"https:\/\/blogit.gradia.fi\/digipalvelut\/#website","url":"https:\/\/blogit.gradia.fi\/digipalvelut\/","name":"Gradia Digipalvelut","description":"Astetta enemm\u00e4n digi\u00e4","publisher":{"@id":"https:\/\/blogit.gradia.fi\/digipalvelut\/#organization"},"potentialAction":[{"@type":"SearchAction","target":{"@type":"EntryPoint","urlTemplate":"https:\/\/blogit.gradia.fi\/digipalvelut\/?s={search_term_string}"},"query-input":{"@type":"PropertyValueSpecification","valueRequired":true,"valueName":"search_term_string"}}],"inLanguage":"fi"},{"@type":"Organization","@id":"https:\/\/blogit.gradia.fi\/digipalvelut\/#organization","name":"Gradia Digipalvelut","url":"https:\/\/blogit.gradia.fi\/digipalvelut\/","logo":{"@type":"ImageObject","inLanguage":"fi","@id":"https:\/\/blogit.gradia.fi\/digipalvelut\/#\/schema\/logo\/image\/","url":"https:\/\/blogit.gradia.fi\/digipalvelut\/wp-content\/uploads\/sites\/99\/2019\/06\/cropped-Gradia_logo_Cyber_TRANSPARENT.png","contentUrl":"https:\/\/blogit.gradia.fi\/digipalvelut\/wp-content\/uploads\/sites\/99\/2019\/06\/cropped-Gradia_logo_Cyber_TRANSPARENT.png","width":316,"height":382,"caption":"Gradia Digipalvelut"},"image":{"@id":"https:\/\/blogit.gradia.fi\/digipalvelut\/#\/schema\/logo\/image\/"}}]}},"uagb_featured_image_src":{"full":false,"thumbnail":false,"medium":false,"medium_large":false,"large":false,"1536x1536":false,"2048x2048":false,"hestia-blog":false},"uagb_author_info":{"display_name":"Heini Pennanen","author_link":"https:\/\/blogit.gradia.fi\/digipalvelut\/author\/pennahei\/"},"uagb_comment_info":0,"uagb_excerpt":"Gradian opiskelijat kirjautuvat Moodleen Gradian&nbsp;k\u00e4ytt\u00e4j\u00e4tunnuksella ja salasanalla.&nbsp;&nbsp; Moodleen p\u00e4\u00e4see osoitteesta moodle.gradia.fi. Kirjautuaksesi sis\u00e4lle klikkaa oikeassa yl\u00e4kulmassa &#8221;Kirjaudu sis\u00e4\u00e4n&#8221; painiketta. T\u00e4st\u00e4 avautuu alla oleva kirjautumisikkuna. klikkaa Gradia -tunnusta ja kirjaudu sis\u00e4\u00e4n omilla Gradia -tunnuksillasi, jotka ovat yleens\u00e4 muotoa grxxxxxx@gradia.fi sek\u00e4 omalla salasanallasi. Ikkuna johtaa Microsoft -kirjautumiseen, johon voit joutua sy\u00f6tt\u00e4m\u00e4\u00e4n Gradia [&hellip;]","_links":{"self":[{"href":"https:\/\/blogit.gradia.fi\/digipalvelut\/wp-json\/wp\/v2\/pages\/1086","targetHints":{"allow":["GET"]}}],"collection":[{"href":"https:\/\/blogit.gradia.fi\/digipalvelut\/wp-json\/wp\/v2\/pages"}],"about":[{"href":"https:\/\/blogit.gradia.fi\/digipalvelut\/wp-json\/wp\/v2\/types\/page"}],"author":[{"embeddable":true,"href":"https:\/\/blogit.gradia.fi\/digipalvelut\/wp-json\/wp\/v2\/users\/165"}],"replies":[{"embeddable":true,"href":"https:\/\/blogit.gradia.fi\/digipalvelut\/wp-json\/wp\/v2\/comments?post=1086"}],"version-history":[{"count":10,"href":"https:\/\/blogit.gradia.fi\/digipalvelut\/wp-json\/wp\/v2\/pages\/1086\/revisions"}],"predecessor-version":[{"id":2110,"href":"https:\/\/blogit.gradia.fi\/digipalvelut\/wp-json\/wp\/v2\/pages\/1086\/revisions\/2110"}],"up":[{"embeddable":true,"href":"https:\/\/blogit.gradia.fi\/digipalvelut\/wp-json\/wp\/v2\/pages\/76"}],"wp:attachment":[{"href":"https:\/\/blogit.gradia.fi\/digipalvelut\/wp-json\/wp\/v2\/media?parent=1086"}],"curies":[{"name":"wp","href":"https:\/\/api.w.org\/{rel}","templated":true}]}}