{"id":1021,"date":"2019-08-23T16:10:34","date_gmt":"2019-08-23T13:10:34","guid":{"rendered":"https:\/\/blogit.gradia.fi\/digipalvelut\/?page_id=1021"},"modified":"2019-08-26T11:06:18","modified_gmt":"2019-08-26T08:06:18","slug":"valilehti-kurssipohja-materiaalin-siirtaminen-valilehdelta-toiselle","status":"publish","type":"page","link":"https:\/\/blogit.gradia.fi\/digipalvelut\/ohjeita-ja-vinkkeja\/moodle\/valilehti-kurssipohja-materiaalin-siirtaminen-valilehdelta-toiselle\/","title":{"rendered":"V\u00e4lilehti-kurssipohja: materiaalin siirt\u00e4minen v\u00e4lilehdelt\u00e4 toiselle"},"content":{"rendered":"\n<p><\/p>\n\n\n\n<p>1. Klikkaa muokkaustila p\u00e4\u00e4lle&nbsp; <br>2. Aktivoi sivun vasemmassa alareunassa&nbsp;<strong>v\u00e4lilehtity\u00f6kalut&nbsp;<\/strong>k\u00e4ytt\u00f6\u00f6n klikkaamalla sit\u00e4&nbsp;<br>3. Aktivoi sivun vasemmassa alareunassa&nbsp;<strong>v\u00e4lilehtity\u00f6kalut&nbsp;<\/strong>k\u00e4ytt\u00f6\u00f6n klikkaamalla sit\u00e4 <br>4. Klikkaa &#8221;Poista k\u00e4yt\u00f6st\u00e4 Asynkroniset muokkaustoimet&#8221;&nbsp; <\/p>\n\n\n\n<p>&nbsp;<\/p>\n\n\n\n<figure class=\"wp-block-image is-resized\"><img decoding=\"async\" src=\"https:\/\/blogit.gradia.fi\/digipalvelut\/wp-content\/uploads\/sites\/99\/2019\/08\/image-4-1024x269.jpeg\" alt=\"\" class=\"wp-image-1023\" width=\"1023\" srcset=\"https:\/\/blogit.gradia.fi\/digipalvelut\/wp-content\/uploads\/sites\/99\/2019\/08\/image-4.jpeg 1024w, https:\/\/blogit.gradia.fi\/digipalvelut\/wp-content\/uploads\/sites\/99\/2019\/08\/image-4-300x79.jpeg 300w, https:\/\/blogit.gradia.fi\/digipalvelut\/wp-content\/uploads\/sites\/99\/2019\/08\/image-4-768x202.jpeg 768w, https:\/\/blogit.gradia.fi\/digipalvelut\/wp-content\/uploads\/sites\/99\/2019\/08\/image-4-620x163.jpeg 620w\" sizes=\"(max-width: 1024px) 100vw, 1024px\" \/><\/figure>\n\n\n\n<p>5. Valitse aineisto tai aktiviteetti, jonka haluat siirt\u00e4\u00e4 klikkaamalla kerran&nbsp;<\/p>\n\n\n\n<figure class=\"wp-block-image is-resized\"><img fetchpriority=\"high\" decoding=\"async\" src=\"https:\/\/blogit.gradia.fi\/digipalvelut\/wp-content\/uploads\/sites\/99\/2019\/08\/image-5.jpeg\" alt=\"\" class=\"wp-image-1024\" width=\"248\" height=\"213\" srcset=\"https:\/\/blogit.gradia.fi\/digipalvelut\/wp-content\/uploads\/sites\/99\/2019\/08\/image-5.jpeg 495w, https:\/\/blogit.gradia.fi\/digipalvelut\/wp-content\/uploads\/sites\/99\/2019\/08\/image-5-300x258.jpeg 300w\" sizes=\"(max-width: 248px) 100vw, 248px\" \/><\/figure>\n\n\n\n<p>6. Mene sille v\u00e4lilehdelle haluamaasi kohtaan, johon haluat kohteen siirt\u00e4\u00e4.<br> 7. Paina ruutua, johon haluat aineiston tai aktiviteetin siirt\u00e4\u00e4&nbsp; <br>&nbsp;<\/p>\n\n\n\n<figure class=\"wp-block-image\"><img decoding=\"async\" width=\"141\" height=\"258\" src=\"https:\/\/blogit.gradia.fi\/digipalvelut\/wp-content\/uploads\/sites\/99\/2019\/08\/image-3.jpeg\" alt=\"\" class=\"wp-image-1022\" \/><\/figure>\n\n\n\n<p>8. Valitse j\u00e4lleen v\u00e4lilehtity\u00f6kalut ja paina nyt &#8221;ota&nbsp;asynkroniset&nbsp;muokkaustoimet k\u00e4ytt\u00f6\u00f6n&#8221;&nbsp;<\/p>\n","protected":false},"excerpt":{"rendered":"<p>1. Klikkaa muokkaustila p\u00e4\u00e4lle&nbsp; 2. Aktivoi sivun vasemmassa alareunassa&nbsp;v\u00e4lilehtity\u00f6kalut&nbsp;k\u00e4ytt\u00f6\u00f6n klikkaamalla sit\u00e4&nbsp;3. Aktivoi sivun vasemmassa alareunassa&nbsp;v\u00e4lilehtity\u00f6kalut&nbsp;k\u00e4ytt\u00f6\u00f6n klikkaamalla sit\u00e4 4. Klikkaa &#8221;Poista k\u00e4yt\u00f6st\u00e4 Asynkroniset muokkaustoimet&#8221;&nbsp; &nbsp; 5. Valitse aineisto tai aktiviteetti, jonka haluat siirt\u00e4\u00e4 klikkaamalla kerran&nbsp; 6. Mene sille v\u00e4lilehdelle haluamaasi kohtaan, johon haluat kohteen siirt\u00e4\u00e4. 7. Paina ruutua, johon haluat aineiston [&hellip;]<\/p>\n","protected":false},"author":165,"featured_media":0,"parent":76,"menu_order":0,"comment_status":"closed","ping_status":"closed","template":"","meta":{"_uag_custom_page_level_css":"","footnotes":""},"class_list":["post-1021","page","type-page","status-publish","hentry"],"yoast_head":"<!-- This site is optimized with the Yoast SEO plugin v27.4 - https:\/\/yoast.com\/product\/yoast-seo-wordpress\/ -->\n<title>V\u00e4lilehti-kurssipohja: materiaalin siirt\u00e4minen v\u00e4lilehdelt\u00e4 toiselle - Gradia Digipalvelut<\/title>\n<meta name=\"robots\" content=\"index, follow, max-snippet:-1, max-image-preview:large, max-video-preview:-1\" \/>\n<link rel=\"canonical\" href=\"https:\/\/blogit.gradia.fi\/digipalvelut\/ohjeita-ja-vinkkeja\/moodle\/valilehti-kurssipohja-materiaalin-siirtaminen-valilehdelta-toiselle\/\" \/>\n<meta property=\"og:locale\" content=\"fi_FI\" \/>\n<meta property=\"og:type\" content=\"article\" \/>\n<meta property=\"og:title\" content=\"V\u00e4lilehti-kurssipohja: materiaalin siirt\u00e4minen v\u00e4lilehdelt\u00e4 toiselle - Gradia Digipalvelut\" \/>\n<meta property=\"og:description\" content=\"1. Klikkaa muokkaustila p\u00e4\u00e4lle&nbsp; 2. Aktivoi sivun vasemmassa alareunassa&nbsp;v\u00e4lilehtity\u00f6kalut&nbsp;k\u00e4ytt\u00f6\u00f6n klikkaamalla sit\u00e4&nbsp;3. Aktivoi sivun vasemmassa alareunassa&nbsp;v\u00e4lilehtity\u00f6kalut&nbsp;k\u00e4ytt\u00f6\u00f6n klikkaamalla sit\u00e4 4. Klikkaa &#8221;Poista k\u00e4yt\u00f6st\u00e4 Asynkroniset muokkaustoimet&#8221;&nbsp; &nbsp; 5. Valitse aineisto tai aktiviteetti, jonka haluat siirt\u00e4\u00e4 klikkaamalla kerran&nbsp; 6. Mene sille v\u00e4lilehdelle haluamaasi kohtaan, johon haluat kohteen siirt\u00e4\u00e4. 7. Paina ruutua, johon haluat aineiston [&hellip;]\" \/>\n<meta property=\"og:url\" content=\"https:\/\/blogit.gradia.fi\/digipalvelut\/ohjeita-ja-vinkkeja\/moodle\/valilehti-kurssipohja-materiaalin-siirtaminen-valilehdelta-toiselle\/\" \/>\n<meta property=\"og:site_name\" content=\"Gradia Digipalvelut\" \/>\n<meta property=\"article:modified_time\" content=\"2019-08-26T08:06:18+00:00\" \/>\n<meta property=\"og:image\" content=\"https:\/\/blogit.gradia.fi\/digipalvelut\/wp-content\/uploads\/sites\/99\/2019\/08\/image-4-1024x269.jpeg\" \/>\n<meta name=\"twitter:card\" content=\"summary_large_image\" \/>\n<script type=\"application\/ld+json\" class=\"yoast-schema-graph\">{\"@context\":\"https:\\\/\\\/schema.org\",\"@graph\":[{\"@type\":\"WebPage\",\"@id\":\"https:\\\/\\\/blogit.gradia.fi\\\/digipalvelut\\\/ohjeita-ja-vinkkeja\\\/moodle\\\/valilehti-kurssipohja-materiaalin-siirtaminen-valilehdelta-toiselle\\\/\",\"url\":\"https:\\\/\\\/blogit.gradia.fi\\\/digipalvelut\\\/ohjeita-ja-vinkkeja\\\/moodle\\\/valilehti-kurssipohja-materiaalin-siirtaminen-valilehdelta-toiselle\\\/\",\"name\":\"V\u00e4lilehti-kurssipohja: materiaalin siirt\u00e4minen v\u00e4lilehdelt\u00e4 toiselle - Gradia Digipalvelut\",\"isPartOf\":{\"@id\":\"https:\\\/\\\/blogit.gradia.fi\\\/digipalvelut\\\/#website\"},\"primaryImageOfPage\":{\"@id\":\"https:\\\/\\\/blogit.gradia.fi\\\/digipalvelut\\\/ohjeita-ja-vinkkeja\\\/moodle\\\/valilehti-kurssipohja-materiaalin-siirtaminen-valilehdelta-toiselle\\\/#primaryimage\"},\"image\":{\"@id\":\"https:\\\/\\\/blogit.gradia.fi\\\/digipalvelut\\\/ohjeita-ja-vinkkeja\\\/moodle\\\/valilehti-kurssipohja-materiaalin-siirtaminen-valilehdelta-toiselle\\\/#primaryimage\"},\"thumbnailUrl\":\"https:\\\/\\\/blogit.gradia.fi\\\/digipalvelut\\\/wp-content\\\/uploads\\\/sites\\\/99\\\/2019\\\/08\\\/image-4-1024x269.jpeg\",\"datePublished\":\"2019-08-23T13:10:34+00:00\",\"dateModified\":\"2019-08-26T08:06:18+00:00\",\"breadcrumb\":{\"@id\":\"https:\\\/\\\/blogit.gradia.fi\\\/digipalvelut\\\/ohjeita-ja-vinkkeja\\\/moodle\\\/valilehti-kurssipohja-materiaalin-siirtaminen-valilehdelta-toiselle\\\/#breadcrumb\"},\"inLanguage\":\"fi\",\"potentialAction\":[{\"@type\":\"ReadAction\",\"target\":[\"https:\\\/\\\/blogit.gradia.fi\\\/digipalvelut\\\/ohjeita-ja-vinkkeja\\\/moodle\\\/valilehti-kurssipohja-materiaalin-siirtaminen-valilehdelta-toiselle\\\/\"]}]},{\"@type\":\"ImageObject\",\"inLanguage\":\"fi\",\"@id\":\"https:\\\/\\\/blogit.gradia.fi\\\/digipalvelut\\\/ohjeita-ja-vinkkeja\\\/moodle\\\/valilehti-kurssipohja-materiaalin-siirtaminen-valilehdelta-toiselle\\\/#primaryimage\",\"url\":\"https:\\\/\\\/blogit.gradia.fi\\\/digipalvelut\\\/wp-content\\\/uploads\\\/sites\\\/99\\\/2019\\\/08\\\/image-4-1024x269.jpeg\",\"contentUrl\":\"https:\\\/\\\/blogit.gradia.fi\\\/digipalvelut\\\/wp-content\\\/uploads\\\/sites\\\/99\\\/2019\\\/08\\\/image-4-1024x269.jpeg\"},{\"@type\":\"BreadcrumbList\",\"@id\":\"https:\\\/\\\/blogit.gradia.fi\\\/digipalvelut\\\/ohjeita-ja-vinkkeja\\\/moodle\\\/valilehti-kurssipohja-materiaalin-siirtaminen-valilehdelta-toiselle\\\/#breadcrumb\",\"itemListElement\":[{\"@type\":\"ListItem\",\"position\":1,\"name\":\"Ohjeita ja vinkkej\u00e4\",\"item\":\"https:\\\/\\\/blogit.gradia.fi\\\/digipalvelut\\\/ohjeita-ja-vinkkeja\\\/\"},{\"@type\":\"ListItem\",\"position\":2,\"name\":\"Moodle\",\"item\":\"https:\\\/\\\/blogit.gradia.fi\\\/digipalvelut\\\/ohjeita-ja-vinkkeja\\\/moodle\\\/\"},{\"@type\":\"ListItem\",\"position\":3,\"name\":\"V\u00e4lilehti-kurssipohja: materiaalin siirt\u00e4minen v\u00e4lilehdelt\u00e4 toiselle\"}]},{\"@type\":\"WebSite\",\"@id\":\"https:\\\/\\\/blogit.gradia.fi\\\/digipalvelut\\\/#website\",\"url\":\"https:\\\/\\\/blogit.gradia.fi\\\/digipalvelut\\\/\",\"name\":\"Gradia Digipalvelut\",\"description\":\"Astetta enemm\u00e4n digi\u00e4\",\"publisher\":{\"@id\":\"https:\\\/\\\/blogit.gradia.fi\\\/digipalvelut\\\/#organization\"},\"potentialAction\":[{\"@type\":\"SearchAction\",\"target\":{\"@type\":\"EntryPoint\",\"urlTemplate\":\"https:\\\/\\\/blogit.gradia.fi\\\/digipalvelut\\\/?s={search_term_string}\"},\"query-input\":{\"@type\":\"PropertyValueSpecification\",\"valueRequired\":true,\"valueName\":\"search_term_string\"}}],\"inLanguage\":\"fi\"},{\"@type\":\"Organization\",\"@id\":\"https:\\\/\\\/blogit.gradia.fi\\\/digipalvelut\\\/#organization\",\"name\":\"Gradia Digipalvelut\",\"url\":\"https:\\\/\\\/blogit.gradia.fi\\\/digipalvelut\\\/\",\"logo\":{\"@type\":\"ImageObject\",\"inLanguage\":\"fi\",\"@id\":\"https:\\\/\\\/blogit.gradia.fi\\\/digipalvelut\\\/#\\\/schema\\\/logo\\\/image\\\/\",\"url\":\"https:\\\/\\\/blogit.gradia.fi\\\/digipalvelut\\\/wp-content\\\/uploads\\\/sites\\\/99\\\/2019\\\/06\\\/cropped-Gradia_logo_Cyber_TRANSPARENT.png\",\"contentUrl\":\"https:\\\/\\\/blogit.gradia.fi\\\/digipalvelut\\\/wp-content\\\/uploads\\\/sites\\\/99\\\/2019\\\/06\\\/cropped-Gradia_logo_Cyber_TRANSPARENT.png\",\"width\":316,\"height\":382,\"caption\":\"Gradia Digipalvelut\"},\"image\":{\"@id\":\"https:\\\/\\\/blogit.gradia.fi\\\/digipalvelut\\\/#\\\/schema\\\/logo\\\/image\\\/\"}}]}<\/script>\n<!-- \/ Yoast SEO plugin. -->","yoast_head_json":{"title":"V\u00e4lilehti-kurssipohja: materiaalin siirt\u00e4minen v\u00e4lilehdelt\u00e4 toiselle - Gradia Digipalvelut","robots":{"index":"index","follow":"follow","max-snippet":"max-snippet:-1","max-image-preview":"max-image-preview:large","max-video-preview":"max-video-preview:-1"},"canonical":"https:\/\/blogit.gradia.fi\/digipalvelut\/ohjeita-ja-vinkkeja\/moodle\/valilehti-kurssipohja-materiaalin-siirtaminen-valilehdelta-toiselle\/","og_locale":"fi_FI","og_type":"article","og_title":"V\u00e4lilehti-kurssipohja: materiaalin siirt\u00e4minen v\u00e4lilehdelt\u00e4 toiselle - Gradia Digipalvelut","og_description":"1. Klikkaa muokkaustila p\u00e4\u00e4lle&nbsp; 2. Aktivoi sivun vasemmassa alareunassa&nbsp;v\u00e4lilehtity\u00f6kalut&nbsp;k\u00e4ytt\u00f6\u00f6n klikkaamalla sit\u00e4&nbsp;3. Aktivoi sivun vasemmassa alareunassa&nbsp;v\u00e4lilehtity\u00f6kalut&nbsp;k\u00e4ytt\u00f6\u00f6n klikkaamalla sit\u00e4 4. Klikkaa &#8221;Poista k\u00e4yt\u00f6st\u00e4 Asynkroniset muokkaustoimet&#8221;&nbsp; &nbsp; 5. Valitse aineisto tai aktiviteetti, jonka haluat siirt\u00e4\u00e4 klikkaamalla kerran&nbsp; 6. Mene sille v\u00e4lilehdelle haluamaasi kohtaan, johon haluat kohteen siirt\u00e4\u00e4. 7. Paina ruutua, johon haluat aineiston [&hellip;]","og_url":"https:\/\/blogit.gradia.fi\/digipalvelut\/ohjeita-ja-vinkkeja\/moodle\/valilehti-kurssipohja-materiaalin-siirtaminen-valilehdelta-toiselle\/","og_site_name":"Gradia Digipalvelut","article_modified_time":"2019-08-26T08:06:18+00:00","og_image":[{"url":"https:\/\/blogit.gradia.fi\/digipalvelut\/wp-content\/uploads\/sites\/99\/2019\/08\/image-4-1024x269.jpeg","type":"","width":"","height":""}],"twitter_card":"summary_large_image","schema":{"@context":"https:\/\/schema.org","@graph":[{"@type":"WebPage","@id":"https:\/\/blogit.gradia.fi\/digipalvelut\/ohjeita-ja-vinkkeja\/moodle\/valilehti-kurssipohja-materiaalin-siirtaminen-valilehdelta-toiselle\/","url":"https:\/\/blogit.gradia.fi\/digipalvelut\/ohjeita-ja-vinkkeja\/moodle\/valilehti-kurssipohja-materiaalin-siirtaminen-valilehdelta-toiselle\/","name":"V\u00e4lilehti-kurssipohja: materiaalin siirt\u00e4minen v\u00e4lilehdelt\u00e4 toiselle - Gradia Digipalvelut","isPartOf":{"@id":"https:\/\/blogit.gradia.fi\/digipalvelut\/#website"},"primaryImageOfPage":{"@id":"https:\/\/blogit.gradia.fi\/digipalvelut\/ohjeita-ja-vinkkeja\/moodle\/valilehti-kurssipohja-materiaalin-siirtaminen-valilehdelta-toiselle\/#primaryimage"},"image":{"@id":"https:\/\/blogit.gradia.fi\/digipalvelut\/ohjeita-ja-vinkkeja\/moodle\/valilehti-kurssipohja-materiaalin-siirtaminen-valilehdelta-toiselle\/#primaryimage"},"thumbnailUrl":"https:\/\/blogit.gradia.fi\/digipalvelut\/wp-content\/uploads\/sites\/99\/2019\/08\/image-4-1024x269.jpeg","datePublished":"2019-08-23T13:10:34+00:00","dateModified":"2019-08-26T08:06:18+00:00","breadcrumb":{"@id":"https:\/\/blogit.gradia.fi\/digipalvelut\/ohjeita-ja-vinkkeja\/moodle\/valilehti-kurssipohja-materiaalin-siirtaminen-valilehdelta-toiselle\/#breadcrumb"},"inLanguage":"fi","potentialAction":[{"@type":"ReadAction","target":["https:\/\/blogit.gradia.fi\/digipalvelut\/ohjeita-ja-vinkkeja\/moodle\/valilehti-kurssipohja-materiaalin-siirtaminen-valilehdelta-toiselle\/"]}]},{"@type":"ImageObject","inLanguage":"fi","@id":"https:\/\/blogit.gradia.fi\/digipalvelut\/ohjeita-ja-vinkkeja\/moodle\/valilehti-kurssipohja-materiaalin-siirtaminen-valilehdelta-toiselle\/#primaryimage","url":"https:\/\/blogit.gradia.fi\/digipalvelut\/wp-content\/uploads\/sites\/99\/2019\/08\/image-4-1024x269.jpeg","contentUrl":"https:\/\/blogit.gradia.fi\/digipalvelut\/wp-content\/uploads\/sites\/99\/2019\/08\/image-4-1024x269.jpeg"},{"@type":"BreadcrumbList","@id":"https:\/\/blogit.gradia.fi\/digipalvelut\/ohjeita-ja-vinkkeja\/moodle\/valilehti-kurssipohja-materiaalin-siirtaminen-valilehdelta-toiselle\/#breadcrumb","itemListElement":[{"@type":"ListItem","position":1,"name":"Ohjeita ja vinkkej\u00e4","item":"https:\/\/blogit.gradia.fi\/digipalvelut\/ohjeita-ja-vinkkeja\/"},{"@type":"ListItem","position":2,"name":"Moodle","item":"https:\/\/blogit.gradia.fi\/digipalvelut\/ohjeita-ja-vinkkeja\/moodle\/"},{"@type":"ListItem","position":3,"name":"V\u00e4lilehti-kurssipohja: materiaalin siirt\u00e4minen v\u00e4lilehdelt\u00e4 toiselle"}]},{"@type":"WebSite","@id":"https:\/\/blogit.gradia.fi\/digipalvelut\/#website","url":"https:\/\/blogit.gradia.fi\/digipalvelut\/","name":"Gradia Digipalvelut","description":"Astetta enemm\u00e4n digi\u00e4","publisher":{"@id":"https:\/\/blogit.gradia.fi\/digipalvelut\/#organization"},"potentialAction":[{"@type":"SearchAction","target":{"@type":"EntryPoint","urlTemplate":"https:\/\/blogit.gradia.fi\/digipalvelut\/?s={search_term_string}"},"query-input":{"@type":"PropertyValueSpecification","valueRequired":true,"valueName":"search_term_string"}}],"inLanguage":"fi"},{"@type":"Organization","@id":"https:\/\/blogit.gradia.fi\/digipalvelut\/#organization","name":"Gradia Digipalvelut","url":"https:\/\/blogit.gradia.fi\/digipalvelut\/","logo":{"@type":"ImageObject","inLanguage":"fi","@id":"https:\/\/blogit.gradia.fi\/digipalvelut\/#\/schema\/logo\/image\/","url":"https:\/\/blogit.gradia.fi\/digipalvelut\/wp-content\/uploads\/sites\/99\/2019\/06\/cropped-Gradia_logo_Cyber_TRANSPARENT.png","contentUrl":"https:\/\/blogit.gradia.fi\/digipalvelut\/wp-content\/uploads\/sites\/99\/2019\/06\/cropped-Gradia_logo_Cyber_TRANSPARENT.png","width":316,"height":382,"caption":"Gradia Digipalvelut"},"image":{"@id":"https:\/\/blogit.gradia.fi\/digipalvelut\/#\/schema\/logo\/image\/"}}]}},"uagb_featured_image_src":{"full":false,"thumbnail":false,"medium":false,"medium_large":false,"large":false,"1536x1536":false,"2048x2048":false,"hestia-blog":false},"uagb_author_info":{"display_name":"Heini Pennanen","author_link":"https:\/\/blogit.gradia.fi\/digipalvelut\/author\/pennahei\/"},"uagb_comment_info":0,"uagb_excerpt":"1. Klikkaa muokkaustila p\u00e4\u00e4lle&nbsp; 2. Aktivoi sivun vasemmassa alareunassa&nbsp;v\u00e4lilehtity\u00f6kalut&nbsp;k\u00e4ytt\u00f6\u00f6n klikkaamalla sit\u00e4&nbsp;3. Aktivoi sivun vasemmassa alareunassa&nbsp;v\u00e4lilehtity\u00f6kalut&nbsp;k\u00e4ytt\u00f6\u00f6n klikkaamalla sit\u00e4 4. Klikkaa &#8221;Poista k\u00e4yt\u00f6st\u00e4 Asynkroniset muokkaustoimet&#8221;&nbsp; &nbsp; 5. Valitse aineisto tai aktiviteetti, jonka haluat siirt\u00e4\u00e4 klikkaamalla kerran&nbsp; 6. Mene sille v\u00e4lilehdelle haluamaasi kohtaan, johon haluat kohteen siirt\u00e4\u00e4. 7. Paina ruutua, johon haluat aineiston [&hellip;]","_links":{"self":[{"href":"https:\/\/blogit.gradia.fi\/digipalvelut\/wp-json\/wp\/v2\/pages\/1021","targetHints":{"allow":["GET"]}}],"collection":[{"href":"https:\/\/blogit.gradia.fi\/digipalvelut\/wp-json\/wp\/v2\/pages"}],"about":[{"href":"https:\/\/blogit.gradia.fi\/digipalvelut\/wp-json\/wp\/v2\/types\/page"}],"author":[{"embeddable":true,"href":"https:\/\/blogit.gradia.fi\/digipalvelut\/wp-json\/wp\/v2\/users\/165"}],"replies":[{"embeddable":true,"href":"https:\/\/blogit.gradia.fi\/digipalvelut\/wp-json\/wp\/v2\/comments?post=1021"}],"version-history":[{"count":2,"href":"https:\/\/blogit.gradia.fi\/digipalvelut\/wp-json\/wp\/v2\/pages\/1021\/revisions"}],"predecessor-version":[{"id":1037,"href":"https:\/\/blogit.gradia.fi\/digipalvelut\/wp-json\/wp\/v2\/pages\/1021\/revisions\/1037"}],"up":[{"embeddable":true,"href":"https:\/\/blogit.gradia.fi\/digipalvelut\/wp-json\/wp\/v2\/pages\/76"}],"wp:attachment":[{"href":"https:\/\/blogit.gradia.fi\/digipalvelut\/wp-json\/wp\/v2\/media?parent=1021"}],"curies":[{"name":"wp","href":"https:\/\/api.w.org\/{rel}","templated":true}]}}