{"id":187,"date":"2022-04-11T13:22:38","date_gmt":"2022-04-11T10:22:38","guid":{"rendered":"https:\/\/blogit.gradia.fi\/digiluoto\/?page_id=187"},"modified":"2022-12-05T10:20:33","modified_gmt":"2022-12-05T08:20:33","slug":"digipedagoginen-iltapaiva-1-9-2022","status":"publish","type":"page","link":"https:\/\/blogit.gradia.fi\/digiluoto\/digipedagoginen-iltapaiva-1-9-2022\/","title":{"rendered":"Digipedagoginen iltap\u00e4iv\u00e4"},"content":{"rendered":"\n<p>Digipedagoginen iltap\u00e4iv\u00e4 1.9.2022 aloittaa DigiLuoto -koulutusten sarjan. Iltap\u00e4iv\u00e4 j\u00e4rjestet\u00e4\u00e4n Teamsin kautta ja ohjelma on yhteinen kaikille osallistujille. Osallistumislinkki l\u00e4hetet\u00e4\u00e4n kaikille ilmoittautuneille. Tilaisuutta ei tallenneta.<\/p>\n\n\n\n<figure class=\"wp-block-image size-large is-style-rounded\"><img fetchpriority=\"high\" decoding=\"async\" width=\"1024\" height=\"576\" src=\"https:\/\/blogit.gradia.fi\/digiluoto\/wp-content\/uploads\/sites\/277\/2022\/04\/023-intra-kuvitus-2020-0027-1024x576.jpg\" alt=\"Kuvituskuva, nainen istuu tietokoneen edess\u00e4 neuvotteluhuoneessa.\" class=\"wp-image-192\" srcset=\"https:\/\/blogit.gradia.fi\/digiluoto\/wp-content\/uploads\/sites\/277\/2022\/04\/023-intra-kuvitus-2020-0027-1024x576.jpg 1024w, https:\/\/blogit.gradia.fi\/digiluoto\/wp-content\/uploads\/sites\/277\/2022\/04\/023-intra-kuvitus-2020-0027-300x169.jpg 300w, https:\/\/blogit.gradia.fi\/digiluoto\/wp-content\/uploads\/sites\/277\/2022\/04\/023-intra-kuvitus-2020-0027-768x432.jpg 768w, https:\/\/blogit.gradia.fi\/digiluoto\/wp-content\/uploads\/sites\/277\/2022\/04\/023-intra-kuvitus-2020-0027-1536x864.jpg 1536w, https:\/\/blogit.gradia.fi\/digiluoto\/wp-content\/uploads\/sites\/277\/2022\/04\/023-intra-kuvitus-2020-0027.jpg 1920w\" sizes=\"(max-width: 1024px) 100vw, 1024px\" \/><\/figure>\n\n\n\n<p>Alkuper\u00e4iseen ohjelmaan on tullut muutos, \u00e4killisen esteen vuoksi Mari Kyll\u00f6sen puheenvuoro on vaihdettu Mikko Vesisenahon puheenvuoroon.<\/p>\n\n\n\n<p><strong>Ohjelma:<\/strong><\/p>\n\n\n\n<p><strong>klo 14.00-15.00 Opettaja ja digin monet mahdollisuudet, <em>Mikko Vesisenaho, Jyv\u00e4skyl\u00e4n yliopisto<\/em><\/strong><\/p>\n\n\n\n<p class=\"has-text-align-left\"><em><em>Mikko Vesisenaho on digipedagogiikan opettaja ja opetusteknologian dosentti Jyv\u00e4skyl\u00e4n yliopiston opettajankoulutuslaitokselta. H\u00e4n on tutkinut suomalaisten opettajien digipedagogista osaamista, ja sen kehittymist\u00e4 vuosien ajan yhdess\u00e4 kotimaisten ja kansainv\u00e4listen yhteisty\u00f6kumppaneiden kanssa. H\u00e4nt\u00e4 kiinnostaa erityisesti yhteistoiminnalliset ja innovatiiviset ratkaisut, joilla voidaan tukea oppimisprosessia. Tavoitteena esityksess\u00e4 on pohdituttaa digipedagogisia kehittymismahdollisuuksia peilaten nykyhetkeen ja tulevaisuuteen.<\/em><\/em><\/p>\n\n\n\n<p><strong>klo 15.00-15.15 Tauko<\/strong><\/p>\n\n\n\n<p><strong>klo 15.15-16.15 Digitaaliset pakopelihuoneet lukion yhteiskuntaopin opetuksessa, <em>Mikko Hiljanen, Jyv\u00e4skyl\u00e4n yliopisto<\/em><\/strong><\/p>\n\n\n\n<p><em>Mikko Hiljanen ty\u00f6skentelee&nbsp;yliopistonopettajana&nbsp;Jyv\u00e4skyl\u00e4n yliopistossa ja on ollut mukana rakentamassa Thinglinkill\u00e4 toteutettua digitaalista pakopeli\u00e4 lukion&nbsp;yhteiskuntaopin&nbsp;opetukseen. Uudenlainen toteutustapa imaisee opiskelijat mukaansa \u2013 tekem\u00e4ll\u00e4 ja kokemalla oppiminen on todella tehokasta. Esimerkit pakopelitoteutuksista antavat hyvi\u00e4 vinkkej\u00e4 osallistujille \u2013 miksei jopa ideoita DigiLuoto-koulutusten kehitt\u00e4misteht\u00e4vien aiheiksi!<\/em><\/p>\n\n\n\n<figure class=\"wp-block-image aligncenter size-large is-resized\"><img decoding=\"async\" src=\"https:\/\/blogit.gradia.fi\/digiluoto\/wp-content\/uploads\/sites\/277\/2021\/12\/Nimeton-suunn.malli-1-1024x585.png\" alt=\"DigiLuoto -hankkeen logo, Gradian logo ja Opetushallituksen logo\" class=\"wp-image-100\" width=\"256\" height=\"146\" srcset=\"https:\/\/blogit.gradia.fi\/digiluoto\/wp-content\/uploads\/sites\/277\/2021\/12\/Nimeton-suunn.malli-1-1024x585.png 1024w, https:\/\/blogit.gradia.fi\/digiluoto\/wp-content\/uploads\/sites\/277\/2021\/12\/Nimeton-suunn.malli-1-300x171.png 300w, https:\/\/blogit.gradia.fi\/digiluoto\/wp-content\/uploads\/sites\/277\/2021\/12\/Nimeton-suunn.malli-1-768x439.png 768w, https:\/\/blogit.gradia.fi\/digiluoto\/wp-content\/uploads\/sites\/277\/2021\/12\/Nimeton-suunn.malli-1.png 1050w\" sizes=\"(max-width: 256px) 100vw, 256px\" \/><\/figure>\n\n\n\n<p><\/p>\n","protected":false},"excerpt":{"rendered":"<p>Digipedagoginen iltap\u00e4iv\u00e4 1.9.2022 aloittaa DigiLuoto -koulutusten sarjan. Iltap\u00e4iv\u00e4 j\u00e4rjestet\u00e4\u00e4n Teamsin kautta ja ohjelma on yhteinen kaikille osallistujille. Osallistumislinkki l\u00e4hetet\u00e4\u00e4n kaikille ilmoittautuneille. Tilaisuutta ei tallenneta. Alkuper\u00e4iseen ohjelmaan on tullut muutos, \u00e4killisen esteen vuoksi Mari Kyll\u00f6sen puheenvuoro on vaihdettu Mikko Vesisenahon puheenvuoroon. Ohjelma: klo 14.00-15.00 Opettaja ja digin monet mahdollisuudet, Mikko Vesisenaho, Jyv\u00e4skyl\u00e4n yliopisto Mikko Vesisenaho on [&hellip;]<\/p>\n","protected":false},"author":403,"featured_media":0,"parent":0,"menu_order":0,"comment_status":"closed","ping_status":"closed","template":"","meta":{"_uag_custom_page_level_css":"","footnotes":""},"class_list":["post-187","page","type-page","status-publish","hentry"],"yoast_head":"<!-- This site is optimized with the Yoast SEO plugin v27.5 - https:\/\/yoast.com\/product\/yoast-seo-wordpress\/ -->\n<title>Digipedagoginen iltap\u00e4iv\u00e4 - DigiLuoto<\/title>\n<meta name=\"robots\" content=\"index, follow, max-snippet:-1, max-image-preview:large, max-video-preview:-1\" \/>\n<link rel=\"canonical\" href=\"https:\/\/blogit.gradia.fi\/digiluoto\/digipedagoginen-iltapaiva-1-9-2022\/\" \/>\n<meta property=\"og:locale\" content=\"fi_FI\" \/>\n<meta property=\"og:type\" content=\"article\" \/>\n<meta property=\"og:title\" content=\"Digipedagoginen iltap\u00e4iv\u00e4 - DigiLuoto\" \/>\n<meta property=\"og:description\" content=\"Digipedagoginen iltap\u00e4iv\u00e4 1.9.2022 aloittaa DigiLuoto -koulutusten sarjan. Iltap\u00e4iv\u00e4 j\u00e4rjestet\u00e4\u00e4n Teamsin kautta ja ohjelma on yhteinen kaikille osallistujille. Osallistumislinkki l\u00e4hetet\u00e4\u00e4n kaikille ilmoittautuneille. Tilaisuutta ei tallenneta. Alkuper\u00e4iseen ohjelmaan on tullut muutos, \u00e4killisen esteen vuoksi Mari Kyll\u00f6sen puheenvuoro on vaihdettu Mikko Vesisenahon puheenvuoroon. Ohjelma: klo 14.00-15.00 Opettaja ja digin monet mahdollisuudet, Mikko Vesisenaho, Jyv\u00e4skyl\u00e4n yliopisto Mikko Vesisenaho on [&hellip;]\" \/>\n<meta property=\"og:url\" content=\"https:\/\/blogit.gradia.fi\/digiluoto\/digipedagoginen-iltapaiva-1-9-2022\/\" \/>\n<meta property=\"og:site_name\" content=\"DigiLuoto\" \/>\n<meta property=\"article:modified_time\" content=\"2022-12-05T08:20:33+00:00\" \/>\n<meta property=\"og:image\" content=\"https:\/\/blogit.gradia.fi\/digiluoto\/wp-content\/uploads\/sites\/277\/2022\/04\/023-intra-kuvitus-2020-0027-1024x576.jpg\" \/>\n<meta name=\"twitter:card\" content=\"summary_large_image\" \/>\n<meta name=\"twitter:label1\" content=\"Arvioitu lukuaika\" \/>\n\t<meta name=\"twitter:data1\" content=\"2 minuuttia\" \/>\n<script type=\"application\/ld+json\" class=\"yoast-schema-graph\">{\"@context\":\"https:\\\/\\\/schema.org\",\"@graph\":[{\"@type\":\"WebPage\",\"@id\":\"https:\\\/\\\/blogit.gradia.fi\\\/digiluoto\\\/digipedagoginen-iltapaiva-1-9-2022\\\/\",\"url\":\"https:\\\/\\\/blogit.gradia.fi\\\/digiluoto\\\/digipedagoginen-iltapaiva-1-9-2022\\\/\",\"name\":\"Digipedagoginen iltap\u00e4iv\u00e4 - DigiLuoto\",\"isPartOf\":{\"@id\":\"https:\\\/\\\/blogit.gradia.fi\\\/digiluoto\\\/#website\"},\"primaryImageOfPage\":{\"@id\":\"https:\\\/\\\/blogit.gradia.fi\\\/digiluoto\\\/digipedagoginen-iltapaiva-1-9-2022\\\/#primaryimage\"},\"image\":{\"@id\":\"https:\\\/\\\/blogit.gradia.fi\\\/digiluoto\\\/digipedagoginen-iltapaiva-1-9-2022\\\/#primaryimage\"},\"thumbnailUrl\":\"https:\\\/\\\/blogit.gradia.fi\\\/digiluoto\\\/wp-content\\\/uploads\\\/sites\\\/277\\\/2022\\\/04\\\/023-intra-kuvitus-2020-0027-1024x576.jpg\",\"datePublished\":\"2022-04-11T10:22:38+00:00\",\"dateModified\":\"2022-12-05T08:20:33+00:00\",\"breadcrumb\":{\"@id\":\"https:\\\/\\\/blogit.gradia.fi\\\/digiluoto\\\/digipedagoginen-iltapaiva-1-9-2022\\\/#breadcrumb\"},\"inLanguage\":\"fi\",\"potentialAction\":[{\"@type\":\"ReadAction\",\"target\":[\"https:\\\/\\\/blogit.gradia.fi\\\/digiluoto\\\/digipedagoginen-iltapaiva-1-9-2022\\\/\"]}]},{\"@type\":\"ImageObject\",\"inLanguage\":\"fi\",\"@id\":\"https:\\\/\\\/blogit.gradia.fi\\\/digiluoto\\\/digipedagoginen-iltapaiva-1-9-2022\\\/#primaryimage\",\"url\":\"https:\\\/\\\/blogit.gradia.fi\\\/digiluoto\\\/wp-content\\\/uploads\\\/sites\\\/277\\\/2022\\\/04\\\/023-intra-kuvitus-2020-0027.jpg\",\"contentUrl\":\"https:\\\/\\\/blogit.gradia.fi\\\/digiluoto\\\/wp-content\\\/uploads\\\/sites\\\/277\\\/2022\\\/04\\\/023-intra-kuvitus-2020-0027.jpg\",\"width\":1920,\"height\":1080},{\"@type\":\"BreadcrumbList\",\"@id\":\"https:\\\/\\\/blogit.gradia.fi\\\/digiluoto\\\/digipedagoginen-iltapaiva-1-9-2022\\\/#breadcrumb\",\"itemListElement\":[{\"@type\":\"ListItem\",\"position\":1,\"name\":\"Etusivu\",\"item\":\"https:\\\/\\\/blogit.gradia.fi\\\/digiluoto\\\/\"},{\"@type\":\"ListItem\",\"position\":2,\"name\":\"Digipedagoginen iltap\u00e4iv\u00e4\"}]},{\"@type\":\"WebSite\",\"@id\":\"https:\\\/\\\/blogit.gradia.fi\\\/digiluoto\\\/#website\",\"url\":\"https:\\\/\\\/blogit.gradia.fi\\\/digiluoto\\\/\",\"name\":\"DigiLuoto\",\"description\":\"\",\"potentialAction\":[{\"@type\":\"SearchAction\",\"target\":{\"@type\":\"EntryPoint\",\"urlTemplate\":\"https:\\\/\\\/blogit.gradia.fi\\\/digiluoto\\\/?s={search_term_string}\"},\"query-input\":{\"@type\":\"PropertyValueSpecification\",\"valueRequired\":true,\"valueName\":\"search_term_string\"}}],\"inLanguage\":\"fi\"}]}<\/script>\n<!-- \/ Yoast SEO plugin. -->","yoast_head_json":{"title":"Digipedagoginen iltap\u00e4iv\u00e4 - DigiLuoto","robots":{"index":"index","follow":"follow","max-snippet":"max-snippet:-1","max-image-preview":"max-image-preview:large","max-video-preview":"max-video-preview:-1"},"canonical":"https:\/\/blogit.gradia.fi\/digiluoto\/digipedagoginen-iltapaiva-1-9-2022\/","og_locale":"fi_FI","og_type":"article","og_title":"Digipedagoginen iltap\u00e4iv\u00e4 - DigiLuoto","og_description":"Digipedagoginen iltap\u00e4iv\u00e4 1.9.2022 aloittaa DigiLuoto -koulutusten sarjan. Iltap\u00e4iv\u00e4 j\u00e4rjestet\u00e4\u00e4n Teamsin kautta ja ohjelma on yhteinen kaikille osallistujille. Osallistumislinkki l\u00e4hetet\u00e4\u00e4n kaikille ilmoittautuneille. Tilaisuutta ei tallenneta. Alkuper\u00e4iseen ohjelmaan on tullut muutos, \u00e4killisen esteen vuoksi Mari Kyll\u00f6sen puheenvuoro on vaihdettu Mikko Vesisenahon puheenvuoroon. Ohjelma: klo 14.00-15.00 Opettaja ja digin monet mahdollisuudet, Mikko Vesisenaho, Jyv\u00e4skyl\u00e4n yliopisto Mikko Vesisenaho on [&hellip;]","og_url":"https:\/\/blogit.gradia.fi\/digiluoto\/digipedagoginen-iltapaiva-1-9-2022\/","og_site_name":"DigiLuoto","article_modified_time":"2022-12-05T08:20:33+00:00","og_image":[{"url":"https:\/\/blogit.gradia.fi\/digiluoto\/wp-content\/uploads\/sites\/277\/2022\/04\/023-intra-kuvitus-2020-0027-1024x576.jpg","type":"","width":"","height":""}],"twitter_card":"summary_large_image","twitter_misc":{"Arvioitu lukuaika":"2 minuuttia"},"schema":{"@context":"https:\/\/schema.org","@graph":[{"@type":"WebPage","@id":"https:\/\/blogit.gradia.fi\/digiluoto\/digipedagoginen-iltapaiva-1-9-2022\/","url":"https:\/\/blogit.gradia.fi\/digiluoto\/digipedagoginen-iltapaiva-1-9-2022\/","name":"Digipedagoginen iltap\u00e4iv\u00e4 - DigiLuoto","isPartOf":{"@id":"https:\/\/blogit.gradia.fi\/digiluoto\/#website"},"primaryImageOfPage":{"@id":"https:\/\/blogit.gradia.fi\/digiluoto\/digipedagoginen-iltapaiva-1-9-2022\/#primaryimage"},"image":{"@id":"https:\/\/blogit.gradia.fi\/digiluoto\/digipedagoginen-iltapaiva-1-9-2022\/#primaryimage"},"thumbnailUrl":"https:\/\/blogit.gradia.fi\/digiluoto\/wp-content\/uploads\/sites\/277\/2022\/04\/023-intra-kuvitus-2020-0027-1024x576.jpg","datePublished":"2022-04-11T10:22:38+00:00","dateModified":"2022-12-05T08:20:33+00:00","breadcrumb":{"@id":"https:\/\/blogit.gradia.fi\/digiluoto\/digipedagoginen-iltapaiva-1-9-2022\/#breadcrumb"},"inLanguage":"fi","potentialAction":[{"@type":"ReadAction","target":["https:\/\/blogit.gradia.fi\/digiluoto\/digipedagoginen-iltapaiva-1-9-2022\/"]}]},{"@type":"ImageObject","inLanguage":"fi","@id":"https:\/\/blogit.gradia.fi\/digiluoto\/digipedagoginen-iltapaiva-1-9-2022\/#primaryimage","url":"https:\/\/blogit.gradia.fi\/digiluoto\/wp-content\/uploads\/sites\/277\/2022\/04\/023-intra-kuvitus-2020-0027.jpg","contentUrl":"https:\/\/blogit.gradia.fi\/digiluoto\/wp-content\/uploads\/sites\/277\/2022\/04\/023-intra-kuvitus-2020-0027.jpg","width":1920,"height":1080},{"@type":"BreadcrumbList","@id":"https:\/\/blogit.gradia.fi\/digiluoto\/digipedagoginen-iltapaiva-1-9-2022\/#breadcrumb","itemListElement":[{"@type":"ListItem","position":1,"name":"Etusivu","item":"https:\/\/blogit.gradia.fi\/digiluoto\/"},{"@type":"ListItem","position":2,"name":"Digipedagoginen iltap\u00e4iv\u00e4"}]},{"@type":"WebSite","@id":"https:\/\/blogit.gradia.fi\/digiluoto\/#website","url":"https:\/\/blogit.gradia.fi\/digiluoto\/","name":"DigiLuoto","description":"","potentialAction":[{"@type":"SearchAction","target":{"@type":"EntryPoint","urlTemplate":"https:\/\/blogit.gradia.fi\/digiluoto\/?s={search_term_string}"},"query-input":{"@type":"PropertyValueSpecification","valueRequired":true,"valueName":"search_term_string"}}],"inLanguage":"fi"}]}},"uagb_featured_image_src":{"full":false,"thumbnail":false,"medium":false,"medium_large":false,"large":false,"1536x1536":false,"2048x2048":false},"uagb_author_info":{"display_name":"Hanna Jukola","author_link":"https:\/\/blogit.gradia.fi\/digiluoto\/author\/jukolhan\/"},"uagb_comment_info":0,"uagb_excerpt":"Digipedagoginen iltap\u00e4iv\u00e4 1.9.2022 aloittaa DigiLuoto -koulutusten sarjan. Iltap\u00e4iv\u00e4 j\u00e4rjestet\u00e4\u00e4n Teamsin kautta ja ohjelma on yhteinen kaikille osallistujille. Osallistumislinkki l\u00e4hetet\u00e4\u00e4n kaikille ilmoittautuneille. Tilaisuutta ei tallenneta. Alkuper\u00e4iseen ohjelmaan on tullut muutos, \u00e4killisen esteen vuoksi Mari Kyll\u00f6sen puheenvuoro on vaihdettu Mikko Vesisenahon puheenvuoroon. Ohjelma: klo 14.00-15.00 Opettaja ja digin monet mahdollisuudet, Mikko Vesisenaho, Jyv\u00e4skyl\u00e4n yliopisto Mikko Vesisenaho on&hellip;","_links":{"self":[{"href":"https:\/\/blogit.gradia.fi\/digiluoto\/wp-json\/wp\/v2\/pages\/187","targetHints":{"allow":["GET"]}}],"collection":[{"href":"https:\/\/blogit.gradia.fi\/digiluoto\/wp-json\/wp\/v2\/pages"}],"about":[{"href":"https:\/\/blogit.gradia.fi\/digiluoto\/wp-json\/wp\/v2\/types\/page"}],"author":[{"embeddable":true,"href":"https:\/\/blogit.gradia.fi\/digiluoto\/wp-json\/wp\/v2\/users\/403"}],"replies":[{"embeddable":true,"href":"https:\/\/blogit.gradia.fi\/digiluoto\/wp-json\/wp\/v2\/comments?post=187"}],"version-history":[{"count":12,"href":"https:\/\/blogit.gradia.fi\/digiluoto\/wp-json\/wp\/v2\/pages\/187\/revisions"}],"predecessor-version":[{"id":241,"href":"https:\/\/blogit.gradia.fi\/digiluoto\/wp-json\/wp\/v2\/pages\/187\/revisions\/241"}],"wp:attachment":[{"href":"https:\/\/blogit.gradia.fi\/digiluoto\/wp-json\/wp\/v2\/media?parent=187"}],"curies":[{"name":"wp","href":"https:\/\/api.w.org\/{rel}","templated":true}]}}