{"id":64,"date":"2018-06-07T19:02:37","date_gmt":"2018-06-07T16:02:37","guid":{"rendered":"https:\/\/blogit.gradia.fi\/digi\/?page_id=64"},"modified":"2019-11-05T07:34:22","modified_gmt":"2019-11-05T05:34:22","slug":"tehtava-6","status":"publish","type":"page","link":"https:\/\/blogit.gradia.fi\/digi\/tehtava-6\/","title":{"rendered":"Koontiteht\u00e4v\u00e4 &#8211; A-osajakson yhteenveto"},"content":{"rendered":"<h3><strong>\u00a0<\/strong><\/h3>\n<p>Osajaksolla A teit oman kansion OneDriveen ja olet tehnyt sinne teht\u00e4v\u00e4t 1-5. Avaa teht\u00e4v\u00e4kansio ja tee osajakson B teht\u00e4v\u00e4t samaan kansioon.<\/p>\n<p>Kirjaudu <em>Gradian<\/em> tunnuksillasi <em><a href=\"http:\/\/office.gradia.fi\" target=\"_blank\" rel=\"noopener noreferrer\">Officeen <\/a><\/em>ja mene <em>OneDriven<\/em> opintojaksokansioosi.<\/p>\n<ol>\n<li>Jos sinulla on eri opettaja osajaksossa B, niin jaa kansiosi uudelle opettajalle.<\/li>\n<li>Kertaus: Wilma, s\u00e4hk\u00f6posti, pdf, kuvankaappaus<\/li>\n<\/ol>\n","protected":false},"excerpt":{"rendered":"<p>\u00a0 Osajaksolla A teit oman kansion OneDriveen ja olet tehnyt sinne teht\u00e4v\u00e4t 1-5. Avaa teht\u00e4v\u00e4kansio ja tee osajakson B teht\u00e4v\u00e4t samaan kansioon. Kirjaudu Gradian tunnuksillasi Officeen ja mene OneDriven opintojaksokansioosi. Jos sinulla on eri opettaja osajaksossa B, niin jaa kansiosi uudelle opettajalle. Kertaus: Wilma, s\u00e4hk\u00f6posti, pdf, kuvankaappaus<\/p>\n","protected":false},"author":395,"featured_media":0,"parent":0,"menu_order":0,"comment_status":"closed","ping_status":"closed","template":"","meta":{"_uag_custom_page_level_css":"","footnotes":""},"class_list":["post-64","page","type-page","status-publish","hentry"],"yoast_head":"<!-- This site is optimized with the Yoast SEO plugin v27.2 - https:\/\/yoast.com\/product\/yoast-seo-wordpress\/ -->\n<title>Koontiteht\u00e4v\u00e4 - A-osajakson yhteenveto - Digi<\/title>\n<meta name=\"robots\" content=\"index, follow, max-snippet:-1, max-image-preview:large, max-video-preview:-1\" \/>\n<link rel=\"canonical\" href=\"https:\/\/blogit.gradia.fi\/digi\/tehtava-6\/\" \/>\n<meta property=\"og:locale\" content=\"fi_FI\" \/>\n<meta property=\"og:type\" content=\"article\" \/>\n<meta property=\"og:title\" content=\"Koontiteht\u00e4v\u00e4 - A-osajakson yhteenveto - Digi\" \/>\n<meta property=\"og:description\" content=\"\u00a0 Osajaksolla A teit oman kansion OneDriveen ja olet tehnyt sinne teht\u00e4v\u00e4t 1-5. Avaa teht\u00e4v\u00e4kansio ja tee osajakson B teht\u00e4v\u00e4t samaan kansioon. Kirjaudu Gradian tunnuksillasi Officeen ja mene OneDriven opintojaksokansioosi. Jos sinulla on eri opettaja osajaksossa B, niin jaa kansiosi uudelle opettajalle. Kertaus: Wilma, s\u00e4hk\u00f6posti, pdf, kuvankaappaus\" \/>\n<meta property=\"og:url\" content=\"https:\/\/blogit.gradia.fi\/digi\/tehtava-6\/\" \/>\n<meta property=\"og:site_name\" content=\"Digi\" \/>\n<meta property=\"article:modified_time\" content=\"2019-11-05T05:34:22+00:00\" \/>\n<meta name=\"twitter:card\" content=\"summary_large_image\" \/>\n<script type=\"application\/ld+json\" class=\"yoast-schema-graph\">{\"@context\":\"https:\/\/schema.org\",\"@graph\":[{\"@type\":\"WebPage\",\"@id\":\"https:\/\/blogit.gradia.fi\/digi\/tehtava-6\/\",\"url\":\"https:\/\/blogit.gradia.fi\/digi\/tehtava-6\/\",\"name\":\"Koontiteht\u00e4v\u00e4 - A-osajakson yhteenveto - Digi\",\"isPartOf\":{\"@id\":\"https:\/\/blogit.gradia.fi\/digi\/#website\"},\"datePublished\":\"2018-06-07T16:02:37+00:00\",\"dateModified\":\"2019-11-05T05:34:22+00:00\",\"inLanguage\":\"fi\",\"potentialAction\":[{\"@type\":\"ReadAction\",\"target\":[\"https:\/\/blogit.gradia.fi\/digi\/tehtava-6\/\"]}]},{\"@type\":\"WebSite\",\"@id\":\"https:\/\/blogit.gradia.fi\/digi\/#website\",\"url\":\"https:\/\/blogit.gradia.fi\/digi\/\",\"name\":\"Digi\",\"description\":\"Toiminta digitaalisessa ymp\u00e4rist\u00f6ss\u00e4 -opintojakso\",\"potentialAction\":[{\"@type\":\"SearchAction\",\"target\":{\"@type\":\"EntryPoint\",\"urlTemplate\":\"https:\/\/blogit.gradia.fi\/digi\/?s={search_term_string}\"},\"query-input\":{\"@type\":\"PropertyValueSpecification\",\"valueRequired\":true,\"valueName\":\"search_term_string\"}}],\"inLanguage\":\"fi\"}]}<\/script>\n<!-- \/ Yoast SEO plugin. -->","yoast_head_json":{"title":"Koontiteht\u00e4v\u00e4 - A-osajakson yhteenveto - Digi","robots":{"index":"index","follow":"follow","max-snippet":"max-snippet:-1","max-image-preview":"max-image-preview:large","max-video-preview":"max-video-preview:-1"},"canonical":"https:\/\/blogit.gradia.fi\/digi\/tehtava-6\/","og_locale":"fi_FI","og_type":"article","og_title":"Koontiteht\u00e4v\u00e4 - A-osajakson yhteenveto - Digi","og_description":"\u00a0 Osajaksolla A teit oman kansion OneDriveen ja olet tehnyt sinne teht\u00e4v\u00e4t 1-5. Avaa teht\u00e4v\u00e4kansio ja tee osajakson B teht\u00e4v\u00e4t samaan kansioon. Kirjaudu Gradian tunnuksillasi Officeen ja mene OneDriven opintojaksokansioosi. Jos sinulla on eri opettaja osajaksossa B, niin jaa kansiosi uudelle opettajalle. Kertaus: Wilma, s\u00e4hk\u00f6posti, pdf, kuvankaappaus","og_url":"https:\/\/blogit.gradia.fi\/digi\/tehtava-6\/","og_site_name":"Digi","article_modified_time":"2019-11-05T05:34:22+00:00","twitter_card":"summary_large_image","schema":{"@context":"https:\/\/schema.org","@graph":[{"@type":"WebPage","@id":"https:\/\/blogit.gradia.fi\/digi\/tehtava-6\/","url":"https:\/\/blogit.gradia.fi\/digi\/tehtava-6\/","name":"Koontiteht\u00e4v\u00e4 - A-osajakson yhteenveto - Digi","isPartOf":{"@id":"https:\/\/blogit.gradia.fi\/digi\/#website"},"datePublished":"2018-06-07T16:02:37+00:00","dateModified":"2019-11-05T05:34:22+00:00","inLanguage":"fi","potentialAction":[{"@type":"ReadAction","target":["https:\/\/blogit.gradia.fi\/digi\/tehtava-6\/"]}]},{"@type":"WebSite","@id":"https:\/\/blogit.gradia.fi\/digi\/#website","url":"https:\/\/blogit.gradia.fi\/digi\/","name":"Digi","description":"Toiminta digitaalisessa ymp\u00e4rist\u00f6ss\u00e4 -opintojakso","potentialAction":[{"@type":"SearchAction","target":{"@type":"EntryPoint","urlTemplate":"https:\/\/blogit.gradia.fi\/digi\/?s={search_term_string}"},"query-input":{"@type":"PropertyValueSpecification","valueRequired":true,"valueName":"search_term_string"}}],"inLanguage":"fi"}]}},"uagb_featured_image_src":{"full":false,"thumbnail":false,"medium":false,"medium_large":false,"large":false,"1536x1536":false,"2048x2048":false,"post-thumbnail":false},"uagb_author_info":{"display_name":"Annaleena Kangas","author_link":"https:\/\/blogit.gradia.fi\/digi\/author\/kangaaan\/"},"uagb_comment_info":0,"uagb_excerpt":"\u00a0 Osajaksolla A teit oman kansion OneDriveen ja olet tehnyt sinne teht\u00e4v\u00e4t 1-5. Avaa teht\u00e4v\u00e4kansio ja tee osajakson B teht\u00e4v\u00e4t samaan kansioon. Kirjaudu Gradian tunnuksillasi Officeen ja mene OneDriven opintojaksokansioosi. Jos sinulla on eri opettaja osajaksossa B, niin jaa kansiosi uudelle opettajalle. Kertaus: Wilma, s\u00e4hk\u00f6posti, pdf, kuvankaappaus","_links":{"self":[{"href":"https:\/\/blogit.gradia.fi\/digi\/wp-json\/wp\/v2\/pages\/64","targetHints":{"allow":["GET"]}}],"collection":[{"href":"https:\/\/blogit.gradia.fi\/digi\/wp-json\/wp\/v2\/pages"}],"about":[{"href":"https:\/\/blogit.gradia.fi\/digi\/wp-json\/wp\/v2\/types\/page"}],"author":[{"embeddable":true,"href":"https:\/\/blogit.gradia.fi\/digi\/wp-json\/wp\/v2\/users\/395"}],"replies":[{"embeddable":true,"href":"https:\/\/blogit.gradia.fi\/digi\/wp-json\/wp\/v2\/comments?post=64"}],"version-history":[{"count":1,"href":"https:\/\/blogit.gradia.fi\/digi\/wp-json\/wp\/v2\/pages\/64\/revisions"}],"predecessor-version":[{"id":290,"href":"https:\/\/blogit.gradia.fi\/digi\/wp-json\/wp\/v2\/pages\/64\/revisions\/290"}],"wp:attachment":[{"href":"https:\/\/blogit.gradia.fi\/digi\/wp-json\/wp\/v2\/media?parent=64"}],"curies":[{"name":"wp","href":"https:\/\/api.w.org\/{rel}","templated":true}]}}