{"id":32,"date":"2018-06-07T18:20:13","date_gmt":"2018-06-07T15:20:13","guid":{"rendered":"https:\/\/blogit.gradia.fi\/digi\/?page_id=32"},"modified":"2019-10-10T08:55:40","modified_gmt":"2019-10-10T05:55:40","slug":"tehtava-2-2","status":"publish","type":"page","link":"https:\/\/blogit.gradia.fi\/digi\/tehtava-2-2\/","title":{"rendered":"Teht\u00e4v\u00e4 6 Word tekstink\u00e4sittely"},"content":{"rendered":"<h3><strong>Word tekstink\u00e4sittely<\/strong><\/h3>\n<p>Kirjaudu <em>Gradian<\/em> tunnuksillasi <a href=\"http:\/\/office.gradia.fi\" target=\"_blank\" rel=\"noopener noreferrer\"><em>Officeen<\/em> <\/a>ja mene <em>OneDriven<\/em> opintojaksokansioosi. Tee kaikki teht\u00e4v\u00e4t selaimessa <em>Word<\/em>-tiedostoon.<\/p>\n<ol>\n<li>Kopioi alla oleva teksti omaan teht\u00e4v\u00e4\u00e4si. Teksti on Ylen uutisesta 20.3.2018:\n<p class=\"yle__article__heading yle__article__heading--h1\"><a href=\"https:\/\/yle.fi\/uutiset\/3-10120157\">Rahanpuute j\u00e4tt\u00e4\u00e4 nuoret ulkopuolisiksi<\/a>.<\/p>\n<pre>Tuoreen nuorisobarometrin mukaan aiempaa useampi joutuu j\u00e4tt\u00e4m\u00e4\u00e4n harrastuksen aloittamatta tai olemaan tapaamatta yst\u00e4vi\u00e4\u00e4n rahanpuutteen vuoksi. Moni joutuu my\u00f6s keskeytt\u00e4m\u00e4\u00e4n opintonsa taloudellisista syist\u00e4. Tuoreen nuorisobarometrin mukaan opintonsa keskeytt\u00e4neist\u00e4 nuorista joka kymmenes kertoo rahanpuutteen olleen yksi keskeytt\u00e4misen syist\u00e4. Yht\u00e4 moni joutuu taloudellisista syist\u00e4 viivytt\u00e4m\u00e4\u00e4n valmistumistaan ja l\u00e4hes joka viides joutuu karsimaan opiskeluvaihtoehtojaan rahan takia. 14 prosenttia nuorista valitsee koulutuspaikan taloudellisin perustein. Nuorisobarometria varten tehtyjen haastattelujen perusteella rahanpuutteella on ollut ik\u00e4vi\u00e4 seurauksia erityisesti ammatillisen linjan valinneiden opintoihin. Nuorisotutkimusseuran tutkimusp\u00e4\u00e4llikk\u00f6 Elina Pekkarisen mukaan olisi t\u00e4rke\u00e4\u00e4, ett\u00e4 materiaalien ja avustusten saaminen materiaaleja varten teht\u00e4isiin ainakin helpommaksi niille opiskelijoille, joilla ei ole niihin varaa. \u2013 Tottakai se eriarvoistaa, ei pelk\u00e4st\u00e4\u00e4n sen kautta, ett\u00e4 pystyyk\u00f6 saattamaan opiskelut loppuun, vaan itse opiskelu voi olla aika tukalaa jos kokee, ett\u00e4 joka kurssin alussa t\u00e4ytyy raapia sit\u00e4 rahaa jostain, Pekkarinen perustelee. Satoja, jopa tuhansia euroja maksavat lukion oppikirjat tai ammatillisen tutkinnon v\u00e4lineet aiheuttavat erityisesti v\u00e4hempiosaisille suuremman kynnyksen valita sopiva koulutuspolku. Kaksoistutkinnon suorittaminen tai opiskelu toisella paikkakunnalla nostavat kustannuksia edelleen. \u2013 Se, ett\u00e4 nuori ei opiskele, eik\u00e4 saa peruskoulun j\u00e4lkeist\u00e4 tutkintoa, on vahvassa yhteydess\u00e4 pitk\u00e4aikaisty\u00f6tt\u00f6myyteen, heikkoon terveyteen ja my\u00f6s erilaisten ongelmien kasaantumiseen seuraavalle sukupolvelle. Kaikin k\u00e4ytett\u00e4viss\u00e4 olevin keinoin pit\u00e4isi pyrki\u00e4 siihen, ett\u00e4 nuoret pystyisiv\u00e4t koulussa ja saisivat tutkinnot suoritettua.<\/pre>\n<\/li>\n<li>Muokkaa tekstiin seuraavat asiat:\n<ul>\n<li>Muuta tekstiin haluamasi fontti. Muuta fontti koko, 12.<\/li>\n<li>Muuta tekstin riviv\u00e4li, 1,5.<\/li>\n<li>Tasaa molempiin reunohin ja sisenn\u00e4 teksti ensimm\u00e4iseen sarkaimeen.<\/li>\n<li>Jaa teksti sopiviin kappaleisiin. Mieti, mist\u00e4 kohdasta alkaa uusi asia.<\/li>\n<li>Keksi tekstiin sopiva otsikko. Kirjoita otsikko tekstin yl\u00e4puolelle.<\/li>\n<li>Muotoile otsikkoa: lihavoi ja muuta fontin kooksi 14.<\/li>\n<\/ul>\n<\/li>\n<li>Tee samaan tiedostoon uusi sivu: Paina &#8221;Ctrl&#8221; + &#8221;Enter&#8221;.<\/li>\n<li>Kirjoita uudelle sivulle otsikoksi &#8221;Rahan vaikutus opiskeluun&#8221;.<\/li>\n<li>Lue <a href=\"https:\/\/yle.fi\/uutiset\/3-10120157\" target=\"_blank\" rel=\"noopener noreferrer\">Ylen uutinen<\/a><\/li>\n<li>Kirjoita yhten\u00e4inen teksti kokonaisilla lauseilla\n<ul>\n<li>Kuinka paljon sinulla on mennyt rahaa opiskeluun (kirjat, materiaalit, ty\u00f6vaatteet, bussikortti, polttoaine, v\u00e4lipalat, yms.)?<\/li>\n<li>Mist\u00e4 saat rahaa opiskeluun?<\/li>\n<li>Onko sinulla mielest\u00e4si tarpeeksi rahaa opiskeluun? Perustele.<\/li>\n<li>Onko sinulla mielest\u00e4si tarpeeksi rahaa harrastuksiin ja yst\u00e4vien tapaamiseen? Perustele.<\/li>\n<li>Mit\u00e4 mielt\u00e4 olet, onko kavereillasi yleens\u00e4 tarpeeksi rahaa k\u00e4yd\u00e4 koulua?<\/li>\n<li>Mit\u00e4 muuta?<\/li>\n<\/ul>\n<\/li>\n<li>Muotoile teksti\u00e4:\n<ul>\n<li>Lihavoi ja keskit\u00e4 otsikko. Muuta fontiksi 14.<\/li>\n<li>Vaihda otsikkoon ja tekstiin haluamasi fontti.<\/li>\n<li>Muuta tekstin riviv\u00e4liksi 1,5.<\/li>\n<li>Tasaa teksti.<\/li>\n<li>Jos teksti on pitk\u00e4, voit jakaa tekstin eri kappaleisiin.<\/li>\n<\/ul>\n<\/li>\n<li>Tallenna teht\u00e4v\u00e4 nimell\u00e4 <strong>Blogiteht\u00e4v\u00e46<\/strong><\/li>\n<\/ol>\n","protected":false},"excerpt":{"rendered":"<p>Word tekstink\u00e4sittely Kirjaudu Gradian tunnuksillasi Officeen ja mene OneDriven opintojaksokansioosi. Tee kaikki teht\u00e4v\u00e4t selaimessa Word-tiedostoon. Kopioi alla oleva teksti omaan teht\u00e4v\u00e4\u00e4si. Teksti on Ylen uutisesta 20.3.2018: Rahanpuute j\u00e4tt\u00e4\u00e4 nuoret ulkopuolisiksi. Tuoreen nuorisobarometrin mukaan aiempaa useampi joutuu j\u00e4tt\u00e4m\u00e4\u00e4n harrastuksen aloittamatta tai olemaan tapaamatta yst\u00e4vi\u00e4\u00e4n rahanpuutteen vuoksi. Moni joutuu my\u00f6s keskeytt\u00e4m\u00e4\u00e4n opintonsa taloudellisista syist\u00e4. Tuoreen nuorisobarometrin mukaan &hellip; <a href=\"https:\/\/blogit.gradia.fi\/digi\/tehtava-2-2\/\" class=\"more-link\">Jatka lukemista <span class=\"screen-reader-text\">Teht\u00e4v\u00e4 6 Word tekstink\u00e4sittely<\/span> <span class=\"meta-nav\">&rarr;<\/span><\/a><\/p>\n","protected":false},"author":395,"featured_media":0,"parent":0,"menu_order":0,"comment_status":"closed","ping_status":"closed","template":"","meta":{"_uag_custom_page_level_css":"","footnotes":""},"class_list":["post-32","page","type-page","status-publish","hentry"],"yoast_head":"<!-- This site is optimized with the Yoast SEO plugin v27.2 - https:\/\/yoast.com\/product\/yoast-seo-wordpress\/ -->\n<title>Teht\u00e4v\u00e4 6 Word tekstink\u00e4sittely - Digi<\/title>\n<meta name=\"robots\" content=\"index, follow, max-snippet:-1, max-image-preview:large, max-video-preview:-1\" \/>\n<link rel=\"canonical\" href=\"https:\/\/blogit.gradia.fi\/digi\/tehtava-2-2\/\" \/>\n<meta property=\"og:locale\" content=\"fi_FI\" \/>\n<meta property=\"og:type\" content=\"article\" \/>\n<meta property=\"og:title\" content=\"Teht\u00e4v\u00e4 6 Word tekstink\u00e4sittely - Digi\" \/>\n<meta property=\"og:description\" content=\"Word tekstink\u00e4sittely Kirjaudu Gradian tunnuksillasi Officeen ja mene OneDriven opintojaksokansioosi. Tee kaikki teht\u00e4v\u00e4t selaimessa Word-tiedostoon. Kopioi alla oleva teksti omaan teht\u00e4v\u00e4\u00e4si. Teksti on Ylen uutisesta 20.3.2018: Rahanpuute j\u00e4tt\u00e4\u00e4 nuoret ulkopuolisiksi. Tuoreen nuorisobarometrin mukaan aiempaa useampi joutuu j\u00e4tt\u00e4m\u00e4\u00e4n harrastuksen aloittamatta tai olemaan tapaamatta yst\u00e4vi\u00e4\u00e4n rahanpuutteen vuoksi. Moni joutuu my\u00f6s keskeytt\u00e4m\u00e4\u00e4n opintonsa taloudellisista syist\u00e4. Tuoreen nuorisobarometrin mukaan &hellip; Jatka lukemista Teht\u00e4v\u00e4 6 Word tekstink\u00e4sittely &rarr;\" \/>\n<meta property=\"og:url\" content=\"https:\/\/blogit.gradia.fi\/digi\/tehtava-2-2\/\" \/>\n<meta property=\"og:site_name\" content=\"Digi\" \/>\n<meta property=\"article:modified_time\" content=\"2019-10-10T05:55:40+00:00\" \/>\n<meta name=\"twitter:card\" content=\"summary_large_image\" \/>\n<meta name=\"twitter:label1\" content=\"Arvioitu lukuaika\" \/>\n\t<meta name=\"twitter:data1\" content=\"2 minuuttia\" \/>\n<script type=\"application\/ld+json\" class=\"yoast-schema-graph\">{\"@context\":\"https:\/\/schema.org\",\"@graph\":[{\"@type\":\"WebPage\",\"@id\":\"https:\/\/blogit.gradia.fi\/digi\/tehtava-2-2\/\",\"url\":\"https:\/\/blogit.gradia.fi\/digi\/tehtava-2-2\/\",\"name\":\"Teht\u00e4v\u00e4 6 Word tekstink\u00e4sittely - Digi\",\"isPartOf\":{\"@id\":\"https:\/\/blogit.gradia.fi\/digi\/#website\"},\"datePublished\":\"2018-06-07T15:20:13+00:00\",\"dateModified\":\"2019-10-10T05:55:40+00:00\",\"inLanguage\":\"fi\",\"potentialAction\":[{\"@type\":\"ReadAction\",\"target\":[\"https:\/\/blogit.gradia.fi\/digi\/tehtava-2-2\/\"]}]},{\"@type\":\"WebSite\",\"@id\":\"https:\/\/blogit.gradia.fi\/digi\/#website\",\"url\":\"https:\/\/blogit.gradia.fi\/digi\/\",\"name\":\"Digi\",\"description\":\"Toiminta digitaalisessa ymp\u00e4rist\u00f6ss\u00e4 -opintojakso\",\"potentialAction\":[{\"@type\":\"SearchAction\",\"target\":{\"@type\":\"EntryPoint\",\"urlTemplate\":\"https:\/\/blogit.gradia.fi\/digi\/?s={search_term_string}\"},\"query-input\":{\"@type\":\"PropertyValueSpecification\",\"valueRequired\":true,\"valueName\":\"search_term_string\"}}],\"inLanguage\":\"fi\"}]}<\/script>\n<!-- \/ Yoast SEO plugin. -->","yoast_head_json":{"title":"Teht\u00e4v\u00e4 6 Word tekstink\u00e4sittely - Digi","robots":{"index":"index","follow":"follow","max-snippet":"max-snippet:-1","max-image-preview":"max-image-preview:large","max-video-preview":"max-video-preview:-1"},"canonical":"https:\/\/blogit.gradia.fi\/digi\/tehtava-2-2\/","og_locale":"fi_FI","og_type":"article","og_title":"Teht\u00e4v\u00e4 6 Word tekstink\u00e4sittely - Digi","og_description":"Word tekstink\u00e4sittely Kirjaudu Gradian tunnuksillasi Officeen ja mene OneDriven opintojaksokansioosi. Tee kaikki teht\u00e4v\u00e4t selaimessa Word-tiedostoon. Kopioi alla oleva teksti omaan teht\u00e4v\u00e4\u00e4si. Teksti on Ylen uutisesta 20.3.2018: Rahanpuute j\u00e4tt\u00e4\u00e4 nuoret ulkopuolisiksi. Tuoreen nuorisobarometrin mukaan aiempaa useampi joutuu j\u00e4tt\u00e4m\u00e4\u00e4n harrastuksen aloittamatta tai olemaan tapaamatta yst\u00e4vi\u00e4\u00e4n rahanpuutteen vuoksi. Moni joutuu my\u00f6s keskeytt\u00e4m\u00e4\u00e4n opintonsa taloudellisista syist\u00e4. Tuoreen nuorisobarometrin mukaan &hellip; Jatka lukemista Teht\u00e4v\u00e4 6 Word tekstink\u00e4sittely &rarr;","og_url":"https:\/\/blogit.gradia.fi\/digi\/tehtava-2-2\/","og_site_name":"Digi","article_modified_time":"2019-10-10T05:55:40+00:00","twitter_card":"summary_large_image","twitter_misc":{"Arvioitu lukuaika":"2 minuuttia"},"schema":{"@context":"https:\/\/schema.org","@graph":[{"@type":"WebPage","@id":"https:\/\/blogit.gradia.fi\/digi\/tehtava-2-2\/","url":"https:\/\/blogit.gradia.fi\/digi\/tehtava-2-2\/","name":"Teht\u00e4v\u00e4 6 Word tekstink\u00e4sittely - Digi","isPartOf":{"@id":"https:\/\/blogit.gradia.fi\/digi\/#website"},"datePublished":"2018-06-07T15:20:13+00:00","dateModified":"2019-10-10T05:55:40+00:00","inLanguage":"fi","potentialAction":[{"@type":"ReadAction","target":["https:\/\/blogit.gradia.fi\/digi\/tehtava-2-2\/"]}]},{"@type":"WebSite","@id":"https:\/\/blogit.gradia.fi\/digi\/#website","url":"https:\/\/blogit.gradia.fi\/digi\/","name":"Digi","description":"Toiminta digitaalisessa ymp\u00e4rist\u00f6ss\u00e4 -opintojakso","potentialAction":[{"@type":"SearchAction","target":{"@type":"EntryPoint","urlTemplate":"https:\/\/blogit.gradia.fi\/digi\/?s={search_term_string}"},"query-input":{"@type":"PropertyValueSpecification","valueRequired":true,"valueName":"search_term_string"}}],"inLanguage":"fi"}]}},"uagb_featured_image_src":{"full":false,"thumbnail":false,"medium":false,"medium_large":false,"large":false,"1536x1536":false,"2048x2048":false,"post-thumbnail":false},"uagb_author_info":{"display_name":"Annaleena Kangas","author_link":"https:\/\/blogit.gradia.fi\/digi\/author\/kangaaan\/"},"uagb_comment_info":0,"uagb_excerpt":"Word tekstink\u00e4sittely Kirjaudu Gradian tunnuksillasi Officeen ja mene OneDriven opintojaksokansioosi. Tee kaikki teht\u00e4v\u00e4t selaimessa Word-tiedostoon. Kopioi alla oleva teksti omaan teht\u00e4v\u00e4\u00e4si. Teksti on Ylen uutisesta 20.3.2018: Rahanpuute j\u00e4tt\u00e4\u00e4 nuoret ulkopuolisiksi. Tuoreen nuorisobarometrin mukaan aiempaa useampi joutuu j\u00e4tt\u00e4m\u00e4\u00e4n harrastuksen aloittamatta tai olemaan tapaamatta yst\u00e4vi\u00e4\u00e4n rahanpuutteen vuoksi. Moni joutuu my\u00f6s keskeytt\u00e4m\u00e4\u00e4n opintonsa taloudellisista syist\u00e4. Tuoreen nuorisobarometrin mukaan&hellip;","_links":{"self":[{"href":"https:\/\/blogit.gradia.fi\/digi\/wp-json\/wp\/v2\/pages\/32","targetHints":{"allow":["GET"]}}],"collection":[{"href":"https:\/\/blogit.gradia.fi\/digi\/wp-json\/wp\/v2\/pages"}],"about":[{"href":"https:\/\/blogit.gradia.fi\/digi\/wp-json\/wp\/v2\/types\/page"}],"author":[{"embeddable":true,"href":"https:\/\/blogit.gradia.fi\/digi\/wp-json\/wp\/v2\/users\/395"}],"replies":[{"embeddable":true,"href":"https:\/\/blogit.gradia.fi\/digi\/wp-json\/wp\/v2\/comments?post=32"}],"version-history":[{"count":4,"href":"https:\/\/blogit.gradia.fi\/digi\/wp-json\/wp\/v2\/pages\/32\/revisions"}],"predecessor-version":[{"id":284,"href":"https:\/\/blogit.gradia.fi\/digi\/wp-json\/wp\/v2\/pages\/32\/revisions\/284"}],"wp:attachment":[{"href":"https:\/\/blogit.gradia.fi\/digi\/wp-json\/wp\/v2\/media?parent=32"}],"curies":[{"name":"wp","href":"https:\/\/api.w.org\/{rel}","templated":true}]}}