{"id":73,"date":"2022-09-05T15:59:21","date_gmt":"2022-09-05T12:59:21","guid":{"rendered":"https:\/\/blogit.gradia.fi\/denta\/?page_id=73"},"modified":"2024-02-26T13:17:54","modified_gmt":"2024-02-26T11:17:54","slug":"opetusvideoita-helposti-2-op","status":"publish","type":"page","link":"https:\/\/blogit.gradia.fi\/denta\/esimerkkisivu\/opetusvideoita-helposti-2-op\/","title":{"rendered":"Opetusvideoita helposti 2 op"},"content":{"rendered":"\n<figure class=\"wp-block-image size-full is-resized\"><img loading=\"lazy\" decoding=\"async\" width=\"640\" height=\"417\" src=\"https:\/\/blogit.gradia.fi\/denta\/wp-content\/uploads\/sites\/293\/2022\/09\/pexels-teono-no-88476.jpg\" alt=\"Kuvaaja: Teono123 No: https:\/\/www.pexels.com\/fi-fi\/kuva\/naine-kasi-alypuhelin-teknologia-88476\/\" class=\"wp-image-75\" style=\"width:502px;height:327px\" srcset=\"https:\/\/blogit.gradia.fi\/denta\/wp-content\/uploads\/sites\/293\/2022\/09\/pexels-teono-no-88476.jpg 640w, https:\/\/blogit.gradia.fi\/denta\/wp-content\/uploads\/sites\/293\/2022\/09\/pexels-teono-no-88476-300x195.jpg 300w\" sizes=\"auto, (max-width: 640px) 100vw, 640px\" \/><\/figure>\n\n\n\n<p class=\"has-medium-font-size\"><em>Tule mukaan tekem\u00e4\u00e4n pieni\u00e4 opetusvideoita omille opintojaksoillesi!<\/em><\/p>\n\n\n\n<p style=\"font-size:18px\">Tutustumme ty\u00f6pajojen aikana muutamiin matalan kynnyksen sovelluksiin, joiden avulla opetusvideoiden teko ja muokkaaminen onnistuu helposti. Opastamme sinut my\u00f6s huomioimaan saavutettavuuden videoissa. Valmiiden videoiden osalta k\u00e4ymme l\u00e4pi my\u00f6s eri vaihtoehtoja tallentaa ja jakaa videoita opiskelijoille. Osallistuttuasi koulutukseen osaat tehd\u00e4, muokata ja jakaa pieni\u00e4 opetusvideoita. <\/p>\n\n\n\n<hr class=\"wp-block-separator has-alpha-channel-opacity is-style-dots\" \/>\n\n\n\n<div class=\"wp-block-columns is-layout-flex wp-container-core-columns-is-layout-9d6595d7 wp-block-columns-is-layout-flex\">\n<div class=\"wp-block-column is-layout-flow wp-block-column-is-layout-flow\">\n<h2 class=\"wp-block-heading\"><strong>Kenelle<\/strong><\/h2>\n\n\n\n<p>Haluat tehd\u00e4 pieni\u00e4 videoita opetukseesi ja kaipaat siihen apua tai vinkkej\u00e4.<\/p>\n\n\n\n<h2 class=\"wp-block-heading\"><strong>Ajankohta<\/strong><\/h2>\n\n\n\n<p>Koulutus koostuu 6:sta ty\u00f6pajasta. Koulutuskokonaisuus j\u00e4rjestet\u00e4\u00e4n kev\u00e4\u00e4ll\u00e4 2023 sek\u00e4 syksyll\u00e4 2023.<\/p>\n\n\n\n<p><strong>Syksy 2023<\/strong><\/p>\n\n\n\n<ul class=\"wp-block-list\">\n<li>7.9.2023 klo 13.00-16.00<\/li>\n\n\n\n<li>14.9.2023 klo 13.00-16.00<\/li>\n\n\n\n<li>21.9.2023 klo 13.00-16.00<\/li>\n\n\n\n<li>3.10.2023 klo 13.00-16.00<\/li>\n\n\n\n<li>2.11.2023 klo 13.00-16.00<\/li>\n\n\n\n<li>9.11.2023 klo 13.00-16.00<br><\/li>\n<\/ul>\n\n\n\n<p><\/p>\n\n\n\n<h2 class=\"wp-block-heading\"><strong>Tulevista koulutuksista <\/strong><\/h2>\n<\/div>\n\n\n\n<div class=\"wp-block-column is-layout-flow wp-block-column-is-layout-flow\">\n<h2 class=\"wp-block-heading\"><strong>Kesto ja toteutus<\/strong><\/h2>\n\n\n\n<p>Koulutus toteutetaan ty\u00f6pajoina ja t\u00e4m\u00e4n vuoksi l\u00e4hitoteutuksina Jyv\u00e4skyl\u00e4ss\u00e4. Ty\u00f6pajoja on kuusi ja ne ovat 3h mittaisia. <\/p>\n\n\n\n<h2 class=\"wp-block-heading\"><strong>Ilmoittautuminen<\/strong><\/h2>\n\n\n\n<p>Ilmoittaudu mukaan syksyn 2023 pajoihin. <strong>Jokaiseen toteutukseen mahtuu mukaan 5-6 opettajaparia<\/strong>. Paikat t\u00e4ytet\u00e4\u00e4n ilmoittautumisj\u00e4rjestyksess\u00e4 ja t\u00e4m\u00e4n j\u00e4lkeen ilmoittautuneet j\u00e4\u00e4v\u00e4t varasijoille. <\/p>\n\n\n\n<p><strong>Syksyn 2023 pajoihin ilmoittautuminen p\u00e4\u00e4ttyy 24.8.2023<\/strong>.<\/p>\n\n\n\n<div class=\"wp-block-buttons is-layout-flex wp-block-buttons-is-layout-flex\">\n<div class=\"wp-block-button\"><a class=\"wp-block-button__link wp-element-button\" href=\"https:\/\/forms.office.com\/r\/MdMy7qGQ7h\" target=\"_blank\" rel=\"noreferrer noopener\">Ilmoittaudu koulutukseen<\/a><\/div>\n<\/div>\n<\/div>\n<\/div>\n\n\n\n<p>Syksyn 2023 ty\u00f6pajat j\u00e4rjestet\u00e4\u00e4n seuraavasti: (teemat alustavia ja  tarkentuvat aloituskerralla)<\/p>\n\n\n\n<div class=\"wp-block-columns is-layout-flex wp-container-core-columns-is-layout-9d6595d7 wp-block-columns-is-layout-flex\">\n<div class=\"wp-block-column is-layout-flow wp-block-column-is-layout-flow\">\n<ul class=\"wp-block-list\">\n<li>7.9.2023 klo 13.00-16.00 Videoita Powerpointin ja Teamsin avulla<\/li>\n\n\n\n<li>14.9.2023 klo 13.00-16.00 Kuvaamisen perusteita<\/li>\n\n\n\n<li>21.9.2023 klo 13.00-16.00 Videot Canvassa sek\u00e4 kurkistus k\u00e4nnyk\u00e4n moniin mahdollisuuksiin.<\/li>\n<\/ul>\n<\/div>\n\n\n\n<div class=\"wp-block-column is-layout-flow wp-block-column-is-layout-flow\">\n<ul class=\"wp-block-list\">\n<li>3.10.2023 klo 13.00-16.00 Videoiden muokkaaminen videoeditorilla<\/li>\n\n\n\n<li>2.11.2023 klo 13.00-16.00 Videoiden tekstitys ja jakaminen<\/li>\n\n\n\n<li>9.11.2023 klo 13.00-16.00 Toteutusten esittely<\/li>\n<\/ul>\n<\/div>\n<\/div>\n\n\n\n<hr class=\"wp-block-separator has-alpha-channel-opacity is-style-dots\" \/>\n\n\n\n<p>Koulutus j\u00e4rjestet\u00e4\u00e4n l\u00e4hiopetuksena Jyv\u00e4skyl\u00e4ss\u00e4. Koulutukseen sis\u00e4ltyy kehitt\u00e4misteht\u00e4v\u00e4, joka t\u00e4ss\u00e4 tapauksessa tarkoittaa opetusvideoita. Koulutuskokonaisuuden p\u00e4\u00e4ttyess\u00e4 opettajaparit esittelev\u00e4t toteutuksensa muille osallistujille. Esittelyist\u00e4 tehd\u00e4\u00e4n kooste ja se vied\u00e4\u00e4n AOE.fi-palveluun.<\/p>\n\n\n\n<p>Koulutus on OPH:n rahoittamaa ja maksutonta toisen asteen ja perusasteen opetus- ja ohjaushenkil\u00f6st\u00f6lle.<\/p>\n\n\n\n<hr class=\"wp-block-separator has-alpha-channel-opacity is-style-dots\" \/>\n\n\n\n<h2 class=\"wp-block-heading\"><strong>Menneet koulutukset<\/strong><\/h2>\n\n\n\n<h3 class=\"wp-block-heading\"><strong>Kev\u00e4t 2023<\/strong><\/h3>\n\n\n\n<ul class=\"wp-block-list\">\n<li>9.2.2023 klo 13.00-16.00<\/li>\n\n\n\n<li>16.2.2023 klo 13.00-16.00<\/li>\n\n\n\n<li>14.3.2023 klo 13.00-16.00<\/li>\n\n\n\n<li>21.3.2023 klo 13.00-16.00<\/li>\n\n\n\n<li>18.4.2023 klo 13.00-16.00<\/li>\n\n\n\n<li>25.4.2023 klo 13.00-16.00<\/li>\n<\/ul>\n","protected":false},"excerpt":{"rendered":"<p>Tule mukaan tekem\u00e4\u00e4n pieni\u00e4 opetusvideoita omille opintojaksoillesi! Tutustumme ty\u00f6pajojen aikana muutamiin matalan kynnyksen sovelluksiin, joiden avulla opetusvideoiden teko ja muokkaaminen onnistuu helposti. Opastamme sinut my\u00f6s huomioimaan saavutettavuuden videoissa. Valmiiden videoiden osalta k\u00e4ymme l\u00e4pi my\u00f6s eri vaihtoehtoja tallentaa ja jakaa videoita opiskelijoille. Osallistuttuasi koulutukseen osaat tehd\u00e4, muokata ja jakaa pieni\u00e4 opetusvideoita. Kenelle Haluat tehd\u00e4 pieni\u00e4 videoita &#8230; <a title=\"Opetusvideoita helposti 2 op\" class=\"read-more\" href=\"https:\/\/blogit.gradia.fi\/denta\/esimerkkisivu\/opetusvideoita-helposti-2-op\/\" aria-label=\"Lue lis\u00e4\u00e4 aiheesta Opetusvideoita helposti 2 op\">Lue lis\u00e4\u00e4<\/a><\/p>\n","protected":false},"author":165,"featured_media":0,"parent":2,"menu_order":0,"comment_status":"closed","ping_status":"closed","template":"","meta":{"_uag_custom_page_level_css":"","footnotes":""},"class_list":["post-73","page","type-page","status-publish"],"yoast_head":"<!-- This site is optimized with the Yoast SEO plugin v27.5 - https:\/\/yoast.com\/product\/yoast-seo-wordpress\/ -->\n<title>Opetusvideoita helposti 2 op -<\/title>\n<meta name=\"robots\" content=\"index, follow, max-snippet:-1, max-image-preview:large, max-video-preview:-1\" \/>\n<link rel=\"canonical\" href=\"https:\/\/blogit.gradia.fi\/denta\/esimerkkisivu\/opetusvideoita-helposti-2-op\/\" \/>\n<meta property=\"og:locale\" content=\"fi_FI\" \/>\n<meta property=\"og:type\" content=\"article\" \/>\n<meta property=\"og:title\" content=\"Opetusvideoita helposti 2 op -\" \/>\n<meta property=\"og:description\" content=\"Tule mukaan tekem\u00e4\u00e4n pieni\u00e4 opetusvideoita omille opintojaksoillesi! Tutustumme ty\u00f6pajojen aikana muutamiin matalan kynnyksen sovelluksiin, joiden avulla opetusvideoiden teko ja muokkaaminen onnistuu helposti. Opastamme sinut my\u00f6s huomioimaan saavutettavuuden videoissa. Valmiiden videoiden osalta k\u00e4ymme l\u00e4pi my\u00f6s eri vaihtoehtoja tallentaa ja jakaa videoita opiskelijoille. Osallistuttuasi koulutukseen osaat tehd\u00e4, muokata ja jakaa pieni\u00e4 opetusvideoita. Kenelle Haluat tehd\u00e4 pieni\u00e4 videoita ... Lue lis\u00e4\u00e4\" \/>\n<meta property=\"og:url\" content=\"https:\/\/blogit.gradia.fi\/denta\/esimerkkisivu\/opetusvideoita-helposti-2-op\/\" \/>\n<meta property=\"article:modified_time\" content=\"2024-02-26T11:17:54+00:00\" \/>\n<meta property=\"og:image\" content=\"https:\/\/blogit.gradia.fi\/denta\/wp-content\/uploads\/sites\/293\/2022\/09\/pexels-teono-no-88476.jpg\" \/>\n<meta name=\"twitter:card\" content=\"summary_large_image\" \/>\n<meta name=\"twitter:label1\" content=\"Arvioitu lukuaika\" \/>\n\t<meta name=\"twitter:data1\" content=\"2 minuuttia\" \/>\n<script type=\"application\/ld+json\" class=\"yoast-schema-graph\">{\"@context\":\"https:\\\/\\\/schema.org\",\"@graph\":[{\"@type\":\"WebPage\",\"@id\":\"https:\\\/\\\/blogit.gradia.fi\\\/denta\\\/esimerkkisivu\\\/opetusvideoita-helposti-2-op\\\/\",\"url\":\"https:\\\/\\\/blogit.gradia.fi\\\/denta\\\/esimerkkisivu\\\/opetusvideoita-helposti-2-op\\\/\",\"name\":\"Opetusvideoita helposti 2 op -\",\"isPartOf\":{\"@id\":\"https:\\\/\\\/blogit.gradia.fi\\\/denta\\\/#website\"},\"primaryImageOfPage\":{\"@id\":\"https:\\\/\\\/blogit.gradia.fi\\\/denta\\\/esimerkkisivu\\\/opetusvideoita-helposti-2-op\\\/#primaryimage\"},\"image\":{\"@id\":\"https:\\\/\\\/blogit.gradia.fi\\\/denta\\\/esimerkkisivu\\\/opetusvideoita-helposti-2-op\\\/#primaryimage\"},\"thumbnailUrl\":\"https:\\\/\\\/blogit.gradia.fi\\\/denta\\\/wp-content\\\/uploads\\\/sites\\\/293\\\/2022\\\/09\\\/pexels-teono-no-88476.jpg\",\"datePublished\":\"2022-09-05T12:59:21+00:00\",\"dateModified\":\"2024-02-26T11:17:54+00:00\",\"breadcrumb\":{\"@id\":\"https:\\\/\\\/blogit.gradia.fi\\\/denta\\\/esimerkkisivu\\\/opetusvideoita-helposti-2-op\\\/#breadcrumb\"},\"inLanguage\":\"fi\",\"potentialAction\":[{\"@type\":\"ReadAction\",\"target\":[\"https:\\\/\\\/blogit.gradia.fi\\\/denta\\\/esimerkkisivu\\\/opetusvideoita-helposti-2-op\\\/\"]}]},{\"@type\":\"ImageObject\",\"inLanguage\":\"fi\",\"@id\":\"https:\\\/\\\/blogit.gradia.fi\\\/denta\\\/esimerkkisivu\\\/opetusvideoita-helposti-2-op\\\/#primaryimage\",\"url\":\"https:\\\/\\\/blogit.gradia.fi\\\/denta\\\/wp-content\\\/uploads\\\/sites\\\/293\\\/2022\\\/09\\\/pexels-teono-no-88476.jpg\",\"contentUrl\":\"https:\\\/\\\/blogit.gradia.fi\\\/denta\\\/wp-content\\\/uploads\\\/sites\\\/293\\\/2022\\\/09\\\/pexels-teono-no-88476.jpg\",\"width\":640,\"height\":417},{\"@type\":\"BreadcrumbList\",\"@id\":\"https:\\\/\\\/blogit.gradia.fi\\\/denta\\\/esimerkkisivu\\\/opetusvideoita-helposti-2-op\\\/#breadcrumb\",\"itemListElement\":[{\"@type\":\"ListItem\",\"position\":1,\"name\":\"Etusivu\",\"item\":\"https:\\\/\\\/blogit.gradia.fi\\\/denta\\\/\"},{\"@type\":\"ListItem\",\"position\":2,\"name\":\"DenTa &#8211; Digisti enemm\u00e4n toisella asteella\",\"item\":\"https:\\\/\\\/blogit.gradia.fi\\\/denta\\\/\"},{\"@type\":\"ListItem\",\"position\":3,\"name\":\"Opetusvideoita helposti 2 op\"}]},{\"@type\":\"WebSite\",\"@id\":\"https:\\\/\\\/blogit.gradia.fi\\\/denta\\\/#website\",\"url\":\"https:\\\/\\\/blogit.gradia.fi\\\/denta\\\/\",\"name\":\"\",\"description\":\"\",\"potentialAction\":[{\"@type\":\"SearchAction\",\"target\":{\"@type\":\"EntryPoint\",\"urlTemplate\":\"https:\\\/\\\/blogit.gradia.fi\\\/denta\\\/?s={search_term_string}\"},\"query-input\":{\"@type\":\"PropertyValueSpecification\",\"valueRequired\":true,\"valueName\":\"search_term_string\"}}],\"inLanguage\":\"fi\"}]}<\/script>\n<!-- \/ Yoast SEO plugin. -->","yoast_head_json":{"title":"Opetusvideoita helposti 2 op -","robots":{"index":"index","follow":"follow","max-snippet":"max-snippet:-1","max-image-preview":"max-image-preview:large","max-video-preview":"max-video-preview:-1"},"canonical":"https:\/\/blogit.gradia.fi\/denta\/esimerkkisivu\/opetusvideoita-helposti-2-op\/","og_locale":"fi_FI","og_type":"article","og_title":"Opetusvideoita helposti 2 op -","og_description":"Tule mukaan tekem\u00e4\u00e4n pieni\u00e4 opetusvideoita omille opintojaksoillesi! Tutustumme ty\u00f6pajojen aikana muutamiin matalan kynnyksen sovelluksiin, joiden avulla opetusvideoiden teko ja muokkaaminen onnistuu helposti. Opastamme sinut my\u00f6s huomioimaan saavutettavuuden videoissa. Valmiiden videoiden osalta k\u00e4ymme l\u00e4pi my\u00f6s eri vaihtoehtoja tallentaa ja jakaa videoita opiskelijoille. Osallistuttuasi koulutukseen osaat tehd\u00e4, muokata ja jakaa pieni\u00e4 opetusvideoita. Kenelle Haluat tehd\u00e4 pieni\u00e4 videoita ... Lue lis\u00e4\u00e4","og_url":"https:\/\/blogit.gradia.fi\/denta\/esimerkkisivu\/opetusvideoita-helposti-2-op\/","article_modified_time":"2024-02-26T11:17:54+00:00","og_image":[{"url":"https:\/\/blogit.gradia.fi\/denta\/wp-content\/uploads\/sites\/293\/2022\/09\/pexels-teono-no-88476.jpg","type":"","width":"","height":""}],"twitter_card":"summary_large_image","twitter_misc":{"Arvioitu lukuaika":"2 minuuttia"},"schema":{"@context":"https:\/\/schema.org","@graph":[{"@type":"WebPage","@id":"https:\/\/blogit.gradia.fi\/denta\/esimerkkisivu\/opetusvideoita-helposti-2-op\/","url":"https:\/\/blogit.gradia.fi\/denta\/esimerkkisivu\/opetusvideoita-helposti-2-op\/","name":"Opetusvideoita helposti 2 op -","isPartOf":{"@id":"https:\/\/blogit.gradia.fi\/denta\/#website"},"primaryImageOfPage":{"@id":"https:\/\/blogit.gradia.fi\/denta\/esimerkkisivu\/opetusvideoita-helposti-2-op\/#primaryimage"},"image":{"@id":"https:\/\/blogit.gradia.fi\/denta\/esimerkkisivu\/opetusvideoita-helposti-2-op\/#primaryimage"},"thumbnailUrl":"https:\/\/blogit.gradia.fi\/denta\/wp-content\/uploads\/sites\/293\/2022\/09\/pexels-teono-no-88476.jpg","datePublished":"2022-09-05T12:59:21+00:00","dateModified":"2024-02-26T11:17:54+00:00","breadcrumb":{"@id":"https:\/\/blogit.gradia.fi\/denta\/esimerkkisivu\/opetusvideoita-helposti-2-op\/#breadcrumb"},"inLanguage":"fi","potentialAction":[{"@type":"ReadAction","target":["https:\/\/blogit.gradia.fi\/denta\/esimerkkisivu\/opetusvideoita-helposti-2-op\/"]}]},{"@type":"ImageObject","inLanguage":"fi","@id":"https:\/\/blogit.gradia.fi\/denta\/esimerkkisivu\/opetusvideoita-helposti-2-op\/#primaryimage","url":"https:\/\/blogit.gradia.fi\/denta\/wp-content\/uploads\/sites\/293\/2022\/09\/pexels-teono-no-88476.jpg","contentUrl":"https:\/\/blogit.gradia.fi\/denta\/wp-content\/uploads\/sites\/293\/2022\/09\/pexels-teono-no-88476.jpg","width":640,"height":417},{"@type":"BreadcrumbList","@id":"https:\/\/blogit.gradia.fi\/denta\/esimerkkisivu\/opetusvideoita-helposti-2-op\/#breadcrumb","itemListElement":[{"@type":"ListItem","position":1,"name":"Etusivu","item":"https:\/\/blogit.gradia.fi\/denta\/"},{"@type":"ListItem","position":2,"name":"DenTa &#8211; Digisti enemm\u00e4n toisella asteella","item":"https:\/\/blogit.gradia.fi\/denta\/"},{"@type":"ListItem","position":3,"name":"Opetusvideoita helposti 2 op"}]},{"@type":"WebSite","@id":"https:\/\/blogit.gradia.fi\/denta\/#website","url":"https:\/\/blogit.gradia.fi\/denta\/","name":"","description":"","potentialAction":[{"@type":"SearchAction","target":{"@type":"EntryPoint","urlTemplate":"https:\/\/blogit.gradia.fi\/denta\/?s={search_term_string}"},"query-input":{"@type":"PropertyValueSpecification","valueRequired":true,"valueName":"search_term_string"}}],"inLanguage":"fi"}]}},"uagb_featured_image_src":{"full":false,"thumbnail":false,"medium":false,"medium_large":false,"large":false,"1536x1536":false,"2048x2048":false},"uagb_author_info":{"display_name":"Heini Pennanen","author_link":"https:\/\/blogit.gradia.fi\/denta\/author\/pennahei\/"},"uagb_comment_info":0,"uagb_excerpt":"Tule mukaan tekem\u00e4\u00e4n pieni\u00e4 opetusvideoita omille opintojaksoillesi! Tutustumme ty\u00f6pajojen aikana muutamiin matalan kynnyksen sovelluksiin, joiden avulla opetusvideoiden teko ja muokkaaminen onnistuu helposti. Opastamme sinut my\u00f6s huomioimaan saavutettavuuden videoissa. Valmiiden videoiden osalta k\u00e4ymme l\u00e4pi my\u00f6s eri vaihtoehtoja tallentaa ja jakaa videoita opiskelijoille. Osallistuttuasi koulutukseen osaat tehd\u00e4, muokata ja jakaa pieni\u00e4 opetusvideoita. Kenelle Haluat tehd\u00e4 pieni\u00e4 videoita&hellip;","_links":{"self":[{"href":"https:\/\/blogit.gradia.fi\/denta\/wp-json\/wp\/v2\/pages\/73","targetHints":{"allow":["GET"]}}],"collection":[{"href":"https:\/\/blogit.gradia.fi\/denta\/wp-json\/wp\/v2\/pages"}],"about":[{"href":"https:\/\/blogit.gradia.fi\/denta\/wp-json\/wp\/v2\/types\/page"}],"author":[{"embeddable":true,"href":"https:\/\/blogit.gradia.fi\/denta\/wp-json\/wp\/v2\/users\/165"}],"replies":[{"embeddable":true,"href":"https:\/\/blogit.gradia.fi\/denta\/wp-json\/wp\/v2\/comments?post=73"}],"version-history":[{"count":18,"href":"https:\/\/blogit.gradia.fi\/denta\/wp-json\/wp\/v2\/pages\/73\/revisions"}],"predecessor-version":[{"id":209,"href":"https:\/\/blogit.gradia.fi\/denta\/wp-json\/wp\/v2\/pages\/73\/revisions\/209"}],"up":[{"embeddable":true,"href":"https:\/\/blogit.gradia.fi\/denta\/wp-json\/wp\/v2\/pages\/2"}],"wp:attachment":[{"href":"https:\/\/blogit.gradia.fi\/denta\/wp-json\/wp\/v2\/media?parent=73"}],"curies":[{"name":"wp","href":"https:\/\/api.w.org\/{rel}","templated":true}]}}