{"version":"1.0","provider_name":"Ty\u00f6el\u00e4m\u00e4n sek\u00e4 koulun yhdist\u00e4minen opiskelijan silmin.","provider_url":"https:\/\/blogit.gradia.fi\/anniinatuomijarvi","title":"Opintomatka Ikeaan. - Ty\u00f6el\u00e4m\u00e4n sek\u00e4 koulun yhdist\u00e4minen opiskelijan silmin.","type":"rich","width":600,"height":338,"html":"<blockquote class=\"wp-embedded-content\" data-secret=\"CM5MYmqA3H\"><a href=\"https:\/\/blogit.gradia.fi\/anniinatuomijarvi\/opintomatka-ikeaan\/\">Opintomatka Ikeaan.<\/a><\/blockquote><iframe sandbox=\"allow-scripts\" security=\"restricted\" src=\"https:\/\/blogit.gradia.fi\/anniinatuomijarvi\/opintomatka-ikeaan\/embed\/#?secret=CM5MYmqA3H\" width=\"600\" height=\"338\" title=\"&#8221;Opintomatka Ikeaan.&#8221; &#8212; Ty\u00f6el\u00e4m\u00e4n sek\u00e4 koulun yhdist\u00e4minen opiskelijan silmin.\" data-secret=\"CM5MYmqA3H\" frameborder=\"0\" marginwidth=\"0\" marginheight=\"0\" scrolling=\"no\" class=\"wp-embedded-content\"><\/iframe><script>\n\/*! This file is auto-generated *\/\n!function(d,l){\"use strict\";l.querySelector&&d.addEventListener&&\"undefined\"!=typeof URL&&(d.wp=d.wp||{},d.wp.receiveEmbedMessage||(d.wp.receiveEmbedMessage=function(e){var t=e.data;if((t||t.secret||t.message||t.value)&&!\/[^a-zA-Z0-9]\/.test(t.secret)){for(var s,r,n,a=l.querySelectorAll('iframe[data-secret=\"'+t.secret+'\"]'),o=l.querySelectorAll('blockquote[data-secret=\"'+t.secret+'\"]'),c=new RegExp(\"^https?:$\",\"i\"),i=0;i<o.length;i++)o[i].style.display=\"none\";for(i=0;i<a.length;i++)s=a[i],e.source===s.contentWindow&&(s.removeAttribute(\"style\"),\"height\"===t.message?(1e3<(r=parseInt(t.value,10))?r=1e3:~~r<200&&(r=200),s.height=r):\"link\"===t.message&&(r=new URL(s.getAttribute(\"src\")),n=new URL(t.value),c.test(n.protocol))&&n.host===r.host&&l.activeElement===s&&(d.top.location.href=t.value))}},d.addEventListener(\"message\",d.wp.receiveEmbedMessage,!1),l.addEventListener(\"DOMContentLoaded\",function(){for(var e,t,s=l.querySelectorAll(\"iframe.wp-embedded-content\"),r=0;r<s.length;r++)(t=(e=s[r]).getAttribute(\"data-secret\"))||(t=Math.random().toString(36).substring(2,12),e.src+=\"#?secret=\"+t,e.setAttribute(\"data-secret\",t)),e.contentWindow.postMessage({message:\"ready\",secret:t},\"*\")},!1)))}(window,document);\n\/\/# sourceURL=https:\/\/blogit.gradia.fi\/anniinatuomijarvi\/wp-includes\/js\/wp-embed.min.js\n<\/script>\n","description":"Moikka ! K\u00e4vimme luokkalaistemme kanssa opintomatkalla Kuopion Matkus-kauppakeskuksessa ja siin\u00e4 samalla Ikeassa. L\u00e4hdimme koululta noin kello 8.30 ja parin tunnin matkustamisen j\u00e4lkeen l\u00f6ysimme itsemme Kuopiosta. Ikean tiloissa saimme kuulla Kuopion Ikean markkinointip\u00e4\u00e4llik\u00f6lt\u00e4 mm. Ikean keskeisi\u00e4 toimintaperiaatteita, markkinointia ja asiakastyytyv\u00e4isyytt\u00e4. H\u00e4n kertoi meille muutenkin yleisell\u00e4 tasolla Ikean toiminnasta. P\u00e4\u00e4llimm\u00e4isen\u00e4 j\u00e4i mieleen ett\u00e4 Ikean tarkoitus on luoda &hellip; Jatka lukemista &rarr;","thumbnail_url":"https:\/\/blogit.gradia.fi\/anniinatuomijarvi\/wp-content\/uploads\/sites\/94\/2014\/11\/ikea2-225x300.jpg"}

Työelämän sekä koulun yhdistäminen opiskelijan silmin.

Opintomatka Ikeaan. - Työelämän sekä koulun yhdistäminen opiskelijan silmin.

<blockquote class="wp-embedded-content" data-secret="CM5MYmqA3H"><a href="https://blogit.gradia.fi/anniinatuomijarvi/opintomatka-ikeaan/">Opintomatka Ikeaan.</a></blockquote><iframe sandbox="allow-scripts" security="restricted" src="https://blogit.gradia.fi/anniinatuomijarvi/opintomatka-ikeaan/embed/#?secret=CM5MYmqA3H" width="600" height="338" title="&#8221;Opintomatka Ikeaan.&#8221; &#8212; Työelämän sekä koulun yhdistäminen opiskelijan silmin." data-secret="CM5MYmqA3H" frameborder="0" marginwidth="0" marginheight="0" scrolling="no" class="wp-embedded-content"></iframe><script>
/*! This file is auto-generated */
!function(d,l){"use strict";l.querySelector&&d.addEventListener&&"undefined"!=typeof URL&&(d.wp=d.wp||{},d.wp.receiveEmbedMessage||(d.wp.receiveEmbedMessage=function(e){var t=e.data;if((t||t.secret||t.message||t.value)&&!/[^a-zA-Z0-9]/.test(t.secret)){for(var s,r,n,a=l.querySelectorAll('iframe[data-secret="'+t.secret+'"]'),o=l.querySelectorAll('blockquote[data-secret="'+t.secret+'"]'),c=new RegExp("^https?:$","i"),i=0;i<o.length;i++)o[i].style.display="none";for(i=0;i<a.length;i++)s=a[i],e.source===s.contentWindow&&(s.removeAttribute("style"),"height"===t.message?(1e3<(r=parseInt(t.value,10))?r=1e3:~~r<200&&(r=200),s.height=r):"link"===t.message&&(r=new URL(s.getAttribute("src")),n=new URL(t.value),c.test(n.protocol))&&n.host===r.host&&l.activeElement===s&&(d.top.location.href=t.value))}},d.addEventListener("message",d.wp.receiveEmbedMessage,!1),l.addEventListener("DOMContentLoaded",function(){for(var e,t,s=l.querySelectorAll("iframe.wp-embedded-content"),r=0;r<s.length;r++)(t=(e=s[r]).getAttribute("data-secret"))||(t=Math.random().toString(36).substring(2,12),e.src+="#?secret="+t,e.setAttribute("data-secret",t)),e.contentWindow.postMessage({message:"ready",secret:t},"*")},!1)))}(window,document);
//# sourceURL=https://blogit.gradia.fi/anniinatuomijarvi/wp-includes/js/wp-embed.min.js
</script>

Moikka ! Kävimme luokkalaistemme kanssa opintomatkalla Kuopion Matkus-kauppakeskuksessa ja siinä samalla Ikeassa. Lähdimme koululta noin kello 8.30 ja parin tunnin matkustamisen jälkeen löysimme itsemme Kuopiosta. Ikean tiloissa saimme kuulla Kuopion Ikean markkinointipäälliköltä mm. Ikean keskeisiä toimintaperiaatteita, markkinointia ja asiakastyytyväisyyttä. Hän kertoi meille muutenkin yleisellä tasolla Ikean toiminnasta. Päällimmäisenä jäi mieleen että Ikean tarkoitus on luoda &hellip; Jatka lukemista &rarr;
