{"version":"1.0","provider_name":"Ty\u00f6el\u00e4m\u00e4n sek\u00e4 koulun yhdist\u00e4minen opiskelijan silmin.","provider_url":"https:\/\/blogit.gradia.fi\/anniinatuomijarvi","title":"Erilaiset ty\u00f6p\u00e4iv\u00e4t = viikoloppuna t\u00f6iss\u00e4 sek\u00e4 messut ! - Ty\u00f6el\u00e4m\u00e4n sek\u00e4 koulun yhdist\u00e4minen opiskelijan silmin.","type":"rich","width":600,"height":338,"html":"<blockquote class=\"wp-embedded-content\" data-secret=\"H0Py39MnDF\"><a href=\"https:\/\/blogit.gradia.fi\/anniinatuomijarvi\/erilaiset-tyopaivat-viikoloppuna-toissa-seka-messut\/\">Erilaiset ty\u00f6p\u00e4iv\u00e4t = viikoloppuna t\u00f6iss\u00e4 sek\u00e4 messut !<\/a><\/blockquote><iframe sandbox=\"allow-scripts\" security=\"restricted\" src=\"https:\/\/blogit.gradia.fi\/anniinatuomijarvi\/erilaiset-tyopaivat-viikoloppuna-toissa-seka-messut\/embed\/#?secret=H0Py39MnDF\" width=\"600\" height=\"338\" title=\"&#8221;Erilaiset ty\u00f6p\u00e4iv\u00e4t = viikoloppuna t\u00f6iss\u00e4 sek\u00e4 messut !&#8221; &#8212; Ty\u00f6el\u00e4m\u00e4n sek\u00e4 koulun yhdist\u00e4minen opiskelijan silmin.\" data-secret=\"H0Py39MnDF\" frameborder=\"0\" marginwidth=\"0\" marginheight=\"0\" scrolling=\"no\" class=\"wp-embedded-content\"><\/iframe><script>\n\/*! This file is auto-generated *\/\n!function(d,l){\"use strict\";l.querySelector&&d.addEventListener&&\"undefined\"!=typeof URL&&(d.wp=d.wp||{},d.wp.receiveEmbedMessage||(d.wp.receiveEmbedMessage=function(e){var t=e.data;if((t||t.secret||t.message||t.value)&&!\/[^a-zA-Z0-9]\/.test(t.secret)){for(var s,r,n,a=l.querySelectorAll('iframe[data-secret=\"'+t.secret+'\"]'),o=l.querySelectorAll('blockquote[data-secret=\"'+t.secret+'\"]'),c=new RegExp(\"^https?:$\",\"i\"),i=0;i<o.length;i++)o[i].style.display=\"none\";for(i=0;i<a.length;i++)s=a[i],e.source===s.contentWindow&&(s.removeAttribute(\"style\"),\"height\"===t.message?(1e3<(r=parseInt(t.value,10))?r=1e3:~~r<200&&(r=200),s.height=r):\"link\"===t.message&&(r=new URL(s.getAttribute(\"src\")),n=new URL(t.value),c.test(n.protocol))&&n.host===r.host&&l.activeElement===s&&(d.top.location.href=t.value))}},d.addEventListener(\"message\",d.wp.receiveEmbedMessage,!1),l.addEventListener(\"DOMContentLoaded\",function(){for(var e,t,s=l.querySelectorAll(\"iframe.wp-embedded-content\"),r=0;r<s.length;r++)(t=(e=s[r]).getAttribute(\"data-secret\"))||(t=Math.random().toString(36).substring(2,12),e.src+=\"#?secret=\"+t,e.setAttribute(\"data-secret\",t)),e.contentWindow.postMessage({message:\"ready\",secret:t},\"*\")},!1)))}(window,document);\n\/\/# sourceURL=https:\/\/blogit.gradia.fi\/anniinatuomijarvi\/wp-includes\/js\/wp-embed.min.js\n<\/script>\n","description":"Heippa hei ! Olimme Kimperin kanssa edellisen\u00e4 viikonloppuna Jyv\u00e4skyl\u00e4n Paviljongissa joulumessuilla. Messut olivat minun ensimm\u00e4iset joihin osallistuin siis n\u00e4ytteilleasettelijan roolissa. Meit\u00e4 oli siell\u00e4 minun lis\u00e4kseni ty\u00f6kaverini Elina sek\u00e4 niiden heijastinliivien (joista aikoinaan aikaisemmassa poustauksessa kerroin) suunnittelija Kreetta ja h\u00e4nell\u00e4 oli mukana my\u00f6s Vinkeen omia tuotteita. Perjantaina en p\u00e4\u00e4ssyt valitettavasti mukaan rakentamaan messuosastoa kamalan migreenikohtauksen takia, &hellip; Jatka lukemista &rarr;","thumbnail_url":"https:\/\/blogit.gradia.fi\/anniinatuomijarvi\/wp-content\/uploads\/sites\/94\/2013\/12\/nimet\u00f6n.png"}

Työelämän sekä koulun yhdistäminen opiskelijan silmin.

Erilaiset työpäivät = viikoloppuna töissä sekä messut ! - Työelämän sekä koulun yhdistäminen opiskelijan silmin.

<blockquote class="wp-embedded-content" data-secret="H0Py39MnDF"><a href="https://blogit.gradia.fi/anniinatuomijarvi/erilaiset-tyopaivat-viikoloppuna-toissa-seka-messut/">Erilaiset työpäivät = viikoloppuna töissä sekä messut !</a></blockquote><iframe sandbox="allow-scripts" security="restricted" src="https://blogit.gradia.fi/anniinatuomijarvi/erilaiset-tyopaivat-viikoloppuna-toissa-seka-messut/embed/#?secret=H0Py39MnDF" width="600" height="338" title="&#8221;Erilaiset työpäivät = viikoloppuna töissä sekä messut !&#8221; &#8212; Työelämän sekä koulun yhdistäminen opiskelijan silmin." data-secret="H0Py39MnDF" frameborder="0" marginwidth="0" marginheight="0" scrolling="no" class="wp-embedded-content"></iframe><script>
/*! This file is auto-generated */
!function(d,l){"use strict";l.querySelector&&d.addEventListener&&"undefined"!=typeof URL&&(d.wp=d.wp||{},d.wp.receiveEmbedMessage||(d.wp.receiveEmbedMessage=function(e){var t=e.data;if((t||t.secret||t.message||t.value)&&!/[^a-zA-Z0-9]/.test(t.secret)){for(var s,r,n,a=l.querySelectorAll('iframe[data-secret="'+t.secret+'"]'),o=l.querySelectorAll('blockquote[data-secret="'+t.secret+'"]'),c=new RegExp("^https?:$","i"),i=0;i<o.length;i++)o[i].style.display="none";for(i=0;i<a.length;i++)s=a[i],e.source===s.contentWindow&&(s.removeAttribute("style"),"height"===t.message?(1e3<(r=parseInt(t.value,10))?r=1e3:~~r<200&&(r=200),s.height=r):"link"===t.message&&(r=new URL(s.getAttribute("src")),n=new URL(t.value),c.test(n.protocol))&&n.host===r.host&&l.activeElement===s&&(d.top.location.href=t.value))}},d.addEventListener("message",d.wp.receiveEmbedMessage,!1),l.addEventListener("DOMContentLoaded",function(){for(var e,t,s=l.querySelectorAll("iframe.wp-embedded-content"),r=0;r<s.length;r++)(t=(e=s[r]).getAttribute("data-secret"))||(t=Math.random().toString(36).substring(2,12),e.src+="#?secret="+t,e.setAttribute("data-secret",t)),e.contentWindow.postMessage({message:"ready",secret:t},"*")},!1)))}(window,document);
//# sourceURL=https://blogit.gradia.fi/anniinatuomijarvi/wp-includes/js/wp-embed.min.js
</script>

Heippa hei ! Olimme Kimperin kanssa edellisenä viikonloppuna Jyväskylän Paviljongissa joulumessuilla. Messut olivat minun ensimmäiset joihin osallistuin siis näytteilleasettelijan roolissa. Meitä oli siellä minun lisäkseni työkaverini Elina sekä niiden heijastinliivien (joista aikoinaan aikaisemmassa poustauksessa kerroin) suunnittelija Kreetta ja hänellä oli mukana myös Vinkeen omia tuotteita. Perjantaina en päässyt valitettavasti mukaan rakentamaan messuosastoa kamalan migreenikohtauksen takia, &hellip; Jatka lukemista &rarr;

https://blogit.gradia.fi/anniinatuomijarvi/wp-content/uploads/sites/94/2013/12/nimetön.png
