{"id":198,"date":"2025-12-15T08:37:17","date_gmt":"2025-12-15T08:37:17","guid":{"rendered":"https:\/\/blogit.gradia.fi\/alytalo-backup\/?page_id=198"},"modified":"2025-12-15T11:54:55","modified_gmt":"2025-12-15T11:54:55","slug":"hanke-tiivistetysti","status":"publish","type":"page","link":"https:\/\/blogit.gradia.fi\/alytalo\/hanke-tiivistetysti\/","title":{"rendered":"Hanke tiivistetysti"},"content":{"rendered":"\n<p>\u00c4lytalo \u2013 Kest\u00e4v\u00e4n rakentamisen Living Lab -ryhm\u00e4hankkeen tavoitteena on tukea pk-yritysten siirtym\u00e4\u00e4 kohti v\u00e4h\u00e4hiilist\u00e4, digitaalisesti ohjattua ja rakennusterveytt\u00e4 edist\u00e4v\u00e4\u00e4 rakentamista. Tavoitteen saavuttamiseksi hankkeessa kehitet\u00e4\u00e4n uudenlainen TKI-ymp\u00e4rist\u00f6, joka yhdist\u00e4\u00e4 liikuteltavan, minikokoisen \u00e4lytalon, s\u00e4hk\u00f6isen BIM-tietomallin ja digitaalisen kaksosen.<\/p>\n\n\n\n<p>\u00c4lytalo toimii fyysisen\u00e4 testausalustana, jossa yritykset voivat kokeilla, mitata ja validoida uusia materiaali- ja energiaratkaisuja sek\u00e4 rakennusautomaation teknologioita aidoissa olosuhteissa. BIM-tietomalli kokoaa \u00e4lytalon rakenteet, talotekniikan ja mittauspisteet kolmiulotteiseksi, p\u00e4ivitett\u00e4v\u00e4ksi tietokokonaisuudeksi ja toimii samalla suunnittelun ja viranomaisraportoinnin ty\u00f6kaluna sek\u00e4 digitaalisen kaksosen tietovarastona.<\/p>\n\n\n\n<p>Digitaalinen kaksonen mahdollistaa fyysisen ymp\u00e4rist\u00f6n reaaliaikaisen seurannan, simuloinnin ja analyysin, mik\u00e4 tukee rakennusratkaisujen kehitt\u00e4mist\u00e4 ja optimointia. Hankkeen toimenpiteill\u00e4 luodaan alueellinen innovaatioalusta, joka tukee rakennusalan pk-yritysten kehitysvalmiuksia ja edist\u00e4\u00e4 vihre\u00e4\u00e4 siirtym\u00e4\u00e4.<\/p>\n\n\n\n<figure class=\"wp-block-image is-resized\"><img loading=\"lazy\" decoding=\"async\" width=\"1024\" height=\"763\" src=\"https:\/\/blogit.gradia.fi\/alytalo\/wp-content\/uploads\/sites\/562\/2025\/11\/image-13-1024x763.png\" alt=\"\" class=\"wp-image-65\" style=\"width:548px;height:auto\" srcset=\"https:\/\/blogit.gradia.fi\/alytalo\/wp-content\/uploads\/sites\/566\/2025\/11\/image-13-1024x763.png 1024w, https:\/\/blogit.gradia.fi\/alytalo\/wp-content\/uploads\/sites\/566\/2025\/11\/image-13-300x224.png 300w, https:\/\/blogit.gradia.fi\/alytalo\/wp-content\/uploads\/sites\/566\/2025\/11\/image-13-768x573.png 768w, https:\/\/blogit.gradia.fi\/alytalo\/wp-content\/uploads\/sites\/566\/2025\/11\/image-13.png 1340w\" sizes=\"auto, (max-width: 1024px) 100vw, 1024px\" \/><\/figure>\n\n\n\n<p>Uusi TKI-infrastruktuuri tarjoaa pk-yrityksille mahdollisuuden testata ja arvioida markkinoilla olevia v\u00e4h\u00e4hiilisi\u00e4 materiaaleja, rakennusfysikaalisesti toimivia rakenteita, energiatehokkaita talotekniikkaratkaisuja ja \u00e4lyk\u00e4st\u00e4 automaatiota.<\/p>\n\n\n\n<p>Testaukset ja pilotit tuottavat avoimesti saatavilla olevaa mittausdataa ja analyyseja, jotka tukevat yritysten tuotekehityst\u00e4, v\u00e4hent\u00e4v\u00e4t liiketoiminnallisia riskej\u00e4 sek\u00e4 mahdollistavat liiketoiminnan uudistamisen digivihre\u00e4n siirtym\u00e4n ja rakennusterveyden vaatimusten mukaisesti.<\/p>\n\n\n\n<p>N\u00e4it\u00e4 toimintoja tukee hankkeessa rakennettava TKI-ekosysteemi, eli pk-yrityksist\u00e4, koulutustoimijoista ja muista asiantuntijoista koostuva verkosto, joka vahvistaa yhteiskehitt\u00e4misen rakenteita ja kokoaa toimijat uuden testausalustan ymp\u00e4rille.<\/p>\n\n\n\n<p><\/p>\n","protected":false},"excerpt":{"rendered":"<p>\u00c4lytalo \u2013 Kest\u00e4v\u00e4n rakentamisen Living Lab -ryhm\u00e4hankkeen tavoitteena on tukea pk-yritysten siirtym\u00e4\u00e4 kohti v\u00e4h\u00e4hiilist\u00e4, digitaalisesti ohjattua ja rakennusterveytt\u00e4 edist\u00e4v\u00e4\u00e4 rakentamista. Tavoitteen saavuttamiseksi hankkeessa kehitet\u00e4\u00e4n uudenlainen TKI-ymp\u00e4rist\u00f6, joka yhdist\u00e4\u00e4 liikuteltavan, minikokoisen \u00e4lytalon, s\u00e4hk\u00f6isen BIM-tietomallin ja digitaalisen kaksosen. \u00c4lytalo toimii fyysisen\u00e4 testausalustana, jossa yritykset voivat kokeilla, mitata ja validoida uusia materiaali- ja energiaratkaisuja sek\u00e4 rakennusautomaation teknologioita aidoissa [&hellip;]<\/p>\n","protected":false},"author":8,"featured_media":0,"parent":0,"menu_order":0,"comment_status":"closed","ping_status":"closed","template":"","meta":{"_uag_custom_page_level_css":"","footnotes":""},"class_list":["post-198","page","type-page","status-publish","hentry"],"yoast_head":"<!-- This site is optimized with the Yoast SEO plugin v27.4 - https:\/\/yoast.com\/product\/yoast-seo-wordpress\/ -->\n<title>Hanke tiivistetysti - \u00c4lytalo\u00a0- Kest\u00e4v\u00e4n rakentamisen Living Lab<\/title>\n<meta name=\"robots\" content=\"index, follow, max-snippet:-1, max-image-preview:large, max-video-preview:-1\" \/>\n<link rel=\"canonical\" href=\"https:\/\/blogit.gradia.fi\/alytalo\/hanke-tiivistetysti\/\" \/>\n<meta property=\"og:locale\" content=\"fi_FI\" \/>\n<meta property=\"og:type\" content=\"article\" \/>\n<meta property=\"og:title\" content=\"Hanke tiivistetysti - \u00c4lytalo\u00a0- Kest\u00e4v\u00e4n rakentamisen Living Lab\" \/>\n<meta property=\"og:description\" content=\"\u00c4lytalo \u2013 Kest\u00e4v\u00e4n rakentamisen Living Lab -ryhm\u00e4hankkeen tavoitteena on tukea pk-yritysten siirtym\u00e4\u00e4 kohti v\u00e4h\u00e4hiilist\u00e4, digitaalisesti ohjattua ja rakennusterveytt\u00e4 edist\u00e4v\u00e4\u00e4 rakentamista. Tavoitteen saavuttamiseksi hankkeessa kehitet\u00e4\u00e4n uudenlainen TKI-ymp\u00e4rist\u00f6, joka yhdist\u00e4\u00e4 liikuteltavan, minikokoisen \u00e4lytalon, s\u00e4hk\u00f6isen BIM-tietomallin ja digitaalisen kaksosen. \u00c4lytalo toimii fyysisen\u00e4 testausalustana, jossa yritykset voivat kokeilla, mitata ja validoida uusia materiaali- ja energiaratkaisuja sek\u00e4 rakennusautomaation teknologioita aidoissa [&hellip;]\" \/>\n<meta property=\"og:url\" content=\"https:\/\/blogit.gradia.fi\/alytalo\/hanke-tiivistetysti\/\" \/>\n<meta property=\"og:site_name\" content=\"\u00c4lytalo\u00a0- Kest\u00e4v\u00e4n rakentamisen Living Lab\" \/>\n<meta property=\"article:modified_time\" content=\"2025-12-15T11:54:55+00:00\" \/>\n<meta property=\"og:image\" content=\"https:\/\/blogit.gradia.fi\/alytalo\/wp-content\/uploads\/sites\/562\/2025\/11\/image-13-1024x763.png\" \/>\n<meta name=\"twitter:card\" content=\"summary_large_image\" \/>\n<meta name=\"twitter:label1\" content=\"Arvioitu lukuaika\" \/>\n\t<meta name=\"twitter:data1\" content=\"2 minuuttia\" \/>\n<script type=\"application\/ld+json\" class=\"yoast-schema-graph\">{\"@context\":\"https:\\\/\\\/schema.org\",\"@graph\":[{\"@type\":\"WebPage\",\"@id\":\"https:\\\/\\\/blogit.gradia.fi\\\/alytalo\\\/hanke-tiivistetysti\\\/\",\"url\":\"https:\\\/\\\/blogit.gradia.fi\\\/alytalo\\\/hanke-tiivistetysti\\\/\",\"name\":\"Hanke tiivistetysti - \u00c4lytalo\u00a0- Kest\u00e4v\u00e4n rakentamisen Living Lab\",\"isPartOf\":{\"@id\":\"https:\\\/\\\/blogit.gradia.fi\\\/alytalo\\\/#website\"},\"primaryImageOfPage\":{\"@id\":\"https:\\\/\\\/blogit.gradia.fi\\\/alytalo\\\/hanke-tiivistetysti\\\/#primaryimage\"},\"image\":{\"@id\":\"https:\\\/\\\/blogit.gradia.fi\\\/alytalo\\\/hanke-tiivistetysti\\\/#primaryimage\"},\"thumbnailUrl\":\"https:\\\/\\\/blogit.gradia.fi\\\/alytalo\\\/wp-content\\\/uploads\\\/sites\\\/562\\\/2025\\\/11\\\/image-13-1024x763.png\",\"datePublished\":\"2025-12-15T08:37:17+00:00\",\"dateModified\":\"2025-12-15T11:54:55+00:00\",\"breadcrumb\":{\"@id\":\"https:\\\/\\\/blogit.gradia.fi\\\/alytalo\\\/hanke-tiivistetysti\\\/#breadcrumb\"},\"inLanguage\":\"fi\",\"potentialAction\":[{\"@type\":\"ReadAction\",\"target\":[\"https:\\\/\\\/blogit.gradia.fi\\\/alytalo\\\/hanke-tiivistetysti\\\/\"]}]},{\"@type\":\"ImageObject\",\"inLanguage\":\"fi\",\"@id\":\"https:\\\/\\\/blogit.gradia.fi\\\/alytalo\\\/hanke-tiivistetysti\\\/#primaryimage\",\"url\":\"https:\\\/\\\/blogit.gradia.fi\\\/alytalo\\\/wp-content\\\/uploads\\\/sites\\\/562\\\/2025\\\/11\\\/image-13-1024x763.png\",\"contentUrl\":\"https:\\\/\\\/blogit.gradia.fi\\\/alytalo\\\/wp-content\\\/uploads\\\/sites\\\/562\\\/2025\\\/11\\\/image-13-1024x763.png\"},{\"@type\":\"BreadcrumbList\",\"@id\":\"https:\\\/\\\/blogit.gradia.fi\\\/alytalo\\\/hanke-tiivistetysti\\\/#breadcrumb\",\"itemListElement\":[{\"@type\":\"ListItem\",\"position\":1,\"name\":\"Home\",\"item\":\"https:\\\/\\\/blogit.gradia.fi\\\/alytalo\\\/\"},{\"@type\":\"ListItem\",\"position\":2,\"name\":\"Hanke tiivistetysti\"}]},{\"@type\":\"WebSite\",\"@id\":\"https:\\\/\\\/blogit.gradia.fi\\\/alytalo\\\/#website\",\"url\":\"https:\\\/\\\/blogit.gradia.fi\\\/alytalo\\\/\",\"name\":\"\u00c4lytalo\u00a0- Kest\u00e4v\u00e4n rakentamisen Living Lab\",\"description\":\"\",\"potentialAction\":[{\"@type\":\"SearchAction\",\"target\":{\"@type\":\"EntryPoint\",\"urlTemplate\":\"https:\\\/\\\/blogit.gradia.fi\\\/alytalo\\\/?s={search_term_string}\"},\"query-input\":{\"@type\":\"PropertyValueSpecification\",\"valueRequired\":true,\"valueName\":\"search_term_string\"}}],\"inLanguage\":\"fi\"}]}<\/script>\n<!-- \/ Yoast SEO plugin. -->","yoast_head_json":{"title":"Hanke tiivistetysti - \u00c4lytalo\u00a0- Kest\u00e4v\u00e4n rakentamisen Living Lab","robots":{"index":"index","follow":"follow","max-snippet":"max-snippet:-1","max-image-preview":"max-image-preview:large","max-video-preview":"max-video-preview:-1"},"canonical":"https:\/\/blogit.gradia.fi\/alytalo\/hanke-tiivistetysti\/","og_locale":"fi_FI","og_type":"article","og_title":"Hanke tiivistetysti - \u00c4lytalo\u00a0- Kest\u00e4v\u00e4n rakentamisen Living Lab","og_description":"\u00c4lytalo \u2013 Kest\u00e4v\u00e4n rakentamisen Living Lab -ryhm\u00e4hankkeen tavoitteena on tukea pk-yritysten siirtym\u00e4\u00e4 kohti v\u00e4h\u00e4hiilist\u00e4, digitaalisesti ohjattua ja rakennusterveytt\u00e4 edist\u00e4v\u00e4\u00e4 rakentamista. Tavoitteen saavuttamiseksi hankkeessa kehitet\u00e4\u00e4n uudenlainen TKI-ymp\u00e4rist\u00f6, joka yhdist\u00e4\u00e4 liikuteltavan, minikokoisen \u00e4lytalon, s\u00e4hk\u00f6isen BIM-tietomallin ja digitaalisen kaksosen. \u00c4lytalo toimii fyysisen\u00e4 testausalustana, jossa yritykset voivat kokeilla, mitata ja validoida uusia materiaali- ja energiaratkaisuja sek\u00e4 rakennusautomaation teknologioita aidoissa [&hellip;]","og_url":"https:\/\/blogit.gradia.fi\/alytalo\/hanke-tiivistetysti\/","og_site_name":"\u00c4lytalo\u00a0- Kest\u00e4v\u00e4n rakentamisen Living Lab","article_modified_time":"2025-12-15T11:54:55+00:00","og_image":[{"url":"https:\/\/blogit.gradia.fi\/alytalo\/wp-content\/uploads\/sites\/562\/2025\/11\/image-13-1024x763.png","type":"","width":"","height":""}],"twitter_card":"summary_large_image","twitter_misc":{"Arvioitu lukuaika":"2 minuuttia"},"schema":{"@context":"https:\/\/schema.org","@graph":[{"@type":"WebPage","@id":"https:\/\/blogit.gradia.fi\/alytalo\/hanke-tiivistetysti\/","url":"https:\/\/blogit.gradia.fi\/alytalo\/hanke-tiivistetysti\/","name":"Hanke tiivistetysti - \u00c4lytalo\u00a0- Kest\u00e4v\u00e4n rakentamisen Living Lab","isPartOf":{"@id":"https:\/\/blogit.gradia.fi\/alytalo\/#website"},"primaryImageOfPage":{"@id":"https:\/\/blogit.gradia.fi\/alytalo\/hanke-tiivistetysti\/#primaryimage"},"image":{"@id":"https:\/\/blogit.gradia.fi\/alytalo\/hanke-tiivistetysti\/#primaryimage"},"thumbnailUrl":"https:\/\/blogit.gradia.fi\/alytalo\/wp-content\/uploads\/sites\/562\/2025\/11\/image-13-1024x763.png","datePublished":"2025-12-15T08:37:17+00:00","dateModified":"2025-12-15T11:54:55+00:00","breadcrumb":{"@id":"https:\/\/blogit.gradia.fi\/alytalo\/hanke-tiivistetysti\/#breadcrumb"},"inLanguage":"fi","potentialAction":[{"@type":"ReadAction","target":["https:\/\/blogit.gradia.fi\/alytalo\/hanke-tiivistetysti\/"]}]},{"@type":"ImageObject","inLanguage":"fi","@id":"https:\/\/blogit.gradia.fi\/alytalo\/hanke-tiivistetysti\/#primaryimage","url":"https:\/\/blogit.gradia.fi\/alytalo\/wp-content\/uploads\/sites\/562\/2025\/11\/image-13-1024x763.png","contentUrl":"https:\/\/blogit.gradia.fi\/alytalo\/wp-content\/uploads\/sites\/562\/2025\/11\/image-13-1024x763.png"},{"@type":"BreadcrumbList","@id":"https:\/\/blogit.gradia.fi\/alytalo\/hanke-tiivistetysti\/#breadcrumb","itemListElement":[{"@type":"ListItem","position":1,"name":"Home","item":"https:\/\/blogit.gradia.fi\/alytalo\/"},{"@type":"ListItem","position":2,"name":"Hanke tiivistetysti"}]},{"@type":"WebSite","@id":"https:\/\/blogit.gradia.fi\/alytalo\/#website","url":"https:\/\/blogit.gradia.fi\/alytalo\/","name":"\u00c4lytalo\u00a0- Kest\u00e4v\u00e4n rakentamisen Living Lab","description":"","potentialAction":[{"@type":"SearchAction","target":{"@type":"EntryPoint","urlTemplate":"https:\/\/blogit.gradia.fi\/alytalo\/?s={search_term_string}"},"query-input":{"@type":"PropertyValueSpecification","valueRequired":true,"valueName":"search_term_string"}}],"inLanguage":"fi"}]}},"uagb_featured_image_src":{"full":false,"thumbnail":false,"medium":false,"medium_large":false,"large":false,"1536x1536":false,"2048x2048":false,"post-thumbnail":false},"uagb_author_info":{"display_name":"Antti Lehtinen","author_link":"https:\/\/blogit.gradia.fi\/alytalo\/author\/anttileh\/"},"uagb_comment_info":0,"uagb_excerpt":"\u00c4lytalo \u2013 Kest\u00e4v\u00e4n rakentamisen Living Lab -ryhm\u00e4hankkeen tavoitteena on tukea pk-yritysten siirtym\u00e4\u00e4 kohti v\u00e4h\u00e4hiilist\u00e4, digitaalisesti ohjattua ja rakennusterveytt\u00e4 edist\u00e4v\u00e4\u00e4 rakentamista. Tavoitteen saavuttamiseksi hankkeessa kehitet\u00e4\u00e4n uudenlainen TKI-ymp\u00e4rist\u00f6, joka yhdist\u00e4\u00e4 liikuteltavan, minikokoisen \u00e4lytalon, s\u00e4hk\u00f6isen BIM-tietomallin ja digitaalisen kaksosen. \u00c4lytalo toimii fyysisen\u00e4 testausalustana, jossa yritykset voivat kokeilla, mitata ja validoida uusia materiaali- ja energiaratkaisuja sek\u00e4 rakennusautomaation teknologioita aidoissa&hellip;","_links":{"self":[{"href":"https:\/\/blogit.gradia.fi\/alytalo\/wp-json\/wp\/v2\/pages\/198","targetHints":{"allow":["GET"]}}],"collection":[{"href":"https:\/\/blogit.gradia.fi\/alytalo\/wp-json\/wp\/v2\/pages"}],"about":[{"href":"https:\/\/blogit.gradia.fi\/alytalo\/wp-json\/wp\/v2\/types\/page"}],"author":[{"embeddable":true,"href":"https:\/\/blogit.gradia.fi\/alytalo\/wp-json\/wp\/v2\/users\/8"}],"replies":[{"embeddable":true,"href":"https:\/\/blogit.gradia.fi\/alytalo\/wp-json\/wp\/v2\/comments?post=198"}],"version-history":[{"count":2,"href":"https:\/\/blogit.gradia.fi\/alytalo\/wp-json\/wp\/v2\/pages\/198\/revisions"}],"predecessor-version":[{"id":276,"href":"https:\/\/blogit.gradia.fi\/alytalo\/wp-json\/wp\/v2\/pages\/198\/revisions\/276"}],"wp:attachment":[{"href":"https:\/\/blogit.gradia.fi\/alytalo\/wp-json\/wp\/v2\/media?parent=198"}],"curies":[{"name":"wp","href":"https:\/\/api.w.org\/{rel}","templated":true}]}}