{"id":83,"date":"2017-03-28T15:11:58","date_gmt":"2017-03-28T12:11:58","guid":{"rendered":"https:\/\/blogit.gradia.fi\/aidinkieli\/?page_id=83"},"modified":"2018-12-12T14:46:16","modified_gmt":"2018-12-12T12:46:16","slug":"tutkielma","status":"publish","type":"page","link":"https:\/\/blogit.gradia.fi\/aidinkieli\/tutkielma\/","title":{"rendered":"Ammattiin liittyvien teosten vertailu"},"content":{"rendered":"<p>Valitse kaksi omaan alaasi liittyv\u00e4\u00e4 kirjaa (kaunokirjallisuutta tai tietoteos), lehte\u00e4 (my\u00f6s nettilehdet), blogia tai TV-ohjelmaa. Voi valita vaikkapa kaksi kirjaa tai esim. kirjan ja blogin vertailtavaksi.<\/p>\n<p>Kirjoita\u00a0 Wordilla 1-2 sivun pituinen esittely ja vertailu.\u00a0 Esittele ensin kummatkin teokset. Voit k\u00e4ytt\u00e4\u00e4 apunasi seuraavia kysymyksi\u00e4.<\/p>\n<p>Kirjasta:<\/p>\n<p>1. Kirjan nimi, ilmestymisvuosi ja julkaisija.<br \/>\n2. Kerro kirjoittajasta\/kirjoittajista.<br \/>\n3. Mit\u00e4 aiheita kirjassa k\u00e4sitell\u00e4\u00e4n. HUOM! \u00c4l\u00e4 kopioi sis\u00e4llysluetteloa<br \/>\n4. Kenelle kirja on mielest\u00e4si tarkoitettu? Ammattilaiselle vai kaikille alasta kiinnostuneille? Perustele.<br \/>\n5. Mitk\u00e4 aiheista voisivat liitty\u00e4 tulevaan ty\u00f6h\u00f6si? Voisiko alasi ammattilainen saada esim. vinkkej\u00e4 ty\u00f6h\u00f6ns\u00e4 lukemalla t\u00e4t\u00e4 kirjaa? Saako kirjasta tietoa alan uusimmista ty\u00f6v\u00e4lineist\u00e4, materiaaleista tai ty\u00f6tavoista?<\/p>\n<p>Lehdest\u00e4 tai blogista:<\/p>\n<p>1. Lehden nimi, numero ja ilmestymisvuosi, julkaisija (jos l\u00f6ytyy)?<br \/>\n2. Millaisista aiheista lehti kirjoittaa? Millaisia vakiopalstoja lehdess\u00e4 on?<br \/>\n3. Kenelle lehti on mielest\u00e4si tarkoitettu?<br \/>\n4. Millaisia tuotteita tai palveluja lehdess\u00e4 mainostetaan, onko kohderyhm\u00e4 oikea?<br \/>\n5. Mitk\u00e4 aiheista voisivat liitty\u00e4 tulevaan ty\u00f6h\u00f6si? Olisiko siit\u00e4 hy\u00f6ty\u00e4 jo opiskeluaikana?<br \/>\n6. Oliko lehti mielest\u00e4si kiinnostava, tilaisitko sen itse?<br \/>\n7. Millainen lehti oli ulkon\u00e4\u00f6lt\u00e4\u00e4n? Houkutteleva, tyls\u00e4, helppolukuinen, sekava?<\/p>\n<p>Ohjelmasta<\/p>\n<p>1.Milt\u00e4 kanavalta se tulee, mik\u00e4 on ohjelman idea?<br \/>\n2.Kuka tai ketk\u00e4 siin\u00e4 esiintyv\u00e4t?<br \/>\n3. Mihin tapahtumat sijoittuvat, onko paikalla v\u00e4li\u00e4? Mihin aikaan ohjelma sijoittuu?<br \/>\n4. Onko jaksolla tai ohjelmalla jotakin teemaa? Millainen on ohjelmaformaatti?<br \/>\n5. Kenelle ohjelma on tarkoitettu?<br \/>\n6. Arvioi ohjelman sis\u00e4lt\u00f6\u00e4: Milt\u00e4 jaksossa tapahtui? Onko ohjelma opettavainen vai onko se vain viihdett\u00e4? Opitko uutta, kiinnostuitko? Saiko asiasta kattavan kuvan ja todentuntuisen kuvan?<\/p>\n<p>Vertaile teoksia. Arvioi niiden ulkon\u00e4k\u00f6\u00e4 ja kiinnostavuutta. Luettavuutta, ymm\u00e4rrett\u00e4vyytt\u00e4 ja ajantasaisuutta. Kummasta saat enemm\u00e4n tietoa omaa alaasi ajatellen? Kumman valitsisit mieluummin tietol\u00e4hteeksi? Mik\u00e4 on helpoiten saatavilla?<\/p>\n<p>Viittaa tekstiss\u00e4 selke\u00e4sti k\u00e4sittelem\u00e4\u00e4si teokseen, jotta lukija ymm\u00e4rt\u00e4\u00e4, mist\u00e4 puhut. Merkitse valitsemasi teokset l\u00e4hdeluetteloon teht\u00e4v\u00e4si loppuun. Lue ohjeet l\u00e4hdeluettelon kirjoittamisesta ja l\u00e4hdeviittaamisesta alasivulta.<\/p>\n","protected":false},"excerpt":{"rendered":"<p>Valitse kaksi omaan alaasi liittyv\u00e4\u00e4 kirjaa (kaunokirjallisuutta tai tietoteos), lehte\u00e4 (my\u00f6s nettilehdet), blogia tai TV-ohjelmaa. Voi valita vaikkapa kaksi kirjaa tai esim. kirjan ja blogin vertailtavaksi. Kirjoita\u00a0 Wordilla 1-2 sivun pituinen esittely ja vertailu.\u00a0 Esittele ensin kummatkin teokset. Voit k\u00e4ytt\u00e4\u00e4 apunasi seuraavia kysymyksi\u00e4. Kirjasta: 1. Kirjan nimi, ilmestymisvuosi ja julkaisija. 2. Kerro kirjoittajasta\/kirjoittajista. 3. Mit\u00e4 &hellip; <a href=\"https:\/\/blogit.gradia.fi\/aidinkieli\/tutkielma\/\" class=\"more-link\">Jatka lukemista <span class=\"screen-reader-text\">Ammattiin liittyvien teosten vertailu<\/span> <span class=\"meta-nav\">&rarr;<\/span><\/a><\/p>\n","protected":false},"author":622,"featured_media":0,"parent":0,"menu_order":0,"comment_status":"closed","ping_status":"closed","template":"","meta":{"_uag_custom_page_level_css":"","footnotes":""},"class_list":["post-83","page","type-page","status-publish","hentry"],"yoast_head":"<!-- This site is optimized with the Yoast SEO plugin v27.4 - https:\/\/yoast.com\/product\/yoast-seo-wordpress\/ -->\n<title>Ammattiin liittyvien teosten vertailu - \u00c4idinkieli<\/title>\n<meta name=\"robots\" content=\"index, follow, max-snippet:-1, max-image-preview:large, max-video-preview:-1\" \/>\n<link rel=\"canonical\" href=\"https:\/\/blogit.gradia.fi\/aidinkieli\/tutkielma\/\" \/>\n<meta property=\"og:locale\" content=\"fi_FI\" \/>\n<meta property=\"og:type\" content=\"article\" \/>\n<meta property=\"og:title\" content=\"Ammattiin liittyvien teosten vertailu - \u00c4idinkieli\" \/>\n<meta property=\"og:description\" content=\"Valitse kaksi omaan alaasi liittyv\u00e4\u00e4 kirjaa (kaunokirjallisuutta tai tietoteos), lehte\u00e4 (my\u00f6s nettilehdet), blogia tai TV-ohjelmaa. Voi valita vaikkapa kaksi kirjaa tai esim. kirjan ja blogin vertailtavaksi. Kirjoita\u00a0 Wordilla 1-2 sivun pituinen esittely ja vertailu.\u00a0 Esittele ensin kummatkin teokset. Voit k\u00e4ytt\u00e4\u00e4 apunasi seuraavia kysymyksi\u00e4. Kirjasta: 1. Kirjan nimi, ilmestymisvuosi ja julkaisija. 2. Kerro kirjoittajasta\/kirjoittajista. 3. Mit\u00e4 &hellip; Jatka lukemista Ammattiin liittyvien teosten vertailu &rarr;\" \/>\n<meta property=\"og:url\" content=\"https:\/\/blogit.gradia.fi\/aidinkieli\/tutkielma\/\" \/>\n<meta property=\"og:site_name\" content=\"\u00c4idinkieli\" \/>\n<meta property=\"article:modified_time\" content=\"2018-12-12T12:46:16+00:00\" \/>\n<meta name=\"twitter:card\" content=\"summary_large_image\" \/>\n<meta name=\"twitter:label1\" content=\"Arvioitu lukuaika\" \/>\n\t<meta name=\"twitter:data1\" content=\"2 minuuttia\" \/>\n<script type=\"application\/ld+json\" class=\"yoast-schema-graph\">{\"@context\":\"https:\\\/\\\/schema.org\",\"@graph\":[{\"@type\":\"WebPage\",\"@id\":\"https:\\\/\\\/blogit.gradia.fi\\\/aidinkieli\\\/tutkielma\\\/\",\"url\":\"https:\\\/\\\/blogit.gradia.fi\\\/aidinkieli\\\/tutkielma\\\/\",\"name\":\"Ammattiin liittyvien teosten vertailu - \u00c4idinkieli\",\"isPartOf\":{\"@id\":\"https:\\\/\\\/blogit.gradia.fi\\\/aidinkieli\\\/#website\"},\"datePublished\":\"2017-03-28T12:11:58+00:00\",\"dateModified\":\"2018-12-12T12:46:16+00:00\",\"inLanguage\":\"fi\",\"potentialAction\":[{\"@type\":\"ReadAction\",\"target\":[\"https:\\\/\\\/blogit.gradia.fi\\\/aidinkieli\\\/tutkielma\\\/\"]}]},{\"@type\":\"WebSite\",\"@id\":\"https:\\\/\\\/blogit.gradia.fi\\\/aidinkieli\\\/#website\",\"url\":\"https:\\\/\\\/blogit.gradia.fi\\\/aidinkieli\\\/\",\"name\":\"\u00c4idinkieli\",\"description\":\"Uusi Gradia-blogit -sivusto\",\"potentialAction\":[{\"@type\":\"SearchAction\",\"target\":{\"@type\":\"EntryPoint\",\"urlTemplate\":\"https:\\\/\\\/blogit.gradia.fi\\\/aidinkieli\\\/?s={search_term_string}\"},\"query-input\":{\"@type\":\"PropertyValueSpecification\",\"valueRequired\":true,\"valueName\":\"search_term_string\"}}],\"inLanguage\":\"fi\"}]}<\/script>\n<!-- \/ Yoast SEO plugin. -->","yoast_head_json":{"title":"Ammattiin liittyvien teosten vertailu - \u00c4idinkieli","robots":{"index":"index","follow":"follow","max-snippet":"max-snippet:-1","max-image-preview":"max-image-preview:large","max-video-preview":"max-video-preview:-1"},"canonical":"https:\/\/blogit.gradia.fi\/aidinkieli\/tutkielma\/","og_locale":"fi_FI","og_type":"article","og_title":"Ammattiin liittyvien teosten vertailu - \u00c4idinkieli","og_description":"Valitse kaksi omaan alaasi liittyv\u00e4\u00e4 kirjaa (kaunokirjallisuutta tai tietoteos), lehte\u00e4 (my\u00f6s nettilehdet), blogia tai TV-ohjelmaa. Voi valita vaikkapa kaksi kirjaa tai esim. kirjan ja blogin vertailtavaksi. Kirjoita\u00a0 Wordilla 1-2 sivun pituinen esittely ja vertailu.\u00a0 Esittele ensin kummatkin teokset. Voit k\u00e4ytt\u00e4\u00e4 apunasi seuraavia kysymyksi\u00e4. Kirjasta: 1. Kirjan nimi, ilmestymisvuosi ja julkaisija. 2. Kerro kirjoittajasta\/kirjoittajista. 3. Mit\u00e4 &hellip; Jatka lukemista Ammattiin liittyvien teosten vertailu &rarr;","og_url":"https:\/\/blogit.gradia.fi\/aidinkieli\/tutkielma\/","og_site_name":"\u00c4idinkieli","article_modified_time":"2018-12-12T12:46:16+00:00","twitter_card":"summary_large_image","twitter_misc":{"Arvioitu lukuaika":"2 minuuttia"},"schema":{"@context":"https:\/\/schema.org","@graph":[{"@type":"WebPage","@id":"https:\/\/blogit.gradia.fi\/aidinkieli\/tutkielma\/","url":"https:\/\/blogit.gradia.fi\/aidinkieli\/tutkielma\/","name":"Ammattiin liittyvien teosten vertailu - \u00c4idinkieli","isPartOf":{"@id":"https:\/\/blogit.gradia.fi\/aidinkieli\/#website"},"datePublished":"2017-03-28T12:11:58+00:00","dateModified":"2018-12-12T12:46:16+00:00","inLanguage":"fi","potentialAction":[{"@type":"ReadAction","target":["https:\/\/blogit.gradia.fi\/aidinkieli\/tutkielma\/"]}]},{"@type":"WebSite","@id":"https:\/\/blogit.gradia.fi\/aidinkieli\/#website","url":"https:\/\/blogit.gradia.fi\/aidinkieli\/","name":"\u00c4idinkieli","description":"Uusi Gradia-blogit -sivusto","potentialAction":[{"@type":"SearchAction","target":{"@type":"EntryPoint","urlTemplate":"https:\/\/blogit.gradia.fi\/aidinkieli\/?s={search_term_string}"},"query-input":{"@type":"PropertyValueSpecification","valueRequired":true,"valueName":"search_term_string"}}],"inLanguage":"fi"}]}},"uagb_featured_image_src":{"full":false,"thumbnail":false,"medium":false,"medium_large":false,"large":false,"1536x1536":false,"2048x2048":false,"post-thumbnail":false},"uagb_author_info":{"display_name":"Riikka Bj\u00f6rkbacka","author_link":"https:\/\/blogit.gradia.fi\/aidinkieli\/author\/bjorkrii\/"},"uagb_comment_info":0,"uagb_excerpt":"Valitse kaksi omaan alaasi liittyv\u00e4\u00e4 kirjaa (kaunokirjallisuutta tai tietoteos), lehte\u00e4 (my\u00f6s nettilehdet), blogia tai TV-ohjelmaa. Voi valita vaikkapa kaksi kirjaa tai esim. kirjan ja blogin vertailtavaksi. Kirjoita\u00a0 Wordilla 1-2 sivun pituinen esittely ja vertailu.\u00a0 Esittele ensin kummatkin teokset. Voit k\u00e4ytt\u00e4\u00e4 apunasi seuraavia kysymyksi\u00e4. Kirjasta: 1. Kirjan nimi, ilmestymisvuosi ja julkaisija. 2. Kerro kirjoittajasta\/kirjoittajista. 3. Mit\u00e4&hellip;","_links":{"self":[{"href":"https:\/\/blogit.gradia.fi\/aidinkieli\/wp-json\/wp\/v2\/pages\/83","targetHints":{"allow":["GET"]}}],"collection":[{"href":"https:\/\/blogit.gradia.fi\/aidinkieli\/wp-json\/wp\/v2\/pages"}],"about":[{"href":"https:\/\/blogit.gradia.fi\/aidinkieli\/wp-json\/wp\/v2\/types\/page"}],"author":[{"embeddable":true,"href":"https:\/\/blogit.gradia.fi\/aidinkieli\/wp-json\/wp\/v2\/users\/622"}],"replies":[{"embeddable":true,"href":"https:\/\/blogit.gradia.fi\/aidinkieli\/wp-json\/wp\/v2\/comments?post=83"}],"version-history":[{"count":0,"href":"https:\/\/blogit.gradia.fi\/aidinkieli\/wp-json\/wp\/v2\/pages\/83\/revisions"}],"wp:attachment":[{"href":"https:\/\/blogit.gradia.fi\/aidinkieli\/wp-json\/wp\/v2\/media?parent=83"}],"curies":[{"name":"wp","href":"https:\/\/api.w.org\/{rel}","templated":true}]}}