{"id":266,"date":"2018-11-14T14:06:37","date_gmt":"2018-11-14T12:06:37","guid":{"rendered":"https:\/\/blogit.gradia.fi\/aidinkieli\/?page_id=266"},"modified":"2018-12-13T08:30:46","modified_gmt":"2018-12-13T06:30:46","slug":"mielipiteen-ilmaisu","status":"publish","type":"page","link":"https:\/\/blogit.gradia.fi\/aidinkieli\/mielipiteen-ilmaisu\/","title":{"rendered":"Mielipiteen ilmaisu"},"content":{"rendered":"<p>Mielipideteksti kertoo kirjoittajansa mielipiteen perusteluineen johonkin aiheeseen.<\/p>\n<p>Mene suoraan asiaan, kerro, miksi haluat aiheesta kirjoittaa ja miksi olet juuri sit\u00e4 mielt\u00e4.<\/p>\n<p>Kirjoita selke\u00e4sti ja hyv\u00e4ll\u00e4 asiatyylill\u00e4, niin ett\u00e4 lukija ymm\u00e4rt\u00e4\u00e4 sinut oikein, vaikka olisikin eri mielt\u00e4 kanssasi.\u00a0 K\u00e4yt\u00e4 monipuolisia perusteluja.<\/p>\n<p>Mielipidetekstin rakenne lyhyesti:<\/p>\n<ul>\n<li>kiinnostava ja kantaa ottava otsikko (EI esim. El\u00e4inr\u00e4\u00e4kk\u00e4ys VAAN El\u00e4inr\u00e4\u00e4kk\u00e4ys on sairasta!)<\/li>\n<li>johdattelu aiheeseen (oma kokemus, esimerkki yms.)<\/li>\n<li>kirjoittajan teesi eli mielipide aiheesta<\/li>\n<li>paljon perusteluja ja mahdollisten vastav\u00e4itteiden kumoamista<\/li>\n<li>lopuksi: johtop\u00e4\u00e4t\u00f6ksi\u00e4, ehdotus ratkaisuksi, kannustus, toivomus tai vetoomus<\/li>\n<\/ul>\n<p>&nbsp;<\/p>\n<p>Ennen kuin kirjoitat omaa mielipideteksti\u00e4si, k\u00e4y katsomassa video <a href=\"http:\/\/areena.yle.fi\/1-4013030\" target=\"_blank\" rel=\"noopener\">V\u00e4ittelyn 5 virhett\u00e4,<\/a> jossa esitell\u00e4\u00e4n virheellisi\u00e4 perustelutapoja.<\/p>\n<p>Voit k\u00e4yd\u00e4 my\u00f6s lukaisemassa <a href=\"http:\/\/www.hs.fi\/mielipide\/\" target=\"_blank\" rel=\"noopener\">Helsingin Sanomien nettisivuilta<\/a>, mitk\u00e4 aiheet kuohuttavat ja puhuttavat ihmisi\u00e4 t\u00e4ll\u00e4 hetkell\u00e4.<\/p>\n<p>&nbsp;<\/p>\n<p><strong>TEHT\u00c4V\u00c4 1<br \/>\n<\/strong><\/p>\n<p>Kirjoita oma mielipideteksti valitsemastasi aiheesta. Otsikoi itse.<\/p>\n<p>&nbsp;<\/p>\n<p><strong>TEHT\u00c4V\u00c4 2<br \/>\n<\/strong><\/p>\n<p><strong>\u00a0<\/strong><strong>Analysoi keskusteluohjelmaa<\/strong><\/p>\n<p>Katso TV:st\u00e4 tai netist\u00e4 jokin keskusteluohjelma (ajankohtaisohjelma, poliittinen keskustelu, yms.) ja analysoi keskustelun tapahtumia. Voit pohtia esim.<\/p>\n<ul>\n<li>kuka on keskustelussa vahvoilla<\/li>\n<li>kuka on uskottava<\/li>\n<li>millaiset mielipiteet ja perustelut ovat mielest\u00e4si uskottavia<\/li>\n<li>kuka ihastuttaa, miksi?<\/li>\n<li>kuka \u00e4rsytt\u00e4\u00e4, miksi?<\/li>\n<li>kuka j\u00e4\u00e4 mieleen?<\/li>\n<li>aiheuttiko aihe sinussa itsess\u00e4si vahvoja tunteita? Perustele oma mielipiteesi.<\/li>\n<\/ul>\n<p>Otsikoi itse ja esittele alussa katsomasi ohjelma (n. 1 sivu). Kirjoita yhten\u00e4inen teksti asiatyylill\u00e4, ei luetteloa. Muista kappalejako!<\/p>\n<p>TAI<\/p>\n<p><strong>Analysoi nettikeskustelua<\/strong><\/p>\n<p>Etsi netin keskustelupalstoilta jokin sinua jollakin tavalla kiinnostava keskustelu. Kiinnostavaa voi olla aihe tai ihmisten tapa kommentoida.<\/p>\n<p>Esittele aluksi tilanne, josta keskustelu on alkanut (uutinen, artikkeli, yksitt\u00e4inen mielipide ym.). Jos kyseess\u00e4 on uutinen, liit\u00e4 tekstiisi linkki siihen. Poimi kommenteista erilaiset mielipiteet ja kannanotot ja yrit\u00e4 ryhmitell\u00e4 niit\u00e4. Onko mielipiteet puolesta ja vastaan vai onko useampia n\u00e4k\u00f6kulmia?<\/p>\n<p>Listaa perusteluja, jotka tukevat kutakin mielipidett\u00e4. Ota itsekin kantaa aiheeseen ja mieti, mitk\u00e4 perustelut ovat sinusta hyvi\u00e4 ja mitk\u00e4 huonoja.<\/p>\n<p>Otsikoi itse, pituus n 1 sivu. Kirjoita yhten\u00e4inen teksti asiatyylill\u00e4, ei luetteloa. Muista kappalejako!<\/p>\n<p>&nbsp;<\/p>\n","protected":false},"excerpt":{"rendered":"<p>Mielipideteksti kertoo kirjoittajansa mielipiteen perusteluineen johonkin aiheeseen. Mene suoraan asiaan, kerro, miksi haluat aiheesta kirjoittaa ja miksi olet juuri sit\u00e4 mielt\u00e4. Kirjoita selke\u00e4sti ja hyv\u00e4ll\u00e4 asiatyylill\u00e4, niin ett\u00e4 lukija ymm\u00e4rt\u00e4\u00e4 sinut oikein, vaikka olisikin eri mielt\u00e4 kanssasi.\u00a0 K\u00e4yt\u00e4 monipuolisia perusteluja. Mielipidetekstin rakenne lyhyesti: kiinnostava ja kantaa ottava otsikko (EI esim. El\u00e4inr\u00e4\u00e4kk\u00e4ys VAAN El\u00e4inr\u00e4\u00e4kk\u00e4ys on sairasta!) &hellip; <a href=\"https:\/\/blogit.gradia.fi\/aidinkieli\/mielipiteen-ilmaisu\/\" class=\"more-link\">Jatka lukemista <span class=\"screen-reader-text\">Mielipiteen ilmaisu<\/span> <span class=\"meta-nav\">&rarr;<\/span><\/a><\/p>\n","protected":false},"author":622,"featured_media":0,"parent":0,"menu_order":0,"comment_status":"closed","ping_status":"closed","template":"","meta":{"_uag_custom_page_level_css":"","footnotes":""},"class_list":["post-266","page","type-page","status-publish","hentry"],"yoast_head":"<!-- This site is optimized with the Yoast SEO plugin v27.4 - https:\/\/yoast.com\/product\/yoast-seo-wordpress\/ -->\n<title>Mielipiteen ilmaisu - \u00c4idinkieli<\/title>\n<meta name=\"robots\" content=\"index, follow, max-snippet:-1, max-image-preview:large, max-video-preview:-1\" \/>\n<link rel=\"canonical\" href=\"https:\/\/blogit.gradia.fi\/aidinkieli\/mielipiteen-ilmaisu\/\" \/>\n<meta property=\"og:locale\" content=\"fi_FI\" \/>\n<meta property=\"og:type\" content=\"article\" \/>\n<meta property=\"og:title\" content=\"Mielipiteen ilmaisu - \u00c4idinkieli\" \/>\n<meta property=\"og:description\" content=\"Mielipideteksti kertoo kirjoittajansa mielipiteen perusteluineen johonkin aiheeseen. Mene suoraan asiaan, kerro, miksi haluat aiheesta kirjoittaa ja miksi olet juuri sit\u00e4 mielt\u00e4. Kirjoita selke\u00e4sti ja hyv\u00e4ll\u00e4 asiatyylill\u00e4, niin ett\u00e4 lukija ymm\u00e4rt\u00e4\u00e4 sinut oikein, vaikka olisikin eri mielt\u00e4 kanssasi.\u00a0 K\u00e4yt\u00e4 monipuolisia perusteluja. Mielipidetekstin rakenne lyhyesti: kiinnostava ja kantaa ottava otsikko (EI esim. El\u00e4inr\u00e4\u00e4kk\u00e4ys VAAN El\u00e4inr\u00e4\u00e4kk\u00e4ys on sairasta!) &hellip; Jatka lukemista Mielipiteen ilmaisu &rarr;\" \/>\n<meta property=\"og:url\" content=\"https:\/\/blogit.gradia.fi\/aidinkieli\/mielipiteen-ilmaisu\/\" \/>\n<meta property=\"og:site_name\" content=\"\u00c4idinkieli\" \/>\n<meta property=\"article:modified_time\" content=\"2018-12-13T06:30:46+00:00\" \/>\n<meta name=\"twitter:card\" content=\"summary_large_image\" \/>\n<meta name=\"twitter:label1\" content=\"Arvioitu lukuaika\" \/>\n\t<meta name=\"twitter:data1\" content=\"2 minuuttia\" \/>\n<script type=\"application\/ld+json\" class=\"yoast-schema-graph\">{\"@context\":\"https:\\\/\\\/schema.org\",\"@graph\":[{\"@type\":\"WebPage\",\"@id\":\"https:\\\/\\\/blogit.gradia.fi\\\/aidinkieli\\\/mielipiteen-ilmaisu\\\/\",\"url\":\"https:\\\/\\\/blogit.gradia.fi\\\/aidinkieli\\\/mielipiteen-ilmaisu\\\/\",\"name\":\"Mielipiteen ilmaisu - \u00c4idinkieli\",\"isPartOf\":{\"@id\":\"https:\\\/\\\/blogit.gradia.fi\\\/aidinkieli\\\/#website\"},\"datePublished\":\"2018-11-14T12:06:37+00:00\",\"dateModified\":\"2018-12-13T06:30:46+00:00\",\"inLanguage\":\"fi\",\"potentialAction\":[{\"@type\":\"ReadAction\",\"target\":[\"https:\\\/\\\/blogit.gradia.fi\\\/aidinkieli\\\/mielipiteen-ilmaisu\\\/\"]}]},{\"@type\":\"WebSite\",\"@id\":\"https:\\\/\\\/blogit.gradia.fi\\\/aidinkieli\\\/#website\",\"url\":\"https:\\\/\\\/blogit.gradia.fi\\\/aidinkieli\\\/\",\"name\":\"\u00c4idinkieli\",\"description\":\"Uusi Gradia-blogit -sivusto\",\"potentialAction\":[{\"@type\":\"SearchAction\",\"target\":{\"@type\":\"EntryPoint\",\"urlTemplate\":\"https:\\\/\\\/blogit.gradia.fi\\\/aidinkieli\\\/?s={search_term_string}\"},\"query-input\":{\"@type\":\"PropertyValueSpecification\",\"valueRequired\":true,\"valueName\":\"search_term_string\"}}],\"inLanguage\":\"fi\"}]}<\/script>\n<!-- \/ Yoast SEO plugin. -->","yoast_head_json":{"title":"Mielipiteen ilmaisu - \u00c4idinkieli","robots":{"index":"index","follow":"follow","max-snippet":"max-snippet:-1","max-image-preview":"max-image-preview:large","max-video-preview":"max-video-preview:-1"},"canonical":"https:\/\/blogit.gradia.fi\/aidinkieli\/mielipiteen-ilmaisu\/","og_locale":"fi_FI","og_type":"article","og_title":"Mielipiteen ilmaisu - \u00c4idinkieli","og_description":"Mielipideteksti kertoo kirjoittajansa mielipiteen perusteluineen johonkin aiheeseen. Mene suoraan asiaan, kerro, miksi haluat aiheesta kirjoittaa ja miksi olet juuri sit\u00e4 mielt\u00e4. Kirjoita selke\u00e4sti ja hyv\u00e4ll\u00e4 asiatyylill\u00e4, niin ett\u00e4 lukija ymm\u00e4rt\u00e4\u00e4 sinut oikein, vaikka olisikin eri mielt\u00e4 kanssasi.\u00a0 K\u00e4yt\u00e4 monipuolisia perusteluja. Mielipidetekstin rakenne lyhyesti: kiinnostava ja kantaa ottava otsikko (EI esim. El\u00e4inr\u00e4\u00e4kk\u00e4ys VAAN El\u00e4inr\u00e4\u00e4kk\u00e4ys on sairasta!) &hellip; Jatka lukemista Mielipiteen ilmaisu &rarr;","og_url":"https:\/\/blogit.gradia.fi\/aidinkieli\/mielipiteen-ilmaisu\/","og_site_name":"\u00c4idinkieli","article_modified_time":"2018-12-13T06:30:46+00:00","twitter_card":"summary_large_image","twitter_misc":{"Arvioitu lukuaika":"2 minuuttia"},"schema":{"@context":"https:\/\/schema.org","@graph":[{"@type":"WebPage","@id":"https:\/\/blogit.gradia.fi\/aidinkieli\/mielipiteen-ilmaisu\/","url":"https:\/\/blogit.gradia.fi\/aidinkieli\/mielipiteen-ilmaisu\/","name":"Mielipiteen ilmaisu - \u00c4idinkieli","isPartOf":{"@id":"https:\/\/blogit.gradia.fi\/aidinkieli\/#website"},"datePublished":"2018-11-14T12:06:37+00:00","dateModified":"2018-12-13T06:30:46+00:00","inLanguage":"fi","potentialAction":[{"@type":"ReadAction","target":["https:\/\/blogit.gradia.fi\/aidinkieli\/mielipiteen-ilmaisu\/"]}]},{"@type":"WebSite","@id":"https:\/\/blogit.gradia.fi\/aidinkieli\/#website","url":"https:\/\/blogit.gradia.fi\/aidinkieli\/","name":"\u00c4idinkieli","description":"Uusi Gradia-blogit -sivusto","potentialAction":[{"@type":"SearchAction","target":{"@type":"EntryPoint","urlTemplate":"https:\/\/blogit.gradia.fi\/aidinkieli\/?s={search_term_string}"},"query-input":{"@type":"PropertyValueSpecification","valueRequired":true,"valueName":"search_term_string"}}],"inLanguage":"fi"}]}},"uagb_featured_image_src":{"full":false,"thumbnail":false,"medium":false,"medium_large":false,"large":false,"1536x1536":false,"2048x2048":false,"post-thumbnail":false},"uagb_author_info":{"display_name":"Riikka Bj\u00f6rkbacka","author_link":"https:\/\/blogit.gradia.fi\/aidinkieli\/author\/bjorkrii\/"},"uagb_comment_info":0,"uagb_excerpt":"Mielipideteksti kertoo kirjoittajansa mielipiteen perusteluineen johonkin aiheeseen. Mene suoraan asiaan, kerro, miksi haluat aiheesta kirjoittaa ja miksi olet juuri sit\u00e4 mielt\u00e4. Kirjoita selke\u00e4sti ja hyv\u00e4ll\u00e4 asiatyylill\u00e4, niin ett\u00e4 lukija ymm\u00e4rt\u00e4\u00e4 sinut oikein, vaikka olisikin eri mielt\u00e4 kanssasi.\u00a0 K\u00e4yt\u00e4 monipuolisia perusteluja. Mielipidetekstin rakenne lyhyesti: kiinnostava ja kantaa ottava otsikko (EI esim. El\u00e4inr\u00e4\u00e4kk\u00e4ys VAAN El\u00e4inr\u00e4\u00e4kk\u00e4ys on sairasta!)&hellip;","_links":{"self":[{"href":"https:\/\/blogit.gradia.fi\/aidinkieli\/wp-json\/wp\/v2\/pages\/266","targetHints":{"allow":["GET"]}}],"collection":[{"href":"https:\/\/blogit.gradia.fi\/aidinkieli\/wp-json\/wp\/v2\/pages"}],"about":[{"href":"https:\/\/blogit.gradia.fi\/aidinkieli\/wp-json\/wp\/v2\/types\/page"}],"author":[{"embeddable":true,"href":"https:\/\/blogit.gradia.fi\/aidinkieli\/wp-json\/wp\/v2\/users\/622"}],"replies":[{"embeddable":true,"href":"https:\/\/blogit.gradia.fi\/aidinkieli\/wp-json\/wp\/v2\/comments?post=266"}],"version-history":[{"count":0,"href":"https:\/\/blogit.gradia.fi\/aidinkieli\/wp-json\/wp\/v2\/pages\/266\/revisions"}],"wp:attachment":[{"href":"https:\/\/blogit.gradia.fi\/aidinkieli\/wp-json\/wp\/v2\/media?parent=266"}],"curies":[{"name":"wp","href":"https:\/\/api.w.org\/{rel}","templated":true}]}}