{"id":129,"date":"2017-05-04T12:54:16","date_gmt":"2017-05-04T09:54:16","guid":{"rendered":"https:\/\/blogit.gradia.fi\/aidinkieli\/?page_id=129"},"modified":"2017-05-17T14:43:09","modified_gmt":"2017-05-17T11:43:09","slug":"lahdeluettelo","status":"publish","type":"page","link":"https:\/\/blogit.gradia.fi\/aidinkieli\/lahdeluettelo\/","title":{"rendered":"L\u00e4hdeluettelo"},"content":{"rendered":"<p><strong>Ohjeet l\u00e4hdeluettelon kirjoittamiseen <\/strong><\/p>\n<p>Ty\u00f6n loppuun liitet\u00e4\u00e4n aina l\u00e4hdeluettelo, otsikoksi L\u00c4HTEET, johon kootaan kaikki se l\u00e4hdemateriaali, jota on k\u00e4ytetty<\/p>\n<p>P\u00e4\u00e4s\u00e4\u00e4nt\u00f6 on, ett\u00e4 aineisto kirjataan tekij\u00e4n sukunimen mukaan aakkosj\u00e4rjestykseen. Aina ei ole henkil\u00f6tekij\u00e4\u00e4, joten joskus laitetaan ensimm\u00e4iseksi internetsivuston yll\u00e4pit\u00e4j\u00e4 tai vaikka ohjelehtisen nimi.<\/p>\n<p><strong>Tavallinen kirja<\/strong> merkit\u00e4\u00e4n seuraavaan tapaan: Tekij\u00e4n sukunimi, etunimen ensimm\u00e4inen kirjain, kirjan ilmestymisvuosi (l\u00f6ytyy etusivuilta), kirjan nimi, julkaisupaikka (ilmestymisvuoden kanssa oleva paikannimi) ja viimeiseksi kustantaja. Jos tekij\u00f6it\u00e4 on useampi, ne erotetaan pilkulla toisistaan ja viimeiseen v\u00e4liin laitetaan &amp;-merkki.\u00a0 Joskus kirjan nimess\u00e4 on useampi osa (p\u00e4\u00e4otsikko ja alaotsikko), ne voidaan molemmat kirjoittaa n\u00e4kyviin.<\/p>\n<p><strong>Kirjal\u00e4hteit\u00e4:<\/strong><\/p>\n<p style=\"padding-left: 30px\">Keltinkangas-J\u00e4rvinen, L. 1998. Hyv\u00e4 itsetunto. Juva. WSOY.<\/p>\n<p style=\"padding-left: 30px\">Milonoff, T. &amp; Rantala, R. 2014. Madventures. Maailmanselitys. Seikkailijan k\u00e4sikirja kaikkeen. Johnny Kniga Publishing.<\/p>\n<p style=\"padding-left: 30px\">Str\u00f6msholm, S., Lahti, E., J\u00e4rvilehto, L. &amp; Koutaniemi, M. 2015. Sisu. Tarinoita itsens\u00e4 ylitt\u00e4misest\u00e4 ja hyv\u00e4n tekemisest\u00e4. Porvoo. PS-kustannus.<\/p>\n<p><strong>L\u00e4hteen\u00e4 lehtiartikkeli:<\/strong><\/p>\n<p style=\"padding-left: 30px\">Nyk\u00e4nen, M. 2016. Halvat huvit kaupungissa. Kuluttaja 3\/2016. s. 42 \u2013 45.<\/p>\n<p>Huom! Lehtiartikkelin sivunumerot merkit\u00e4\u00e4n my\u00f6s n\u00e4kyviin.<\/p>\n<p><strong>L\u00e4hteen\u00e4 haastattelu:<\/strong><\/p>\n<p style=\"padding-left: 30px\">Rasinaho, T. 2016. Keitti\u00f6mestari. Jyv\u00e4skyl\u00e4n ammattiopisto. Haastattelu 16.5.2016.<\/p>\n<p><strong>Internetl\u00e4hde:<\/strong><\/p>\n<p style=\"padding-left: 30px\">Kasvikset.fi. Suurkeitti\u00f6reseptit. Edustustarjoilua. Kevenn\u00e4 kokousta. Muistilista kevyeen kokoustarjoiluun. http:\/\/www.kasvikset.fi\/106-suurkeittio\/edustustarjoilua\/360-muistilista-kevyeen-kokoustarjoiluun. Luettu 17.5.2016.<\/p>\n<p>Internetl\u00e4hteiden voi olla ongelmallista, sill\u00e4 sivustoissa ei ole sivunumeroita, kirjoittajien nime\u00e4 tai edes kunnon artikkeleita. Tarkoitus on kuitenkin merkit\u00e4 l\u00e4hde n\u00e4kyviin niin, ett\u00e4 lukija tai sin\u00e4 itse l\u00f6yd\u00e4t tiedon my\u00f6hemminkin.<\/p>\n<p>Selke\u00e4 tapa on kirjoittaa ensiksi sivuston nimi ja sitten se \u201dpolku\u201d tai ne otsikot, joiden kautta p\u00e4\u00e4set k\u00e4ytt\u00e4m\u00e4\u00e4si tietoon. Vasta sitten tulee internetsivun osoite. Osoite sellaisenaan ei n\u00e4y miss\u00e4\u00e4n kohdassa ty\u00f6t\u00e4.<\/p>\n<p>Viimeiseksi nettil\u00e4hteisiin tulee kirjoittaa lukemisp\u00e4iv\u00e4m\u00e4\u00e4r\u00e4 (luettu\/viitattu), sill\u00e4 sivusto ja siell\u00e4 olevat tiedot eiv\u00e4t v\u00e4ltt\u00e4m\u00e4tt\u00e4 s\u00e4ily aina samanlaisina.<\/p>\n<p>&nbsp;<\/p>\n<p><strong>L\u00e4hteisiin viittaaminen tekstin sis\u00e4ll\u00e4<\/strong><\/p>\n<p>Viittaus tekstin sis\u00e4ll\u00e4 tarkoittaa lyhytt\u00e4 mainintaa l\u00e4hteest\u00e4, josta tarkemmat tiedot ovat l\u00e4hdeluettelossa.<\/p>\n<p>Esim.<\/p>\n<p style=\"padding-left: 30px\">Keltinkangas-J\u00e4rvisen teos (1998) painottaa hyv\u00e4n itsetunnon merkityst\u00e4, koska sill\u00e4\u2026<\/p>\n<p style=\"padding-left: 30px\">Halvat huvit kaupungissa -artikkeli (Kuluttaja 3\/2016) antaa vinkkej\u00e4 niille, jotka matkustavat pienell\u00e4 budjetilla.<\/p>\n<p style=\"padding-left: 30px\">Kasvikset.fi-sivustolla (2016) muistutellaan, ett\u00e4 kokoustarjoilu ei tarvitse aina koostua pullista tai viinereist\u00e4.<\/p>\n<p>&nbsp;<\/p>\n<p>&nbsp;<\/p>\n","protected":false},"excerpt":{"rendered":"<p>Ohjeet l\u00e4hdeluettelon kirjoittamiseen Ty\u00f6n loppuun liitet\u00e4\u00e4n aina l\u00e4hdeluettelo, otsikoksi L\u00c4HTEET, johon kootaan kaikki se l\u00e4hdemateriaali, jota on k\u00e4ytetty P\u00e4\u00e4s\u00e4\u00e4nt\u00f6 on, ett\u00e4 aineisto kirjataan tekij\u00e4n sukunimen mukaan aakkosj\u00e4rjestykseen. Aina ei ole henkil\u00f6tekij\u00e4\u00e4, joten joskus laitetaan ensimm\u00e4iseksi internetsivuston yll\u00e4pit\u00e4j\u00e4 tai vaikka ohjelehtisen nimi. Tavallinen kirja merkit\u00e4\u00e4n seuraavaan tapaan: Tekij\u00e4n sukunimi, etunimen ensimm\u00e4inen kirjain, kirjan ilmestymisvuosi (l\u00f6ytyy etusivuilta), &hellip; <a href=\"https:\/\/blogit.gradia.fi\/aidinkieli\/lahdeluettelo\/\" class=\"more-link\">Jatka lukemista <span class=\"screen-reader-text\">L\u00e4hdeluettelo<\/span> <span class=\"meta-nav\">&rarr;<\/span><\/a><\/p>\n","protected":false},"author":622,"featured_media":0,"parent":0,"menu_order":0,"comment_status":"closed","ping_status":"closed","template":"","meta":{"_uag_custom_page_level_css":"","footnotes":""},"class_list":["post-129","page","type-page","status-publish","hentry"],"yoast_head":"<!-- This site is optimized with the Yoast SEO plugin v27.4 - https:\/\/yoast.com\/product\/yoast-seo-wordpress\/ -->\n<title>L\u00e4hdeluettelo - \u00c4idinkieli<\/title>\n<meta name=\"robots\" content=\"index, follow, max-snippet:-1, max-image-preview:large, max-video-preview:-1\" \/>\n<link rel=\"canonical\" href=\"https:\/\/blogit.gradia.fi\/aidinkieli\/lahdeluettelo\/\" \/>\n<meta property=\"og:locale\" content=\"fi_FI\" \/>\n<meta property=\"og:type\" content=\"article\" \/>\n<meta property=\"og:title\" content=\"L\u00e4hdeluettelo - \u00c4idinkieli\" \/>\n<meta property=\"og:description\" content=\"Ohjeet l\u00e4hdeluettelon kirjoittamiseen Ty\u00f6n loppuun liitet\u00e4\u00e4n aina l\u00e4hdeluettelo, otsikoksi L\u00c4HTEET, johon kootaan kaikki se l\u00e4hdemateriaali, jota on k\u00e4ytetty P\u00e4\u00e4s\u00e4\u00e4nt\u00f6 on, ett\u00e4 aineisto kirjataan tekij\u00e4n sukunimen mukaan aakkosj\u00e4rjestykseen. Aina ei ole henkil\u00f6tekij\u00e4\u00e4, joten joskus laitetaan ensimm\u00e4iseksi internetsivuston yll\u00e4pit\u00e4j\u00e4 tai vaikka ohjelehtisen nimi. Tavallinen kirja merkit\u00e4\u00e4n seuraavaan tapaan: Tekij\u00e4n sukunimi, etunimen ensimm\u00e4inen kirjain, kirjan ilmestymisvuosi (l\u00f6ytyy etusivuilta), &hellip; Jatka lukemista L\u00e4hdeluettelo &rarr;\" \/>\n<meta property=\"og:url\" content=\"https:\/\/blogit.gradia.fi\/aidinkieli\/lahdeluettelo\/\" \/>\n<meta property=\"og:site_name\" content=\"\u00c4idinkieli\" \/>\n<meta property=\"article:modified_time\" content=\"2017-05-17T11:43:09+00:00\" \/>\n<meta name=\"twitter:card\" content=\"summary_large_image\" \/>\n<meta name=\"twitter:label1\" content=\"Arvioitu lukuaika\" \/>\n\t<meta name=\"twitter:data1\" content=\"2 minuuttia\" \/>\n<script type=\"application\/ld+json\" class=\"yoast-schema-graph\">{\"@context\":\"https:\\\/\\\/schema.org\",\"@graph\":[{\"@type\":\"WebPage\",\"@id\":\"https:\\\/\\\/blogit.gradia.fi\\\/aidinkieli\\\/lahdeluettelo\\\/\",\"url\":\"https:\\\/\\\/blogit.gradia.fi\\\/aidinkieli\\\/lahdeluettelo\\\/\",\"name\":\"L\u00e4hdeluettelo - \u00c4idinkieli\",\"isPartOf\":{\"@id\":\"https:\\\/\\\/blogit.gradia.fi\\\/aidinkieli\\\/#website\"},\"datePublished\":\"2017-05-04T09:54:16+00:00\",\"dateModified\":\"2017-05-17T11:43:09+00:00\",\"inLanguage\":\"fi\",\"potentialAction\":[{\"@type\":\"ReadAction\",\"target\":[\"https:\\\/\\\/blogit.gradia.fi\\\/aidinkieli\\\/lahdeluettelo\\\/\"]}]},{\"@type\":\"WebSite\",\"@id\":\"https:\\\/\\\/blogit.gradia.fi\\\/aidinkieli\\\/#website\",\"url\":\"https:\\\/\\\/blogit.gradia.fi\\\/aidinkieli\\\/\",\"name\":\"\u00c4idinkieli\",\"description\":\"Uusi Gradia-blogit -sivusto\",\"potentialAction\":[{\"@type\":\"SearchAction\",\"target\":{\"@type\":\"EntryPoint\",\"urlTemplate\":\"https:\\\/\\\/blogit.gradia.fi\\\/aidinkieli\\\/?s={search_term_string}\"},\"query-input\":{\"@type\":\"PropertyValueSpecification\",\"valueRequired\":true,\"valueName\":\"search_term_string\"}}],\"inLanguage\":\"fi\"}]}<\/script>\n<!-- \/ Yoast SEO plugin. -->","yoast_head_json":{"title":"L\u00e4hdeluettelo - \u00c4idinkieli","robots":{"index":"index","follow":"follow","max-snippet":"max-snippet:-1","max-image-preview":"max-image-preview:large","max-video-preview":"max-video-preview:-1"},"canonical":"https:\/\/blogit.gradia.fi\/aidinkieli\/lahdeluettelo\/","og_locale":"fi_FI","og_type":"article","og_title":"L\u00e4hdeluettelo - \u00c4idinkieli","og_description":"Ohjeet l\u00e4hdeluettelon kirjoittamiseen Ty\u00f6n loppuun liitet\u00e4\u00e4n aina l\u00e4hdeluettelo, otsikoksi L\u00c4HTEET, johon kootaan kaikki se l\u00e4hdemateriaali, jota on k\u00e4ytetty P\u00e4\u00e4s\u00e4\u00e4nt\u00f6 on, ett\u00e4 aineisto kirjataan tekij\u00e4n sukunimen mukaan aakkosj\u00e4rjestykseen. Aina ei ole henkil\u00f6tekij\u00e4\u00e4, joten joskus laitetaan ensimm\u00e4iseksi internetsivuston yll\u00e4pit\u00e4j\u00e4 tai vaikka ohjelehtisen nimi. Tavallinen kirja merkit\u00e4\u00e4n seuraavaan tapaan: Tekij\u00e4n sukunimi, etunimen ensimm\u00e4inen kirjain, kirjan ilmestymisvuosi (l\u00f6ytyy etusivuilta), &hellip; Jatka lukemista L\u00e4hdeluettelo &rarr;","og_url":"https:\/\/blogit.gradia.fi\/aidinkieli\/lahdeluettelo\/","og_site_name":"\u00c4idinkieli","article_modified_time":"2017-05-17T11:43:09+00:00","twitter_card":"summary_large_image","twitter_misc":{"Arvioitu lukuaika":"2 minuuttia"},"schema":{"@context":"https:\/\/schema.org","@graph":[{"@type":"WebPage","@id":"https:\/\/blogit.gradia.fi\/aidinkieli\/lahdeluettelo\/","url":"https:\/\/blogit.gradia.fi\/aidinkieli\/lahdeluettelo\/","name":"L\u00e4hdeluettelo - \u00c4idinkieli","isPartOf":{"@id":"https:\/\/blogit.gradia.fi\/aidinkieli\/#website"},"datePublished":"2017-05-04T09:54:16+00:00","dateModified":"2017-05-17T11:43:09+00:00","inLanguage":"fi","potentialAction":[{"@type":"ReadAction","target":["https:\/\/blogit.gradia.fi\/aidinkieli\/lahdeluettelo\/"]}]},{"@type":"WebSite","@id":"https:\/\/blogit.gradia.fi\/aidinkieli\/#website","url":"https:\/\/blogit.gradia.fi\/aidinkieli\/","name":"\u00c4idinkieli","description":"Uusi Gradia-blogit -sivusto","potentialAction":[{"@type":"SearchAction","target":{"@type":"EntryPoint","urlTemplate":"https:\/\/blogit.gradia.fi\/aidinkieli\/?s={search_term_string}"},"query-input":{"@type":"PropertyValueSpecification","valueRequired":true,"valueName":"search_term_string"}}],"inLanguage":"fi"}]}},"uagb_featured_image_src":{"full":false,"thumbnail":false,"medium":false,"medium_large":false,"large":false,"1536x1536":false,"2048x2048":false,"post-thumbnail":false},"uagb_author_info":{"display_name":"Riikka Bj\u00f6rkbacka","author_link":"https:\/\/blogit.gradia.fi\/aidinkieli\/author\/bjorkrii\/"},"uagb_comment_info":0,"uagb_excerpt":"Ohjeet l\u00e4hdeluettelon kirjoittamiseen Ty\u00f6n loppuun liitet\u00e4\u00e4n aina l\u00e4hdeluettelo, otsikoksi L\u00c4HTEET, johon kootaan kaikki se l\u00e4hdemateriaali, jota on k\u00e4ytetty P\u00e4\u00e4s\u00e4\u00e4nt\u00f6 on, ett\u00e4 aineisto kirjataan tekij\u00e4n sukunimen mukaan aakkosj\u00e4rjestykseen. Aina ei ole henkil\u00f6tekij\u00e4\u00e4, joten joskus laitetaan ensimm\u00e4iseksi internetsivuston yll\u00e4pit\u00e4j\u00e4 tai vaikka ohjelehtisen nimi. Tavallinen kirja merkit\u00e4\u00e4n seuraavaan tapaan: Tekij\u00e4n sukunimi, etunimen ensimm\u00e4inen kirjain, kirjan ilmestymisvuosi (l\u00f6ytyy etusivuilta),&hellip;","_links":{"self":[{"href":"https:\/\/blogit.gradia.fi\/aidinkieli\/wp-json\/wp\/v2\/pages\/129","targetHints":{"allow":["GET"]}}],"collection":[{"href":"https:\/\/blogit.gradia.fi\/aidinkieli\/wp-json\/wp\/v2\/pages"}],"about":[{"href":"https:\/\/blogit.gradia.fi\/aidinkieli\/wp-json\/wp\/v2\/types\/page"}],"author":[{"embeddable":true,"href":"https:\/\/blogit.gradia.fi\/aidinkieli\/wp-json\/wp\/v2\/users\/622"}],"replies":[{"embeddable":true,"href":"https:\/\/blogit.gradia.fi\/aidinkieli\/wp-json\/wp\/v2\/comments?post=129"}],"version-history":[{"count":0,"href":"https:\/\/blogit.gradia.fi\/aidinkieli\/wp-json\/wp\/v2\/pages\/129\/revisions"}],"wp:attachment":[{"href":"https:\/\/blogit.gradia.fi\/aidinkieli\/wp-json\/wp\/v2\/media?parent=129"}],"curies":[{"name":"wp","href":"https:\/\/api.w.org\/{rel}","templated":true}]}}