{"id":420,"date":"2019-11-10T17:22:34","date_gmt":"2019-11-10T15:22:34","guid":{"rendered":"https:\/\/blogit.gradia.fi\/abitti\/?page_id=420"},"modified":"2020-09-13T20:03:48","modified_gmt":"2020-09-13T17:03:48","slug":"abittiusb","status":"publish","type":"page","link":"https:\/\/blogit.gradia.fi\/abitti\/abittiusb\/","title":{"rendered":"AbittiUSB"},"content":{"rendered":"\n<h4 class=\"wp-block-heading\">Huom! AbittiUSB-ohjelmaa ei en\u00e4\u00e4 tueta. Jos olet ladannut 17.1.2020 uusimman tikkuversion, se viel\u00e4 toimii.<\/h4>\n\n\n\n<p>Katso uutinen abitti.fi-sivuston <a href=\"https:\/\/www.abitti.fi\/fi\/ohjeet\/muistitikkujen-monistus\/\" target=\"_blank\" rel=\"noreferrer noopener\">ohjeista<\/a> <\/p>\n\n\n\n<h4 class=\"wp-block-heading\">Video tikun kirjoittamiseksi AbittiUSB-ohjelmalla <\/h4>\n\n\n\n<p><\/p>\n\n\n\n<figure class=\"wp-block-embed-youtube wp-block-embed is-type-video is-provider-youtube wp-embed-aspect-16-9 wp-has-aspect-ratio\"><div class=\"wp-block-embed__wrapper\">\n<iframe loading=\"lazy\" title=\"AbittiUSB\" width=\"604\" height=\"340\" src=\"https:\/\/www.youtube.com\/embed\/3udKOgOzOEU?feature=oembed\" frameborder=\"0\" allow=\"accelerometer; autoplay; clipboard-write; encrypted-media; gyroscope; picture-in-picture; web-share\" referrerpolicy=\"strict-origin-when-cross-origin\" allowfullscreen><\/iframe>\n<\/div><\/figure>\n\n\n\n<h4 class=\"wp-block-heading\">Kuvakaappausohjeet tikun kirjoittamiseksi AbittiUSB-ohjelmalla<\/h4>\n\n\n\n<ul class=\"wp-block-list\"><li>USB-tikkujen kirjoittaminen Windowsilla&nbsp;(AbittiUSB).<\/li><li>Lataa asennuspaketti osoitteessa <a href=\"https:\/\/www.abitti.fi\/fi\/ohjeet\/usb-tikun-kirjoittaminen\/\" target=\"_blank\" rel=\"noreferrer noopener\">https:\/\/www.abitti.fi\/fi\/ohjeet\/usb-tikun-kirjoittaminen\/<\/a>.<\/li><\/ul>\n\n\n\n<div class=\"wp-block-image\"><figure class=\"aligncenter\"><a href=\"https:\/\/blogit.gradia.fi\/abitti\/wp-content\/uploads\/sites\/23\/2019\/11\/abittiusb1.jpg\"><img loading=\"lazy\" decoding=\"async\" width=\"983\" height=\"521\" src=\"https:\/\/blogit.gradia.fi\/abitti\/wp-content\/uploads\/sites\/23\/2019\/11\/abittiusb1_3.jpg\" alt=\"\" class=\"wp-image-478\" srcset=\"https:\/\/blogit.gradia.fi\/abitti\/wp-content\/uploads\/sites\/23\/2019\/11\/abittiusb1_3.jpg 983w, https:\/\/blogit.gradia.fi\/abitti\/wp-content\/uploads\/sites\/23\/2019\/11\/abittiusb1_3-300x159.jpg 300w, https:\/\/blogit.gradia.fi\/abitti\/wp-content\/uploads\/sites\/23\/2019\/11\/abittiusb1_3-768x407.jpg 768w\" sizes=\"auto, (max-width: 983px) 100vw, 983px\" \/><\/a><\/figure><\/div>\n\n\n\n<ul class=\"wp-block-list\"><li>Kun tiedosto on latautunut, <em>asenna (avaa,<\/em> tai <em>suorita)<\/em> <strong>setup.exe<\/strong>-tiedosto.<\/li><li>Hyv\u00e4ksy <strong>AbittiUSB Setup<\/strong>-ohjelman asentaminen painamalla <strong>Accept<\/strong>-nappia.<\/li><\/ul>\n\n\n\n<div class=\"wp-block-image\"><figure class=\"aligncenter\"><a href=\"https:\/\/blogit.gradia.fi\/abitti\/wp-content\/uploads\/sites\/23\/2019\/11\/abittiusb2.jpg\"><img loading=\"lazy\" decoding=\"async\" width=\"436\" height=\"487\" src=\"https:\/\/blogit.gradia.fi\/abitti\/wp-content\/uploads\/sites\/23\/2019\/11\/abittiusb2.jpg\" alt=\"\" class=\"wp-image-391\" srcset=\"https:\/\/blogit.gradia.fi\/abitti\/wp-content\/uploads\/sites\/23\/2019\/11\/abittiusb2.jpg 436w, https:\/\/blogit.gradia.fi\/abitti\/wp-content\/uploads\/sites\/23\/2019\/11\/abittiusb2-269x300.jpg 269w\" sizes=\"auto, (max-width: 436px) 100vw, 436px\" \/><\/a><\/figure><\/div>\n\n\n\n<ul class=\"wp-block-list\"><li>Asenna AbittiUSB.<\/li><\/ul>\n\n\n\n<div class=\"wp-block-image\"><figure class=\"aligncenter\"><a href=\"https:\/\/blogit.gradia.fi\/abitti\/wp-content\/uploads\/sites\/23\/2019\/11\/abittiusb3.jpg\"><img loading=\"lazy\" decoding=\"async\" width=\"597\" height=\"360\" src=\"https:\/\/blogit.gradia.fi\/abitti\/wp-content\/uploads\/sites\/23\/2019\/11\/abittiusb3.jpg\" alt=\"\" class=\"wp-image-393\" srcset=\"https:\/\/blogit.gradia.fi\/abitti\/wp-content\/uploads\/sites\/23\/2019\/11\/abittiusb3.jpg 597w, https:\/\/blogit.gradia.fi\/abitti\/wp-content\/uploads\/sites\/23\/2019\/11\/abittiusb3-300x181.jpg 300w\" sizes=\"auto, (max-width: 597px) 100vw, 597px\" \/><\/a><\/figure><\/div>\n\n\n\n<ul class=\"wp-block-list\"><li>Asentaminen vaatii j\u00e4rjestelm\u00e4nvalvojan oikeudet. Hyv\u00e4ksy Kyll\u00e4-painikkeella.<\/li><\/ul>\n\n\n\n<div class=\"wp-block-image\"><figure class=\"aligncenter\"><a href=\"https:\/\/blogit.gradia.fi\/abitti\/wp-content\/uploads\/sites\/23\/2019\/11\/salli_abittiusb_30.jpg\"><img loading=\"lazy\" decoding=\"async\" width=\"1074\" height=\"762\" src=\"https:\/\/blogit.gradia.fi\/abitti\/wp-content\/uploads\/sites\/23\/2019\/11\/salli_abittiusb_30.jpg\" alt=\"\" class=\"wp-image-394\" srcset=\"https:\/\/blogit.gradia.fi\/abitti\/wp-content\/uploads\/sites\/23\/2019\/11\/salli_abittiusb_30.jpg 1074w, https:\/\/blogit.gradia.fi\/abitti\/wp-content\/uploads\/sites\/23\/2019\/11\/salli_abittiusb_30-300x213.jpg 300w, https:\/\/blogit.gradia.fi\/abitti\/wp-content\/uploads\/sites\/23\/2019\/11\/salli_abittiusb_30-768x545.jpg 768w, https:\/\/blogit.gradia.fi\/abitti\/wp-content\/uploads\/sites\/23\/2019\/11\/salli_abittiusb_30-1024x727.jpg 1024w\" sizes=\"auto, (max-width: 1074px) 100vw, 1074px\" \/><\/a><\/figure><\/div>\n\n\n\n<ul class=\"wp-block-list\"><li>Kun ohjelma on asentunut, valitse <em><strong>Opiskelijan tikku<\/strong><\/em> -kohdasta <strong>Lataa uusin versio<\/strong>. Palvelintikkua et tarvitse.<\/li><\/ul>\n\n\n\n<div class=\"wp-block-image\"><figure class=\"aligncenter\"><a href=\"https:\/\/blogit.gradia.fi\/abitti\/wp-content\/uploads\/sites\/23\/2019\/11\/abittiusb4.jpg\"><img loading=\"lazy\" decoding=\"async\" width=\"786\" height=\"593\" src=\"https:\/\/blogit.gradia.fi\/abitti\/wp-content\/uploads\/sites\/23\/2019\/11\/abittiusb4.jpg\" alt=\"\" class=\"wp-image-395\" srcset=\"https:\/\/blogit.gradia.fi\/abitti\/wp-content\/uploads\/sites\/23\/2019\/11\/abittiusb4.jpg 786w, https:\/\/blogit.gradia.fi\/abitti\/wp-content\/uploads\/sites\/23\/2019\/11\/abittiusb4-300x226.jpg 300w, https:\/\/blogit.gradia.fi\/abitti\/wp-content\/uploads\/sites\/23\/2019\/11\/abittiusb4-768x579.jpg 768w\" sizes=\"auto, (max-width: 786px) 100vw, 786px\" \/><\/a><\/figure><\/div>\n\n\n\n<ul class=\"wp-block-list\"><li>T\u00e4m\u00e4n latautumiseen menee kauan aikaa.<\/li><\/ul>\n\n\n\n<div class=\"wp-block-image\"><figure class=\"aligncenter\"><a href=\"https:\/\/blogit.gradia.fi\/abitti\/wp-content\/uploads\/sites\/23\/2019\/11\/abittiusb6.jpg\"><img loading=\"lazy\" decoding=\"async\" width=\"786\" height=\"593\" src=\"https:\/\/blogit.gradia.fi\/abitti\/wp-content\/uploads\/sites\/23\/2019\/11\/abittiusb6.jpg\" alt=\"\" class=\"wp-image-396\" srcset=\"https:\/\/blogit.gradia.fi\/abitti\/wp-content\/uploads\/sites\/23\/2019\/11\/abittiusb6.jpg 786w, https:\/\/blogit.gradia.fi\/abitti\/wp-content\/uploads\/sites\/23\/2019\/11\/abittiusb6-300x226.jpg 300w, https:\/\/blogit.gradia.fi\/abitti\/wp-content\/uploads\/sites\/23\/2019\/11\/abittiusb6-768x579.jpg 768w\" sizes=\"auto, (max-width: 786px) 100vw, 786px\" \/><\/a><\/figure><\/div>\n\n\n\n<ul class=\"wp-block-list\"><li>Ladattu tiedosto viel\u00e4 tarkistetaan.<\/li><\/ul>\n\n\n\n<div class=\"wp-block-image\"><figure class=\"aligncenter\"><a href=\"https:\/\/blogit.gradia.fi\/abitti\/wp-content\/uploads\/sites\/23\/2019\/11\/abittiusb7.jpg\"><img loading=\"lazy\" decoding=\"async\" width=\"786\" height=\"593\" src=\"https:\/\/blogit.gradia.fi\/abitti\/wp-content\/uploads\/sites\/23\/2019\/11\/abittiusb7.jpg\" alt=\"\" class=\"wp-image-397\" srcset=\"https:\/\/blogit.gradia.fi\/abitti\/wp-content\/uploads\/sites\/23\/2019\/11\/abittiusb7.jpg 786w, https:\/\/blogit.gradia.fi\/abitti\/wp-content\/uploads\/sites\/23\/2019\/11\/abittiusb7-300x226.jpg 300w, https:\/\/blogit.gradia.fi\/abitti\/wp-content\/uploads\/sites\/23\/2019\/11\/abittiusb7-768x579.jpg 768w\" sizes=\"auto, (max-width: 786px) 100vw, 786px\" \/><\/a><\/figure><\/div>\n\n\n\n<ul class=\"wp-block-list\"><li>Se, ett\u00e4 Tikku on ajantasalla, ei tarkoita sit\u00e4, ett\u00e4 tikullesi on viel\u00e4 kirjoitettu mit\u00e4\u00e4n. Se tarkoittaa, ett\u00e4 Abitti-tikkuun kirjoitettava tiedosto on koneellasi.<\/li><\/ul>\n\n\n\n<div class=\"wp-block-image\"><figure class=\"aligncenter\"><a href=\"https:\/\/blogit.gradia.fi\/abitti\/wp-content\/uploads\/sites\/23\/2019\/11\/abittiusb9_tikku-1.jpg\"><img loading=\"lazy\" decoding=\"async\" width=\"786\" height=\"593\" src=\"https:\/\/blogit.gradia.fi\/abitti\/wp-content\/uploads\/sites\/23\/2019\/11\/abittiusb9_tikku-1.jpg\" alt=\"\" class=\"wp-image-399\" srcset=\"https:\/\/blogit.gradia.fi\/abitti\/wp-content\/uploads\/sites\/23\/2019\/11\/abittiusb9_tikku-1.jpg 786w, https:\/\/blogit.gradia.fi\/abitti\/wp-content\/uploads\/sites\/23\/2019\/11\/abittiusb9_tikku-1-300x226.jpg 300w, https:\/\/blogit.gradia.fi\/abitti\/wp-content\/uploads\/sites\/23\/2019\/11\/abittiusb9_tikku-1-768x579.jpg 768w\" sizes=\"auto, (max-width: 786px) 100vw, 786px\" \/><\/a><\/figure><\/div>\n\n\n\n<ul class=\"wp-block-list\"><li>Kiinnit\u00e4 USB-tikku tikkuja tietokoneeseen.<\/li><li>Valitse k\u00e4siteltelt\u00e4v\u00e4t tikut -kohdasta tikkusi ja klikkaa <strong>Kirjoita opiskelijan tikuksi<\/strong>.<\/li><\/ul>\n\n\n\n<div class=\"wp-block-image\"><figure class=\"aligncenter\"><a href=\"https:\/\/blogit.gradia.fi\/abitti\/wp-content\/uploads\/sites\/23\/2019\/11\/abittiusb9_tikku-2.jpg\"><img loading=\"lazy\" decoding=\"async\" width=\"786\" height=\"593\" src=\"https:\/\/blogit.gradia.fi\/abitti\/wp-content\/uploads\/sites\/23\/2019\/11\/abittiusb9_tikku-2.jpg\" alt=\"\" class=\"wp-image-400\" srcset=\"https:\/\/blogit.gradia.fi\/abitti\/wp-content\/uploads\/sites\/23\/2019\/11\/abittiusb9_tikku-2.jpg 786w, https:\/\/blogit.gradia.fi\/abitti\/wp-content\/uploads\/sites\/23\/2019\/11\/abittiusb9_tikku-2-300x226.jpg 300w, https:\/\/blogit.gradia.fi\/abitti\/wp-content\/uploads\/sites\/23\/2019\/11\/abittiusb9_tikku-2-768x579.jpg 768w\" sizes=\"auto, (max-width: 786px) 100vw, 786px\" \/><\/a><\/figure><\/div>\n\n\n\n<ul class=\"wp-block-list\"><li>T\u00e4ss\u00e4 saattaa menn\u00e4 kauan aikaa.&nbsp;<\/li><\/ul>\n\n\n\n<div class=\"wp-block-image\"><figure class=\"aligncenter\"><a href=\"https:\/\/blogit.gradia.fi\/abitti\/wp-content\/uploads\/sites\/23\/2019\/11\/abittiusb9_tikku3_kirjoitus.jpg\"><img loading=\"lazy\" decoding=\"async\" width=\"786\" height=\"593\" src=\"https:\/\/blogit.gradia.fi\/abitti\/wp-content\/uploads\/sites\/23\/2019\/11\/abittiusb9_tikku3_kirjoitus.jpg\" alt=\"\" class=\"wp-image-401\" srcset=\"https:\/\/blogit.gradia.fi\/abitti\/wp-content\/uploads\/sites\/23\/2019\/11\/abittiusb9_tikku3_kirjoitus.jpg 786w, https:\/\/blogit.gradia.fi\/abitti\/wp-content\/uploads\/sites\/23\/2019\/11\/abittiusb9_tikku3_kirjoitus-300x226.jpg 300w, https:\/\/blogit.gradia.fi\/abitti\/wp-content\/uploads\/sites\/23\/2019\/11\/abittiusb9_tikku3_kirjoitus-768x579.jpg 768w\" sizes=\"auto, (max-width: 786px) 100vw, 786px\" \/><\/a><\/figure><\/div>\n\n\n\n<ul class=\"wp-block-list\"><li>N\u00e4et tikulle kirjoitettavat tiedoston valmistumisen prosenttilukeman kasvamisesta.<\/li><li>Kun tikku on lopulta kirjoitettu, se viel\u00e4 tarkistetaan.<\/li><li>Jos kirjoittaminen on onnistunut, tikun nimen j\u00e4ljess\u00e4 lukee (Koe-ok)<\/li><\/ul>\n\n\n\n<div class=\"wp-block-image\"><figure class=\"aligncenter\"><a href=\"https:\/\/blogit.gradia.fi\/abitti\/wp-content\/uploads\/sites\/23\/2019\/11\/abittiusb9_tikku4_kirjoitus_valmis2.jpg\"><img loading=\"lazy\" decoding=\"async\" width=\"786\" height=\"593\" src=\"https:\/\/blogit.gradia.fi\/abitti\/wp-content\/uploads\/sites\/23\/2019\/11\/abittiusb9_tikku4_kirjoitus_valmis2.jpg\" alt=\"\" class=\"wp-image-405\" srcset=\"https:\/\/blogit.gradia.fi\/abitti\/wp-content\/uploads\/sites\/23\/2019\/11\/abittiusb9_tikku4_kirjoitus_valmis2.jpg 786w, https:\/\/blogit.gradia.fi\/abitti\/wp-content\/uploads\/sites\/23\/2019\/11\/abittiusb9_tikku4_kirjoitus_valmis2-300x226.jpg 300w, https:\/\/blogit.gradia.fi\/abitti\/wp-content\/uploads\/sites\/23\/2019\/11\/abittiusb9_tikku4_kirjoitus_valmis2-768x579.jpg 768w\" sizes=\"auto, (max-width: 786px) 100vw, 786px\" \/><\/a><\/figure><\/div>\n\n\n\n<ul class=\"wp-block-list\"><li>T\u00e4m\u00e4n j\u00e4lkeen voit k\u00e4ynnist\u00e4\u00e4 tietokoneesi AbittiUSB-tikultasi.<\/li><\/ul>\n\n\n\n<h3 class=\"wp-block-heading\">Tikun p\u00e4ivitt\u00e4minen AbittiUSB-ohjelmalla<\/h3>\n\n\n\n<ul class=\"wp-block-list\"><li>Kun kiinnit\u00e4t jo aiemmin tekem\u00e4si tikun tietokoneeseen, niin n\u00e4yt\u00f6lle saattaa tulla seuraavia ilmoituksia:<\/li><\/ul>\n\n\n\n<div class=\"wp-block-image\"><figure class=\"aligncenter\"><a href=\"https:\/\/blogit.gradia.fi\/abitti\/wp-content\/uploads\/sites\/23\/2019\/11\/ei_alusta.jpg\"><img loading=\"lazy\" decoding=\"async\" width=\"352\" height=\"170\" src=\"https:\/\/blogit.gradia.fi\/abitti\/wp-content\/uploads\/sites\/23\/2019\/11\/ei_alusta.jpg\" alt=\"\" class=\"wp-image-407\" srcset=\"https:\/\/blogit.gradia.fi\/abitti\/wp-content\/uploads\/sites\/23\/2019\/11\/ei_alusta.jpg 352w, https:\/\/blogit.gradia.fi\/abitti\/wp-content\/uploads\/sites\/23\/2019\/11\/ei_alusta-300x145.jpg 300w\" sizes=\"auto, (max-width: 352px) 100vw, 352px\" \/><\/a><\/figure><\/div>\n\n\n\n<ul class=\"wp-block-list\"><li>\u00c4l\u00e4 alusta levy\u00e4 (siis tikkuasi), vaan paina Peruuta tai rastia ikkunan oikeassa yl\u00e4kulmassa.<br><a href=\"https:\/\/blogit.gradia.fi\/abitti\/wp-content\/uploads\/sites\/23\/2019\/11\/sijainti.jpg\"><\/a><\/li><li>Voit sulkea painamalla OK tai rastista Sijaintia ei ole k\u00e4ytett\u00e4viss\u00e4 -kertovan ikkunan.<\/li><li>Avaa tietokoneellasi AbittiUSB-ohjelma.<\/li><li>Kun p\u00e4ivit\u00e4t tikkuasi, klikkaa <em><strong>Tyhjenn\u00e4 valitut<\/strong><\/em> -painiketta.<\/li><\/ul>\n\n\n\n<div class=\"wp-block-image\"><figure class=\"aligncenter\"><a href=\"https:\/\/blogit.gradia.fi\/abitti\/wp-content\/uploads\/sites\/23\/2019\/11\/abittiusb9_tikku1.jpg\"><img loading=\"lazy\" decoding=\"async\" width=\"786\" height=\"593\" src=\"https:\/\/blogit.gradia.fi\/abitti\/wp-content\/uploads\/sites\/23\/2019\/11\/abittiusb9_tikku1.jpg\" alt=\"\" class=\"wp-image-410\" srcset=\"https:\/\/blogit.gradia.fi\/abitti\/wp-content\/uploads\/sites\/23\/2019\/11\/abittiusb9_tikku1.jpg 786w, https:\/\/blogit.gradia.fi\/abitti\/wp-content\/uploads\/sites\/23\/2019\/11\/abittiusb9_tikku1-300x226.jpg 300w, https:\/\/blogit.gradia.fi\/abitti\/wp-content\/uploads\/sites\/23\/2019\/11\/abittiusb9_tikku1-768x579.jpg 768w\" sizes=\"auto, (max-width: 786px) 100vw, 786px\" \/><\/a><\/figure><\/div>\n\n\n\n<ul class=\"wp-block-list\"><li>Tikulle aiemmin kirjoitetut tiedostot poistetaan.<\/li><\/ul>\n\n\n\n<div class=\"wp-block-image\"><figure class=\"aligncenter\"><a href=\"https:\/\/blogit.gradia.fi\/abitti\/wp-content\/uploads\/sites\/23\/2019\/11\/abittiusb9_tikku2_tyhjennys.jpg\"><img loading=\"lazy\" decoding=\"async\" width=\"786\" height=\"593\" src=\"https:\/\/blogit.gradia.fi\/abitti\/wp-content\/uploads\/sites\/23\/2019\/11\/abittiusb9_tikku2_tyhjennys.jpg\" alt=\"\" class=\"wp-image-409\" srcset=\"https:\/\/blogit.gradia.fi\/abitti\/wp-content\/uploads\/sites\/23\/2019\/11\/abittiusb9_tikku2_tyhjennys.jpg 786w, https:\/\/blogit.gradia.fi\/abitti\/wp-content\/uploads\/sites\/23\/2019\/11\/abittiusb9_tikku2_tyhjennys-300x226.jpg 300w, https:\/\/blogit.gradia.fi\/abitti\/wp-content\/uploads\/sites\/23\/2019\/11\/abittiusb9_tikku2_tyhjennys-768x579.jpg 768w\" sizes=\"auto, (max-width: 786px) 100vw, 786px\" \/><\/a><\/figure><\/div>\n\n\n\n<ul class=\"wp-block-list\"><li>Odota tyhjentymisen valmistuminen.<\/li><li>Klikkaa sitten <em><strong>Kirjoita opiskelijan tikuksi<\/strong><\/em>. Uutta p\u00e4ivityst\u00e4 kirjoitetaan tikullesi.<\/li><\/ul>\n\n\n\n<div class=\"wp-block-image\"><figure class=\"aligncenter\"><a href=\"https:\/\/blogit.gradia.fi\/abitti\/wp-content\/uploads\/sites\/23\/2019\/11\/abittiusb9_tikku3_kirjoitus-2.jpg\"><img loading=\"lazy\" decoding=\"async\" width=\"786\" height=\"593\" src=\"https:\/\/blogit.gradia.fi\/abitti\/wp-content\/uploads\/sites\/23\/2019\/11\/abittiusb9_tikku3_kirjoitus-2.jpg\" alt=\"\" class=\"wp-image-414\" srcset=\"https:\/\/blogit.gradia.fi\/abitti\/wp-content\/uploads\/sites\/23\/2019\/11\/abittiusb9_tikku3_kirjoitus-2.jpg 786w, https:\/\/blogit.gradia.fi\/abitti\/wp-content\/uploads\/sites\/23\/2019\/11\/abittiusb9_tikku3_kirjoitus-2-300x226.jpg 300w, https:\/\/blogit.gradia.fi\/abitti\/wp-content\/uploads\/sites\/23\/2019\/11\/abittiusb9_tikku3_kirjoitus-2-768x579.jpg 768w\" sizes=\"auto, (max-width: 786px) 100vw, 786px\" \/><\/a><\/figure><\/div>\n\n\n\n<ul class=\"wp-block-list\"><li>Odota, ett\u00e4 tikku on OK.<\/li><\/ul>\n\n\n\n<div class=\"wp-block-image\"><figure class=\"aligncenter\"><a href=\"https:\/\/blogit.gradia.fi\/abitti\/wp-content\/uploads\/sites\/23\/2019\/11\/abittiusb9_tikku4_kirjoitus_valmis2-1.jpg\"><img loading=\"lazy\" decoding=\"async\" width=\"786\" height=\"593\" src=\"https:\/\/blogit.gradia.fi\/abitti\/wp-content\/uploads\/sites\/23\/2019\/11\/abittiusb9_tikku4_kirjoitus_valmis2-1.jpg\" alt=\"\" class=\"wp-image-415\" srcset=\"https:\/\/blogit.gradia.fi\/abitti\/wp-content\/uploads\/sites\/23\/2019\/11\/abittiusb9_tikku4_kirjoitus_valmis2-1.jpg 786w, https:\/\/blogit.gradia.fi\/abitti\/wp-content\/uploads\/sites\/23\/2019\/11\/abittiusb9_tikku4_kirjoitus_valmis2-1-300x226.jpg 300w, https:\/\/blogit.gradia.fi\/abitti\/wp-content\/uploads\/sites\/23\/2019\/11\/abittiusb9_tikku4_kirjoitus_valmis2-1-768x579.jpg 768w\" sizes=\"auto, (max-width: 786px) 100vw, 786px\" \/><\/a><\/figure><\/div>\n","protected":false},"excerpt":{"rendered":"<p>Huom! AbittiUSB-ohjelmaa ei en\u00e4\u00e4 tueta. Jos olet ladannut 17.1.2020 uusimman tikkuversion, se viel\u00e4 toimii. Katso uutinen abitti.fi-sivuston ohjeista Video tikun kirjoittamiseksi AbittiUSB-ohjelmalla Kuvakaappausohjeet tikun kirjoittamiseksi AbittiUSB-ohjelmalla USB-tikkujen kirjoittaminen Windowsilla&nbsp;(AbittiUSB). Lataa asennuspaketti osoitteessa https:\/\/www.abitti.fi\/fi\/ohjeet\/usb-tikun-kirjoittaminen\/. Kun tiedosto on latautunut, asenna (avaa, tai suorita) setup.exe-tiedosto. Hyv\u00e4ksy AbittiUSB Setup-ohjelman asentaminen painamalla Accept-nappia. Asenna AbittiUSB. Asentaminen vaatii j\u00e4rjestelm\u00e4nvalvojan oikeudet. Hyv\u00e4ksy &hellip; <a href=\"https:\/\/blogit.gradia.fi\/abitti\/abittiusb\/\" class=\"more-link\">Jatka lukemista <span class=\"screen-reader-text\">AbittiUSB<\/span> <span class=\"meta-nav\">&rarr;<\/span><\/a><\/p>\n","protected":false},"author":111,"featured_media":0,"parent":0,"menu_order":0,"comment_status":"closed","ping_status":"closed","template":"","meta":{"_uag_custom_page_level_css":"","footnotes":""},"class_list":["post-420","page","type-page","status-publish","hentry"],"yoast_head":"<!-- This site is optimized with the Yoast SEO plugin v27.5 - https:\/\/yoast.com\/product\/yoast-seo-wordpress\/ -->\n<title>AbittiUSB - Abitti<\/title>\n<meta name=\"robots\" content=\"index, follow, max-snippet:-1, max-image-preview:large, max-video-preview:-1\" \/>\n<link rel=\"canonical\" href=\"https:\/\/blogit.gradia.fi\/abitti\/abittiusb\/\" \/>\n<meta property=\"og:locale\" content=\"fi_FI\" \/>\n<meta property=\"og:type\" content=\"article\" \/>\n<meta property=\"og:title\" content=\"AbittiUSB - Abitti\" \/>\n<meta property=\"og:description\" content=\"Huom! AbittiUSB-ohjelmaa ei en\u00e4\u00e4 tueta. Jos olet ladannut 17.1.2020 uusimman tikkuversion, se viel\u00e4 toimii. Katso uutinen abitti.fi-sivuston ohjeista Video tikun kirjoittamiseksi AbittiUSB-ohjelmalla Kuvakaappausohjeet tikun kirjoittamiseksi AbittiUSB-ohjelmalla USB-tikkujen kirjoittaminen Windowsilla&nbsp;(AbittiUSB). Lataa asennuspaketti osoitteessa https:\/\/www.abitti.fi\/fi\/ohjeet\/usb-tikun-kirjoittaminen\/. Kun tiedosto on latautunut, asenna (avaa, tai suorita) setup.exe-tiedosto. Hyv\u00e4ksy AbittiUSB Setup-ohjelman asentaminen painamalla Accept-nappia. Asenna AbittiUSB. Asentaminen vaatii j\u00e4rjestelm\u00e4nvalvojan oikeudet. Hyv\u00e4ksy &hellip; Jatka lukemista AbittiUSB &rarr;\" \/>\n<meta property=\"og:url\" content=\"https:\/\/blogit.gradia.fi\/abitti\/abittiusb\/\" \/>\n<meta property=\"og:site_name\" content=\"Abitti\" \/>\n<meta property=\"article:modified_time\" content=\"2020-09-13T17:03:48+00:00\" \/>\n<meta property=\"og:image\" content=\"https:\/\/blogit.gradia.fi\/abitti\/wp-content\/uploads\/sites\/23\/2019\/11\/abittiusb1_3.jpg\" \/>\n<meta name=\"twitter:card\" content=\"summary_large_image\" \/>\n<meta name=\"twitter:label1\" content=\"Arvioitu lukuaika\" \/>\n\t<meta name=\"twitter:data1\" content=\"1 minuutti\" \/>\n<script type=\"application\/ld+json\" class=\"yoast-schema-graph\">{\"@context\":\"https:\\\/\\\/schema.org\",\"@graph\":[{\"@type\":\"WebPage\",\"@id\":\"https:\\\/\\\/blogit.gradia.fi\\\/abitti\\\/abittiusb\\\/\",\"url\":\"https:\\\/\\\/blogit.gradia.fi\\\/abitti\\\/abittiusb\\\/\",\"name\":\"AbittiUSB - Abitti\",\"isPartOf\":{\"@id\":\"https:\\\/\\\/blogit.gradia.fi\\\/abitti\\\/#website\"},\"primaryImageOfPage\":{\"@id\":\"https:\\\/\\\/blogit.gradia.fi\\\/abitti\\\/abittiusb\\\/#primaryimage\"},\"image\":{\"@id\":\"https:\\\/\\\/blogit.gradia.fi\\\/abitti\\\/abittiusb\\\/#primaryimage\"},\"thumbnailUrl\":\"https:\\\/\\\/blogit.gradia.fi\\\/abitti\\\/wp-content\\\/uploads\\\/sites\\\/23\\\/2019\\\/11\\\/abittiusb1_3.jpg\",\"datePublished\":\"2019-11-10T15:22:34+00:00\",\"dateModified\":\"2020-09-13T17:03:48+00:00\",\"inLanguage\":\"fi\",\"potentialAction\":[{\"@type\":\"ReadAction\",\"target\":[\"https:\\\/\\\/blogit.gradia.fi\\\/abitti\\\/abittiusb\\\/\"]}]},{\"@type\":\"ImageObject\",\"inLanguage\":\"fi\",\"@id\":\"https:\\\/\\\/blogit.gradia.fi\\\/abitti\\\/abittiusb\\\/#primaryimage\",\"url\":\"https:\\\/\\\/blogit.gradia.fi\\\/abitti\\\/wp-content\\\/uploads\\\/sites\\\/23\\\/2019\\\/11\\\/abittiusb1_3.jpg\",\"contentUrl\":\"https:\\\/\\\/blogit.gradia.fi\\\/abitti\\\/wp-content\\\/uploads\\\/sites\\\/23\\\/2019\\\/11\\\/abittiusb1_3.jpg\",\"width\":983,\"height\":521},{\"@type\":\"WebSite\",\"@id\":\"https:\\\/\\\/blogit.gradia.fi\\\/abitti\\\/#website\",\"url\":\"https:\\\/\\\/blogit.gradia.fi\\\/abitti\\\/\",\"name\":\"Abitti\",\"description\":\"Ohjeita Abitin k\u00e4ytt\u00f6\u00f6n\",\"potentialAction\":[{\"@type\":\"SearchAction\",\"target\":{\"@type\":\"EntryPoint\",\"urlTemplate\":\"https:\\\/\\\/blogit.gradia.fi\\\/abitti\\\/?s={search_term_string}\"},\"query-input\":{\"@type\":\"PropertyValueSpecification\",\"valueRequired\":true,\"valueName\":\"search_term_string\"}}],\"inLanguage\":\"fi\"}]}<\/script>\n<!-- \/ Yoast SEO plugin. -->","yoast_head_json":{"title":"AbittiUSB - Abitti","robots":{"index":"index","follow":"follow","max-snippet":"max-snippet:-1","max-image-preview":"max-image-preview:large","max-video-preview":"max-video-preview:-1"},"canonical":"https:\/\/blogit.gradia.fi\/abitti\/abittiusb\/","og_locale":"fi_FI","og_type":"article","og_title":"AbittiUSB - Abitti","og_description":"Huom! AbittiUSB-ohjelmaa ei en\u00e4\u00e4 tueta. Jos olet ladannut 17.1.2020 uusimman tikkuversion, se viel\u00e4 toimii. Katso uutinen abitti.fi-sivuston ohjeista Video tikun kirjoittamiseksi AbittiUSB-ohjelmalla Kuvakaappausohjeet tikun kirjoittamiseksi AbittiUSB-ohjelmalla USB-tikkujen kirjoittaminen Windowsilla&nbsp;(AbittiUSB). Lataa asennuspaketti osoitteessa https:\/\/www.abitti.fi\/fi\/ohjeet\/usb-tikun-kirjoittaminen\/. Kun tiedosto on latautunut, asenna (avaa, tai suorita) setup.exe-tiedosto. Hyv\u00e4ksy AbittiUSB Setup-ohjelman asentaminen painamalla Accept-nappia. Asenna AbittiUSB. Asentaminen vaatii j\u00e4rjestelm\u00e4nvalvojan oikeudet. Hyv\u00e4ksy &hellip; Jatka lukemista AbittiUSB &rarr;","og_url":"https:\/\/blogit.gradia.fi\/abitti\/abittiusb\/","og_site_name":"Abitti","article_modified_time":"2020-09-13T17:03:48+00:00","og_image":[{"url":"https:\/\/blogit.gradia.fi\/abitti\/wp-content\/uploads\/sites\/23\/2019\/11\/abittiusb1_3.jpg","type":"","width":"","height":""}],"twitter_card":"summary_large_image","twitter_misc":{"Arvioitu lukuaika":"1 minuutti"},"schema":{"@context":"https:\/\/schema.org","@graph":[{"@type":"WebPage","@id":"https:\/\/blogit.gradia.fi\/abitti\/abittiusb\/","url":"https:\/\/blogit.gradia.fi\/abitti\/abittiusb\/","name":"AbittiUSB - Abitti","isPartOf":{"@id":"https:\/\/blogit.gradia.fi\/abitti\/#website"},"primaryImageOfPage":{"@id":"https:\/\/blogit.gradia.fi\/abitti\/abittiusb\/#primaryimage"},"image":{"@id":"https:\/\/blogit.gradia.fi\/abitti\/abittiusb\/#primaryimage"},"thumbnailUrl":"https:\/\/blogit.gradia.fi\/abitti\/wp-content\/uploads\/sites\/23\/2019\/11\/abittiusb1_3.jpg","datePublished":"2019-11-10T15:22:34+00:00","dateModified":"2020-09-13T17:03:48+00:00","inLanguage":"fi","potentialAction":[{"@type":"ReadAction","target":["https:\/\/blogit.gradia.fi\/abitti\/abittiusb\/"]}]},{"@type":"ImageObject","inLanguage":"fi","@id":"https:\/\/blogit.gradia.fi\/abitti\/abittiusb\/#primaryimage","url":"https:\/\/blogit.gradia.fi\/abitti\/wp-content\/uploads\/sites\/23\/2019\/11\/abittiusb1_3.jpg","contentUrl":"https:\/\/blogit.gradia.fi\/abitti\/wp-content\/uploads\/sites\/23\/2019\/11\/abittiusb1_3.jpg","width":983,"height":521},{"@type":"WebSite","@id":"https:\/\/blogit.gradia.fi\/abitti\/#website","url":"https:\/\/blogit.gradia.fi\/abitti\/","name":"Abitti","description":"Ohjeita Abitin k\u00e4ytt\u00f6\u00f6n","potentialAction":[{"@type":"SearchAction","target":{"@type":"EntryPoint","urlTemplate":"https:\/\/blogit.gradia.fi\/abitti\/?s={search_term_string}"},"query-input":{"@type":"PropertyValueSpecification","valueRequired":true,"valueName":"search_term_string"}}],"inLanguage":"fi"}]}},"uagb_featured_image_src":{"full":false,"thumbnail":false,"medium":false,"medium_large":false,"large":false,"1536x1536":false,"2048x2048":false,"post-thumbnail":false},"uagb_author_info":{"display_name":"Hannu Tabell","author_link":"https:\/\/blogit.gradia.fi\/abitti\/author\/htabell\/"},"uagb_comment_info":0,"uagb_excerpt":"Huom! AbittiUSB-ohjelmaa ei en\u00e4\u00e4 tueta. Jos olet ladannut 17.1.2020 uusimman tikkuversion, se viel\u00e4 toimii. Katso uutinen abitti.fi-sivuston ohjeista Video tikun kirjoittamiseksi AbittiUSB-ohjelmalla Kuvakaappausohjeet tikun kirjoittamiseksi AbittiUSB-ohjelmalla USB-tikkujen kirjoittaminen Windowsilla&nbsp;(AbittiUSB). Lataa asennuspaketti osoitteessa https:\/\/www.abitti.fi\/fi\/ohjeet\/usb-tikun-kirjoittaminen\/. Kun tiedosto on latautunut, asenna (avaa, tai suorita) setup.exe-tiedosto. Hyv\u00e4ksy AbittiUSB Setup-ohjelman asentaminen painamalla Accept-nappia. Asenna AbittiUSB. Asentaminen vaatii j\u00e4rjestelm\u00e4nvalvojan oikeudet. Hyv\u00e4ksy&hellip;","_links":{"self":[{"href":"https:\/\/blogit.gradia.fi\/abitti\/wp-json\/wp\/v2\/pages\/420","targetHints":{"allow":["GET"]}}],"collection":[{"href":"https:\/\/blogit.gradia.fi\/abitti\/wp-json\/wp\/v2\/pages"}],"about":[{"href":"https:\/\/blogit.gradia.fi\/abitti\/wp-json\/wp\/v2\/types\/page"}],"author":[{"embeddable":true,"href":"https:\/\/blogit.gradia.fi\/abitti\/wp-json\/wp\/v2\/users\/111"}],"replies":[{"embeddable":true,"href":"https:\/\/blogit.gradia.fi\/abitti\/wp-json\/wp\/v2\/comments?post=420"}],"version-history":[{"count":7,"href":"https:\/\/blogit.gradia.fi\/abitti\/wp-json\/wp\/v2\/pages\/420\/revisions"}],"predecessor-version":[{"id":492,"href":"https:\/\/blogit.gradia.fi\/abitti\/wp-json\/wp\/v2\/pages\/420\/revisions\/492"}],"wp:attachment":[{"href":"https:\/\/blogit.gradia.fi\/abitti\/wp-json\/wp\/v2\/media?parent=420"}],"curies":[{"name":"wp","href":"https:\/\/api.w.org\/{rel}","templated":true}]}}