{"id":246,"date":"2018-01-22T18:22:08","date_gmt":"2018-01-22T16:22:08","guid":{"rendered":"https:\/\/blogit.gradia.fi\/oppiminen\/?page_id=246"},"modified":"2023-10-02T22:20:55","modified_gmt":"2023-10-02T19:20:55","slug":"abi","status":"publish","type":"page","link":"https:\/\/blogit.gradia.fi\/abitti\/abi\/","title":{"rendered":"Abi"},"content":{"rendered":"<h3>T\u00e4rke\u00e4\u00e4 ennen yo-koetta<\/h3>\n<ul>\n<li>Lue <a href=\"https:\/\/www.ylioppilastutkinto.fi\/fi\/tutkinnon-suorittaminen\/tietoa-kokelaalle\" target=\"_blank\" rel=\"noopener\">Ylioppilastutkintolautakunnan ohje kokelaille<\/a>.<\/li>\n<li><a href=\"https:\/\/www.ylioppilastutkinto.fi\/fi\/tutkinnon-toimeenpano\/kokeen-tekniset-jarjestelyt\/koejarjestelman-oheisohjelmat\" target=\"_blank\" rel=\"noopener\">Koej\u00e4rjestelm\u00e4n ohjeisohjelmat<\/a>.<\/li>\n<li>Huom! Jos haluat harjoitella esimerkiksi maksullista TI Nspire -sovellusta, voit ladata ja asentaa <a href=\"https:\/\/education.ti.com\/fi\/products\/computer-software\/ti-nspire-cx-cas-student-sw\" target=\"_blank\" rel=\"noopener\">kokeiluversion<\/a> (Win tai Mac).<\/li>\n<li>Huolehdi\u00a0kotona, ett\u00e4\u00a0Windows on p\u00e4ivittynyt.<\/li>\n<\/ul>\n\n\n<p><\/p>\n","protected":false},"excerpt":{"rendered":"<p>T\u00e4rke\u00e4\u00e4 ennen yo-koetta Lue Ylioppilastutkintolautakunnan ohje kokelaille. Koej\u00e4rjestelm\u00e4n ohjeisohjelmat. Huom! Jos haluat harjoitella esimerkiksi maksullista TI Nspire -sovellusta, voit ladata ja asentaa kokeiluversion (Win tai Mac). Huolehdi\u00a0kotona, ett\u00e4\u00a0Windows on p\u00e4ivittynyt.<\/p>\n","protected":false},"author":111,"featured_media":0,"parent":0,"menu_order":0,"comment_status":"closed","ping_status":"closed","template":"","meta":{"_uag_custom_page_level_css":"","footnotes":""},"class_list":["post-246","page","type-page","status-publish","hentry"],"yoast_head":"<!-- This site is optimized with the Yoast SEO plugin v27.2 - https:\/\/yoast.com\/product\/yoast-seo-wordpress\/ -->\n<title>Abi - Abitti<\/title>\n<meta name=\"robots\" content=\"index, follow, max-snippet:-1, max-image-preview:large, max-video-preview:-1\" \/>\n<link rel=\"canonical\" href=\"https:\/\/blogit.gradia.fi\/abitti\/abi\/\" \/>\n<meta property=\"og:locale\" content=\"fi_FI\" \/>\n<meta property=\"og:type\" content=\"article\" \/>\n<meta property=\"og:title\" content=\"Abi - Abitti\" \/>\n<meta property=\"og:description\" content=\"T\u00e4rke\u00e4\u00e4 ennen yo-koetta Lue Ylioppilastutkintolautakunnan ohje kokelaille. Koej\u00e4rjestelm\u00e4n ohjeisohjelmat. Huom! Jos haluat harjoitella esimerkiksi maksullista TI Nspire -sovellusta, voit ladata ja asentaa kokeiluversion (Win tai Mac). Huolehdi\u00a0kotona, ett\u00e4\u00a0Windows on p\u00e4ivittynyt.\" \/>\n<meta property=\"og:url\" content=\"https:\/\/blogit.gradia.fi\/abitti\/abi\/\" \/>\n<meta property=\"og:site_name\" content=\"Abitti\" \/>\n<meta property=\"article:modified_time\" content=\"2023-10-02T19:20:55+00:00\" \/>\n<meta name=\"twitter:card\" content=\"summary_large_image\" \/>\n<meta name=\"twitter:label1\" content=\"Arvioitu lukuaika\" \/>\n\t<meta name=\"twitter:data1\" content=\"1 minuutti\" \/>\n<script type=\"application\/ld+json\" class=\"yoast-schema-graph\">{\"@context\":\"https:\/\/schema.org\",\"@graph\":[{\"@type\":\"WebPage\",\"@id\":\"https:\/\/blogit.gradia.fi\/abitti\/abi\/\",\"url\":\"https:\/\/blogit.gradia.fi\/abitti\/abi\/\",\"name\":\"Abi - Abitti\",\"isPartOf\":{\"@id\":\"https:\/\/blogit.gradia.fi\/abitti\/#website\"},\"datePublished\":\"2018-01-22T16:22:08+00:00\",\"dateModified\":\"2023-10-02T19:20:55+00:00\",\"inLanguage\":\"fi\",\"potentialAction\":[{\"@type\":\"ReadAction\",\"target\":[\"https:\/\/blogit.gradia.fi\/abitti\/abi\/\"]}]},{\"@type\":\"WebSite\",\"@id\":\"https:\/\/blogit.gradia.fi\/abitti\/#website\",\"url\":\"https:\/\/blogit.gradia.fi\/abitti\/\",\"name\":\"Abitti\",\"description\":\"Ohjeita Abitin k\u00e4ytt\u00f6\u00f6n\",\"potentialAction\":[{\"@type\":\"SearchAction\",\"target\":{\"@type\":\"EntryPoint\",\"urlTemplate\":\"https:\/\/blogit.gradia.fi\/abitti\/?s={search_term_string}\"},\"query-input\":{\"@type\":\"PropertyValueSpecification\",\"valueRequired\":true,\"valueName\":\"search_term_string\"}}],\"inLanguage\":\"fi\"}]}<\/script>\n<!-- \/ Yoast SEO plugin. -->","yoast_head_json":{"title":"Abi - Abitti","robots":{"index":"index","follow":"follow","max-snippet":"max-snippet:-1","max-image-preview":"max-image-preview:large","max-video-preview":"max-video-preview:-1"},"canonical":"https:\/\/blogit.gradia.fi\/abitti\/abi\/","og_locale":"fi_FI","og_type":"article","og_title":"Abi - Abitti","og_description":"T\u00e4rke\u00e4\u00e4 ennen yo-koetta Lue Ylioppilastutkintolautakunnan ohje kokelaille. Koej\u00e4rjestelm\u00e4n ohjeisohjelmat. Huom! Jos haluat harjoitella esimerkiksi maksullista TI Nspire -sovellusta, voit ladata ja asentaa kokeiluversion (Win tai Mac). Huolehdi\u00a0kotona, ett\u00e4\u00a0Windows on p\u00e4ivittynyt.","og_url":"https:\/\/blogit.gradia.fi\/abitti\/abi\/","og_site_name":"Abitti","article_modified_time":"2023-10-02T19:20:55+00:00","twitter_card":"summary_large_image","twitter_misc":{"Arvioitu lukuaika":"1 minuutti"},"schema":{"@context":"https:\/\/schema.org","@graph":[{"@type":"WebPage","@id":"https:\/\/blogit.gradia.fi\/abitti\/abi\/","url":"https:\/\/blogit.gradia.fi\/abitti\/abi\/","name":"Abi - Abitti","isPartOf":{"@id":"https:\/\/blogit.gradia.fi\/abitti\/#website"},"datePublished":"2018-01-22T16:22:08+00:00","dateModified":"2023-10-02T19:20:55+00:00","inLanguage":"fi","potentialAction":[{"@type":"ReadAction","target":["https:\/\/blogit.gradia.fi\/abitti\/abi\/"]}]},{"@type":"WebSite","@id":"https:\/\/blogit.gradia.fi\/abitti\/#website","url":"https:\/\/blogit.gradia.fi\/abitti\/","name":"Abitti","description":"Ohjeita Abitin k\u00e4ytt\u00f6\u00f6n","potentialAction":[{"@type":"SearchAction","target":{"@type":"EntryPoint","urlTemplate":"https:\/\/blogit.gradia.fi\/abitti\/?s={search_term_string}"},"query-input":{"@type":"PropertyValueSpecification","valueRequired":true,"valueName":"search_term_string"}}],"inLanguage":"fi"}]}},"uagb_featured_image_src":{"full":false,"thumbnail":false,"medium":false,"medium_large":false,"large":false,"1536x1536":false,"2048x2048":false,"post-thumbnail":false},"uagb_author_info":{"display_name":"Hannu Tabell","author_link":"https:\/\/blogit.gradia.fi\/abitti\/author\/htabell\/"},"uagb_comment_info":0,"uagb_excerpt":"T\u00e4rke\u00e4\u00e4 ennen yo-koetta Lue Ylioppilastutkintolautakunnan ohje kokelaille. Koej\u00e4rjestelm\u00e4n ohjeisohjelmat. Huom! Jos haluat harjoitella esimerkiksi maksullista TI Nspire -sovellusta, voit ladata ja asentaa kokeiluversion (Win tai Mac). Huolehdi\u00a0kotona, ett\u00e4\u00a0Windows on p\u00e4ivittynyt.","_links":{"self":[{"href":"https:\/\/blogit.gradia.fi\/abitti\/wp-json\/wp\/v2\/pages\/246","targetHints":{"allow":["GET"]}}],"collection":[{"href":"https:\/\/blogit.gradia.fi\/abitti\/wp-json\/wp\/v2\/pages"}],"about":[{"href":"https:\/\/blogit.gradia.fi\/abitti\/wp-json\/wp\/v2\/types\/page"}],"author":[{"embeddable":true,"href":"https:\/\/blogit.gradia.fi\/abitti\/wp-json\/wp\/v2\/users\/111"}],"replies":[{"embeddable":true,"href":"https:\/\/blogit.gradia.fi\/abitti\/wp-json\/wp\/v2\/comments?post=246"}],"version-history":[{"count":3,"href":"https:\/\/blogit.gradia.fi\/abitti\/wp-json\/wp\/v2\/pages\/246\/revisions"}],"predecessor-version":[{"id":611,"href":"https:\/\/blogit.gradia.fi\/abitti\/wp-json\/wp\/v2\/pages\/246\/revisions\/611"}],"wp:attachment":[{"href":"https:\/\/blogit.gradia.fi\/abitti\/wp-json\/wp\/v2\/media?parent=246"}],"curies":[{"name":"wp","href":"https:\/\/api.w.org\/{rel}","templated":true}]}}