{"id":204,"date":"2017-10-24T00:37:53","date_gmt":"2017-10-23T21:37:53","guid":{"rendered":"https:\/\/blogit.gradia.fi\/oppiminen\/?page_id=204"},"modified":"2023-10-02T22:23:04","modified_gmt":"2023-10-02T19:23:04","slug":"toimivuus","status":"publish","type":"page","link":"https:\/\/blogit.gradia.fi\/abitti\/toimivuus\/","title":{"rendered":"Toimivuus"},"content":{"rendered":"<h2>Varmista, ett\u00e4 n\u00e4m\u00e4 asiat toimivat koneellasi Abitissa<\/h2>\n<h3>Abitti-j\u00e4rjestelm\u00e4ll\u00e4 k\u00e4ynnistetyt tietokoneet<\/h3>\n<ul>\n<li><a href=\"https:\/\/digabi.fi\/hwdata\/\" target=\"_blank\" rel=\"noopener noreferrer\">Digabi-sivuilla<\/a> (https:\/\/digabi.fi\/hwdata\/) on listaus koneista, jotka on k\u00e4ynnistetty Abitti-j\u00e4rjestelm\u00e4ll\u00e4. T\u00e4m\u00e4 ei ole kovin uusi listaus.<\/li>\n<li>Jos olet hankkimassa uutta konetta, kannattaa kysy\u00e4 tietokoneliikkeess\u00e4, toimiiko oston kohteena oleva kone Abitti-j\u00e4rjestelm\u00e4ss\u00e4.<\/li>\n<\/ul>\n<h3>Langaton abittiverkko<\/h3>\n<ul>\n<li>Jos koneesi ei l\u00f6yd\u00e4 langatonta verkkoa, tarvitset USB-porttiin liitett\u00e4v\u00e4n langattoman verkkokortin.<\/li>\n<\/ul>\n<p><img loading=\"lazy\" decoding=\"async\" class=\"aligncenter wp-image-205 size-medium\" src=\"https:\/\/blogit.gradia.fi\/oppiminen\/wp-content\/uploads\/sites\/23\/2017\/10\/20171018_111525-e1508794424922-300x170.jpg\" alt=\"\" width=\"300\" height=\"170\" srcset=\"https:\/\/blogit.gradia.fi\/abitti\/wp-content\/uploads\/sites\/23\/2017\/10\/20171018_111525-e1508794424922-300x170.jpg 300w, https:\/\/blogit.gradia.fi\/abitti\/wp-content\/uploads\/sites\/23\/2017\/10\/20171018_111525-e1508794424922-768x436.jpg 768w, https:\/\/blogit.gradia.fi\/abitti\/wp-content\/uploads\/sites\/23\/2017\/10\/20171018_111525-e1508794424922-1024x582.jpg 1024w, https:\/\/blogit.gradia.fi\/abitti\/wp-content\/uploads\/sites\/23\/2017\/10\/20171018_111525-e1508794424922.jpg 1966w\" sizes=\"auto, (max-width: 300px) 100vw, 300px\" \/><\/p>\n<h3>Langallinen abittiverkko<\/h3>\n<ul>\n<li>Jos koneessasi ei ole ethernet- eli RJ45 -liit\u00e4nt\u00e4\u00e4, et voi tehd\u00e4 abittikoetta langallisessa abittiverkossa.<\/li>\n<\/ul>\n<p><img loading=\"lazy\" decoding=\"async\" class=\"aligncenter wp-image-221 size-medium\" src=\"https:\/\/blogit.gradia.fi\/oppiminen\/wp-content\/uploads\/sites\/23\/2017\/10\/ethernet_liitanta_kaapeli-300x169.jpg\" alt=\"\" width=\"300\" height=\"169\" srcset=\"https:\/\/blogit.gradia.fi\/abitti\/wp-content\/uploads\/sites\/23\/2017\/10\/ethernet_liitanta_kaapeli-300x169.jpg 300w, https:\/\/blogit.gradia.fi\/abitti\/wp-content\/uploads\/sites\/23\/2017\/10\/ethernet_liitanta_kaapeli-768x432.jpg 768w, https:\/\/blogit.gradia.fi\/abitti\/wp-content\/uploads\/sites\/23\/2017\/10\/ethernet_liitanta_kaapeli-1024x576.jpg 1024w\" sizes=\"auto, (max-width: 300px) 100vw, 300px\" \/><\/p>\n<ul>\n<li>Tarvitset t\u00e4t\u00e4 varten USB-porttiin liitett\u00e4v\u00e4n ethernet-adapterin.<\/li>\n<\/ul>\n<p><img loading=\"lazy\" decoding=\"async\" class=\"aligncenter wp-image-211 size-medium\" src=\"https:\/\/blogit.gradia.fi\/oppiminen\/wp-content\/uploads\/sites\/23\/2017\/10\/20171019_162429-e1508795224106-300x173.jpg\" alt=\"\" width=\"300\" height=\"173\" srcset=\"https:\/\/blogit.gradia.fi\/abitti\/wp-content\/uploads\/sites\/23\/2017\/10\/20171019_162429-e1508795224106-300x173.jpg 300w, https:\/\/blogit.gradia.fi\/abitti\/wp-content\/uploads\/sites\/23\/2017\/10\/20171019_162429-e1508795224106-768x443.jpg 768w, https:\/\/blogit.gradia.fi\/abitti\/wp-content\/uploads\/sites\/23\/2017\/10\/20171019_162429-e1508795224106-1024x591.jpg 1024w\" sizes=\"auto, (max-width: 300px) 100vw, 300px\" \/><\/p>\n<h3>Hiiri<\/h3>\n<ul>\n<li>Joissakin koneissa kosketuslevyn hiiri ei toimi. Liit\u00e4 t\u00e4ll\u00f6in koneen USB-porttiin langallinen hiiri.<\/li>\n<\/ul>\n<h3>Kuulokkeet<\/h3>\n<ul>\n<li>Kuten hiiren kohdalla, joissakin koneissa 3,5 mm:n kuulokeliit\u00e4nn\u00e4ll\u00e4 olevat kuulokkeet eiv\u00e4t toimi. Liit\u00e4 t\u00e4ll\u00f6in koneen USB-porttiin langalliset kuulokkeet.<\/li>\n<\/ul>\n<h3>USB-portin jakaja<\/h3>\n<ul>\n<li>Jos koneesi USB-portit loppuvat kesken, tarvitset liit\u00e4nt\u00f6j\u00e4 varten USB-portin jakajan (USB hub).<\/li>\n<\/ul>\n<p><img loading=\"lazy\" decoding=\"async\" class=\"aligncenter wp-image-213 size-medium\" src=\"https:\/\/blogit.gradia.fi\/oppiminen\/wp-content\/uploads\/sites\/23\/2017\/10\/20171019_162619-e1508795489932-300x169.jpg\" alt=\"\" width=\"300\" height=\"169\" srcset=\"https:\/\/blogit.gradia.fi\/abitti\/wp-content\/uploads\/sites\/23\/2017\/10\/20171019_162619-e1508795489932-300x169.jpg 300w, https:\/\/blogit.gradia.fi\/abitti\/wp-content\/uploads\/sites\/23\/2017\/10\/20171019_162619-e1508795489932-768x432.jpg 768w, https:\/\/blogit.gradia.fi\/abitti\/wp-content\/uploads\/sites\/23\/2017\/10\/20171019_162619-e1508795489932-1024x576.jpg 1024w\" sizes=\"auto, (max-width: 300px) 100vw, 300px\" \/><\/p>\n","protected":false},"excerpt":{"rendered":"<p>Varmista, ett\u00e4 n\u00e4m\u00e4 asiat toimivat koneellasi Abitissa Abitti-j\u00e4rjestelm\u00e4ll\u00e4 k\u00e4ynnistetyt tietokoneet Digabi-sivuilla (https:\/\/digabi.fi\/hwdata\/) on listaus koneista, jotka on k\u00e4ynnistetty Abitti-j\u00e4rjestelm\u00e4ll\u00e4. T\u00e4m\u00e4 ei ole kovin uusi listaus. Jos olet hankkimassa uutta konetta, kannattaa kysy\u00e4 tietokoneliikkeess\u00e4, toimiiko oston kohteena oleva kone Abitti-j\u00e4rjestelm\u00e4ss\u00e4. Langaton abittiverkko Jos koneesi ei l\u00f6yd\u00e4 langatonta verkkoa, tarvitset USB-porttiin liitett\u00e4v\u00e4n langattoman verkkokortin. Langallinen abittiverkko Jos &hellip; <a href=\"https:\/\/blogit.gradia.fi\/abitti\/toimivuus\/\" class=\"more-link\">Jatka lukemista <span class=\"screen-reader-text\">Toimivuus<\/span> <span class=\"meta-nav\">&rarr;<\/span><\/a><\/p>\n","protected":false},"author":111,"featured_media":0,"parent":0,"menu_order":0,"comment_status":"closed","ping_status":"closed","template":"","meta":{"_uag_custom_page_level_css":"","footnotes":""},"class_list":["post-204","page","type-page","status-publish","hentry"],"yoast_head":"<!-- This site is optimized with the Yoast SEO plugin v27.2 - https:\/\/yoast.com\/product\/yoast-seo-wordpress\/ -->\n<title>Toimivuus - Abitti<\/title>\n<meta name=\"robots\" content=\"index, follow, max-snippet:-1, max-image-preview:large, max-video-preview:-1\" \/>\n<link rel=\"canonical\" href=\"https:\/\/blogit.gradia.fi\/abitti\/toimivuus\/\" \/>\n<meta property=\"og:locale\" content=\"fi_FI\" \/>\n<meta property=\"og:type\" content=\"article\" \/>\n<meta property=\"og:title\" content=\"Toimivuus - Abitti\" \/>\n<meta property=\"og:description\" content=\"Varmista, ett\u00e4 n\u00e4m\u00e4 asiat toimivat koneellasi Abitissa Abitti-j\u00e4rjestelm\u00e4ll\u00e4 k\u00e4ynnistetyt tietokoneet Digabi-sivuilla (https:\/\/digabi.fi\/hwdata\/) on listaus koneista, jotka on k\u00e4ynnistetty Abitti-j\u00e4rjestelm\u00e4ll\u00e4. T\u00e4m\u00e4 ei ole kovin uusi listaus. Jos olet hankkimassa uutta konetta, kannattaa kysy\u00e4 tietokoneliikkeess\u00e4, toimiiko oston kohteena oleva kone Abitti-j\u00e4rjestelm\u00e4ss\u00e4. Langaton abittiverkko Jos koneesi ei l\u00f6yd\u00e4 langatonta verkkoa, tarvitset USB-porttiin liitett\u00e4v\u00e4n langattoman verkkokortin. Langallinen abittiverkko Jos &hellip; Jatka lukemista Toimivuus &rarr;\" \/>\n<meta property=\"og:url\" content=\"https:\/\/blogit.gradia.fi\/abitti\/toimivuus\/\" \/>\n<meta property=\"og:site_name\" content=\"Abitti\" \/>\n<meta property=\"article:modified_time\" content=\"2023-10-02T19:23:04+00:00\" \/>\n<meta property=\"og:image\" content=\"https:\/\/blogit.gradia.fi\/oppiminen\/wp-content\/uploads\/sites\/23\/2017\/10\/20171018_111525-e1508794424922-300x170.jpg\" \/>\n<meta name=\"twitter:card\" content=\"summary_large_image\" \/>\n<meta name=\"twitter:label1\" content=\"Arvioitu lukuaika\" \/>\n\t<meta name=\"twitter:data1\" content=\"2 minuuttia\" \/>\n<script type=\"application\/ld+json\" class=\"yoast-schema-graph\">{\"@context\":\"https:\/\/schema.org\",\"@graph\":[{\"@type\":\"WebPage\",\"@id\":\"https:\/\/blogit.gradia.fi\/abitti\/toimivuus\/\",\"url\":\"https:\/\/blogit.gradia.fi\/abitti\/toimivuus\/\",\"name\":\"Toimivuus - Abitti\",\"isPartOf\":{\"@id\":\"https:\/\/blogit.gradia.fi\/abitti\/#website\"},\"primaryImageOfPage\":{\"@id\":\"https:\/\/blogit.gradia.fi\/abitti\/toimivuus\/#primaryimage\"},\"image\":{\"@id\":\"https:\/\/blogit.gradia.fi\/abitti\/toimivuus\/#primaryimage\"},\"thumbnailUrl\":\"https:\/\/blogit.gradia.fi\/oppiminen\/wp-content\/uploads\/sites\/23\/2017\/10\/20171018_111525-e1508794424922-300x170.jpg\",\"datePublished\":\"2017-10-23T21:37:53+00:00\",\"dateModified\":\"2023-10-02T19:23:04+00:00\",\"inLanguage\":\"fi\",\"potentialAction\":[{\"@type\":\"ReadAction\",\"target\":[\"https:\/\/blogit.gradia.fi\/abitti\/toimivuus\/\"]}]},{\"@type\":\"ImageObject\",\"inLanguage\":\"fi\",\"@id\":\"https:\/\/blogit.gradia.fi\/abitti\/toimivuus\/#primaryimage\",\"url\":\"https:\/\/blogit.gradia.fi\/oppiminen\/wp-content\/uploads\/sites\/23\/2017\/10\/20171018_111525-e1508794424922-300x170.jpg\",\"contentUrl\":\"https:\/\/blogit.gradia.fi\/oppiminen\/wp-content\/uploads\/sites\/23\/2017\/10\/20171018_111525-e1508794424922-300x170.jpg\"},{\"@type\":\"WebSite\",\"@id\":\"https:\/\/blogit.gradia.fi\/abitti\/#website\",\"url\":\"https:\/\/blogit.gradia.fi\/abitti\/\",\"name\":\"Abitti\",\"description\":\"Ohjeita Abitin k\u00e4ytt\u00f6\u00f6n\",\"potentialAction\":[{\"@type\":\"SearchAction\",\"target\":{\"@type\":\"EntryPoint\",\"urlTemplate\":\"https:\/\/blogit.gradia.fi\/abitti\/?s={search_term_string}\"},\"query-input\":{\"@type\":\"PropertyValueSpecification\",\"valueRequired\":true,\"valueName\":\"search_term_string\"}}],\"inLanguage\":\"fi\"}]}<\/script>\n<!-- \/ Yoast SEO plugin. -->","yoast_head_json":{"title":"Toimivuus - Abitti","robots":{"index":"index","follow":"follow","max-snippet":"max-snippet:-1","max-image-preview":"max-image-preview:large","max-video-preview":"max-video-preview:-1"},"canonical":"https:\/\/blogit.gradia.fi\/abitti\/toimivuus\/","og_locale":"fi_FI","og_type":"article","og_title":"Toimivuus - Abitti","og_description":"Varmista, ett\u00e4 n\u00e4m\u00e4 asiat toimivat koneellasi Abitissa Abitti-j\u00e4rjestelm\u00e4ll\u00e4 k\u00e4ynnistetyt tietokoneet Digabi-sivuilla (https:\/\/digabi.fi\/hwdata\/) on listaus koneista, jotka on k\u00e4ynnistetty Abitti-j\u00e4rjestelm\u00e4ll\u00e4. T\u00e4m\u00e4 ei ole kovin uusi listaus. Jos olet hankkimassa uutta konetta, kannattaa kysy\u00e4 tietokoneliikkeess\u00e4, toimiiko oston kohteena oleva kone Abitti-j\u00e4rjestelm\u00e4ss\u00e4. Langaton abittiverkko Jos koneesi ei l\u00f6yd\u00e4 langatonta verkkoa, tarvitset USB-porttiin liitett\u00e4v\u00e4n langattoman verkkokortin. Langallinen abittiverkko Jos &hellip; Jatka lukemista Toimivuus &rarr;","og_url":"https:\/\/blogit.gradia.fi\/abitti\/toimivuus\/","og_site_name":"Abitti","article_modified_time":"2023-10-02T19:23:04+00:00","og_image":[{"url":"https:\/\/blogit.gradia.fi\/oppiminen\/wp-content\/uploads\/sites\/23\/2017\/10\/20171018_111525-e1508794424922-300x170.jpg","type":"","width":"","height":""}],"twitter_card":"summary_large_image","twitter_misc":{"Arvioitu lukuaika":"2 minuuttia"},"schema":{"@context":"https:\/\/schema.org","@graph":[{"@type":"WebPage","@id":"https:\/\/blogit.gradia.fi\/abitti\/toimivuus\/","url":"https:\/\/blogit.gradia.fi\/abitti\/toimivuus\/","name":"Toimivuus - Abitti","isPartOf":{"@id":"https:\/\/blogit.gradia.fi\/abitti\/#website"},"primaryImageOfPage":{"@id":"https:\/\/blogit.gradia.fi\/abitti\/toimivuus\/#primaryimage"},"image":{"@id":"https:\/\/blogit.gradia.fi\/abitti\/toimivuus\/#primaryimage"},"thumbnailUrl":"https:\/\/blogit.gradia.fi\/oppiminen\/wp-content\/uploads\/sites\/23\/2017\/10\/20171018_111525-e1508794424922-300x170.jpg","datePublished":"2017-10-23T21:37:53+00:00","dateModified":"2023-10-02T19:23:04+00:00","inLanguage":"fi","potentialAction":[{"@type":"ReadAction","target":["https:\/\/blogit.gradia.fi\/abitti\/toimivuus\/"]}]},{"@type":"ImageObject","inLanguage":"fi","@id":"https:\/\/blogit.gradia.fi\/abitti\/toimivuus\/#primaryimage","url":"https:\/\/blogit.gradia.fi\/oppiminen\/wp-content\/uploads\/sites\/23\/2017\/10\/20171018_111525-e1508794424922-300x170.jpg","contentUrl":"https:\/\/blogit.gradia.fi\/oppiminen\/wp-content\/uploads\/sites\/23\/2017\/10\/20171018_111525-e1508794424922-300x170.jpg"},{"@type":"WebSite","@id":"https:\/\/blogit.gradia.fi\/abitti\/#website","url":"https:\/\/blogit.gradia.fi\/abitti\/","name":"Abitti","description":"Ohjeita Abitin k\u00e4ytt\u00f6\u00f6n","potentialAction":[{"@type":"SearchAction","target":{"@type":"EntryPoint","urlTemplate":"https:\/\/blogit.gradia.fi\/abitti\/?s={search_term_string}"},"query-input":{"@type":"PropertyValueSpecification","valueRequired":true,"valueName":"search_term_string"}}],"inLanguage":"fi"}]}},"uagb_featured_image_src":{"full":false,"thumbnail":false,"medium":false,"medium_large":false,"large":false,"1536x1536":false,"2048x2048":false,"post-thumbnail":false},"uagb_author_info":{"display_name":"Hannu Tabell","author_link":"https:\/\/blogit.gradia.fi\/abitti\/author\/htabell\/"},"uagb_comment_info":0,"uagb_excerpt":"Varmista, ett\u00e4 n\u00e4m\u00e4 asiat toimivat koneellasi Abitissa Abitti-j\u00e4rjestelm\u00e4ll\u00e4 k\u00e4ynnistetyt tietokoneet Digabi-sivuilla (https:\/\/digabi.fi\/hwdata\/) on listaus koneista, jotka on k\u00e4ynnistetty Abitti-j\u00e4rjestelm\u00e4ll\u00e4. T\u00e4m\u00e4 ei ole kovin uusi listaus. Jos olet hankkimassa uutta konetta, kannattaa kysy\u00e4 tietokoneliikkeess\u00e4, toimiiko oston kohteena oleva kone Abitti-j\u00e4rjestelm\u00e4ss\u00e4. Langaton abittiverkko Jos koneesi ei l\u00f6yd\u00e4 langatonta verkkoa, tarvitset USB-porttiin liitett\u00e4v\u00e4n langattoman verkkokortin. Langallinen abittiverkko Jos&hellip;","_links":{"self":[{"href":"https:\/\/blogit.gradia.fi\/abitti\/wp-json\/wp\/v2\/pages\/204","targetHints":{"allow":["GET"]}}],"collection":[{"href":"https:\/\/blogit.gradia.fi\/abitti\/wp-json\/wp\/v2\/pages"}],"about":[{"href":"https:\/\/blogit.gradia.fi\/abitti\/wp-json\/wp\/v2\/types\/page"}],"author":[{"embeddable":true,"href":"https:\/\/blogit.gradia.fi\/abitti\/wp-json\/wp\/v2\/users\/111"}],"replies":[{"embeddable":true,"href":"https:\/\/blogit.gradia.fi\/abitti\/wp-json\/wp\/v2\/comments?post=204"}],"version-history":[{"count":2,"href":"https:\/\/blogit.gradia.fi\/abitti\/wp-json\/wp\/v2\/pages\/204\/revisions"}],"predecessor-version":[{"id":612,"href":"https:\/\/blogit.gradia.fi\/abitti\/wp-json\/wp\/v2\/pages\/204\/revisions\/612"}],"wp:attachment":[{"href":"https:\/\/blogit.gradia.fi\/abitti\/wp-json\/wp\/v2\/media?parent=204"}],"curies":[{"name":"wp","href":"https:\/\/api.w.org\/{rel}","templated":true}]}}